
INSERT INTO `carts` (`id`, `shop_id`, `customer_id`, `ip_address`, `ship_to`, `ship_to_country_id`, `ship_to_state_id`, `shipping_zone_id`, `shipping_rate_id`, `packaging_id`, `is_digital`, `item_count`, `quantity`, `total`, `discount`, `shipping`, `packaging`, `handling`, `taxes`, `grand_total`, `taxrate`, `shipping_weight`, `billing_address`, `shipping_address`, `email`, `coupon_id`, `payment_status`, `payment_method_id`, `message_to_customer`, `admin_note`, `deleted_at`, `created_at`, `updated_at`, `razorpay_order_id`)
VALUES
	(41,4,NULL,NULL,NULL,840,1329,7,NULL,NULL,0,1,2,313.372330,0.000000,NULL,NULL,0.000000,0.000000,313.372330,0.000000,3044.00,NULL,NULL,NULL,NULL,1,NULL,NULL,NULL,NULL,'2023-12-23 09:45:44','2023-12-23 09:46:58',NULL),
	(42,2,NULL,NULL,NULL,840,1329,3,15,NULL,0,1,1,108.609010,0.000000,0.000000,NULL,2.000000,0.000000,110.609010,0.000000,802.00,NULL,NULL,NULL,NULL,1,NULL,NULL,NULL,NULL,'2023-12-23 09:45:44','2023-12-23 09:46:57',NULL),
	(43,5,NULL,NULL,NULL,840,1329,NULL,NULL,NULL,0,2,2,446.163000,0.000000,2.000000,NULL,2.000000,0.000000,446.163000,0.000000,2721.00,NULL,NULL,NULL,NULL,1,NULL,NULL,NULL,NULL,'2023-12-23 09:45:44','2023-12-23 09:47:06',NULL),
	(44,1,NULL,NULL,NULL,NULL,NULL,NULL,NULL,NULL,0,1,1,243.000000,NULL,NULL,NULL,0.000000,NULL,243.000000,NULL,1411.00,NULL,NULL,NULL,NULL,1,NULL,NULL,NULL,NULL,'2023-12-23 09:47:06','2023-12-23 09:47:06',NULL);



# Dump of table categories
# ------------------------------------------------------------


CREATE TABLE `categories` (
  `id` int(10) unsigned NOT NULL AUTO_INCREMENT,
  `category_sub_group_id` int(10) unsigned NOT NULL,
  `name` varchar(200) COLLATE utf8mb3_unicode_ci NOT NULL,
  `slug` varchar(200) COLLATE utf8mb3_unicode_ci NOT NULL,
  `description` text COLLATE utf8mb3_unicode_ci DEFAULT NULL,
  `active` tinyint(1) NOT NULL DEFAULT 1,
  `featured` tinyint(1) DEFAULT NULL,
  `order` int(11) DEFAULT 100,
  `meta_title` text COLLATE utf8mb3_unicode_ci DEFAULT NULL,
  `meta_description` longtext COLLATE utf8mb3_unicode_ci DEFAULT NULL,
  `deleted_at` timestamp NULL DEFAULT NULL,
  `created_at` timestamp NULL DEFAULT NULL,
  `updated_at` timestamp NULL DEFAULT NULL,
  PRIMARY KEY (`id`),
  UNIQUE KEY `categories_slug_unique` (`slug`),
  KEY `categories_category_sub_group_id_foreign` (`category_sub_group_id`),
  CONSTRAINT `categories_category_sub_group_id_foreign` FOREIGN KEY (`category_sub_group_id`) REFERENCES `category_sub_groups` (`id`) ON DELETE CASCADE
) ENGINE=InnoDB DEFAULT CHARSET=utf8mb3 COLLATE=utf8mb3_unicode_ci;


INSERT INTO `categories` (`id`, `category_sub_group_id`, `name`, `slug`, `description`, `active`, `featured`, `order`, `meta_title`, `meta_description`, `deleted_at`, `created_at`, `updated_at`)
VALUES
	(1,12,'Mobile','mobile','Mobile Phones',1,1,100,NULL,NULL,NULL,'2022-08-02 19:57:45','2022-08-02 19:57:45'),
	(2,7,'Mobile Accessories','mobile-accessories','Headphone, Adapter, Casing etc',1,1,100,NULL,NULL,NULL,'2022-08-02 19:57:45','2022-08-02 19:57:45'),
	(3,9,'Laptop','laptop','Laptop',1,1,100,NULL,NULL,NULL,'2022-08-02 19:57:45','2022-08-02 19:57:45'),
	(4,7,'Desktop','desktop','Desktop',1,1,100,NULL,NULL,NULL,'2022-08-02 19:57:45','2022-08-02 19:57:45'),
	(5,17,'Tablet','tablet','Tablet Computer and Accessories',1,1,100,NULL,NULL,NULL,'2022-08-02 19:57:45','2022-08-02 19:57:45'),
	(6,24,'TVs','tvs','TVs and Accessories',1,NULL,100,NULL,NULL,NULL,'2022-08-02 19:57:45','2022-08-02 19:57:45'),
	(7,8,'Home Theater System','home-theater','Home Theater Sound System and Accessories',1,1,100,NULL,NULL,NULL,'2022-08-02 19:57:45','2022-08-02 19:57:45'),
	(8,6,'Point & Shoot Camera','pns-camera','PnS Camera and Accessories',1,1,100,NULL,NULL,NULL,'2022-08-02 19:57:45','2022-08-02 19:57:45'),
	(9,3,'DSLR','dslr','DSLR Camera and Accessories',1,NULL,100,NULL,NULL,NULL,'2022-08-02 19:57:45','2022-08-02 19:57:45'),
	(10,19,'Video Camera','video-camera','Video Camera and Accessories',1,1,100,NULL,NULL,NULL,'2022-08-02 19:57:45','2022-08-02 19:57:45'),
	(11,23,'Conroy-Wunsch','et-molestias-non-odio-repudiandae-ullam-tempora','Et optio dolorem nisi sed ut velit necessitatibus.',1,NULL,100,NULL,NULL,NULL,'2022-08-02 19:57:45','2022-08-02 19:57:45'),
	(12,8,'Roberts-Spinka','dolorem-non-non-doloremque-explicabo','Quia autem sed natus.',1,NULL,100,NULL,NULL,NULL,'2022-08-02 19:57:45','2022-08-02 19:57:45'),
	(13,22,'Rodriguez-Marquardt','fugit-perspiciatis-illum-illo-et-tempore-fugiat','Eos iure ut quidem velit omnis deserunt tempora.',1,NULL,100,NULL,NULL,NULL,'2022-08-02 19:57:45','2022-08-02 19:57:45'),
	(14,11,'Hammes Ltd','quia-dolor-eveniet-nobis-dolorem-soluta-qui-aut','Qui qui voluptatem eius eligendi labore hic dignissimos.',1,NULL,100,NULL,NULL,NULL,'2022-08-02 19:57:45','2022-08-02 19:57:45'),
	(15,11,'Kertzmann Ltd','et-aut-quae-et-quia-molestias-ratione','Magni minima cum iusto voluptatem.',1,NULL,100,NULL,NULL,NULL,'2022-08-02 19:57:45','2022-08-02 19:57:45'),
	(16,9,'Bogan, Ullrich and Runte','officia-quia-numquam-dicta-qui-qui-sit-consequatur','Consequatur vitae vel et facilis dolorem libero quis et.',1,NULL,100,NULL,NULL,NULL,'2022-08-02 19:57:45','2022-08-02 19:57:45'),
	(17,18,'Nitzsche, Schimmel and Tillman','saepe-ipsam-id-consectetur-accusantium','Dolor quo nesciunt ipsa. Est debitis repudiandae ab deserunt dolorem.',1,NULL,100,NULL,NULL,NULL,'2022-08-02 19:57:45','2022-08-02 19:57:45'),
	(18,1,'Lind, Hammes and O\'Reilly','et-numquam-eum-impedit-totam-quis-natus-laboriosam','Aut sit ad blanditiis fugiat doloribus qui voluptate.',1,NULL,100,NULL,NULL,NULL,'2022-08-02 19:57:45','2022-08-02 19:57:45'),
	(19,5,'Mueller-Shields','vel-ut-tempore-voluptate-facere','Id quam omnis suscipit rem est tempora praesentium accusamus.',1,NULL,100,NULL,NULL,NULL,'2022-08-02 19:57:45','2022-08-02 19:57:45'),
	(20,12,'Bechtelar, Powlowski and Koelpin','assumenda-accusantium-voluptas-ullam-similique-velit-iure','Veniam qui nisi corporis aut vel.',1,NULL,100,NULL,NULL,NULL,'2022-08-02 19:57:45','2022-08-02 19:57:45'),
	(21,20,'Ferry, Bins and Prohaska','occaecati-quis-ullam-nihil-sint','Ducimus quo pariatur minima velit placeat ullam est. Minus enim autem dolore.',1,NULL,100,NULL,NULL,NULL,'2022-08-02 19:57:45','2022-08-02 19:57:45'),
	(22,11,'Green PLC','praesentium-minima-nemo-sed-eaque-maxime-iure-et-iste','Eius sed aut autem earum aut tenetur. Nihil quaerat et sunt et.',1,NULL,100,NULL,NULL,NULL,'2022-08-02 19:57:45','2022-08-02 19:57:45'),
	(23,23,'Barton-Stoltenberg','nihil-impedit-sapiente-autem-blanditiis','Fuga et qui optio laborum dignissimos. Nostrum ipsum rem qui velit.',1,NULL,100,NULL,NULL,NULL,'2022-08-02 19:57:45','2022-08-02 19:57:45'),
	(24,5,'Roob-Russel','laboriosam-ratione-necessitatibus-voluptates','Consequatur qui rerum provident rerum.',1,NULL,100,NULL,NULL,NULL,'2022-08-02 19:57:45','2022-08-02 19:57:45'),
	(25,10,'Hammes Ltd','quaerat-aut-cumque-rem-sunt-veritatis-omnis','Fugit distinctio velit omnis rem consequatur velit reiciendis.',1,NULL,100,NULL,NULL,NULL,'2022-08-02 19:57:45','2022-08-02 19:57:45'),
	(26,10,'Howe Ltd','necessitatibus-rerum-architecto-aut','Et saepe minima vel suscipit quia eveniet et.',1,NULL,100,NULL,NULL,NULL,'2022-08-02 19:57:45','2022-08-02 19:57:45'),
	(27,1,'Luettgen Inc','et-omnis-ea-at-in-recusandae-fugiat','Veniam dolorem laudantium eius voluptatem amet pariatur.',1,NULL,100,NULL,NULL,NULL,'2022-08-02 19:57:45','2022-08-02 19:57:45'),
	(28,14,'Rippin-Farrell','et-quidem-consequatur-modi-blanditiis-odit-aliquam-sequi-est','Cum iste nobis sit ea et ut. Doloribus temporibus labore ut.',1,NULL,100,NULL,NULL,NULL,'2022-08-02 19:57:45','2022-08-02 19:57:45'),
	(29,10,'Runolfsson-Trantow','neque-atque-commodi-eaque-illo-quia-aspernatur-eius','Saepe voluptas quia modi et molestiae eveniet.',1,NULL,100,NULL,NULL,NULL,'2022-08-02 19:57:45','2022-08-02 19:57:45'),
	(30,13,'Kassulke Ltd','porro-quas-placeat-aperiam-deserunt-ipsum-molestiae','Voluptas aut et hic repellendus in autem.',1,NULL,100,NULL,NULL,NULL,'2022-08-02 19:57:45','2022-08-02 19:57:45'),
	(31,19,'Wisozk Group','voluptatibus-rem-omnis-explicabo-aliquid','Iste ex fugit similique voluptatem. Molestiae qui maxime nulla illum veniam.',1,NULL,100,NULL,NULL,NULL,'2022-08-02 19:57:45','2022-08-02 19:57:45'),
	(32,11,'Keebler, Braun and Pouros','cumque-porro-voluptas-et-quo-mollitia','Ut ipsum ipsam harum quis ducimus omnis. Aut minima consequatur occaecati.',1,NULL,100,NULL,NULL,NULL,'2022-08-02 19:57:45','2022-08-02 19:57:45'),
	(33,21,'Turner, Lemke and Wintheiser','reiciendis-qui-voluptatem-numquam-quia-aliquid-laudantium-autem','Corrupti quidem nesciunt sed veritatis omnis sed pariatur ducimus.',1,NULL,100,NULL,NULL,NULL,'2022-08-02 19:57:45','2022-08-02 19:57:45'),
	(34,5,'Fisher, Brakus and Keeling','architecto-consequatur-est-aut-ducimus-velit-nostrum','Aut omnis dolores modi quo dolorem adipisci maxime.',1,NULL,100,NULL,NULL,NULL,'2022-08-02 19:57:45','2022-08-02 19:57:45'),
	(35,11,'McKenzie-Ernser','quos-aperiam-ratione-veniam-omnis-assumenda-vel-ratione','Id velit reprehenderit labore possimus nihil quasi voluptas.',1,NULL,100,NULL,NULL,NULL,'2022-08-02 19:57:45','2022-08-02 19:57:45'),
	(36,16,'DuBuque and Sons','iusto-omnis-aperiam-numquam-laboriosam-cupiditate','Ut maxime at quae quaerat quasi.',1,NULL,100,NULL,NULL,NULL,'2022-08-02 19:57:45','2022-08-02 19:57:45'),
	(37,21,'Swaniawski-Klocko','quibusdam-omnis-rerum-animi-velit-eveniet-sint-in','Temporibus neque optio autem.',1,NULL,100,NULL,NULL,NULL,'2022-08-02 19:57:45','2022-08-02 19:57:45'),
	(38,4,'Dietrich-Breitenberg','nam-sint-modi-blanditiis-similique-maiores-in','Voluptas voluptatibus temporibus vero rem voluptatem non.',1,NULL,100,NULL,NULL,NULL,'2022-08-02 19:57:45','2022-08-02 19:57:45'),
	(39,5,'Parisian-Williamson','consectetur-qui-aut-eum-aut','Nihil itaque deleniti dolorum voluptates modi sequi quia.',1,NULL,100,NULL,NULL,NULL,'2022-08-02 19:57:45','2022-08-02 19:57:45'),
	(40,18,'Considine Group','fuga-blanditiis-nesciunt-eius-in-occaecati-unde','Odit pariatur dolorem quia omnis ea. Suscipit est voluptatem amet ipsam.',1,NULL,100,NULL,NULL,NULL,'2022-08-02 19:57:45','2022-08-02 19:57:45');



# Dump of table category_groups
# ------------------------------------------------------------


CREATE TABLE `category_groups` (
  `id` int(10) unsigned NOT NULL AUTO_INCREMENT,
  `name` varchar(200) COLLATE utf8mb3_unicode_ci NOT NULL,
  `slug` varchar(200) COLLATE utf8mb3_unicode_ci NOT NULL,
  `description` text COLLATE utf8mb3_unicode_ci DEFAULT NULL,
  `icon` varchar(100) COLLATE utf8mb3_unicode_ci DEFAULT 'cube',
  `active` tinyint(1) NOT NULL DEFAULT 1,
  `order` int(11) DEFAULT 100,
  `meta_title` text COLLATE utf8mb3_unicode_ci DEFAULT NULL,
  `meta_description` longtext COLLATE utf8mb3_unicode_ci DEFAULT NULL,
  `deleted_at` timestamp NULL DEFAULT NULL,
  `created_at` timestamp NULL DEFAULT NULL,
  `updated_at` timestamp NULL DEFAULT NULL,
  PRIMARY KEY (`id`),
  UNIQUE KEY `category_groups_slug_unique` (`slug`)
) ENGINE=InnoDB DEFAULT CHARSET=utf8mb3 COLLATE=utf8mb3_unicode_ci;


INSERT INTO `category_groups` (`id`, `name`, `slug`, `description`, `icon`, `active`, `order`, `meta_title`, `meta_description`, `deleted_at`, `created_at`, `updated_at`)
VALUES
	(1,'Home & Garden','home-garden','Cookware, Dining, Bath, Home Decor and more','fa-shower',1,100,NULL,NULL,NULL,'2022-08-02 19:57:45','2022-08-02 19:57:45'),
	(2,'Electronics','electronics','Mobile, Computer, Tablet, Camera etc','fa-plug',1,100,NULL,NULL,NULL,'2022-08-02 19:57:45','2022-08-02 19:57:45'),
	(3,'Kids and Toy','kids-toy','Toys, Footwear etc','fa-gamepad',1,100,NULL,NULL,NULL,'2022-08-02 19:57:45','2022-08-02 19:57:45'),
	(4,'Clothing and Shoes','clothing-shoes','Shoes, Clothing, Life style items','fa-tshirt',1,100,NULL,NULL,NULL,'2022-08-02 19:57:45','2022-08-02 19:57:45'),
	(5,'Beauty and Health','beauty-health','Cosmetics, Foods and more.','fa-hot-tub',1,100,NULL,NULL,NULL,'2022-08-02 19:57:45','2022-08-02 19:57:45'),
	(6,'Sports','sports','Cycle, Tennis, Boxing, Cricket and more.','fa-skiing',1,100,NULL,NULL,NULL,'2022-08-02 19:57:45','2022-08-02 19:57:45'),
	(7,'Jewelry','jewelry','Necklances, Rings, Pendants and more.','fa-gem',1,100,NULL,NULL,NULL,'2022-08-02 19:57:45','2022-08-02 19:57:45'),
	(8,'Pets','pets','Pet foods and supplies.','fa-dog',1,100,NULL,NULL,NULL,'2022-08-02 19:57:45','2022-08-02 19:57:45'),
	(9,'Hobbies & DIY','hobbies-diy','Craft Sewing, Supplies and more.','fa-paint-brush',1,100,NULL,NULL,NULL,'2022-08-02 19:57:45','2022-08-02 19:57:45');



# Dump of table category_product
# ------------------------------------------------------------


CREATE TABLE `category_product` (
  `category_id` int(10) unsigned NOT NULL,
  `product_id` bigint(20) unsigned NOT NULL,
  `created_at` timestamp NULL DEFAULT NULL,
  `updated_at` timestamp NULL DEFAULT NULL,
  KEY `category_product_category_id_index` (`category_id`),
  KEY `category_product_product_id_index` (`product_id`),
  CONSTRAINT `category_product_category_id_foreign` FOREIGN KEY (`category_id`) REFERENCES `categories` (`id`) ON DELETE CASCADE,
  CONSTRAINT `category_product_product_id_foreign` FOREIGN KEY (`product_id`) REFERENCES `products` (`id`) ON DELETE CASCADE
) ENGINE=InnoDB DEFAULT CHARSET=utf8mb3 COLLATE=utf8mb3_unicode_ci;


INSERT INTO `category_product` (`category_id`, `product_id`, `created_at`, `updated_at`)
VALUES
	(26,1,'2022-08-02 19:57:43','2022-08-02 19:57:43'),
	(34,1,'2022-08-02 19:57:43','2022-08-02 19:57:43'),
	(27,1,'2022-08-02 19:57:43','2022-08-02 19:57:43'),
	(32,1,'2022-08-02 19:57:43','2022-08-02 19:57:43'),
	(13,1,'2022-08-02 19:57:43','2022-08-02 19:57:43'),
	(4,4,'2022-08-02 19:57:43','2022-08-02 19:57:43'),
	(21,4,'2022-08-02 19:57:43','2022-08-02 19:57:43'),
	(29,4,'2022-08-02 19:57:43','2022-08-02 19:57:43'),
	(23,4,'2022-08-02 19:57:43','2022-08-02 19:57:43'),
	(34,47,'2022-08-02 19:57:43','2022-08-02 19:57:43'),
	(37,47,'2022-08-02 19:57:43','2022-08-02 19:57:43'),
	(25,47,'2022-08-02 19:57:43','2022-08-02 19:57:43'),
	(9,47,'2022-08-02 19:57:43','2022-08-02 19:57:43'),
	(35,47,'2022-08-02 19:57:43','2022-08-02 19:57:43'),
	(29,6,'2022-08-02 19:57:43','2022-08-02 19:57:43'),
	(35,6,'2022-08-02 19:57:43','2022-08-02 19:57:43'),
	(17,6,'2022-08-02 19:57:43','2022-08-02 19:57:43'),
	(30,32,'2022-08-02 19:57:43','2022-08-02 19:57:43'),
	(28,32,'2022-08-02 19:57:43','2022-08-02 19:57:43'),
	(4,32,'2022-08-02 19:57:43','2022-08-02 19:57:43'),
	(37,32,'2022-08-02 19:57:43','2022-08-02 19:57:43'),
	(35,43,'2022-08-02 19:57:43','2022-08-02 19:57:43'),
	(34,43,'2022-08-02 19:57:43','2022-08-02 19:57:43'),
	(23,43,'2022-08-02 19:57:43','2022-08-02 19:57:43'),
	(23,43,'2022-08-02 19:57:43','2022-08-02 19:57:43'),
	(8,3,'2022-08-02 19:57:43','2022-08-02 19:57:43'),
	(12,3,'2022-08-02 19:57:43','2022-08-02 19:57:43'),
	(39,3,'2022-08-02 19:57:43','2022-08-02 19:57:43'),
	(6,3,'2022-08-02 19:57:43','2022-08-02 19:57:43'),
	(38,17,'2022-08-02 19:57:43','2022-08-02 19:57:43'),
	(36,17,'2022-08-02 19:57:43','2022-08-02 19:57:43'),
	(12,17,'2022-08-02 19:57:43','2022-08-02 19:57:43'),
	(36,17,'2022-08-02 19:57:43','2022-08-02 19:57:43'),
	(19,17,'2022-08-02 19:57:43','2022-08-02 19:57:43'),
	(4,44,'2022-08-02 19:57:43','2022-08-02 19:57:43'),
	(36,44,'2022-08-02 19:57:43','2022-08-02 19:57:43'),
	(40,44,'2022-08-02 19:57:43','2022-08-02 19:57:43'),
	(22,44,'2022-08-02 19:57:43','2022-08-02 19:57:43'),
	(6,15,'2022-08-02 19:57:43','2022-08-02 19:57:43'),
	(37,15,'2022-08-02 19:57:43','2022-08-02 19:57:43'),
	(35,15,'2022-08-02 19:57:43','2022-08-02 19:57:43'),
	(20,15,'2022-08-02 19:57:43','2022-08-02 19:57:43'),
	(12,10,'2022-08-02 19:57:43','2022-08-02 19:57:43'),
	(6,10,'2022-08-02 19:57:43','2022-08-02 19:57:43'),
	(23,10,'2022-08-02 19:57:43','2022-08-02 19:57:43'),
	(30,22,'2022-08-02 19:57:43','2022-08-02 19:57:43'),
	(25,22,'2022-08-02 19:57:43','2022-08-02 19:57:43'),
	(16,22,'2022-08-02 19:57:43','2022-08-02 19:57:43'),
	(5,22,'2022-08-02 19:57:43','2022-08-02 19:57:43'),
	(13,2,'2022-08-02 19:57:43','2022-08-02 19:57:43'),
	(26,2,'2022-08-02 19:57:43','2022-08-02 19:57:43'),
	(30,2,'2022-08-02 19:57:43','2022-08-02 19:57:43'),
	(30,2,'2022-08-02 19:57:43','2022-08-02 19:57:43'),
	(26,30,'2022-08-02 19:57:43','2022-08-02 19:57:43'),
	(2,30,'2022-08-02 19:57:43','2022-08-02 19:57:43'),
	(14,30,'2022-08-02 19:57:43','2022-08-02 19:57:43'),
	(38,42,'2022-08-02 19:57:43','2022-08-02 19:57:43'),
	(13,42,'2022-08-02 19:57:43','2022-08-02 19:57:43'),
	(16,42,'2022-08-02 19:57:43','2022-08-02 19:57:43'),
	(18,42,'2022-08-02 19:57:43','2022-08-02 19:57:43'),
	(33,42,'2022-08-02 19:57:43','2022-08-02 19:57:43'),
	(5,21,'2022-08-02 19:57:43','2022-08-02 19:57:43'),
	(18,21,'2022-08-02 19:57:43','2022-08-02 19:57:43'),
	(14,21,'2022-08-02 19:57:43','2022-08-02 19:57:43'),
	(8,25,'2022-08-02 19:57:43','2022-08-02 19:57:43'),
	(7,25,'2022-08-02 19:57:43','2022-08-02 19:57:43'),
	(5,25,'2022-08-02 19:57:43','2022-08-02 19:57:43'),
	(19,25,'2022-08-02 19:57:43','2022-08-02 19:57:43'),
	(30,8,'2022-08-02 19:57:43','2022-08-02 19:57:43'),
	(4,8,'2022-08-02 19:57:43','2022-08-02 19:57:43'),
	(24,8,'2022-08-02 19:57:43','2022-08-02 19:57:43'),
	(23,8,'2022-08-02 19:57:43','2022-08-02 19:57:43'),
	(26,24,'2022-08-02 19:57:43','2022-08-02 19:57:43'),
	(2,24,'2022-08-02 19:57:43','2022-08-02 19:57:43'),
	(34,24,'2022-08-02 19:57:43','2022-08-02 19:57:43'),
	(29,24,'2022-08-02 19:57:43','2022-08-02 19:57:43'),
	(29,24,'2022-08-02 19:57:43','2022-08-02 19:57:43'),
	(38,14,'2022-08-02 19:57:43','2022-08-02 19:57:43'),
	(29,14,'2022-08-02 19:57:43','2022-08-02 19:57:43'),
	(3,14,'2022-08-02 19:57:43','2022-08-02 19:57:43'),
	(16,9,'2022-08-02 19:57:43','2022-08-02 19:57:43'),
	(6,9,'2022-08-02 19:57:43','2022-08-02 19:57:43'),
	(22,9,'2022-08-02 19:57:43','2022-08-02 19:57:43'),
	(40,50,'2022-08-02 19:57:43','2022-08-02 19:57:43'),
	(37,50,'2022-08-02 19:57:43','2022-08-02 19:57:43'),
	(5,50,'2022-08-02 19:57:43','2022-08-02 19:57:43'),
	(17,50,'2022-08-02 19:57:43','2022-08-02 19:57:43'),
	(25,50,'2022-08-02 19:57:43','2022-08-02 19:57:43'),
	(15,7,'2022-08-02 19:57:43','2022-08-02 19:57:43'),
	(16,7,'2022-08-02 19:57:43','2022-08-02 19:57:43'),
	(5,7,'2022-08-02 19:57:43','2022-08-02 19:57:43'),
	(28,7,'2022-08-02 19:57:43','2022-08-02 19:57:43'),
	(22,41,'2022-08-02 19:57:43','2022-08-02 19:57:43'),
	(34,41,'2022-08-02 19:57:43','2022-08-02 19:57:43'),
	(10,41,'2022-08-02 19:57:43','2022-08-02 19:57:43'),
	(5,41,'2022-08-02 19:57:43','2022-08-02 19:57:43'),
	(27,41,'2022-08-02 19:57:43','2022-08-02 19:57:43'),
	(24,31,'2022-08-02 19:57:43','2022-08-02 19:57:43'),
	(26,31,'2022-08-02 19:57:43','2022-08-02 19:57:43'),
	(14,31,'2022-08-02 19:57:43','2022-08-02 19:57:43'),
	(5,31,'2022-08-02 19:57:43','2022-08-02 19:57:43'),
	(13,31,'2022-08-02 19:57:43','2022-08-02 19:57:43'),
	(15,18,'2022-08-02 19:57:43','2022-08-02 19:57:43'),
	(18,18,'2022-08-02 19:57:43','2022-08-02 19:57:43'),
	(21,18,'2022-08-02 19:57:43','2022-08-02 19:57:43'),
	(4,18,'2022-08-02 19:57:43','2022-08-02 19:57:43'),
	(37,18,'2022-08-02 19:57:43','2022-08-02 19:57:43'),
	(8,51,'2022-08-02 19:57:43','2022-08-02 19:57:43'),
	(2,51,'2022-08-02 19:57:43','2022-08-02 19:57:43'),
	(21,51,'2022-08-02 19:57:43','2022-08-02 19:57:43'),
	(40,37,'2022-08-02 19:57:43','2022-08-02 19:57:43'),
	(29,37,'2022-08-02 19:57:43','2022-08-02 19:57:43'),
	(21,37,'2022-08-02 19:57:43','2022-08-02 19:57:43'),
	(22,37,'2022-08-02 19:57:43','2022-08-02 19:57:43'),
	(32,37,'2022-08-02 19:57:43','2022-08-02 19:57:43'),
	(12,49,'2022-08-02 19:57:43','2022-08-02 19:57:43'),
	(30,49,'2022-08-02 19:57:43','2022-08-02 19:57:43'),
	(22,49,'2022-08-02 19:57:43','2022-08-02 19:57:43'),
	(27,49,'2022-08-02 19:57:43','2022-08-02 19:57:43'),
	(2,27,'2022-08-02 19:57:43','2022-08-02 19:57:43'),
	(1,27,'2022-08-02 19:57:43','2022-08-02 19:57:43'),
	(28,27,'2022-08-02 19:57:43','2022-08-02 19:57:43'),
	(13,27,'2022-08-02 19:57:43','2022-08-02 19:57:43'),
	(2,27,'2022-08-02 19:57:43','2022-08-02 19:57:43'),
	(9,34,'2022-08-02 19:57:43','2022-08-02 19:57:43'),
	(3,34,'2022-08-02 19:57:43','2022-08-02 19:57:43'),
	(12,34,'2022-08-02 19:57:43','2022-08-02 19:57:43'),
	(24,34,'2022-08-02 19:57:43','2022-08-02 19:57:43'),
	(17,34,'2022-08-02 19:57:43','2022-08-02 19:57:43'),
	(28,26,'2022-08-02 19:57:43','2022-08-02 19:57:43'),
	(22,26,'2022-08-02 19:57:43','2022-08-02 19:57:43'),
	(25,26,'2022-08-02 19:57:43','2022-08-02 19:57:43'),
	(18,26,'2022-08-02 19:57:43','2022-08-02 19:57:43'),
	(7,19,'2022-08-02 19:57:43','2022-08-02 19:57:43'),
	(20,19,'2022-08-02 19:57:43','2022-08-02 19:57:43'),
	(34,19,'2022-08-02 19:57:43','2022-08-02 19:57:43'),
	(5,45,'2022-08-02 19:57:43','2022-08-02 19:57:43'),
	(38,45,'2022-08-02 19:57:43','2022-08-02 19:57:43'),
	(4,45,'2022-08-02 19:57:43','2022-08-02 19:57:43'),
	(35,45,'2022-08-02 19:57:43','2022-08-02 19:57:43'),
	(23,38,'2022-08-02 19:57:43','2022-08-02 19:57:43'),
	(18,38,'2022-08-02 19:57:43','2022-08-02 19:57:43'),
	(39,38,'2022-08-02 19:57:43','2022-08-02 19:57:43'),
	(28,20,'2022-08-02 19:57:43','2022-08-02 19:57:43'),
	(18,20,'2022-08-02 19:57:43','2022-08-02 19:57:43'),
	(19,20,'2022-08-02 19:57:43','2022-08-02 19:57:43'),
	(35,20,'2022-08-02 19:57:43','2022-08-02 19:57:43'),
	(10,13,'2022-08-02 19:57:43','2022-08-02 19:57:43'),
	(32,13,'2022-08-02 19:57:43','2022-08-02 19:57:43'),
	(26,13,'2022-08-02 19:57:43','2022-08-02 19:57:43'),
	(11,13,'2022-08-02 19:57:43','2022-08-02 19:57:43'),
	(32,40,'2022-08-02 19:57:43','2022-08-02 19:57:43'),
	(7,40,'2022-08-02 19:57:43','2022-08-02 19:57:43'),
	(10,40,'2022-08-02 19:57:43','2022-08-02 19:57:43'),
	(40,40,'2022-08-02 19:57:43','2022-08-02 19:57:43'),
	(28,40,'2022-08-02 19:57:43','2022-08-02 19:57:43'),
	(26,23,'2022-08-02 19:57:43','2022-08-02 19:57:43'),
	(10,23,'2022-08-02 19:57:43','2022-08-02 19:57:43'),
	(19,23,'2022-08-02 19:57:43','2022-08-02 19:57:43'),
	(18,23,'2022-08-02 19:57:43','2022-08-02 19:57:43'),
	(20,16,'2022-08-02 19:57:43','2022-08-02 19:57:43'),
	(19,16,'2022-08-02 19:57:43','2022-08-02 19:57:43'),
	(21,16,'2022-08-02 19:57:43','2022-08-02 19:57:43'),
	(1,16,'2022-08-02 19:57:43','2022-08-02 19:57:43'),
	(40,29,'2022-08-02 19:57:43','2022-08-02 19:57:43'),
	(15,29,'2022-08-02 19:57:43','2022-08-02 19:57:43'),
	(11,29,'2022-08-02 19:57:43','2022-08-02 19:57:43'),
	(14,28,'2022-08-02 19:57:43','2022-08-02 19:57:43'),
	(34,28,'2022-08-02 19:57:43','2022-08-02 19:57:43'),
	(17,28,'2022-08-02 19:57:43','2022-08-02 19:57:43'),
	(9,28,'2022-08-02 19:57:43','2022-08-02 19:57:43'),
	(11,5,'2022-08-02 19:57:43','2022-08-02 19:57:43'),
	(9,5,'2022-08-02 19:57:43','2022-08-02 19:57:43'),
	(39,5,'2022-08-02 19:57:43','2022-08-02 19:57:43'),
	(9,5,'2022-08-02 19:57:43','2022-08-02 19:57:43'),
	(20,39,'2022-08-02 19:57:43','2022-08-02 19:57:43'),
	(35,39,'2022-08-02 19:57:43','2022-08-02 19:57:43'),
	(31,39,'2022-08-02 19:57:43','2022-08-02 19:57:43'),
	(40,39,'2022-08-02 19:57:43','2022-08-02 19:57:43'),
	(5,33,'2022-08-02 19:57:43','2022-08-02 19:57:43'),
	(5,33,'2022-08-02 19:57:43','2022-08-02 19:57:43'),
	(36,33,'2022-08-02 19:57:43','2022-08-02 19:57:43'),
	(9,33,'2022-08-02 19:57:43','2022-08-02 19:57:43'),
	(26,33,'2022-08-02 19:57:43','2022-08-02 19:57:43'),
	(8,48,'2022-08-02 19:57:43','2022-08-02 19:57:43'),
	(40,48,'2022-08-02 19:57:43','2022-08-02 19:57:43'),
	(2,48,'2022-08-02 19:57:43','2022-08-02 19:57:43'),
	(16,48,'2022-08-02 19:57:43','2022-08-02 19:57:43'),
	(10,12,'2022-08-02 19:57:43','2022-08-02 19:57:43'),
	(4,12,'2022-08-02 19:57:43','2022-08-02 19:57:43'),
	(15,12,'2022-08-02 19:57:43','2022-08-02 19:57:43'),
	(2,12,'2022-08-02 19:57:43','2022-08-02 19:57:43'),
	(24,11,'2022-08-02 19:57:43','2022-08-02 19:57:43'),
	(25,11,'2022-08-02 19:57:43','2022-08-02 19:57:43'),
	(35,11,'2022-08-02 19:57:43','2022-08-02 19:57:43'),
	(5,46,'2022-08-02 19:57:43','2022-08-02 19:57:43'),
	(27,46,'2022-08-02 19:57:43','2022-08-02 19:57:43'),
	(23,46,'2022-08-02 19:57:43','2022-08-02 19:57:43'),
	(38,46,'2022-08-02 19:57:43','2022-08-02 19:57:43'),
	(6,46,'2022-08-02 19:57:43','2022-08-02 19:57:43'),
	(39,36,'2022-08-02 19:57:43','2022-08-02 19:57:43'),
	(36,36,'2022-08-02 19:57:43','2022-08-02 19:57:43'),
	(13,36,'2022-08-02 19:57:43','2022-08-02 19:57:43'),
	(30,36,'2022-08-02 19:57:43','2022-08-02 19:57:43'),
	(16,35,'2022-08-02 19:57:43','2022-08-02 19:57:43'),
	(36,35,'2022-08-02 19:57:43','2022-08-02 19:57:43'),
	(15,35,'2022-08-02 19:57:43','2022-08-02 19:57:43'),
	(19,25,'2022-08-02 19:57:52','2022-08-02 19:57:52'),
	(19,36,'2022-08-02 19:57:52','2022-08-02 19:57:52'),
	(19,31,'2022-08-02 19:57:52','2022-08-02 19:57:52'),
	(19,4,'2022-08-02 19:57:52','2022-08-02 19:57:52'),
	(19,31,'2022-08-02 19:57:52','2022-08-02 19:57:52'),
	(19,1,'2022-08-02 19:57:52','2022-08-02 19:57:52'),
	(19,10,'2022-08-02 19:57:52','2022-08-02 19:57:52'),
	(19,49,'2022-08-02 19:57:52','2022-08-02 19:57:52'),
	(19,7,'2022-08-02 19:57:52','2022-08-02 19:57:52'),
	(34,49,'2022-08-02 19:57:52','2022-08-02 19:57:52'),
	(34,28,'2022-08-02 19:57:52','2022-08-02 19:57:52'),
	(34,24,'2022-08-02 19:57:52','2022-08-02 19:57:52'),
	(34,47,'2022-08-02 19:57:52','2022-08-02 19:57:52'),
	(34,48,'2022-08-02 19:57:52','2022-08-02 19:57:52'),
	(34,18,'2022-08-02 19:57:52','2022-08-02 19:57:52'),
	(34,3,'2022-08-02 19:57:52','2022-08-02 19:57:52'),
	(34,40,'2022-08-02 19:57:52','2022-08-02 19:57:52'),
	(34,45,'2022-08-02 19:57:52','2022-08-02 19:57:52'),
	(34,41,'2022-08-02 19:57:52','2022-08-02 19:57:52'),
	(34,42,'2022-08-02 19:57:52','2022-08-02 19:57:52'),
	(34,24,'2022-08-02 19:57:52','2022-08-02 19:57:52'),
	(34,27,'2022-08-02 19:57:52','2022-08-02 19:57:52'),
	(5,12,'2022-08-02 19:57:52','2022-08-02 19:57:52'),
	(5,43,'2022-08-02 19:57:52','2022-08-02 19:57:52'),
	(5,22,'2022-08-02 19:57:52','2022-08-02 19:57:52'),
	(5,38,'2022-08-02 19:57:52','2022-08-02 19:57:52'),
	(5,21,'2022-08-02 19:57:52','2022-08-02 19:57:52'),
	(5,29,'2022-08-02 19:57:52','2022-08-02 19:57:52'),
	(5,29,'2022-08-02 19:57:52','2022-08-02 19:57:52'),
	(5,22,'2022-08-02 19:57:52','2022-08-02 19:57:52'),
	(5,16,'2022-08-02 19:57:52','2022-08-02 19:57:52'),
	(36,52,'2022-12-14 07:37:44','2022-12-14 07:37:44'),
	(27,52,'2022-12-14 07:37:44','2022-12-14 07:37:44'),
	(31,52,'2022-12-14 07:37:44','2022-12-14 07:37:44');



# Dump of table category_sub_groups
# ------------------------------------------------------------


CREATE TABLE `category_sub_groups` (
  `id` int(10) unsigned NOT NULL AUTO_INCREMENT,
  `category_group_id` int(10) unsigned NOT NULL,
  `name` varchar(200) COLLATE utf8mb3_unicode_ci NOT NULL,
  `slug` varchar(200) COLLATE utf8mb3_unicode_ci NOT NULL,
  `description` text COLLATE utf8mb3_unicode_ci DEFAULT NULL,
  `active` tinyint(1) NOT NULL DEFAULT 1,
  `order` int(11) DEFAULT 100,
  `meta_title` text COLLATE utf8mb3_unicode_ci DEFAULT NULL,
  `meta_description` longtext COLLATE utf8mb3_unicode_ci DEFAULT NULL,
  `deleted_at` timestamp NULL DEFAULT NULL,
  `created_at` timestamp NULL DEFAULT NULL,
  `updated_at` timestamp NULL DEFAULT NULL,
  PRIMARY KEY (`id`),
  UNIQUE KEY `category_sub_groups_slug_unique` (`slug`),
  KEY `category_sub_groups_category_group_id_foreign` (`category_group_id`),
  CONSTRAINT `category_sub_groups_category_group_id_foreign` FOREIGN KEY (`category_group_id`) REFERENCES `category_groups` (`id`) ON DELETE CASCADE
) ENGINE=InnoDB DEFAULT CHARSET=utf8mb3 COLLATE=utf8mb3_unicode_ci;


INSERT INTO `category_sub_groups` (`id`, `category_group_id`, `name`, `slug`, `description`, `active`, `order`, `meta_title`, `meta_description`, `deleted_at`, `created_at`, `updated_at`)
VALUES
	(1,1,'Mobile & Accessories','mobile-accessories','Cell Phones and Accessories',1,100,NULL,NULL,NULL,'2022-08-02 19:57:45','2022-08-02 19:57:45'),
	(2,1,'Computer & Accessories','computer-accessories','Tablet, Laptop, Desktop and Accessories',1,100,NULL,NULL,NULL,'2022-08-02 19:57:45','2022-08-02 19:57:45'),
	(3,1,'Home Entertainment','home-entertainment','TVs, Home Theaters etc',1,100,NULL,NULL,NULL,'2022-08-02 19:57:45','2022-08-02 19:57:45'),
	(4,1,'Photo & Video','photo-video','PnS, DSLR, Video Camera and Accessories',1,100,NULL,NULL,NULL,'2022-08-02 19:57:45','2022-08-02 19:57:45'),
	(5,2,'Indoor','indoor','Puzzle, Keram etc',1,100,NULL,NULL,NULL,'2022-08-02 19:57:45','2022-08-02 19:57:45'),
	(6,2,'Outdoor','outdoor','Cycle, Dron etc',1,100,NULL,NULL,NULL,'2022-08-02 19:57:45','2022-08-02 19:57:45'),
	(7,3,'Men\'s Fashion','mens-fashion','Lots of fashion products.',1,100,NULL,NULL,NULL,'2022-08-02 19:57:45','2022-08-02 19:57:45'),
	(8,3,'Women\'s Fashion','womens-fashion','Lots of fashion products.',1,100,NULL,NULL,NULL,'2022-08-02 19:57:45','2022-08-02 19:57:45'),
	(9,4,'Kitchen','kitchen','Kitchen and cooking products.',1,100,NULL,NULL,NULL,'2022-08-02 19:57:45','2022-08-02 19:57:45'),
	(10,4,'Garden','garden','Gardening related products.',1,100,NULL,NULL,NULL,'2022-08-02 19:57:45','2022-08-02 19:57:45'),
	(11,4,'Pollich, Leffler and Bayer','et-maxime-harum-corrupti-molestiae-qui-expedita-autem','Dolor aspernatur dignissimos ad non molestiae maiores doloribus ea. Et sit voluptatum laboriosam eum consectetur rerum magnam. Quia et consectetur et id at magni reprehenderit rerum. Reprehenderit in est dolorem quia. Explicabo necessitatibus ea reiciendis sed aspernatur. Et et totam nihil atque voluptas adipisci. Est repellat nisi consequuntur qui libero ut. Repudiandae quia magnam labore possimus sint.',1,100,NULL,NULL,NULL,'2022-08-02 19:57:45','2022-08-02 19:57:45'),
	(12,3,'Roberts, Hagenes and Sipes','saepe-voluptatem-non-vitae-magni-eaque-eos-consequuntur','Sequi ratione magnam assumenda voluptatibus recusandae asperiores. Magnam rerum illo quis quia recusandae doloremque. Nesciunt consequatur cupiditate nihil necessitatibus eum veniam quisquam. At nam pariatur possimus sit non corporis perferendis. Id ut vel et quo. Eligendi nesciunt inventore quis quia enim sed. Ut repellendus est fugit. Est et reprehenderit qui perspiciatis fugiat expedita maiores.',1,100,NULL,NULL,NULL,'2022-08-02 19:57:45','2022-08-02 19:57:45'),
	(13,3,'Kertzmann LLC','non-soluta-repudiandae-quidem','Adipisci vero ullam qui laborum non. Ea beatae praesentium voluptatem officiis magni in. Reprehenderit dolores aut quis sit. Itaque ut non voluptatem in. Sunt est commodi cupiditate libero veritatis ut autem. Inventore nulla numquam vitae cupiditate. Aut ipsam dicta nihil iusto praesentium mollitia. Consequatur sequi cupiditate ipsam repudiandae numquam inventore. Mollitia in libero amet natus qui. Voluptas sit amet rerum assumenda expedita. Non velit explicabo beatae cumque.',1,100,NULL,NULL,NULL,'2022-08-02 19:57:45','2022-08-02 19:57:45'),
	(14,6,'Dickinson, Grady and Lehner','ut-beatae-enim-expedita-sit-accusantium-temporibus-velit-reiciendis','Quaerat quia recusandae non animi sit suscipit ea. Qui a quo debitis porro repellendus veniam. Repudiandae odit tempora molestiae est. Voluptas ut et accusantium. Eos ea modi quis qui. Ex libero nobis eius sed quia voluptatum doloribus. Nesciunt rem mollitia tempore alias. Nisi voluptas nisi ut enim et odio sit ex. Dolore quas veniam laborum harum quo ut. Consequatur consequatur dicta aut sit et. Cum non veritatis cumque totam porro ipsa.',1,100,NULL,NULL,NULL,'2022-08-02 19:57:45','2022-08-02 19:57:45'),
	(15,4,'Brown-Weimann','sequi-illo-excepturi-est-nostrum','Quo non consequatur iste fuga. Enim cum illo itaque aliquid. Necessitatibus fugiat unde cumque. Voluptate quia minus impedit sapiente. Et qui nostrum id voluptatem ut est tenetur. Placeat eligendi velit consectetur molestiae culpa recusandae eius. Doloribus dolorem enim nostrum est assumenda sed dolor occaecati. Enim minus nesciunt dolor ab quod.',1,100,NULL,NULL,NULL,'2022-08-02 19:57:45','2022-08-02 19:57:45'),
	(16,1,'Jaskolski, Prohaska and Nicolas','sit-possimus-in-maiores-deserunt','Fugiat laudantium nihil voluptas sunt. Nam maiores praesentium commodi dolorum non at. Tempore ea aperiam aut consequatur aut. Omnis autem ut labore exercitationem deserunt. Maxime tempore exercitationem tempore nisi ullam. Hic voluptas hic sunt qui qui non unde. Deserunt eos autem eveniet provident et id. Et nesciunt quis debitis voluptatem non dolorem corporis. Ipsam aspernatur sit molestiae aperiam.',1,100,NULL,NULL,NULL,'2022-08-02 19:57:45','2022-08-02 19:57:45'),
	(17,5,'Huels Group','voluptate-qui-ut-enim','Velit voluptatem aliquid molestiae atque. Adipisci minima harum fuga voluptates aliquam voluptatem facilis quia. Aut alias quibusdam nam voluptatem eaque. Omnis quia quia doloribus rerum sit perferendis quia. Laboriosam esse velit delectus possimus ipsam quia molestiae. Qui quas explicabo et excepturi beatae vero quos.',1,100,NULL,NULL,NULL,'2022-08-02 19:57:45','2022-08-02 19:57:45'),
	(18,1,'Hirthe-Kerluke','facilis-ab-iure-doloremque-quia-non-rerum-eveniet','Quo incidunt culpa eligendi molestiae. Sequi rerum ab et eos doloribus. Mollitia voluptas harum ut quo et exercitationem voluptas. Asperiores vel et ut ex. Delectus qui sequi quia sapiente praesentium dicta suscipit. Cupiditate voluptas ut aperiam nam neque nemo quas rerum. Aut et voluptatum ex ut voluptatem. Ea aut sit non nihil saepe. Provident sit suscipit a quis nihil eos. Explicabo eligendi consequuntur ab voluptatibus est adipisci repellat. Eveniet est est eum accusamus sapiente quo.',1,100,NULL,NULL,NULL,'2022-08-02 19:57:45','2022-08-02 19:57:45'),
	(19,7,'Flatley-Rosenbaum','ut-et-facilis-perspiciatis-architecto-repellat-aut-doloribus','Laborum sit harum vero consequatur et non. Magni tempora recusandae non dolorum illum quibusdam. Aut eius est error dignissimos totam. Adipisci hic blanditiis nobis quas neque esse. Fuga ab ipsum debitis ea. Omnis incidunt adipisci omnis sed dolorum optio. Cum cupiditate itaque sed. Qui fugit dolore consequatur nesciunt. Sed omnis et soluta. Vel aut et eum non doloremque.',1,100,NULL,NULL,NULL,'2022-08-02 19:57:45','2022-08-02 19:57:45'),
	(20,3,'Haag LLC','cumque-cum-inventore-perspiciatis-voluptatibus-ut-officiis-itaque-doloremque','Culpa debitis ratione nesciunt commodi qui quaerat. Temporibus temporibus et consequatur et velit ut quo. Consequatur culpa repellat et laudantium. Doloremque vel fugit et sit. Fugit id officia ut aliquid et voluptas. Voluptas dolores in non quasi. Ut placeat mollitia animi odio excepturi eum aut.',1,100,NULL,NULL,NULL,'2022-08-02 19:57:45','2022-08-02 19:57:45'),
	(21,4,'Gottlieb Group','distinctio-consequuntur-qui-non-consequuntur','Nobis tempora porro fugit. Et soluta explicabo fuga harum ut. Deserunt quia modi cumque quo sed optio totam. Eum suscipit assumenda culpa est. Quia est eius in quam nam. Tempore suscipit blanditiis non excepturi. Quod magni et debitis laudantium labore voluptas. Iusto non occaecati corporis laboriosam ratione architecto dolores. Sapiente in ratione maiores fugit quibusdam minima ea. Voluptatem ut quaerat sed similique explicabo nesciunt sit.',1,100,NULL,NULL,NULL,'2022-08-02 19:57:45','2022-08-02 19:57:45'),
	(22,6,'Bauch-Nitzsche','quia-enim-quo-natus-illum-voluptatum','Perferendis provident quos sed aliquam omnis soluta a. Magnam voluptatem eum aut sint et. Aperiam aperiam voluptatem sit distinctio ducimus ea. Quam voluptas aut enim quia dicta. Unde tempora sint eaque vel sed est ex. Voluptas adipisci cumque nesciunt aut. Error voluptas ratione voluptas aperiam voluptas recusandae. Non debitis sunt assumenda aperiam. Quas id qui qui explicabo. Consequatur rerum amet magnam eos omnis aut beatae.',1,100,NULL,NULL,NULL,'2022-08-02 19:57:45','2022-08-02 19:57:45'),
	(23,1,'Rosenbaum, Schamberger and Johnston','tenetur-similique-magnam-amet-qui-voluptatem-consectetur-ut-quas','Doloremque minus dolor sequi molestiae perspiciatis soluta harum. Error vel accusamus quo distinctio sit pariatur eos ipsam. Odit hic quaerat dolores dignissimos ut consequuntur saepe. Placeat cumque rem corporis sunt. Incidunt veniam mollitia dolorum neque mollitia aut sit. Aut et ab nemo optio quia. Similique ut cupiditate ea consequatur eaque soluta provident autem. Quia dicta aut fuga nemo sed ut perferendis a. Sunt officia dicta rerum rerum aut rerum.',1,100,NULL,NULL,NULL,'2022-08-02 19:57:45','2022-08-02 19:57:45'),
	(24,3,'Schultz, Cruickshank and Will','a-impedit-sed-ad-sint','Praesentium placeat magni voluptates nam. Repellendus voluptas cupiditate deleniti quae aliquid exercitationem. Beatae doloribus harum voluptas enim. Ut eveniet ea qui architecto error veritatis. Rerum perspiciatis et deleniti voluptas odit inventore nobis. Amet ullam cumque aut labore. Unde magni et alias iste. Soluta et saepe delectus aut necessitatibus. Autem odit dolor eaque dolores deleniti aut. Ducimus excepturi culpa velit voluptas fugiat tenetur occaecati non.',1,100,NULL,NULL,NULL,'2022-08-02 19:57:45','2022-08-02 19:57:45'),
	(25,2,'Nicolas-King','id-blanditiis-iste-molestiae','Dignissimos nihil natus eaque voluptas velit a. Autem sint qui voluptas fugiat unde maiores eius. Commodi culpa assumenda eum quam enim. Illo consequatur eum voluptatem et aliquid deleniti iure. Qui quae deleniti odio reprehenderit beatae. Voluptas voluptas occaecati consectetur nisi neque laudantium qui. Sunt deleniti in ullam. Nemo sequi voluptas id quam magnam corporis. Dolorum animi sequi et tempore. Et officiis quis at ab quis quo. Odit rerum nobis et veniam sint.',1,100,NULL,NULL,NULL,'2022-08-02 19:57:45','2022-08-02 19:57:45');



# Dump of table chat_conversations
# ------------------------------------------------------------


CREATE TABLE `chat_conversations` (
  `id` bigint(20) unsigned NOT NULL AUTO_INCREMENT,
  `shop_id` int(10) unsigned DEFAULT NULL,
  `customer_id` bigint(20) unsigned DEFAULT NULL,
  `message` text COLLATE utf8mb3_unicode_ci DEFAULT NULL,
  `status` int(11) NOT NULL DEFAULT 1,
  `private` tinyint(1) NOT NULL DEFAULT 1,
  `read` tinyint(1) DEFAULT NULL,
  `deleted_at` timestamp NULL DEFAULT NULL,
  `created_at` timestamp NULL DEFAULT NULL,
  `updated_at` timestamp NULL DEFAULT NULL,
  PRIMARY KEY (`id`),
  KEY `chat_conversations_shop_id_foreign` (`shop_id`),
  KEY `chat_conversations_customer_id_foreign` (`customer_id`),
  CONSTRAINT `chat_conversations_customer_id_foreign` FOREIGN KEY (`customer_id`) REFERENCES `customers` (`id`) ON DELETE SET NULL,
  CONSTRAINT `chat_conversations_shop_id_foreign` FOREIGN KEY (`shop_id`) REFERENCES `shops` (`id`) ON DELETE SET NULL
) ENGINE=InnoDB DEFAULT CHARSET=utf8mb3 COLLATE=utf8mb3_unicode_ci;


INSERT INTO `chat_conversations` (`id`, `shop_id`, `customer_id`, `message`, `status`, `private`, `read`, `deleted_at`, `created_at`, `updated_at`)
VALUES
	(1,2,18,'hello',2,1,NULL,NULL,'2022-12-12 09:58:11','2022-12-12 09:58:29'),
	(2,4,1,'I want to know how long it\'s take to delivery?',1,1,NULL,NULL,'2022-12-14 09:39:29','2022-12-14 09:39:29');



# Dump of table config_authorize_net
# ------------------------------------------------------------


CREATE TABLE `config_authorize_net` (
  `shop_id` int(10) unsigned NOT NULL,
  `api_login_id` text COLLATE utf8mb3_unicode_ci DEFAULT NULL,
  `transaction_key` text COLLATE utf8mb3_unicode_ci DEFAULT NULL,
  `sandbox` tinyint(1) DEFAULT 1,
  `created_at` timestamp NULL DEFAULT NULL,
  `updated_at` timestamp NULL DEFAULT NULL,
  PRIMARY KEY (`shop_id`),
  KEY `config_authorize_net_shop_id_index` (`shop_id`),
  CONSTRAINT `config_authorize_net_shop_id_foreign` FOREIGN KEY (`shop_id`) REFERENCES `shops` (`id`) ON DELETE CASCADE
) ENGINE=InnoDB DEFAULT CHARSET=utf8mb3 COLLATE=utf8mb3_unicode_ci;



# Dump of table config_flutterwave
# ------------------------------------------------------------


CREATE TABLE `config_flutterwave` (
  `shop_id` int(10) unsigned NOT NULL,
  `pub_key` text COLLATE utf8mb3_unicode_ci DEFAULT NULL,
  `sec_key` text COLLATE utf8mb3_unicode_ci DEFAULT NULL,
  `sandbox` tinyint(1) DEFAULT 1,
  `created_at` timestamp NULL DEFAULT NULL,
  `updated_at` timestamp NULL DEFAULT NULL,
  PRIMARY KEY (`shop_id`),
  KEY `config_flutterwave_shop_id_index` (`shop_id`),
  CONSTRAINT `config_flutterwave_shop_id_foreign` FOREIGN KEY (`shop_id`) REFERENCES `shops` (`id`) ON DELETE CASCADE
) ENGINE=InnoDB DEFAULT CHARSET=utf8mb3 COLLATE=utf8mb3_unicode_ci;



# Dump of table config_manual_payments
# ------------------------------------------------------------


CREATE TABLE `config_manual_payments` (
  `shop_id` int(10) unsigned NOT NULL,
  `payment_method_id` int(10) unsigned NOT NULL,
  `additional_details` text COLLATE utf8mb3_unicode_ci DEFAULT NULL,
  `payment_instructions` text COLLATE utf8mb3_unicode_ci DEFAULT NULL,
  `created_at` timestamp NULL DEFAULT NULL,
  `updated_at` timestamp NULL DEFAULT NULL,
  KEY `config_manual_payments_shop_id_index` (`shop_id`),
  KEY `config_manual_payments_payment_method_id_index` (`payment_method_id`),
  CONSTRAINT `config_manual_payments_payment_method_id_foreign` FOREIGN KEY (`payment_method_id`) REFERENCES `payment_methods` (`id`) ON DELETE CASCADE,
  CONSTRAINT `config_manual_payments_shop_id_foreign` FOREIGN KEY (`shop_id`) REFERENCES `shops` (`id`) ON DELETE CASCADE
) ENGINE=InnoDB DEFAULT CHARSET=utf8mb3 COLLATE=utf8mb3_unicode_ci;


INSERT INTO `config_manual_payments` (`shop_id`, `payment_method_id`, `additional_details`, `payment_instructions`, `created_at`, `updated_at`)
VALUES
	(1,4,'Send the payment via Bank Wire Transfer.','Payment instructions for Bank Wire Transfer','2022-08-02 19:57:43','2022-08-02 19:57:43'),
	(1,3,'Our man will collect the payment when deliver the item to your doorstep.','Payment instructions for COD','2022-08-02 19:57:43','2022-08-02 19:57:43'),
	(2,4,'Send the payment via Bank Wire Transfer.','Payment instructions for Bank Wire Transfer','2022-08-02 19:57:43','2022-08-02 19:57:43'),
	(2,3,'Our man will collect the payment when deliver the item to your doorstep.','Payment instructions for COD','2022-08-02 19:57:43','2022-08-02 19:57:43'),
	(3,4,'Send the payment via Bank Wire Transfer.','Payment instructions for Bank Wire Transfer','2022-08-02 19:57:43','2022-08-02 19:57:43'),
	(3,3,'Our man will collect the payment when deliver the item to your doorstep.','Payment instructions for COD','2022-08-02 19:57:43','2022-08-02 19:57:43'),
	(4,4,'Send the payment via Bank Wire Transfer.','Payment instructions for Bank Wire Transfer','2022-08-02 19:57:43','2022-08-02 19:57:43'),
	(4,3,'Our man will collect the payment when deliver the item to your doorstep.','Payment instructions for COD','2022-08-02 19:57:43','2022-08-02 19:57:43'),
	(5,4,'Send the payment via Bank Wire Transfer.','Payment instructions for Bank Wire Transfer','2022-08-02 19:57:43','2022-08-02 19:57:43'),
	(5,3,'Our man will collect the payment when deliver the item to your doorstep.','Payment instructions for COD','2022-08-02 19:57:43','2022-08-02 19:57:43');




# Dump of table config_paypal_marketplace
# ------------------------------------------------------------


CREATE TABLE `config_paypal_marketplace` (
  `shop_id` int(10) unsigned NOT NULL,
  `merchant_id` varchar(255) COLLATE utf8mb3_unicode_ci DEFAULT NULL,
  `account_email` varchar(255) COLLATE utf8mb3_unicode_ci DEFAULT NULL,
  `created_at` timestamp NULL DEFAULT NULL,
  `updated_at` timestamp NULL DEFAULT NULL,
  PRIMARY KEY (`shop_id`),
  KEY `config_paypal_marketplace_shop_id_index` (`shop_id`),
  CONSTRAINT `config_paypal_marketplace_shop_id_foreign` FOREIGN KEY (`shop_id`) REFERENCES `shops` (`id`) ON DELETE CASCADE
) ENGINE=InnoDB DEFAULT CHARSET=utf8mb3 COLLATE=utf8mb3_unicode_ci;


# Dump of table contact_us
# ------------------------------------------------------------


CREATE TABLE `contact_us` (
  `id` bigint(20) unsigned NOT NULL AUTO_INCREMENT,
  `name` varchar(255) COLLATE utf8mb3_unicode_ci DEFAULT NULL,
  `phone` varchar(255) COLLATE utf8mb3_unicode_ci DEFAULT NULL,
  `email` varchar(255) COLLATE utf8mb3_unicode_ci NOT NULL,
  `subject` varchar(255) COLLATE utf8mb3_unicode_ci NOT NULL,
  `message` longtext COLLATE utf8mb3_unicode_ci NOT NULL,
  `read` tinyint(1) DEFAULT NULL,
  `created_at` timestamp NULL DEFAULT NULL,
  `updated_at` timestamp NULL DEFAULT NULL,
  PRIMARY KEY (`id`)
) ENGINE=InnoDB DEFAULT CHARSET=utf8mb3 COLLATE=utf8mb3_unicode_ci;



# Dump of table countries
# ------------------------------------------------------------


CREATE TABLE `countries` (
  `id` int(10) unsigned NOT NULL AUTO_INCREMENT,
  `name` varchar(255) COLLATE utf8mb3_unicode_ci NOT NULL,
  `full_name` varchar(255) COLLATE utf8mb3_unicode_ci DEFAULT NULL,
  `capital` varchar(255) COLLATE utf8mb3_unicode_ci DEFAULT NULL,
  `currency_id` int(10) unsigned DEFAULT NULL,
  `timezone_id` int(10) unsigned DEFAULT NULL,
  `citizenship` varchar(255) COLLATE utf8mb3_unicode_ci DEFAULT NULL,
  `iso_code` varchar(2) COLLATE utf8mb3_unicode_ci NOT NULL,
  `iso_numeric` varchar(3) COLLATE utf8mb3_unicode_ci DEFAULT NULL,
  `calling_code` varchar(3) COLLATE utf8mb3_unicode_ci DEFAULT NULL,
  `flag` varchar(6) COLLATE utf8mb3_unicode_ci DEFAULT NULL,
  `eea` tinyint(1) DEFAULT 0,
  `active` tinyint(1) DEFAULT 0,
  `created_at` timestamp NULL DEFAULT NULL,
  `updated_at` timestamp NULL DEFAULT NULL,
  PRIMARY KEY (`id`),
  KEY `countries_timezone_id_foreign` (`timezone_id`),
  KEY `countries_currency_id_foreign` (`currency_id`),
  CONSTRAINT `countries_currency_id_foreign` FOREIGN KEY (`currency_id`) REFERENCES `currencies` (`id`) ON DELETE SET NULL,
  CONSTRAINT `countries_timezone_id_foreign` FOREIGN KEY (`timezone_id`) REFERENCES `timezones` (`id`) ON DELETE SET NULL
) ENGINE=InnoDB DEFAULT CHARSET=utf8mb3 COLLATE=utf8mb3_unicode_ci;


INSERT INTO `countries` (`id`, `name`, `full_name`, `capital`, `currency_id`, `timezone_id`, `citizenship`, `iso_code`, `iso_numeric`, `calling_code`, `flag`, `eea`, `active`, `created_at`, `updated_at`)
VALUES
	(4,'Afghanistan','Islamic Republic of Afghanistan','Kabul',2,NULL,'Afghan','AF','004','93','AF.png',0,1,'2022-08-02 19:57:41','2022-08-02 19:57:41'),
	(8,'Albania','Republic of Albania','Tirana',3,NULL,'Albanian','AL','008','355','AL.png',0,1,'2022-08-02 19:57:41','2022-08-02 19:57:41'),
	(10,'Antarctica','Antarctica','Antartica',NULL,NULL,'of Antartica','AQ','010','672','AQ.png',0,1,'2022-08-02 19:57:41','2022-08-02 19:57:41'),
	(12,'Algeria','People’s Democratic Republic of Algeria','Algiers',42,NULL,'Algerian','DZ','012','213','DZ.png',0,1,'2022-08-02 19:57:41','2022-08-02 19:57:41'),
	(16,'American Samoa','Territory of American','Pago Pago',148,NULL,'American Samoan','AS','016','1','AS.png',0,1,'2022-08-02 19:57:41','2022-08-02 19:57:41'),
	(20,'Andorra','Principality of Andorra','Andorra la Vella',46,NULL,'Andorran','AD','020','376','AD.png',0,1,'2022-08-02 19:57:41','2022-08-02 19:57:41'),
	(24,'Angola','Republic of Angola','Luanda',6,NULL,'Angolan','AO','024','244','AO.png',0,1,'2022-08-02 19:57:41','2022-08-02 19:57:41'),
	(28,'Antigua and Barbuda','Antigua and Barbuda','St John’s',162,NULL,'of Antigua and Barbuda','AG','028','1','AG.png',0,1,'2022-08-02 19:57:41','2022-08-02 19:57:41'),
	(31,'Azerbaijan','Republic of Azerbaijan','Baku',10,NULL,'Azerbaijani','AZ','031','994','AZ.png',0,1,'2022-08-02 19:57:41','2022-08-02 19:57:41'),
	(32,'Argentina','Argentine Republic','Buenos Aires',7,NULL,'Argentinian','AR','032','54','AR.png',0,1,'2022-08-02 19:57:41','2022-08-02 19:57:41'),
	(36,'Australia','Commonwealth of Australia','Canberra',8,NULL,'Australian','AU','036','61','AU.png',0,1,'2022-08-02 19:57:41','2022-08-02 19:57:41'),
	(40,'Austria','Republic of Austria','Vienna',46,NULL,'Austrian','AT','040','43','AT.png',1,1,'2022-08-02 19:57:41','2022-08-02 19:57:41'),
	(44,'Bahamas','Commonwealth of the Bahamas','Nassau',21,NULL,'Bahamian','BS','044','1','BS.png',0,1,'2022-08-02 19:57:41','2022-08-02 19:57:41'),
	(48,'Bahrain','Kingdom of Bahrain','Manama',15,NULL,'Bahraini','BH','048','973','BH.png',0,1,'2022-08-02 19:57:41','2022-08-02 19:57:41'),
	(50,'Bangladesh','People’s Republic of Bangladesh','Dhaka',13,NULL,'Bangladeshi','BD','050','880','BD.png',0,1,'2022-08-02 19:57:41','2022-08-02 19:57:41'),
	(51,'Armenia','Republic of Armenia','Yerevan',4,NULL,'Armenian','AM','051','374','AM.png',0,1,'2022-08-02 19:57:41','2022-08-02 19:57:41'),
	(52,'Barbados','Barbados','Bridgetown',12,NULL,'Barbadian','BB','052','1','BB.png',0,1,'2022-08-02 19:57:41','2022-08-02 19:57:41'),
	(56,'Belgium','Kingdom of Belgium','Brussels',46,NULL,'Belgian','BE','056','32','BE.png',1,1,'2022-08-02 19:57:41','2022-08-02 19:57:41'),
	(60,'Bermuda','Bermuda','Hamilton',17,NULL,'Bermudian','BM','060','1','BM.png',0,1,'2022-08-02 19:57:41','2022-08-02 19:57:41'),
	(64,'Bhutan','Kingdom of Bhutan','Thimphu',22,NULL,'Bhutanese','BT','064','975','BT.png',0,1,'2022-08-02 19:57:41','2022-08-02 19:57:41'),
	(68,'Bolivia, Plurinational State of','Plurinational State of Bolivia','Sucre (BO1)',19,NULL,'Bolivian','BO','068','591','BO.png',0,1,'2022-08-02 19:57:41','2022-08-02 19:57:41'),
	(70,'Bosnia and Herzegovina','Bosnia and Herzegovina','Sarajevo',11,NULL,'of Bosnia and Herzegovina','BA','070','387','BA.png',0,1,'2022-08-02 19:57:41','2022-08-02 19:57:41'),
	(72,'Botswana','Republic of Botswana','Gaborone',23,NULL,'Botswanan','BW','072','267','BW.png',0,1,'2022-08-02 19:57:41','2022-08-02 19:57:41'),
	(74,'Bouvet Island','Bouvet Island','Bouvet island',NULL,NULL,'of Bouvet island','BV','074','47','BV.png',0,1,'2022-08-02 19:57:41','2022-08-02 19:57:41'),
	(76,'Brazil','Federative Republic of Brazil','Brasilia',20,NULL,'Brazilian','BR','076','55','BR.png',0,1,'2022-08-02 19:57:41','2022-08-02 19:57:41'),
	(84,'Belize','Belize','Belmopan',26,NULL,'Belizean','BZ','084','501','BZ.png',0,1,'2022-08-02 19:57:41','2022-08-02 19:57:41'),
	(86,'British Indian Ocean Territory','British Indian Ocean Territory','Diego Garcia',148,NULL,'Changosian','IO','086','246','IO.png',0,1,'2022-08-02 19:57:41','2022-08-02 19:57:41'),
	(90,'Solomon Islands','Solomon Islands','Honiara',122,NULL,'Solomon Islander','SB','090','677','SB.png',0,1,'2022-08-02 19:57:41','2022-08-02 19:57:41'),
	(92,'Virgin Islands, British','British Virgin Islands','Road Town',148,NULL,'British Virgin Islander;','VG','092','1','VG.png',0,1,'2022-08-02 19:57:41','2022-08-02 19:57:41'),
	(96,'Brunei Darussalam','Brunei Darussalam','Bandar Seri Begawan',18,NULL,'Bruneian','BN','096','673','BN.png',0,1,'2022-08-02 19:57:41','2022-08-02 19:57:41'),
	(100,'Bulgaria','Republic of Bulgaria','Sofia',14,NULL,'Bulgarian','BG','100','359','BG.png',1,1,'2022-08-02 19:57:41','2022-08-02 19:57:41'),
	(104,'Myanmar','Union of Myanmar/','Yangon',92,NULL,'Burmese','MM','104','95','MM.png',0,1,'2022-08-02 19:57:41','2022-08-02 19:57:41'),
	(108,'Burundi','Republic of Burundi','Bujumbura',16,NULL,'Burundian','BI','108','257','BI.png',0,1,'2022-08-02 19:57:41','2022-08-02 19:57:41'),
	(112,'Belarus','Republic of Belarus','Minsk',25,NULL,'Belarusian','BY','112','375','BY.png',0,1,'2022-08-02 19:57:41','2022-08-02 19:57:41'),
	(116,'Cambodia','Kingdom of Cambodia','Phnom Penh',73,NULL,'Cambodian','KH','116','855','KH.png',0,1,'2022-08-02 19:57:41','2022-08-02 19:57:41'),
	(120,'Cameroon','Republic of Cameroon','Yaoundé',155,NULL,'Cameroonian','CM','120','237','CM.png',0,1,'2022-08-02 19:57:41','2022-08-02 19:57:41'),
	(124,'Canada','Canada','Ottawa',27,NULL,'Canadian','CA','124','1','CA.png',0,1,'2022-08-02 19:57:41','2022-08-02 19:57:41'),
	(132,'Cape Verde','Republic of Cape Verde','Praia',37,NULL,'Cape Verdean','CV','132','238','CV.png',0,1,'2022-08-02 19:57:41','2022-08-02 19:57:41'),
	(136,'Cayman Islands','Cayman Islands','George Town',78,NULL,'Caymanian','KY','136','1','KY.png',0,1,'2022-08-02 19:57:41','2022-08-02 19:57:41'),
	(140,'Central African Republic','Central African Republic','Bangui',155,NULL,'Central African','CF','140','236','CF.png',0,1,'2022-08-02 19:57:41','2022-08-02 19:57:41'),
	(144,'Sri Lanka','Democratic Socialist Republic of Sri Lanka','Colombo',82,NULL,'Sri Lankan','LK','144','94','LK.png',0,1,'2022-08-02 19:57:41','2022-08-02 19:57:41'),
	(148,'Chad','Republic of Chad','N’Djamena',155,NULL,'Chadian','TD','148','235','TD.png',0,1,'2022-08-02 19:57:41','2022-08-02 19:57:41'),
	(152,'Chile','Republic of Chile','Santiago',31,NULL,'Chilean','CL','152','56','CL.png',0,1,'2022-08-02 19:57:41','2022-08-02 19:57:41'),
	(156,'China','People’s Republic of China','Beijing',32,NULL,'Chinese','CN','156','86','CN.png',0,1,'2022-08-02 19:57:41','2022-08-02 19:57:41'),
	(158,'Taiwan, Province of China','Republic of China, Taiwan (TW1)','Taipei',144,NULL,'Taiwanese','TW','158','886','TW.png',0,1,'2022-08-02 19:57:41','2022-08-02 19:57:41'),
	(162,'Christmas Island','Christmas Island Territory','Flying Fish Cove',8,NULL,'Christmas Islander','CX','162','61','CX.png',0,1,'2022-08-02 19:57:41','2022-08-02 19:57:41'),
	(166,'Cocos (Keeling) Islands','Territory of Cocos (Keeling) Islands','Bantam',8,NULL,'Cocos Islander','CC','166','61','CC.png',0,1,'2022-08-02 19:57:41','2022-08-02 19:57:41'),
	(170,'Colombia','Republic of Colombia','Santa Fe de Bogotá',33,NULL,'Colombian','CO','170','57','CO.png',0,1,'2022-08-02 19:57:41','2022-08-02 19:57:41'),
	(174,'Comoros','Union of the Comoros','Moroni',74,NULL,'Comorian','KM','174','269','KM.png',0,1,'2022-08-02 19:57:41','2022-08-02 19:57:41'),
	(175,'Mayotte','Departmental Collectivity of Mayotte','Mamoudzou',46,NULL,'Mahorais','YT','175','262','YT.png',0,1,'2022-08-02 19:57:41','2022-08-02 19:57:41'),
	(178,'Congo','Republic of the Congo','Brazzaville',155,NULL,'Congolese','CG','178','242','CG.png',0,1,'2022-08-02 19:57:41','2022-08-02 19:57:41'),
	(180,'Congo, the Democratic Republic of the','Democratic Republic of the Congo','Kinshasa',28,NULL,'Congolese','CD','180','243','CD.png',0,1,'2022-08-02 19:57:41','2022-08-02 19:57:41'),
	(184,'Cook Islands','Cook Islands','Avarua',107,NULL,'Cook Islander','CK','184','682','CK.png',0,1,'2022-08-02 19:57:41','2022-08-02 19:57:41'),
	(188,'Costa Rica','Republic of Costa Rica','San José',34,NULL,'Costa Rican','CR','188','506','CR.png',0,1,'2022-08-02 19:57:41','2022-08-02 19:57:41'),
	(191,'Croatia','Republic of Croatia','Zagreb',59,NULL,'Croatian','HR','191','385','HR.png',1,1,'2022-08-02 19:57:41','2022-08-02 19:57:41'),
	(192,'Cuba','Republic of Cuba','Havana',36,NULL,'Cuban','CU','192','53','CU.png',0,1,'2022-08-02 19:57:41','2022-08-02 19:57:41'),
	(196,'Cyprus','Republic of Cyprus','Nicosia',46,NULL,'Cypriot','CY','196','357','CY.png',1,1,'2022-08-02 19:57:41','2022-08-02 19:57:41'),
	(203,'Czech Republic','Czech Republic','Prague',38,NULL,'Czech','CZ','203','420','CZ.png',1,1,'2022-08-02 19:57:41','2022-08-02 19:57:41'),
	(204,'Benin','Republic of Benin','Porto Novo (BJ1)',164,NULL,'Beninese','BJ','204','229','BJ.png',0,1,'2022-08-02 19:57:41','2022-08-02 19:57:41'),
	(208,'Denmark','Kingdom of Denmark','Copenhagen',40,NULL,'Danish','DK','208','45','DK.png',1,1,'2022-08-02 19:57:41','2022-08-02 19:57:41'),
	(212,'Dominica','Commonwealth of Dominica','Roseau',162,NULL,'Dominican','DM','212','1','DM.png',0,1,'2022-08-02 19:57:41','2022-08-02 19:57:41'),
	(214,'Dominican Republic','Dominican Republic','Santo Domingo',41,NULL,'Dominican','DO','214','1','DO.png',0,1,'2022-08-02 19:57:41','2022-08-02 19:57:41'),
	(218,'Ecuador','Republic of Ecuador','Quito',148,NULL,'Ecuadorian','EC','218','593','EC.png',0,1,'2022-08-02 19:57:41','2022-08-02 19:57:41'),
	(222,'El Salvador','Republic of El Salvador','San Salvador',134,NULL,'Salvadoran','SV','222','503','SV.png',0,1,'2022-08-02 19:57:41','2022-08-02 19:57:41'),
	(226,'Equatorial Guinea','Republic of Equatorial Guinea','Malabo',155,NULL,'Equatorial Guinean','GQ','226','240','GQ.png',0,1,'2022-08-02 19:57:41','2022-08-02 19:57:41'),
	(231,'Ethiopia','Federal Democratic Republic of Ethiopia','Addis Ababa',45,NULL,'Ethiopian','ET','231','251','ET.png',0,1,'2022-08-02 19:57:41','2022-08-02 19:57:41'),
	(232,'Eritrea','State of Eritrea','Asmara',44,NULL,'Eritrean','ER','232','291','ER.png',0,1,'2022-08-02 19:57:41','2022-08-02 19:57:41'),
	(233,'Estonia','Republic of Estonia','Tallinn',46,NULL,'Estonian','EE','233','372','EE.png',1,1,'2022-08-02 19:57:41','2022-08-02 19:57:41'),
	(234,'Faroe Islands','Faeroe Islands','Tórshavn',40,NULL,'Faeroese','FO','234','298','FO.png',0,1,'2022-08-02 19:57:41','2022-08-02 19:57:41'),
	(238,'Falkland Islands (Malvinas)','Falkland Islands','Stanley',48,NULL,'Falkland Islander','FK','238','500','FK.png',0,1,'2022-08-02 19:57:41','2022-08-02 19:57:41'),
	(239,'South Georgia and the South Sandwich Islands','South Georgia and the South Sandwich Islands','King Edward Point (Grytviken)',NULL,NULL,'of South Georgia and the South Sandwich Islands','GS','239','44','GS.png',0,1,'2022-08-02 19:57:41','2022-08-02 19:57:41'),
	(242,'Fiji','Republic of Fiji','Suva',47,NULL,'Fijian','FJ','242','679','FJ.png',0,1,'2022-08-02 19:57:41','2022-08-02 19:57:41'),
	(246,'Finland','Republic of Finland','Helsinki',46,NULL,'Finnish','FI','246','358','FI.png',1,1,'2022-08-02 19:57:41','2022-08-02 19:57:41'),
	(248,'Åland Islands','Åland Islands','Mariehamn',46,NULL,'Åland Islander','AX','248','358',NULL,0,1,'2022-08-02 19:57:41','2022-08-02 19:57:41'),
	(250,'France','French Republic','Paris',46,NULL,'French','FR','250','33','FR.png',1,1,'2022-08-02 19:57:41','2022-08-02 19:57:41'),
	(254,'French Guiana','French Guiana','Cayenne',46,NULL,'Guianese','GF','254','594','GF.png',0,1,'2022-08-02 19:57:41','2022-08-02 19:57:41'),
	(258,'French Polynesia','French Polynesia','Papeete',166,NULL,'Polynesian','PF','258','689','PF.png',0,1,'2022-08-02 19:57:41','2022-08-02 19:57:41'),
	(260,'French Southern Territories','French Southern and Antarctic Lands','Port-aux-Francais',46,NULL,'of French Southern and Antarctic Lands','TF','260','33','TF.png',0,1,'2022-08-02 19:57:41','2022-08-02 19:57:41'),
	(262,'Djibouti','Republic of Djibouti','Djibouti',39,NULL,'Djiboutian','DJ','262','253','DJ.png',0,1,'2022-08-02 19:57:41','2022-08-02 19:57:41'),
	(266,'Gabon','Gabonese Republic','Libreville',155,NULL,'Gabonese','GA','266','241','GA.png',0,1,'2022-08-02 19:57:41','2022-08-02 19:57:41'),
	(268,'Georgia','Georgia','Tbilisi',50,NULL,'Georgian','GE','268','995','GE.png',0,1,'2022-08-02 19:57:41','2022-08-02 19:57:41'),
	(270,'Gambia','Republic of the Gambia','Banjul',53,NULL,'Gambian','GM','270','220','GM.png',0,1,'2022-08-02 19:57:41','2022-08-02 19:57:41'),
	(275,'Palestinian Territory, Occupied',NULL,NULL,53,NULL,'Palestinian','PS','275','970','PS.png',0,1,'2022-08-02 19:57:41','2022-08-02 19:57:41'),
	(276,'Germany','Federal Republic of Germany','Berlin',46,NULL,'German','DE','276','49','DE.png',1,1,'2022-08-02 19:57:41','2022-08-02 19:57:41'),
	(288,'Ghana','Republic of Ghana','Accra',51,NULL,'Ghanaian','GH','288','233','GH.png',0,1,'2022-08-02 19:57:41','2022-08-02 19:57:41'),
	(292,'Gibraltar','Gibraltar','Gibraltar',52,NULL,'Gibraltarian','GI','292','350','GI.png',0,1,'2022-08-02 19:57:41','2022-08-02 19:57:41'),
	(296,'Kiribati','Republic of Kiribati','Tarawa',8,NULL,'Kiribatian','KI','296','686','KI.png',0,1,'2022-08-02 19:57:41','2022-08-02 19:57:41'),
	(300,'Greece','Hellenic Republic','Athens',46,NULL,'Greek','GR','300','30','GR.png',1,1,'2022-08-02 19:57:41','2022-08-02 19:57:41'),
	(304,'Greenland','Greenland','Nuuk',40,NULL,'Greenlander','GL','304','299','GL.png',0,1,'2022-08-02 19:57:41','2022-08-02 19:57:41'),
	(308,'Grenada','Grenada','St George’s',162,NULL,'Grenadian','GD','308','1','GD.png',0,1,'2022-08-02 19:57:41','2022-08-02 19:57:41'),
	(312,'Guadeloupe','Guadeloupe','Basse Terre',46,NULL,'Guadeloupean','GP','312','590','GP.png',0,1,'2022-08-02 19:57:41','2022-08-02 19:57:41'),
	(316,'Guam','Territory of Guam','Agaña (Hagåtña)',148,NULL,'Guamanian','GU','316','1','GU.png',0,1,'2022-08-02 19:57:41','2022-08-02 19:57:41'),
	(320,'Guatemala','Republic of Guatemala','Guatemala City',55,NULL,'Guatemalan','GT','320','502','GT.png',0,1,'2022-08-02 19:57:41','2022-08-02 19:57:41'),
	(324,'Guinea','Republic of Guinea','Conakry',54,NULL,'Guinean','GN','324','224','GN.png',0,1,'2022-08-02 19:57:41','2022-08-02 19:57:41'),
	(328,'Guyana','Cooperative Republic of Guyana','Georgetown',56,NULL,'Guyanese','GY','328','592','GY.png',0,1,'2022-08-02 19:57:41','2022-08-02 19:57:41'),
	(332,'Haiti','Republic of Haiti','Port-au-Prince',60,NULL,'Haitian','HT','332','509','HT.png',0,1,'2022-08-02 19:57:41','2022-08-02 19:57:41'),
	(334,'Heard Island and McDonald Islands','Territory of Heard Island and McDonald Islands','Territory of Heard Island and McDonald Islands',NULL,NULL,'of Territory of Heard Island and McDonald Islands','HM','334','61','HM.png',0,1,'2022-08-02 19:57:41','2022-08-02 19:57:41'),
	(336,'Holy See (Vatican City State)','the Holy See/ Vatican City State','Vatican City',46,NULL,'of the Holy See/of the Vatican','VA','336','39','VA.png',0,1,'2022-08-02 19:57:41','2022-08-02 19:57:41'),
	(340,'Honduras','Republic of Honduras','Tegucigalpa',58,NULL,'Honduran','HN','340','504','HN.png',0,1,'2022-08-02 19:57:41','2022-08-02 19:57:41'),
	(344,'Hong Kong','Hong Kong Special Administrative Region of the People’s Republic of China (HK2)','(HK3)',57,NULL,'Hong Kong Chinese','HK','344','852','HK.png',0,1,'2022-08-02 19:57:41','2022-08-02 19:57:41'),
	(348,'Hungary','Republic of Hungary','Budapest',61,NULL,'Hungarian','HU','348','36','HU.png',1,1,'2022-08-02 19:57:41','2022-08-02 19:57:41'),
	(352,'Iceland','Republic of Iceland','Reykjavik',67,NULL,'Icelander','IS','352','354','IS.png',1,1,'2022-08-02 19:57:41','2022-08-02 19:57:41'),
	(356,'India','Republic of India','New Delhi',64,NULL,'Indian','IN','356','91','IN.png',0,1,'2022-08-02 19:57:41','2022-08-02 19:57:41'),
	(360,'Indonesia','Republic of Indonesia','Jakarta',62,NULL,'Indonesian','ID','360','62','ID.png',0,1,'2022-08-02 19:57:41','2022-08-02 19:57:41'),
	(364,'Iran, Islamic Republic of','Islamic Republic of Iran','Tehran',66,NULL,'Iranian','IR','364','98','IR.png',0,1,'2022-08-02 19:57:41','2022-08-02 19:57:41'),
	(368,'Iraq','Republic of Iraq','Baghdad',65,NULL,'Iraqi','IQ','368','964','IQ.png',0,1,'2022-08-02 19:57:41','2022-08-02 19:57:41'),
	(372,'Ireland','Ireland (IE1)','Dublin',46,NULL,'Irish','IE','372','353','IE.png',1,1,'2022-08-02 19:57:41','2022-08-02 19:57:41'),
	(376,'Israel','State of Israel','(IL1)',63,NULL,'Israeli','IL','376','972','IL.png',0,1,'2022-08-02 19:57:41','2022-08-02 19:57:41'),
	(380,'Italy','Italian Republic','Rome',46,NULL,'Italian','IT','380','39','IT.png',1,1,'2022-08-02 19:57:41','2022-08-02 19:57:41'),
	(384,'Côte d\'Ivoire','Republic of Côte d’Ivoire','Yamoussoukro (CI1)',164,NULL,'Ivorian','CI','384','225','CI.png',0,1,'2022-08-02 19:57:41','2022-08-02 19:57:41'),
	(388,'Jamaica','Jamaica','Kingston',68,NULL,'Jamaican','JM','388','1','JM.png',0,1,'2022-08-02 19:57:41','2022-08-02 19:57:41'),
	(392,'Japan','Japan','Tokyo',70,NULL,'Japanese','JP','392','81','JP.png',0,1,'2022-08-02 19:57:41','2022-08-02 19:57:41'),
	(398,'Kazakhstan','Republic of Kazakhstan','Astana',79,NULL,'Kazakh','KZ','398','7','KZ.png',0,1,'2022-08-02 19:57:41','2022-08-02 19:57:41'),
	(400,'Jordan','Hashemite Kingdom of Jordan','Amman',69,NULL,'Jordanian','JO','400','962','JO.png',0,1,'2022-08-02 19:57:41','2022-08-02 19:57:41'),
	(404,'Kenya','Republic of Kenya','Nairobi',71,NULL,'Kenyan','KE','404','254','KE.png',0,1,'2022-08-02 19:57:41','2022-08-02 19:57:41'),
	(408,'Korea, Democratic People\'s Republic of','Democratic People’s Republic of Korea','Pyongyang',75,NULL,'North Korean','KP','408','850','KP.png',0,1,'2022-08-02 19:57:41','2022-08-02 19:57:41'),
	(410,'Korea, Republic of','Republic of Korea','Seoul',76,NULL,'South Korean','KR','410','82','KR.png',0,1,'2022-08-02 19:57:41','2022-08-02 19:57:41'),
	(414,'Kuwait','State of Kuwait','Kuwait City',77,NULL,'Kuwaiti','KW','414','965','KW.png',0,1,'2022-08-02 19:57:41','2022-08-02 19:57:41'),
	(417,'Kyrgyzstan','Kyrgyz Republic','Bishkek',72,NULL,'Kyrgyz','KG','417','996','KG.png',0,1,'2022-08-02 19:57:41','2022-08-02 19:57:41'),
	(418,'Lao People\'s Democratic Republic','Lao People’s Democratic Republic','Vientiane',80,NULL,'Lao','LA','418','856','LA.png',0,1,'2022-08-02 19:57:41','2022-08-02 19:57:41'),
	(422,'Lebanon','Lebanese Republic','Beirut',81,NULL,'Lebanese','LB','422','961','LB.png',0,1,'2022-08-02 19:57:41','2022-08-02 19:57:41'),
	(426,'Lesotho','Kingdom of Lesotho','Maseru',84,NULL,'Basotho','LS','426','266','LS.png',0,1,'2022-08-02 19:57:41','2022-08-02 19:57:41'),
	(428,'Latvia','Republic of Latvia','Riga',46,NULL,'Latvian','LV','428','371','LV.png',1,1,'2022-08-02 19:57:41','2022-08-02 19:57:41'),
	(430,'Liberia','Republic of Liberia','Monrovia',83,NULL,'Liberian','LR','430','231','LR.png',0,1,'2022-08-02 19:57:41','2022-08-02 19:57:41'),
	(434,'Libya','Socialist People’s Libyan Arab Jamahiriya','Tripoli',87,NULL,'Libyan','LY','434','218','LY.png',0,1,'2022-08-02 19:57:41','2022-08-02 19:57:41'),
	(438,'Liechtenstein','Principality of Liechtenstein','Vaduz',29,NULL,'Liechtensteiner','LI','438','423','LI.png',1,1,'2022-08-02 19:57:41','2022-08-02 19:57:41'),
	(440,'Lithuania','Republic of Lithuania','Vilnius',46,NULL,'Lithuanian','LT','440','370','LT.png',1,1,'2022-08-02 19:57:41','2022-08-02 19:57:41'),
	(442,'Luxembourg','Grand Duchy of Luxembourg','Luxembourg',46,NULL,'Luxembourger','LU','442','352','LU.png',1,1,'2022-08-02 19:57:41','2022-08-02 19:57:41'),
	(446,'Macao','Macao Special Administrative Region of the People’s Republic of China (MO2)','Macao (MO3)',94,NULL,'Macanese','MO','446','853','MO.png',0,1,'2022-08-02 19:57:41','2022-08-02 19:57:41'),
	(450,'Madagascar','Republic of Madagascar','Antananarivo',90,NULL,'Malagasy','MG','450','261','MG.png',0,1,'2022-08-02 19:57:41','2022-08-02 19:57:41'),
	(454,'Malawi','Republic of Malawi','Lilongwe',98,NULL,'Malawian','MW','454','265','MW.png',0,1,'2022-08-02 19:57:41','2022-08-02 19:57:41'),
	(458,'Malaysia','Malaysia','Kuala Lumpur (MY1)',100,NULL,'Malaysian','MY','458','60','MY.png',0,1,'2022-08-02 19:57:41','2022-08-02 19:57:41'),
	(462,'Maldives','Republic of Maldives','Malé',97,NULL,'Maldivian','MV','462','960','MV.png',0,1,'2022-08-02 19:57:41','2022-08-02 19:57:41'),
	(466,'Mali','Republic of Mali','Bamako',164,NULL,'Malian','ML','466','223','ML.png',0,1,'2022-08-02 19:57:41','2022-08-02 19:57:41'),
	(470,'Malta','Republic of Malta','Valletta',46,NULL,'Maltese','MT','470','356','MT.png',1,1,'2022-08-02 19:57:41','2022-08-02 19:57:41'),
	(474,'Martinique','Martinique','Fort-de-France',46,NULL,'Martinican','MQ','474','596','MQ.png',0,1,'2022-08-02 19:57:41','2022-08-02 19:57:41'),
	(478,'Mauritania','Islamic Republic of Mauritania','Nouakchott',95,NULL,'Mauritanian','MR','478','222','MR.png',0,1,'2022-08-02 19:57:41','2022-08-02 19:57:41'),
	(480,'Mauritius','Republic of Mauritius','Port Louis',96,NULL,'Mauritian','MU','480','230','MU.png',0,1,'2022-08-02 19:57:41','2022-08-02 19:57:41'),
	(484,'Mexico','United Mexican States','Mexico City',99,NULL,'Mexican','MX','484','52','MX.png',0,1,'2022-08-02 19:57:41','2022-08-02 19:57:41'),
	(492,'Monaco','Principality of Monaco','Monaco',46,NULL,'Monegasque','MC','492','377','MC.png',0,1,'2022-08-02 19:57:41','2022-08-02 19:57:41'),
	(496,'Mongolia','Mongolia','Ulan Bator',93,NULL,'Mongolian','MN','496','976','MN.png',0,1,'2022-08-02 19:57:41','2022-08-02 19:57:41'),
	(498,'Moldova, Republic of','Republic of Moldova','Chisinau',89,NULL,'Moldovan','MD','498','373','MD.png',0,1,'2022-08-02 19:57:41','2022-08-02 19:57:41'),
	(499,'Montenegro','Montenegro','Podgorica',46,NULL,'Montenegrin','ME','499','382',NULL,0,1,'2022-08-02 19:57:41','2022-08-02 19:57:41'),
	(500,'Montserrat','Montserrat','Plymouth (MS2)',162,NULL,'Montserratian','MS','500','1','MS.png',0,1,'2022-08-02 19:57:41','2022-08-02 19:57:41'),
	(504,'Morocco','Kingdom of Morocco','Rabat',88,NULL,'Moroccan','MA','504','212','MA.png',0,1,'2022-08-02 19:57:41','2022-08-02 19:57:41'),
	(508,'Mozambique','Republic of Mozambique','Maputo',101,NULL,'Mozambican','MZ','508','258','MZ.png',0,1,'2022-08-02 19:57:41','2022-08-02 19:57:41'),
	(512,'Oman','Sultanate of Oman','Muscat',108,NULL,'Omani','OM','512','968','OM.png',0,1,'2022-08-02 19:57:41','2022-08-02 19:57:41'),
	(516,'Namibia','Republic of Namibia','Windhoek',102,NULL,'Namibian','NA','516','264','NA.png',0,1,'2022-08-02 19:57:41','2022-08-02 19:57:41'),
	(520,'Nauru','Republic of Nauru','Yaren',8,NULL,'Nauruan','NR','520','674','NR.png',0,1,'2022-08-02 19:57:41','2022-08-02 19:57:41'),
	(524,'Nepal','Nepal','Kathmandu',106,NULL,'Nepalese','NP','524','977','NP.png',0,1,'2022-08-02 19:57:41','2022-08-02 19:57:41'),
	(528,'Netherlands','Kingdom of the Netherlands','Amsterdam (NL2)',46,NULL,'Dutch','NL','528','31','NL.png',1,1,'2022-08-02 19:57:41','2022-08-02 19:57:41'),
	(531,'Curaçao','Curaçao','Willemstad',5,NULL,'Curaçaoan','CW','531','599',NULL,0,1,'2022-08-02 19:57:41','2022-08-02 19:57:41'),
	(533,'Aruba','Aruba','Oranjestad',9,NULL,'Aruban','AW','533','297','AW.png',0,1,'2022-08-02 19:57:41','2022-08-02 19:57:41'),
	(534,'Sint Maarten (Dutch part)','Sint Maarten','Philipsburg',5,NULL,'Sint Maartener','SX','534','721',NULL,0,1,'2022-08-02 19:57:41','2022-08-02 19:57:41'),
	(535,'Bonaire, Sint Eustatius and Saba',NULL,NULL,148,NULL,'of Bonaire, Sint Eustatius and Saba','BQ','535','599',NULL,0,1,'2022-08-02 19:57:41','2022-08-02 19:57:41'),
	(540,'New Caledonia','New Caledonia','Nouméa',166,NULL,'New Caledonian','NC','540','687','NC.png',0,1,'2022-08-02 19:57:41','2022-08-02 19:57:41'),
	(548,'Vanuatu','Republic of Vanuatu','Port Vila',153,NULL,'Vanuatuan','VU','548','678','VU.png',0,1,'2022-08-02 19:57:41','2022-08-02 19:57:41'),
	(554,'New Zealand','New Zealand','Wellington',107,NULL,'New Zealander','NZ','554','64','NZ.png',0,1,'2022-08-02 19:57:41','2022-08-02 19:57:41'),
	(558,'Nicaragua','Republic of Nicaragua','Managua',104,NULL,'Nicaraguan','NI','558','505','NI.png',0,1,'2022-08-02 19:57:41','2022-08-02 19:57:41'),
	(562,'Niger','Republic of Niger','Niamey',164,NULL,'Nigerien','NE','562','227','NE.png',0,1,'2022-08-02 19:57:41','2022-08-02 19:57:41'),
	(566,'Nigeria','Federal Republic of Nigeria','Abuja',103,NULL,'Nigerian','NG','566','234','NG.png',0,1,'2022-08-02 19:57:41','2022-08-02 19:57:41'),
	(570,'Niue','Niue','Alofi',107,NULL,'Niuean','NU','570','683','NU.png',0,1,'2022-08-02 19:57:41','2022-08-02 19:57:41'),
	(574,'Norfolk Island','Territory of Norfolk Island','Kingston',8,NULL,'Norfolk Islander','NF','574','672','NF.png',0,1,'2022-08-02 19:57:41','2022-08-02 19:57:41'),
	(578,'Norway','Kingdom of Norway','Oslo',105,NULL,'Norwegian','NO','578','47','NO.png',1,1,'2022-08-02 19:57:41','2022-08-02 19:57:41'),
	(580,'Northern Mariana Islands','Commonwealth of the Northern Mariana Islands','Saipan',148,NULL,'Northern Mariana Islander','MP','580','1','MP.png',0,1,'2022-08-02 19:57:41','2022-08-02 19:57:41'),
	(581,'United States Minor Outlying Islands','United States Minor Outlying Islands','United States Minor Outlying Islands',148,NULL,'of United States Minor Outlying Islands','UM','581','1','UM.png',0,1,'2022-08-02 19:57:41','2022-08-02 19:57:41'),
	(583,'Micronesia, Federated States of','Federated States of Micronesia','Palikir',148,NULL,'Micronesian','FM','583','691','FM.png',0,1,'2022-08-02 19:57:41','2022-08-02 19:57:41'),
	(584,'Marshall Islands','Republic of the Marshall Islands','Majuro',148,NULL,'Marshallese','MH','584','692','MH.png',0,1,'2022-08-02 19:57:41','2022-08-02 19:57:41'),
	(585,'Palau','Republic of Palau','Melekeok',148,NULL,'Palauan','PW','585','680','PW.png',0,1,'2022-08-02 19:57:41','2022-08-02 19:57:41'),
	(586,'Pakistan','Islamic Republic of Pakistan','Islamabad',113,NULL,'Pakistani','PK','586','92','PK.png',0,1,'2022-08-02 19:57:41','2022-08-02 19:57:41'),
	(591,'Panama','Republic of Panama','Panama City',109,NULL,'Panamanian','PA','591','507','PA.png',0,1,'2022-08-02 19:57:41','2022-08-02 19:57:41'),
	(598,'Papua New Guinea','Independent State of Papua New Guinea','Port Moresby',111,NULL,'Papua New Guinean','PG','598','675','PG.png',0,1,'2022-08-02 19:57:41','2022-08-02 19:57:41'),
	(600,'Paraguay','Republic of Paraguay','Asunción',115,NULL,'Paraguayan','PY','600','595','PY.png',0,1,'2022-08-02 19:57:41','2022-08-02 19:57:41'),
	(604,'Peru','Republic of Peru','Lima',110,NULL,'Peruvian','PE','604','51','PE.png',0,1,'2022-08-02 19:57:41','2022-08-02 19:57:41'),
	(608,'Philippines','Republic of the Philippines','Manila',112,NULL,'Filipino','PH','608','63','PH.png',0,1,'2022-08-02 19:57:41','2022-08-02 19:57:41'),
	(612,'Pitcairn','Pitcairn Islands','Adamstown',107,NULL,'Pitcairner','PN','612','649','PN.png',0,1,'2022-08-02 19:57:41','2022-08-02 19:57:41'),
	(616,'Poland','Republic of Poland','Warsaw',114,NULL,'Polish','PL','616','48','PL.png',1,1,'2022-08-02 19:57:41','2022-08-02 19:57:41'),
	(620,'Portugal','Portuguese Republic','Lisbon',46,NULL,'Portuguese','PT','620','351','PT.png',1,1,'2022-08-02 19:57:41','2022-08-02 19:57:41'),
	(624,'Guinea-Bissau','Republic of Guinea-Bissau','Bissau',164,NULL,'Guinea-Bissau national','GW','624','245','GW.png',0,1,'2022-08-02 19:57:41','2022-08-02 19:57:41'),
	(626,'Timor-Leste','Democratic Republic of East Timor','Dili',148,NULL,'East Timorese','TL','626','670','TL.png',0,1,'2022-08-02 19:57:41','2022-08-02 19:57:41'),
	(630,'Puerto Rico','Commonwealth of Puerto Rico','San Juan',148,NULL,'Puerto Rican','PR','630','1','PR.png',0,1,'2022-08-02 19:57:41','2022-08-02 19:57:41'),
	(634,'Qatar','State of Qatar','Doha',116,NULL,'Qatari','QA','634','974','QA.png',0,1,'2022-08-02 19:57:41','2022-08-02 19:57:41'),
	(638,'Réunion','Réunion','Saint-Denis',46,NULL,'Reunionese','RE','638','262','RE.png',0,1,'2022-08-02 19:57:41','2022-08-02 19:57:41'),
	(642,'Romania','Romania','Bucharest',117,NULL,'Romanian','RO','642','40','RO.png',1,1,'2022-08-02 19:57:41','2022-08-02 19:57:41'),
	(643,'Russian Federation','Russian Federation','Moscow',119,NULL,'Russian','RU','643','7','RU.png',0,1,'2022-08-02 19:57:41','2022-08-02 19:57:41'),
	(646,'Rwanda','Republic of Rwanda','Kigali',120,NULL,'Rwandan; Rwandese','RW','646','250','RW.png',0,1,'2022-08-02 19:57:41','2022-08-02 19:57:41'),
	(652,'Saint Barthélemy','Collectivity of Saint Barthélemy','Gustavia',46,NULL,'of Saint Barthélemy','BL','652','590',NULL,0,1,'2022-08-02 19:57:41','2022-08-02 19:57:41'),
	(654,'Saint Helena, Ascension and Tristan da Cunha','Saint Helena, Ascension and Tristan da Cunha','Jamestown',127,NULL,'Saint Helenian','SH','654','290','SH.png',0,1,'2022-08-02 19:57:41','2022-08-02 19:57:41'),
	(659,'Saint Kitts and Nevis','Federation of Saint Kitts and Nevis','Basseterre',162,NULL,'Kittsian; Nevisian','KN','659','1','KN.png',0,1,'2022-08-02 19:57:41','2022-08-02 19:57:41'),
	(660,'Anguilla','Anguilla','The Valley',162,NULL,'Anguillan','AI','660','1','AI.png',0,1,'2022-08-02 19:57:41','2022-08-02 19:57:41'),
	(662,'Saint Lucia','Saint Lucia','Castries',162,NULL,'Saint Lucian','LC','662','1','LC.png',0,1,'2022-08-02 19:57:41','2022-08-02 19:57:41'),
	(663,'Saint Martin (French part)','Collectivity of Saint Martin','Marigot',46,NULL,'of Saint Martin','MF','663','590',NULL,0,1,'2022-08-02 19:57:41','2022-08-02 19:57:41'),
	(666,'Saint Pierre and Miquelon','Territorial Collectivity of Saint Pierre and Miquelon','Saint-Pierre',46,NULL,'St-Pierrais; Miquelonnais','PM','666','508','PM.png',0,1,'2022-08-02 19:57:41','2022-08-02 19:57:41'),
	(670,'Saint Vincent and the Grenadines','Saint Vincent and the Grenadines','Kingstown',162,NULL,'Vincentian','VC','670','1','VC.png',0,1,'2022-08-02 19:57:41','2022-08-02 19:57:41'),
	(674,'San Marino','Republic of San Marino','San Marino',46,NULL,'San Marinese','SM','674','378','SM.png',0,1,'2022-08-02 19:57:41','2022-08-02 19:57:41'),
	(678,'Sao Tome and Principe','Democratic Republic of São Tomé and Príncipe','São Tomé',133,NULL,'São Toméan','ST','678','239','ST.png',0,1,'2022-08-02 19:57:41','2022-08-02 19:57:41'),
	(682,'Saudi Arabia','Kingdom of Saudi Arabia','Riyadh',121,NULL,'Saudi Arabian','SA','682','966','SA.png',0,1,'2022-08-02 19:57:41','2022-08-02 19:57:41'),
	(686,'Senegal','Republic of Senegal','Dakar',164,NULL,'Senegalese','SN','686','221','SN.png',0,1,'2022-08-02 19:57:41','2022-08-02 19:57:41'),
	(688,'Serbia','Republic of Serbia','Belgrade',118,NULL,'Serb','RS','688','381',NULL,0,1,'2022-08-02 19:57:41','2022-08-02 19:57:41'),
	(690,'Seychelles','Republic of Seychelles','Victoria',123,NULL,'Seychellois','SC','690','248','SC.png',0,1,'2022-08-02 19:57:41','2022-08-02 19:57:41'),
	(694,'Sierra Leone','Republic of Sierra Leone','Freetown',129,NULL,'Sierra Leonean','SL','694','232','SL.png',0,1,'2022-08-02 19:57:41','2022-08-02 19:57:41'),
	(702,'Singapore','Republic of Singapore','Singapore',126,NULL,'Singaporean','SG','702','65','SG.png',0,1,'2022-08-02 19:57:41','2022-08-02 19:57:41'),
	(703,'Slovakia','Slovak Republic','Bratislava',46,NULL,'Slovak','SK','703','421','SK.png',1,1,'2022-08-02 19:57:41','2022-08-02 19:57:41'),
	(704,'Viet Nam','Socialist Republic of Vietnam','Hanoi',152,NULL,'Vietnamese','VN','704','84','VN.png',0,1,'2022-08-02 19:57:41','2022-08-02 19:57:41'),
	(705,'Slovenia','Republic of Slovenia','Ljubljana',46,NULL,'Slovene','SI','705','386','SI.png',1,1,'2022-08-02 19:57:41','2022-08-02 19:57:41'),
	(706,'Somalia','Somali Republic','Mogadishu',130,NULL,'Somali','SO','706','252','SO.png',0,1,'2022-08-02 19:57:41','2022-08-02 19:57:41'),
	(710,'South Africa','Republic of South Africa','Pretoria (ZA1)',170,NULL,'South African','ZA','710','27','ZA.png',0,1,'2022-08-02 19:57:41','2022-08-02 19:57:41'),
	(716,'Zimbabwe','Republic of Zimbabwe','Harare',NULL,NULL,'Zimbabwean','ZW','716','263','ZW.png',0,1,'2022-08-02 19:57:41','2022-08-02 19:57:41'),
	(724,'Spain','Kingdom of Spain','Madrid',46,NULL,'Spaniard','ES','724','34','ES.png',1,1,'2022-08-02 19:57:41','2022-08-02 19:57:41'),
	(728,'South Sudan','Republic of South Sudan','Juba',132,NULL,'South Sudanese','SS','728','211',NULL,0,1,'2022-08-02 19:57:41','2022-08-02 19:57:41'),
	(729,'Sudan','Republic of the Sudan','Khartoum',124,NULL,'Sudanese','SD','729','249',NULL,0,1,'2022-08-02 19:57:41','2022-08-02 19:57:41'),
	(732,'Western Sahara','Western Sahara','Al aaiun',88,NULL,'Sahrawi','EH','732','212','EH.png',0,1,'2022-08-02 19:57:41','2022-08-02 19:57:41'),
	(740,'Suriname','Republic of Suriname','Paramaribo',131,NULL,'Surinamese','SR','740','597','SR.png',0,1,'2022-08-02 19:57:41','2022-08-02 19:57:41'),
	(744,'Svalbard and Jan Mayen','Svalbard and Jan Mayen','Longyearbyen',105,NULL,'of Svalbard','SJ','744','47','SJ.png',0,1,'2022-08-02 19:57:41','2022-08-02 19:57:41'),
	(748,'Swaziland','Kingdom of Swaziland','Mbabane',136,NULL,'Swazi','SZ','748','268','SZ.png',0,1,'2022-08-02 19:57:41','2022-08-02 19:57:41'),
	(752,'Sweden','Kingdom of Sweden','Stockholm',125,NULL,'Swedish','SE','752','46','SE.png',1,1,'2022-08-02 19:57:41','2022-08-02 19:57:41'),
	(756,'Switzerland','Swiss Confederation','Berne',29,NULL,'Swiss','CH','756','41','CH.png',1,1,'2022-08-02 19:57:41','2022-08-02 19:57:41'),
	(760,'Syrian Arab Republic','Syrian Arab Republic','Damascus',135,NULL,'Syrian','SY','760','963','SY.png',0,1,'2022-08-02 19:57:41','2022-08-02 19:57:41'),
	(762,'Tajikistan','Republic of Tajikistan','Dushanbe',138,NULL,'Tajik','TJ','762','992','TJ.png',0,1,'2022-08-02 19:57:41','2022-08-02 19:57:41'),
	(764,'Thailand','Kingdom of Thailand','Bangkok',137,NULL,'Thai','TH','764','66','TH.png',0,1,'2022-08-02 19:57:41','2022-08-02 19:57:41'),
	(768,'Togo','Togolese Republic','Lomé',164,NULL,'Togolese','TG','768','228','TG.png',0,1,'2022-08-02 19:57:41','2022-08-02 19:57:41'),
	(772,'Tokelau','Tokelau','(TK2)',107,NULL,'Tokelauan','TK','772','690','TK.png',0,1,'2022-08-02 19:57:41','2022-08-02 19:57:41'),
	(776,'Tonga','Kingdom of Tonga','Nuku’alofa',141,NULL,'Tongan','TO','776','676','TO.png',0,1,'2022-08-02 19:57:41','2022-08-02 19:57:41'),
	(780,'Trinidad and Tobago','Republic of Trinidad and Tobago','Port of Spain',143,NULL,'Trinidadian; Tobagonian','TT','780','1','TT.png',0,1,'2022-08-02 19:57:41','2022-08-02 19:57:41'),
	(784,'United Arab Emirates','United Arab Emirates','Abu Dhabi',1,NULL,'Emirian','AE','784','971','AE.png',0,1,'2022-08-02 19:57:41','2022-08-02 19:57:41'),
	(788,'Tunisia','Republic of Tunisia','Tunis',140,NULL,'Tunisian','TN','788','216','TN.png',0,1,'2022-08-02 19:57:41','2022-08-02 19:57:41'),
	(792,'Turkey','Republic of Turkey','Ankara',142,NULL,'Turk','TR','792','90','TR.png',0,1,'2022-08-02 19:57:41','2022-08-02 19:57:41'),
	(795,'Turkmenistan','Turkmenistan','Ashgabat',139,NULL,'Turkmen','TM','795','993','TM.png',0,1,'2022-08-02 19:57:41','2022-08-02 19:57:41'),
	(796,'Turks and Caicos Islands','Turks and Caicos Islands','Cockburn Town',148,NULL,'Turks and Caicos Islander','TC','796','1','TC.png',0,1,'2022-08-02 19:57:41','2022-08-02 19:57:41'),
	(798,'Tuvalu','Tuvalu','Funafuti',8,NULL,'Tuvaluan','TV','798','688','TV.png',0,1,'2022-08-02 19:57:41','2022-08-02 19:57:41'),
	(800,'Uganda','Republic of Uganda','Kampala',147,NULL,'Ugandan','UG','800','256','UG.png',0,1,'2022-08-02 19:57:41','2022-08-02 19:57:41'),
	(804,'Ukraine','Ukraine','Kiev',146,NULL,'Ukrainian','UA','804','380','UA.png',0,1,'2022-08-02 19:57:41','2022-08-02 19:57:41'),
	(807,'Macedonia, the former Yugoslav Republic of','the former Yugoslav Republic of Macedonia','Skopje',91,NULL,'of the former Yugoslav Republic of Macedonia','MK','807','389','MK.png',0,1,'2022-08-02 19:57:41','2022-08-02 19:57:41'),
	(818,'Egypt','Arab Republic of Egypt','Cairo',43,NULL,'Egyptian','EG','818','20','EG.png',0,1,'2022-08-02 19:57:41','2022-08-02 19:57:41'),
	(826,'United Kingdom','United Kingdom of Great Britain and Northern Ireland','London',49,NULL,'British','GB','826','44','GB.png',1,1,'2022-08-02 19:57:41','2022-08-02 19:57:41'),
	(831,'Guernsey','Bailiwick of Guernsey','St Peter Port',NULL,NULL,'of Guernsey','GG','831','44',NULL,0,1,'2022-08-02 19:57:41','2022-08-02 19:57:41'),
	(832,'Jersey','Bailiwick of Jersey','St Helier',NULL,NULL,'of Jersey','JE','832','44',NULL,0,1,'2022-08-02 19:57:41','2022-08-02 19:57:41'),
	(833,'Isle of Man','Isle of Man','Douglas',NULL,NULL,'Manxman; Manxwoman','IM','833','44',NULL,0,1,'2022-08-02 19:57:41','2022-08-02 19:57:41'),
	(834,'Tanzania, United Republic of','United Republic of Tanzania','Dodoma (TZ1)',145,NULL,'Tanzanian','TZ','834','255','TZ.png',0,1,'2022-08-02 19:57:41','2022-08-02 19:57:41'),
	(840,'United States','United States of America','Washington DC',148,NULL,'American','US','840','1','US.png',0,1,'2022-08-02 19:57:41','2022-08-02 19:57:41'),
	(850,'Virgin Islands, U.S.','United States Virgin Islands','Charlotte Amalie',148,NULL,'US Virgin Islander','VI','850','1','VI.png',0,1,'2022-08-02 19:57:41','2022-08-02 19:57:41'),
	(854,'Burkina Faso','Burkina Faso','Ouagadougou',164,NULL,'Burkinabe','BF','854','226','BF.png',0,1,'2022-08-02 19:57:41','2022-08-02 19:57:41'),
	(858,'Uruguay','Eastern Republic of Uruguay','Montevideo',149,NULL,'Uruguayan','UY','858','598','UY.png',0,1,'2022-08-02 19:57:41','2022-08-02 19:57:41'),
	(860,'Uzbekistan','Republic of Uzbekistan','Tashkent',150,NULL,'Uzbek','UZ','860','998','UZ.png',0,1,'2022-08-02 19:57:41','2022-08-02 19:57:41'),
	(862,'Venezuela, Bolivarian Republic of','Bolivarian Republic of Venezuela','Caracas',151,NULL,'Venezuelan','VE','862','58','VE.png',0,1,'2022-08-02 19:57:41','2022-08-02 19:57:41'),
	(876,'Wallis and Futuna','Wallis and Futuna','Mata-Utu',166,NULL,'Wallisian; Futunan; Wallis and Futuna Islander','WF','876','681','WF.png',0,1,'2022-08-02 19:57:41','2022-08-02 19:57:41'),
	(882,'Samoa','Independent State of Samoa','Apia',154,NULL,'Samoan','WS','882','685','WS.png',0,1,'2022-08-02 19:57:41','2022-08-02 19:57:41'),
	(887,'Yemen','Republic of Yemen','San’a',169,NULL,'Yemenite','YE','887','967','YE.png',0,1,'2022-08-02 19:57:41','2022-08-02 19:57:41'),
	(894,'Zambia','Republic of Zambia','Lusaka',172,NULL,'Zambian','ZM','894','260','ZM.png',0,1,'2022-08-02 19:57:41','2022-08-02 19:57:41');



# Dump of table coupon_customer
# ------------------------------------------------------------


CREATE TABLE `coupon_customer` (
  `coupon_id` bigint(20) unsigned NOT NULL,
  `customer_id` bigint(20) unsigned NOT NULL,
  `created_at` timestamp NULL DEFAULT NULL,
  `updated_at` timestamp NULL DEFAULT NULL,
  KEY `coupon_customer_coupon_id_index` (`coupon_id`),
  KEY `coupon_customer_customer_id_index` (`customer_id`),
  CONSTRAINT `coupon_customer_coupon_id_foreign` FOREIGN KEY (`coupon_id`) REFERENCES `coupons` (`id`) ON DELETE CASCADE,
  CONSTRAINT `coupon_customer_customer_id_foreign` FOREIGN KEY (`customer_id`) REFERENCES `customers` (`id`) ON DELETE CASCADE
) ENGINE=InnoDB DEFAULT CHARSET=utf8mb3 COLLATE=utf8mb3_unicode_ci;



# Dump of table coupon_shipping_zone
# ------------------------------------------------------------


CREATE TABLE `coupon_shipping_zone` (
  `coupon_id` bigint(20) unsigned NOT NULL,
  `shipping_zone_id` int(10) unsigned NOT NULL,
  `created_at` timestamp NULL DEFAULT NULL,
  `updated_at` timestamp NULL DEFAULT NULL,
  KEY `coupon_shipping_zone_coupon_id_index` (`coupon_id`),
  KEY `coupon_shipping_zone_shipping_zone_id_index` (`shipping_zone_id`),
  CONSTRAINT `coupon_shipping_zone_coupon_id_foreign` FOREIGN KEY (`coupon_id`) REFERENCES `coupons` (`id`) ON DELETE CASCADE,
  CONSTRAINT `coupon_shipping_zone_shipping_zone_id_foreign` FOREIGN KEY (`shipping_zone_id`) REFERENCES `shipping_zones` (`id`) ON DELETE CASCADE
) ENGINE=InnoDB DEFAULT CHARSET=utf8mb3 COLLATE=utf8mb3_unicode_ci;



# Dump of table coupons
# ------------------------------------------------------------


CREATE TABLE `coupons` (
  `id` bigint(20) unsigned NOT NULL AUTO_INCREMENT,
  `shop_id` int(10) unsigned DEFAULT NULL,
  `name` text COLLATE utf8mb3_unicode_ci DEFAULT NULL,
  `code` varchar(255) COLLATE utf8mb3_unicode_ci DEFAULT NULL,
  `description` text COLLATE utf8mb3_unicode_ci DEFAULT NULL,
  `value` decimal(20,6) DEFAULT NULL,
  `min_order_amount` decimal(20,6) DEFAULT NULL,
  `type` enum('amount','percent') COLLATE utf8mb3_unicode_ci NOT NULL DEFAULT 'amount',
  `quantity` int(11) DEFAULT NULL,
  `quantity_per_customer` int(11) DEFAULT NULL,
  `starting_time` timestamp NULL DEFAULT NULL,
  `ending_time` timestamp NULL DEFAULT NULL,
  `active` tinyint(1) NOT NULL DEFAULT 1,
  `deleted_at` timestamp NULL DEFAULT NULL,
  `created_at` timestamp NULL DEFAULT NULL,
  `updated_at` timestamp NULL DEFAULT NULL,
  PRIMARY KEY (`id`)
) ENGINE=InnoDB DEFAULT CHARSET=utf8mb3 COLLATE=utf8mb3_unicode_ci;



# Dump of table currencies
# ------------------------------------------------------------


CREATE TABLE `currencies` (
  `id` int(10) unsigned NOT NULL AUTO_INCREMENT,
  `iso_code` varchar(3) COLLATE utf8mb3_unicode_ci NOT NULL,
  `iso_numeric` varchar(3) COLLATE utf8mb3_unicode_ci DEFAULT NULL,
  `name` varchar(255) COLLATE utf8mb3_unicode_ci NOT NULL,
  `symbol` varchar(255) COLLATE utf8mb3_unicode_ci DEFAULT NULL,
  `disambiguate_symbol` varchar(255) COLLATE utf8mb3_unicode_ci DEFAULT NULL,
  `subunit` varchar(255) COLLATE utf8mb3_unicode_ci DEFAULT NULL,
  `subunit_to_unit` int(11) NOT NULL DEFAULT 100,
  `symbol_first` tinyint(1) NOT NULL DEFAULT 1,
  `html_entity` varchar(255) COLLATE utf8mb3_unicode_ci DEFAULT NULL,
  `decimal_mark` varchar(25) COLLATE utf8mb3_unicode_ci DEFAULT NULL,
  `thousands_separator` varchar(25) COLLATE utf8mb3_unicode_ci DEFAULT NULL,
  `smallest_denomination` int(11) NOT NULL DEFAULT 1,
  `priority` int(11) DEFAULT 100,
  `active` tinyint(1) DEFAULT 0,
  `created_at` timestamp NULL DEFAULT NULL,
  `updated_at` timestamp NULL DEFAULT NULL,
  PRIMARY KEY (`id`)
) ENGINE=InnoDB DEFAULT CHARSET=utf8mb3 COLLATE=utf8mb3_unicode_ci;


INSERT INTO `currencies` (`id`, `iso_code`, `iso_numeric`, `name`, `symbol`, `disambiguate_symbol`, `subunit`, `subunit_to_unit`, `symbol_first`, `html_entity`, `decimal_mark`, `thousands_separator`, `smallest_denomination`, `priority`, `active`, `created_at`, `updated_at`)
VALUES
	(1,'AED','784','United Arab Emirates Dirham','د.إ',NULL,'Fils',100,0,'','.',',',25,100,0,'2022-08-02 19:57:41','2022-08-02 19:57:41'),
	(2,'AFN','971','Afghani','؋',NULL,'Pul',100,0,'','.',',',100,100,0,'2022-08-02 19:57:41','2022-08-02 19:57:41'),
	(3,'ALL','008','Albanian Lek','L','Lek','Qintar',100,0,'','.',',',100,100,0,'2022-08-02 19:57:41','2022-08-02 19:57:41'),
	(4,'AMD','051','Armenian Dram','դր.',NULL,'Luma',100,0,'','.',',',10,100,0,'2022-08-02 19:57:41','2022-08-02 19:57:41'),
	(5,'ANG','532','Netherlands Antillean Gulden','ƒ',NULL,'Cent',100,1,'&#x0192;',',','.',1,100,0,'2022-08-02 19:57:41','2022-08-02 19:57:41'),
	(6,'AOA','973','Angolan Kwanza','Kz',NULL,'Cêntimo',100,0,'','.',',',10,100,0,'2022-08-02 19:57:41','2022-08-02 19:57:41'),
	(7,'ARS','032','Argentine Peso','$','$m/n','Centavo',100,1,'&#x20B1;',',','.',1,100,0,'2022-08-02 19:57:41','2022-08-02 19:57:41'),
	(8,'AUD','036','Australian Dollar','$','A$','Cent',100,1,'$','.',',',5,4,0,'2022-08-02 19:57:41','2022-08-02 19:57:41'),
	(9,'AWG','533','Aruban Florin','ƒ',NULL,'Cent',100,0,'&#x0192;','.',',',5,100,0,'2022-08-02 19:57:41','2022-08-02 19:57:41'),
	(10,'AZN','944','Azerbaijani Manat','₼',NULL,'Qəpik',100,1,'','.',',',1,100,0,'2022-08-02 19:57:41','2022-08-02 19:57:41'),
	(11,'BAM','977','Bosnia and Herzegovina Convertible Mark','КМ',NULL,'Fening',100,1,'','.',',',5,100,0,'2022-08-02 19:57:41','2022-08-02 19:57:41'),
	(12,'BBD','052','Barbadian Dollar','$','Bds$','Cent',100,0,'$','.',',',1,100,0,'2022-08-02 19:57:41','2022-08-02 19:57:41'),
	(13,'BDT','050','Bangladeshi Taka','৳',NULL,'Paisa',100,1,'','.',',',1,10,0,'2022-08-02 19:57:41','2022-08-02 19:57:41'),
	(14,'BGN','975','Bulgarian Lev','лв.',NULL,'Stotinka',100,0,'','.',',',1,100,0,'2022-08-02 19:57:41','2022-08-02 19:57:41'),
	(15,'BHD','048','Bahraini Dinar','ب.د',NULL,'Fils',1000,1,'','.',',',5,100,0,'2022-08-02 19:57:41','2022-08-02 19:57:41'),
	(16,'BIF','108','Burundian Franc','Fr','FBu','Centime',1,0,'','.',',',100,100,0,'2022-08-02 19:57:41','2022-08-02 19:57:41'),
	(17,'BMD','060','Bermudian Dollar','$','BD$','Cent',100,1,'$','.',',',1,100,0,'2022-08-02 19:57:41','2022-08-02 19:57:41'),
	(18,'BND','096','Brunei Dollar','$','BND','Sen',100,1,'$','.',',',1,100,0,'2022-08-02 19:57:41','2022-08-02 19:57:41'),
	(19,'BOB','068','Bolivian Boliviano','Bs.',NULL,'Centavo',100,1,'','.',',',10,100,0,'2022-08-02 19:57:41','2022-08-02 19:57:41'),
	(20,'BRL','986','Brazilian Real','R$',NULL,'Centavo',100,1,'R$',',','.',5,100,0,'2022-08-02 19:57:41','2022-08-02 19:57:41'),
	(21,'BSD','044','Bahamian Dollar','$','BSD','Cent',100,1,'$','.',',',1,100,0,'2022-08-02 19:57:41','2022-08-02 19:57:41'),
	(22,'BTN','064','Bhutanese Ngultrum','Nu.',NULL,'Chertrum',100,0,'','.',',',5,100,0,'2022-08-02 19:57:41','2022-08-02 19:57:41'),
	(23,'BWP','072','Botswana Pula','P',NULL,'Thebe',100,1,'','.',',',5,100,0,'2022-08-02 19:57:41','2022-08-02 19:57:41'),
	(24,'BYN','933','Belarusian Ruble','Br','BYN','Kapeyka',100,0,'',',',' ',1,100,0,'2022-08-02 19:57:41','2022-08-02 19:57:41'),
	(25,'BYR','974','Belarusian Ruble','Br','BYR',NULL,1,0,'',',',' ',100,50,0,'2022-08-02 19:57:41','2022-08-02 19:57:41'),
	(26,'BZD','084','Belize Dollar','$','BZ$','Cent',100,1,'$','.',',',1,100,0,'2022-08-02 19:57:41','2022-08-02 19:57:41'),
	(27,'CAD','124','Canadian Dollar','$','C$','Cent',100,1,'$','.',',',5,5,0,'2022-08-02 19:57:41','2022-08-02 19:57:41'),
	(28,'CDF','976','Congolese Franc','Fr','FC','Centime',100,0,'','.',',',1,100,0,'2022-08-02 19:57:41','2022-08-02 19:57:41'),
	(29,'CHF','756','Swiss Franc','CHF',NULL,'Rappen',100,1,'','.',',',5,100,0,'2022-08-02 19:57:41','2022-08-02 19:57:41'),
	(30,'CLF','990','Unidad de Fomento','UF',NULL,'Peso',10000,1,'&#x20B1;',',','.',1,100,0,'2022-08-02 19:57:41','2022-08-02 19:57:41'),
	(31,'CLP','152','Chilean Peso','$','CLP','Peso',1,1,'&#36;',',','.',1,100,0,'2022-08-02 19:57:41','2022-08-02 19:57:41'),
	(32,'CNY','156','Chinese Renminbi Yuan','¥',NULL,'Fen',100,1,'￥','.',',',1,100,0,'2022-08-02 19:57:41','2022-08-02 19:57:41'),
	(33,'COP','170','Colombian Peso','$','COL$','Centavo',100,1,'&#36;',',','.',20,100,0,'2022-08-02 19:57:41','2022-08-02 19:57:41'),
	(34,'CRC','188','Costa Rican Colón','₡',NULL,'Céntimo',100,1,'&#x20A1;',',','.',500,100,0,'2022-08-02 19:57:41','2022-08-02 19:57:41'),
	(35,'CUC','931','Cuban Convertible Peso','$','CUC$','Centavo',100,0,'','.',',',1,100,0,'2022-08-02 19:57:41','2022-08-02 19:57:41'),
	(36,'CUP','192','Cuban Peso','$','$MN','Centavo',100,1,'&#x20B1;','.',',',1,100,0,'2022-08-02 19:57:41','2022-08-02 19:57:41'),
	(37,'CVE','132','Cape Verdean Escudo','$','Esc','Centavo',100,0,'','.',',',100,100,0,'2022-08-02 19:57:41','2022-08-02 19:57:41'),
	(38,'CZK','203','Czech Koruna','KÄ',NULL,'Haléř',100,0,'',',',' ',100,100,0,'2022-08-02 19:57:41','2022-08-02 19:57:41'),
	(39,'DJF','262','Djiboutian Franc','Fdj',NULL,'Centime',1,0,'','.',',',100,100,0,'2022-08-02 19:57:41','2022-08-02 19:57:41'),
	(40,'DKK','208','Danish Krone','kr.','DKK','Øre',100,0,'',',','.',50,100,0,'2022-08-02 19:57:41','2022-08-02 19:57:41'),
	(41,'DOP','214','Dominican Peso','$','RD$','Centavo',100,1,'&#x20B1;','.',',',100,100,0,'2022-08-02 19:57:41','2022-08-02 19:57:41'),
	(42,'DZD','012','Algerian Dinar','د.ج',NULL,'Centime',100,0,'','.',',',100,100,0,'2022-08-02 19:57:41','2022-08-02 19:57:41'),
	(43,'EGP','818','Egyptian Pound','ج.م',NULL,'Piastre',100,1,'&#x00A3;','.',',',25,100,0,'2022-08-02 19:57:41','2022-08-02 19:57:41'),
	(44,'ERN','232','Eritrean Nakfa','Nfk',NULL,'Cent',100,0,'','.',',',1,100,0,'2022-08-02 19:57:41','2022-08-02 19:57:41'),
	(45,'ETB','230','Ethiopian Birr','Br','ETB','Santim',100,0,'','.',',',1,100,0,'2022-08-02 19:57:41','2022-08-02 19:57:41'),
	(46,'EUR','978','Euro','€',NULL,'Cent',100,1,'&#x20AC;',',','.',1,2,1,'2022-08-02 19:57:41','2022-08-02 19:57:41'),
	(47,'FJD','242','Fijian Dollar','$','FJ$','Cent',100,0,'$','.',',',5,100,0,'2022-08-02 19:57:41','2022-08-02 19:57:41'),
	(48,'FKP','238','Falkland Pound','£','FK£','Penny',100,0,'&#x00A3;','.',',',1,100,0,'2022-08-02 19:57:41','2022-08-02 19:57:41'),
	(49,'GBP','826','British Pound','£',NULL,'Penny',100,1,'&#x00A3;','.',',',1,3,0,'2022-08-02 19:57:41','2022-08-02 19:57:41'),
	(50,'GEL','981','Georgian Lari','ლ',NULL,'Tetri',100,0,'','.',',',1,100,0,'2022-08-02 19:57:41','2022-08-02 19:57:41'),
	(51,'GHS','936','Ghanaian Cedi','₵',NULL,'Pesewa',100,1,'&#x20B5;','.',',',1,100,0,'2022-08-02 19:57:41','2022-08-02 19:57:41'),
	(52,'GIP','292','Gibraltar Pound','£','GIP','Penny',100,1,'&#x00A3;','.',',',1,100,0,'2022-08-02 19:57:41','2022-08-02 19:57:41'),
	(53,'GMD','270','Gambian Dalasi','D',NULL,'Butut',100,0,'','.',',',1,100,0,'2022-08-02 19:57:41','2022-08-02 19:57:41'),
	(54,'GNF','324','Guinean Franc','Fr','FG','Centime',1,0,'','.',',',100,100,0,'2022-08-02 19:57:41','2022-08-02 19:57:41'),
	(55,'GTQ','320','Guatemalan Quetzal','Q',NULL,'Centavo',100,1,'','.',',',1,100,0,'2022-08-02 19:57:41','2022-08-02 19:57:41'),
	(56,'GYD','328','Guyanese Dollar','$','G$','Cent',100,0,'$','.',',',100,100,0,'2022-08-02 19:57:41','2022-08-02 19:57:41'),
	(57,'HKD','344','Hong Kong Dollar','$','HK$','Cent',100,1,'$','.',',',10,100,0,'2022-08-02 19:57:41','2022-08-02 19:57:41'),
	(58,'HNL','340','Honduran Lempira','L','HNL','Centavo',100,1,'','.',',',5,100,0,'2022-08-02 19:57:41','2022-08-02 19:57:41'),
	(59,'HRK','191','Croatian Kuna','kn',NULL,'Lipa',100,0,'',',','.',1,100,0,'2022-08-02 19:57:41','2022-08-02 19:57:41'),
	(60,'HTG','332','Haitian Gourde','G',NULL,'Centime',100,0,'','.',',',5,100,0,'2022-08-02 19:57:41','2022-08-02 19:57:41'),
	(61,'HUF','348','Hungarian Forint','Ft',NULL,'Fillér',1,0,'',',','.',5,100,0,'2022-08-02 19:57:41','2022-08-02 19:57:41'),
	(62,'IDR','360','Indonesian Rupiah','Rp',NULL,'Sen',100,1,'',',','.',5000,100,0,'2022-08-02 19:57:41','2022-08-02 19:57:41'),
	(63,'ILS','376','Israeli New Sheqel','₪',NULL,'Agora',100,1,'&#x20AA;','.',',',10,100,0,'2022-08-02 19:57:41','2022-08-02 19:57:41'),
	(64,'INR','356','Indian Rupee','₹',NULL,'Paisa',100,1,'&#x20b9;','.',',',50,59,1,'2022-08-02 19:57:41','2022-08-02 19:57:41'),
	(65,'IQD','368','Iraqi Dinar','ع.د',NULL,'Fils',1000,0,'','.',',',50000,100,0,'2022-08-02 19:57:41','2022-08-02 19:57:41'),
	(66,'IRR','364','Iranian Rial','﷼',NULL,NULL,100,1,'&#xFDFC;','.',',',5000,100,0,'2022-08-02 19:57:41','2022-08-02 19:57:41'),
	(67,'ISK','352','Icelandic Króna','kr',NULL,NULL,1,1,'',',','.',1,100,0,'2022-08-02 19:57:41','2022-08-02 19:57:41'),
	(68,'JMD','388','Jamaican Dollar','$','J$','Cent',100,1,'$','.',',',1,100,0,'2022-08-02 19:57:41','2022-08-02 19:57:41'),
	(69,'JOD','400','Jordanian Dinar','د.ا',NULL,'Fils',1000,1,'','.',',',5,100,0,'2022-08-02 19:57:41','2022-08-02 19:57:41'),
	(70,'JPY','392','Japanese Yen','¥',NULL,NULL,1,1,'&#x00A5;','.',',',1,6,1,'2022-08-02 19:57:41','2022-08-02 19:57:41'),
	(71,'KES','404','Kenyan Shilling','KSh',NULL,'Cent',100,1,'','.',',',50,100,0,'2022-08-02 19:57:41','2022-08-02 19:57:41'),
	(72,'KGS','417','Kyrgyzstani Som','som',NULL,'Tyiyn',100,0,'','.',',',1,100,0,'2022-08-02 19:57:41','2022-08-02 19:57:41'),
	(73,'KHR','116','Cambodian Riel','៛',NULL,'Sen',100,0,'&#x17DB;','.',',',5000,100,0,'2022-08-02 19:57:41','2022-08-02 19:57:41'),
	(74,'KMF','174','Comorian Franc','Fr','CF','Centime',1,0,'','.',',',100,100,0,'2022-08-02 19:57:41','2022-08-02 19:57:41'),
	(75,'KPW','408','North Korean Won','₩',NULL,'ChÅn',100,0,'&#x20A9;','.',',',1,100,0,'2022-08-02 19:57:41','2022-08-02 19:57:41'),
	(76,'KRW','410','South Korean Won','₩',NULL,NULL,1,1,'&#x20A9;','.',',',1,100,0,'2022-08-02 19:57:41','2022-08-02 19:57:41'),
	(77,'KWD','414','Kuwaiti Dinar','د.ك',NULL,'Fils',1000,1,'','.',',',5,100,0,'2022-08-02 19:57:41','2022-08-02 19:57:41'),
	(78,'KYD','136','Cayman Islands Dollar','$','CI$','Cent',100,1,'$','.',',',1,100,0,'2022-08-02 19:57:41','2022-08-02 19:57:41'),
	(79,'KZT','398','Kazakhstani Tenge','〒',NULL,'Tiyn',100,0,'','.',',',100,100,0,'2022-08-02 19:57:41','2022-08-02 19:57:41'),
	(80,'LAK','418','Lao Kip','₭',NULL,'Att',100,0,'&#x20AD;','.',',',10,100,0,'2022-08-02 19:57:41','2022-08-02 19:57:41'),
	(81,'LBP','422','Lebanese Pound','ل.ل',NULL,'Piastre',100,1,'&#x00A3;','.',',',25000,100,0,'2022-08-02 19:57:41','2022-08-02 19:57:41'),
	(82,'LKR','144','Sri Lankan Rupee','₨','SLRs','Cent',100,0,'&#x0BF9;','.',',',100,100,0,'2022-08-02 19:57:41','2022-08-02 19:57:41'),
	(83,'LRD','430','Liberian Dollar','$','L$','Cent',100,0,'$','.',',',5,100,0,'2022-08-02 19:57:41','2022-08-02 19:57:41'),
	(84,'LSL','426','Lesotho Loti','L','M','Sente',100,0,'','.',',',1,100,0,'2022-08-02 19:57:41','2022-08-02 19:57:41'),
	(85,'LTL','440','Lithuanian Litas','Lt',NULL,'Centas',100,0,'','.',',',1,100,0,'2022-08-02 19:57:41','2022-08-02 19:57:41'),
	(86,'LVL','428','Latvian Lats','Ls',NULL,'Santīms',100,1,'','.',',',1,100,0,'2022-08-02 19:57:41','2022-08-02 19:57:41'),
	(87,'LYD','434','Libyan Dinar','ل.د',NULL,'Dirham',1000,0,'','.',',',50,100,0,'2022-08-02 19:57:41','2022-08-02 19:57:41'),
	(88,'MAD','504','Moroccan Dirham','د.م.',NULL,'Centime',100,0,'','.',',',1,100,0,'2022-08-02 19:57:41','2022-08-02 19:57:41'),
	(89,'MDL','498','Moldovan Leu','L',NULL,'Ban',100,0,'','.',',',1,100,0,'2022-08-02 19:57:41','2022-08-02 19:57:41'),
	(90,'MGA','969','Malagasy Ariary','Ar',NULL,'Iraimbilanja',5,1,'','.',',',1,100,0,'2022-08-02 19:57:41','2022-08-02 19:57:41'),
	(91,'MKD','807','Macedonian Denar','ден',NULL,'Deni',100,0,'','.',',',100,100,0,'2022-08-02 19:57:41','2022-08-02 19:57:41'),
	(92,'MMK','104','Myanmar Kyat','K','MMK','Pya',100,0,'','.',',',50,100,0,'2022-08-02 19:57:41','2022-08-02 19:57:41'),
	(93,'MNT','496','Mongolian Tögrög','₮',NULL,'Möngö',100,0,'&#x20AE;','.',',',2000,100,0,'2022-08-02 19:57:41','2022-08-02 19:57:41'),
	(94,'MOP','446','Macanese Pataca','P',NULL,'Avo',100,0,'','.',',',10,100,0,'2022-08-02 19:57:41','2022-08-02 19:57:41'),
	(95,'MRO','478','Mauritanian Ouguiya','UM',NULL,'Khoums',5,0,'','.',',',1,100,0,'2022-08-02 19:57:41','2022-08-02 19:57:41'),
	(96,'MUR','480','Mauritian Rupee','₨',NULL,'Cent',100,1,'&#x20A8;','.',',',100,100,0,'2022-08-02 19:57:41','2022-08-02 19:57:41'),
	(97,'MVR','462','Maldivian Rufiyaa','MVR',NULL,'Laari',100,0,'','.',',',1,100,0,'2022-08-02 19:57:41','2022-08-02 19:57:41'),
	(98,'MWK','454','Malawian Kwacha','MK',NULL,'Tambala',100,0,'','.',',',1,100,0,'2022-08-02 19:57:41','2022-08-02 19:57:41'),
	(99,'MXN','484','Mexican Peso','$','MEX$','Centavo',100,1,'$','.',',',5,100,0,'2022-08-02 19:57:41','2022-08-02 19:57:41'),
	(100,'MYR','458','Malaysian Ringgit','RM',NULL,'Sen',100,1,'','.',',',5,100,0,'2022-08-02 19:57:41','2022-08-02 19:57:41'),
	(101,'MZN','943','Mozambican Metical','MTn',NULL,'Centavo',100,1,'',',','.',1,100,0,'2022-08-02 19:57:41','2022-08-02 19:57:41'),
	(102,'NAD','516','Namibian Dollar','$','N$','Cent',100,0,'$','.',',',5,100,0,'2022-08-02 19:57:41','2022-08-02 19:57:41'),
	(103,'NGN','566','Nigerian Naira','₦',NULL,'Kobo',100,1,'&#x20A6;','.',',',50,100,0,'2022-08-02 19:57:41','2022-08-02 19:57:41'),
	(104,'NIO','558','Nicaraguan Córdoba','C$',NULL,'Centavo',100,0,'','.',',',5,100,0,'2022-08-02 19:57:41','2022-08-02 19:57:41'),
	(105,'NOK','578','Norwegian Krone','kr','NOK','Øre',100,0,'kr',',','.',100,100,0,'2022-08-02 19:57:41','2022-08-02 19:57:41'),
	(106,'NPR','524','Nepalese Rupee','₨','NPR','Paisa',100,1,'&#x20A8;','.',',',1,100,0,'2022-08-02 19:57:41','2022-08-02 19:57:41'),
	(107,'NZD','554','New Zealand Dollar','$','NZ$','Cent',100,1,'$','.',',',10,100,0,'2022-08-02 19:57:41','2022-08-02 19:57:41'),
	(108,'OMR','512','Omani Rial','ر.ع.',NULL,'Baisa',1000,1,'&#xFDFC;','.',',',5,100,0,'2022-08-02 19:57:41','2022-08-02 19:57:41'),
	(109,'PAB','590','Panamanian Balboa','B/.',NULL,'Centésimo',100,0,'','.',',',1,100,0,'2022-08-02 19:57:41','2022-08-02 19:57:41'),
	(110,'PEN','604','Peruvian Nuevo Sol','S/.',NULL,'Céntimo',100,1,'S/.','.',',',1,100,0,'2022-08-02 19:57:41','2022-08-02 19:57:41'),
	(111,'PGK','598','Papua New Guinean Kina','K','PGK','Toea',100,0,'','.',',',5,100,0,'2022-08-02 19:57:41','2022-08-02 19:57:41'),
	(112,'PHP','608','Philippine Peso','₱',NULL,'Centavo',100,1,'&#x20B1;','.',',',1,100,0,'2022-08-02 19:57:41','2022-08-02 19:57:41'),
	(113,'PKR','586','Pakistani Rupee','₨','PKR','Paisa',100,1,'&#x20A8;','.',',',100,100,0,'2022-08-02 19:57:41','2022-08-02 19:57:41'),
	(114,'PLN','985','Polish Złoty','zł',NULL,'Grosz',100,0,'z&#322;',',',' ',1,100,0,'2022-08-02 19:57:41','2022-08-02 19:57:41'),
	(115,'PYG','600','Paraguayan Guaraní','₲',NULL,'Céntimo',1,1,'&#x20B2;','.',',',5000,100,0,'2022-08-02 19:57:41','2022-08-02 19:57:41'),
	(116,'QAR','634','Qatari Riyal','ر.ق',NULL,'Dirham',100,0,'&#xFDFC;','.',',',1,100,0,'2022-08-02 19:57:41','2022-08-02 19:57:41'),
	(117,'RON','946','Romanian Leu','Lei',NULL,'Bani',100,0,'',',','.',1,100,0,'2022-08-02 19:57:41','2022-08-02 19:57:41'),
	(118,'RSD','941','Serbian Dinar','Ð СД',NULL,'Para',100,1,'','.',',',100,100,0,'2022-08-02 19:57:41','2022-08-02 19:57:41'),
	(119,'RUB','643','Russian Ruble','₽',NULL,'Kopeck',100,0,'&#x20BD;',',','.',1,100,0,'2022-08-02 19:57:41','2022-08-02 19:57:41'),
	(120,'RWF','646','Rwandan Franc','FRw',NULL,'Centime',1,0,'','.',',',100,100,0,'2022-08-02 19:57:41','2022-08-02 19:57:41'),
	(121,'SAR','682','Saudi Riyal','ر.س',NULL,'Hallallah',100,1,'&#xFDFC;','.',',',5,100,0,'2022-08-02 19:57:41','2022-08-02 19:57:41'),
	(122,'SBD','090','Solomon Islands Dollar','$','SI$','Cent',100,0,'$','.',',',10,100,0,'2022-08-02 19:57:41','2022-08-02 19:57:41'),
	(123,'SCR','690','Seychellois Rupee','₨','SRe','Cent',100,0,'&#x20A8;','.',',',1,100,0,'2022-08-02 19:57:41','2022-08-02 19:57:41'),
	(124,'SDG','938','Sudanese Pound','£','SDG','Piastre',100,1,'','.',',',1,100,0,'2022-08-02 19:57:41','2022-08-02 19:57:41'),
	(125,'SEK','752','Swedish Krona','kr','SEK','Öre',100,0,'',',',' ',100,100,0,'2022-08-02 19:57:41','2022-08-02 19:57:41'),
	(126,'SGD','702','Singapore Dollar','$','S$','Cent',100,1,'$','.',',',1,100,0,'2022-08-02 19:57:41','2022-08-02 19:57:41'),
	(127,'SHP','654','Saint Helenian Pound','£','SHP','Penny',100,0,'&#x00A3;','.',',',1,100,0,'2022-08-02 19:57:41','2022-08-02 19:57:41'),
	(128,'SKK','703','Slovak Koruna','Sk',NULL,'Halier',100,1,'','.',',',50,100,0,'2022-08-02 19:57:41','2022-08-02 19:57:41'),
	(129,'SLL','694','Sierra Leonean Leone','Le',NULL,'Cent',100,0,'','.',',',1000,100,0,'2022-08-02 19:57:41','2022-08-02 19:57:41'),
	(130,'SOS','706','Somali Shilling','Sh',NULL,'Cent',100,0,'','.',',',1,100,0,'2022-08-02 19:57:41','2022-08-02 19:57:41'),
	(131,'SRD','968','Surinamese Dollar','$','SRD','Cent',100,0,'','.',',',1,100,0,'2022-08-02 19:57:41','2022-08-02 19:57:41'),
	(132,'SSP','728','South Sudanese Pound','£','SSP','piaster',100,0,'&#x00A3;','.',',',5,100,0,'2022-08-02 19:57:41','2022-08-02 19:57:41'),
	(133,'STD','678','São Tomé and Príncipe Dobra','Db',NULL,'Cêntimo',100,0,'','.',',',10000,100,0,'2022-08-02 19:57:41','2022-08-02 19:57:41'),
	(134,'SVC','222','Salvadoran Colón','₡',NULL,'Centavo',100,1,'&#x20A1;','.',',',1,100,0,'2022-08-02 19:57:41','2022-08-02 19:57:41'),
	(135,'SYP','760','Syrian Pound','£S',NULL,'Piastre',100,0,'&#x00A3;','.',',',100,100,0,'2022-08-02 19:57:41','2022-08-02 19:57:41'),
	(136,'SZL','748','Swazi Lilangeni','E','SZL','Cent',100,1,'','.',',',1,100,0,'2022-08-02 19:57:41','2022-08-02 19:57:41'),
	(137,'THB','764','Thai Baht','฿',NULL,'Satang',100,1,'&#x0E3F;','.',',',1,100,0,'2022-08-02 19:57:41','2022-08-02 19:57:41'),
	(138,'TJS','972','Tajikistani Somoni','ЅМ',NULL,'Diram',100,0,'','.',',',1,100,0,'2022-08-02 19:57:41','2022-08-02 19:57:41'),
	(139,'TMT','934','Turkmenistani Manat','T',NULL,'Tenge',100,0,'','.',',',1,100,0,'2022-08-02 19:57:41','2022-08-02 19:57:41'),
	(140,'TND','788','Tunisian Dinar','د.ت',NULL,'Millime',1000,0,'','.',',',10,100,0,'2022-08-02 19:57:41','2022-08-02 19:57:41'),
	(141,'TOP','776','Tongan Paʻanga','T$',NULL,'Seniti',100,1,'','.',',',1,100,0,'2022-08-02 19:57:41','2022-08-02 19:57:41'),
	(142,'TRY','949','Turkish Lira','₺',NULL,'kuruş',100,1,'&#8378;',',','.',1,100,0,'2022-08-02 19:57:41','2022-08-02 19:57:41'),
	(143,'TTD','780','Trinidad and Tobago Dollar','$','TT$','Cent',100,0,'$','.',',',1,100,0,'2022-08-02 19:57:41','2022-08-02 19:57:41'),
	(144,'TWD','901','New Taiwan Dollar','$','NT$','Cent',100,1,'$','.',',',50,100,0,'2022-08-02 19:57:41','2022-08-02 19:57:41'),
	(145,'TZS','834','Tanzanian Shilling','Sh',NULL,'Cent',100,1,'','.',',',5000,100,0,'2022-08-02 19:57:41','2022-08-02 19:57:41'),
	(146,'UAH','980','Ukrainian Hryvnia','₴',NULL,'Kopiyka',100,0,'&#x20B4;','.',',',1,100,0,'2022-08-02 19:57:41','2022-08-02 19:57:41'),
	(147,'UGX','800','Ugandan Shilling','USh',NULL,'Cent',1,0,'','.',',',1000,100,0,'2022-08-02 19:57:41','2022-08-02 19:57:41'),
	(148,'USD','840','United States Dollar','$','US$','Cent',100,1,'$','.',',',1,1,1,'2022-08-02 19:57:41','2022-08-02 19:57:41'),
	(149,'UYU','858','Uruguayan Peso','$',NULL,'Centésimo',100,1,'&#x20B1;',',','.',100,100,0,'2022-08-02 19:57:41','2022-08-02 19:57:41'),
	(150,'UZS','860','Uzbekistan Som','',NULL,'Tiyin',100,0,'','.',',',100,100,0,'2022-08-02 19:57:41','2022-08-02 19:57:41'),
	(151,'VEF','937','Venezuelan Bolívar','Bs',NULL,'Céntimo',100,1,'',',','.',1,100,0,'2022-08-02 19:57:41','2022-08-02 19:57:41'),
	(152,'VND','704','Vietnamese Äồng','₫',NULL,'HÃ o',1,1,'&#x20AB;',',','.',100,100,0,'2022-08-02 19:57:41','2022-08-02 19:57:41'),
	(153,'VUV','548','Vanuatu Vatu','Vt',NULL,NULL,1,1,'','.',',',1,100,0,'2022-08-02 19:57:41','2022-08-02 19:57:41'),
	(154,'WST','882','Samoan Tala','T','WS$','Sene',100,0,'','.',',',10,100,0,'2022-08-02 19:57:41','2022-08-02 19:57:41'),
	(155,'XAF','950','Central African Cfa Franc','Fr','FCFA','Centime',1,0,'','.',',',100,100,0,'2022-08-02 19:57:41','2022-08-02 19:57:41'),
	(156,'XAG','961','Silver (Troy Ounce)','oz t','XAG','oz',1,0,'','.',',',1,100,0,'2022-08-02 19:57:41','2022-08-02 19:57:41'),
	(157,'XAU','959','Gold (Troy Ounce)','oz t','XAU','oz',1,0,'','.',',',1,100,0,'2022-08-02 19:57:41','2022-08-02 19:57:41'),
	(158,'XBA','955','European Composite Unit','','XBA','',1,0,'','.',',',1,100,0,'2022-08-02 19:57:41','2022-08-02 19:57:41'),
	(159,'XBB','956','European Monetary Unit','','XBB','',1,0,'','.',',',1,100,0,'2022-08-02 19:57:41','2022-08-02 19:57:41'),
	(160,'XBC','957','European Unit of Account 9','','XBC','',1,0,'','.',',',1,100,0,'2022-08-02 19:57:41','2022-08-02 19:57:41'),
	(161,'XBD','958','European Unit of Account 17','','XBD','',1,0,'','.',',',1,100,0,'2022-08-02 19:57:41','2022-08-02 19:57:41'),
	(162,'XCD','951','East Caribbean Dollar','$','EX$','Cent',100,1,'$','.',',',1,100,0,'2022-08-02 19:57:41','2022-08-02 19:57:41'),
	(163,'XDR','960','Special Drawing Rights','SDR',NULL,'',1,0,'$','.',',',1,100,0,'2022-08-02 19:57:41','2022-08-02 19:57:41'),
	(164,'XOF','952','West African Cfa Franc','Fr','CFA','Centime',1,0,'','.',',',100,100,0,'2022-08-02 19:57:41','2022-08-02 19:57:41'),
	(165,'XPD','964','Palladium','oz t','XPD','oz',1,0,'','.',',',1,100,0,'2022-08-02 19:57:41','2022-08-02 19:57:41'),
	(166,'XPF','953','Cfp Franc','Fr',NULL,'Centime',1,0,'','.',',',100,100,0,'2022-08-02 19:57:41','2022-08-02 19:57:41'),
	(167,'XPT','962','Platinum','oz t',NULL,'',1,0,'','.',',',1,100,0,'2022-08-02 19:57:41','2022-08-02 19:57:41'),
	(168,'xts','963','Codes specifically reserved for testing purposes','',NULL,'',1,0,'','.',',',1,100,0,'2022-08-02 19:57:41','2022-08-02 19:57:41'),
	(169,'YER','886','Yemeni Rial','﷼',NULL,'Fils',100,0,'&#xFDFC;','.',',',100,100,0,'2022-08-02 19:57:41','2022-08-02 19:57:41'),
	(170,'ZAR','710','South African Rand','R',NULL,'Cent',100,1,'&#x0052;','.',',',10,100,0,'2022-08-02 19:57:41','2022-08-02 19:57:41'),
	(171,'ZMK','894','Zambian Kwacha','ZK','ZMK','Ngwee',100,0,'','.',',',5,100,0,'2022-08-02 19:57:41','2022-08-02 19:57:41'),
	(172,'ZMW','967','Zambian Kwacha','ZK','ZMW','Ngwee',100,0,'','.',',',5,100,0,'2022-08-02 19:57:41','2022-08-02 19:57:41'),
	(173,'BTC','','Bitcoin','B⃦',NULL,'Satoshi',100000000,1,'','.',',',1,100,0,'2022-08-02 19:57:41','2022-08-02 19:57:41'),
	(174,'JEP','','Jersey Pound','£','JEP','Penny',100,1,'&#x00A3;','.',',',1,100,0,'2022-08-02 19:57:41','2022-08-02 19:57:41'),
	(175,'GGP','','Guernsey Pound','£','GGP','Penny',100,1,'&#x00A3;','.',',',1,100,0,'2022-08-02 19:57:41','2022-08-02 19:57:41'),
	(176,'IMP','','Isle of Man Pound','£','IMP','Penny',100,1,'&#x00A3;','.',',',1,100,0,'2022-08-02 19:57:41','2022-08-02 19:57:41'),
	(177,'XFU','','UIC Franc','','XFU','',100,1,'','.',',',1,100,0,'2022-08-02 19:57:41','2022-08-02 19:57:41');



# Dump of table customer_event
# ------------------------------------------------------------


CREATE TABLE `customer_event` (
  `id` bigint(20) unsigned NOT NULL AUTO_INCREMENT,
  `event_id` bigint(20) unsigned NOT NULL,
  `customer_id` bigint(20) unsigned NOT NULL,
  `created_at` timestamp NULL DEFAULT NULL,
  `updated_at` timestamp NULL DEFAULT NULL,
  PRIMARY KEY (`id`)
) ENGINE=InnoDB DEFAULT CHARSET=utf8mb3 COLLATE=utf8mb3_unicode_ci;


# Dump of table dashboard_configs
# ------------------------------------------------------------


CREATE TABLE `dashboard_configs` (
  `user_id` bigint(20) NOT NULL,
  `upgrade_plan_notice` tinyint(1) DEFAULT 1,
  `created_at` timestamp NULL DEFAULT NULL,
  `updated_at` timestamp NULL DEFAULT NULL,
  PRIMARY KEY (`user_id`)
) ENGINE=InnoDB DEFAULT CHARSET=utf8mb3 COLLATE=utf8mb3_unicode_ci;


INSERT INTO `dashboard_configs` (`user_id`, `upgrade_plan_notice`, `created_at`, `updated_at`)
VALUES
	(1,1,'2022-08-02 19:57:42','2022-08-02 19:57:42'),
	(2,1,'2022-08-02 19:57:43','2022-08-02 19:57:43'),
	(3,1,'2022-08-02 19:57:43','2022-08-02 19:57:43'),
	(4,1,'2022-08-02 19:57:43','2022-08-02 19:57:43'),
	(5,1,'2022-08-02 19:57:43','2022-08-02 19:57:43'),
	(6,1,'2022-08-02 19:57:43','2022-08-02 19:57:43'),
	(7,1,'2022-08-02 19:57:43','2022-08-02 19:57:43');



# Dump of table dispute_types
# ------------------------------------------------------------


CREATE TABLE `dispute_types` (
  `id` int(10) unsigned NOT NULL AUTO_INCREMENT,
  `detail` varchar(255) COLLATE utf8mb3_unicode_ci NOT NULL,
  PRIMARY KEY (`id`),
  UNIQUE KEY `dispute_types_detail_unique` (`detail`)
) ENGINE=InnoDB DEFAULT CHARSET=utf8mb3 COLLATE=utf8mb3_unicode_ci;


INSERT INTO `dispute_types` (`id`, `detail`)
VALUES
	(2,'Counterfeit goods'),
	(9,'Customs problem'),
	(4,'Damaged goods'),
	(1,'Did not receive goods'),
	(7,'Problems with the accessories'),
	(6,'Product not as described'),
	(5,'Quality not good'),
	(3,'Quantity shortage'),
	(10,'Shipping address not correct'),
	(8,'Shipping method');



# Dump of table disputes
# ------------------------------------------------------------


CREATE TABLE `disputes` (
  `id` bigint(20) unsigned NOT NULL AUTO_INCREMENT,
  `shop_id` int(10) unsigned DEFAULT NULL,
  `dispute_type_id` int(10) unsigned DEFAULT NULL,
  `customer_id` bigint(20) unsigned NOT NULL,
  `order_id` bigint(20) unsigned NOT NULL,
  `product_id` bigint(20) unsigned DEFAULT NULL,
  `description` longtext COLLATE utf8mb3_unicode_ci DEFAULT NULL,
  `order_received` tinyint(1) NOT NULL DEFAULT 1,
  `return_goods` tinyint(1) DEFAULT NULL,
  `refund_amount` decimal(20,6) DEFAULT NULL,
  `status` int(10) unsigned NOT NULL DEFAULT 1,
  `created_at` timestamp NULL DEFAULT NULL,
  `updated_at` timestamp NULL DEFAULT NULL,
  PRIMARY KEY (`id`),
  KEY `disputes_order_id_foreign` (`order_id`),
  KEY `disputes_customer_id_foreign` (`customer_id`),
  KEY `disputes_dispute_type_id_foreign` (`dispute_type_id`),
  CONSTRAINT `disputes_customer_id_foreign` FOREIGN KEY (`customer_id`) REFERENCES `customers` (`id`) ON DELETE CASCADE,
  CONSTRAINT `disputes_dispute_type_id_foreign` FOREIGN KEY (`dispute_type_id`) REFERENCES `dispute_types` (`id`) ON DELETE SET NULL,
  CONSTRAINT `disputes_order_id_foreign` FOREIGN KEY (`order_id`) REFERENCES `orders` (`id`) ON DELETE CASCADE
) ENGINE=InnoDB DEFAULT CHARSET=utf8mb3 COLLATE=utf8mb3_unicode_ci;


INSERT INTO `disputes` (`id`, `shop_id`, `dispute_type_id`, `customer_id`, `order_id`, `product_id`, `description`, `order_received`, `return_goods`, `refund_amount`, `status`, `created_at`, `updated_at`)
VALUES
	(1,5,2,14,2,NULL,'Veritatis dolore animi non est voluptatem est. Sit fuga sunt ut cumque eaque doloribus.',0,1,NULL,2,'2022-05-02 19:57:50','2022-04-02 19:57:50'),
	(2,4,1,4,5,NULL,'Nostrum sint quos molestiae harum quas incidunt. Fuga rem quia a alias. Eos qui a itaque eum.',0,1,NULL,4,'2022-04-02 19:57:50','2022-05-02 19:57:50'),
	(3,2,2,7,8,NULL,'Iste omnis voluptas id sit iste. Recusandae labore ipsa in. Reiciendis delectus iste neque et.',1,1,NULL,5,'2022-08-02 19:57:50','2022-03-02 19:57:50'),
	(4,2,1,11,1,NULL,'Delectus quae neque harum ut maxime labore. Accusantium ut velit mollitia ea officiis ut repellat.',0,0,NULL,2,'2022-05-02 19:57:50','2022-08-02 19:57:50'),
	(5,1,7,14,11,NULL,'Et incidunt suscipit tempora dolorum dolor repellat dolor. Voluptas itaque quod facere minus in.',0,1,NULL,2,'2022-06-02 19:57:50','2022-08-02 19:57:50'),
	(6,1,1,18,21,NULL,'I didn\'t receive the goods.',0,NULL,100.000000,2,'2022-12-12 10:17:32','2022-12-12 10:18:46'),
	(7,3,1,18,22,NULL,'I want my money back.',0,NULL,10.000000,1,'2022-12-12 10:37:56','2022-12-12 10:37:56'),
	(8,3,1,18,22,NULL,'I want my money back.',0,NULL,10.000000,1,'2022-12-12 10:37:58','2022-12-12 10:37:58'),
	(9,3,1,18,23,NULL,'money back.',0,NULL,100.000000,4,'2022-12-12 10:49:01','2022-12-12 10:51:28'),
	(10,5,1,18,24,NULL,'dd',0,NULL,10.000000,1,'2022-12-12 10:52:43','2022-12-12 10:52:43'),
	(11,1,1,20,25,NULL,'Give me my money back.',0,NULL,200.000000,1,'2022-12-13 11:25:43','2022-12-13 11:25:43'),
	(12,1,5,20,26,NULL,'disgusting product.',1,NULL,50.000000,4,'2022-12-13 11:32:57','2022-12-13 11:36:57'),
	(13,1,1,20,27,NULL,'send my money back.',0,NULL,50.000000,1,'2022-12-13 11:41:17','2022-12-13 11:41:17'),
	(14,3,1,1,12,NULL,'Give me my money back.',0,NULL,500.000000,1,'2022-12-14 09:58:19','2022-12-14 09:58:19'),
	(15,1,1,21,31,NULL,'Why the shipping cost is so  high?',0,NULL,0.000000,1,'2022-12-14 10:42:44','2022-12-14 10:42:44'),
	(16,1,1,21,32,NULL,'How I can, track my order.',0,NULL,0.000000,1,'2022-12-14 10:56:07','2022-12-14 10:56:07'),
	(17,5,1,21,33,NULL,'why it\'s take took long to deliverd?',0,NULL,0.000000,1,'2022-12-14 10:57:16','2022-12-14 10:57:16'),
	(18,5,1,21,33,NULL,'why it\'s take took long to deliverd?',0,NULL,0.000000,1,'2022-12-14 10:57:18','2022-12-14 10:57:18'),
	(19,2,10,22,36,NULL,'My shipping address is not correct.',0,NULL,20.000000,1,'2022-12-14 11:31:27','2022-12-14 11:31:27'),
	(20,1,9,22,37,NULL,'back m ymoney',0,NULL,10.000000,1,'2022-12-14 11:33:03','2022-12-14 11:33:03');



# Dump of table email_templates
# ------------------------------------------------------------


CREATE TABLE `email_templates` (
  `id` int(10) unsigned NOT NULL AUTO_INCREMENT,
  `shop_id` int(10) unsigned DEFAULT NULL,
  `name` varchar(255) COLLATE utf8mb3_unicode_ci DEFAULT NULL,
  `sender_name` varchar(255) COLLATE utf8mb3_unicode_ci DEFAULT NULL,
  `sender_email` varchar(255) COLLATE utf8mb3_unicode_ci DEFAULT NULL,
  `subject` varchar(255) COLLATE utf8mb3_unicode_ci DEFAULT NULL,
  `body` longtext COLLATE utf8mb3_unicode_ci DEFAULT NULL,
  `type` enum('HTML','Text') COLLATE utf8mb3_unicode_ci NOT NULL DEFAULT 'HTML',
  `position` enum('Content','Header','Footer') COLLATE utf8mb3_unicode_ci NOT NULL DEFAULT 'Content',
  `template_for` enum('Platform','Merchant') COLLATE utf8mb3_unicode_ci NOT NULL DEFAULT 'Platform',
  `files` longtext COLLATE utf8mb3_unicode_ci DEFAULT NULL,
  `deleted_at` timestamp NULL DEFAULT NULL,
  `created_at` timestamp NULL DEFAULT NULL,
  `updated_at` timestamp NULL DEFAULT NULL,
  PRIMARY KEY (`id`)
) ENGINE=InnoDB DEFAULT CHARSET=utf8mb3 COLLATE=utf8mb3_unicode_ci;


INSERT INTO `email_templates` (`id`, `shop_id`, `name`, `sender_name`, `sender_email`, `subject`, `body`, `type`, `position`, `template_for`, `files`, `deleted_at`, `created_at`, `updated_at`)
VALUES
	(1,NULL,'Welcome Merchant',NULL,'support@domain.com','Welcome to {platform_name}','<table class=\"m_886163020439323843footer\" width=\"700\" height=\"165\" bgcolor=\"#efefef\" align=\"center\" border=\"0\" cellpadding=\"0\" cellspacing=\"0\"><tbody><tr><td valign=\"bottom\" style=\"color:#999;line-height:18px;font-size:11px;font-family:arial\">Site Access: <a href=\"http://d.incevio.com/http://www.incevio.com/?tracelog=rowan&amp;rowan_id1=sellerLeaveFeedbackToBuyer_en_US_2017-10-22&amp;rowan_msg_id=c063bc521feb4649a25121ff130ac482&amp;ck=in_edm_other\" style=\"color:#999;text-decoration:underline;font-size:11px;font-family:arial\" target=\"_blank\" data-saferedirecturl=\"https://www.google.com/url?hl=en&amp;q=http://d.incevio.com/http://www.incevio.com/?tracelog%3Drowan%26rowan_id1%3DsellerLeaveFeedbackToBuyer_en_US_2017-10-22%26rowan_msg_id%3Dc063bc521feb4649a25121ff130ac482%26ck%3Din_edm_other&amp;source=gmail&amp;ust=1508835770795000&amp;usg=AFQjCNFswRI--_oSylG_TCSI9jMZfEgJFw\">Homepage</a> <span style=\"color:#999\">|</span> <a href=\"http://d.incevio.com/http://trade.incevio.com?tracelog=rowan&amp;rowan_id1=sellerLeaveFeedbackToBuyer_en_US_2017-10-22&amp;rowan_msg_id=c063bc521feb4649a25121ff130ac482&amp;ck=in_edm_other\" style=\"color:#999;text-decoration:underline;font-size:11px;font-family:arial\" target=\"_blank\" data-saferedirecturl=\"https://www.google.com/url?hl=en&amp;q=http://d.incevio.com/http://trade.incevio.com?tracelog%3Drowan%26rowan_id1%3DsellerLeaveFeedbackToBuyer_en_US_2017-10-22%26rowan_msg_id%3Dc063bc521feb4649a25121ff130ac482%26ck%3Din_edm_other&amp;source=gmail&amp;ust=1508835770795000&amp;usg=AFQjCNHs5u0lVvXx_IxyFnkfBFEuVdacig\">My Orders</a> <span style=\"color:#999\">|</span> <a href=\"http://d.incevio.com/http://www.incevio.com/buyerprotection/index.html?tracelog=rowan&amp;rowan_id1=sellerLeaveFeedbackToBuyer_en_US_2017-10-22&amp;rowan_msg_id=c063bc521feb4649a25121ff130ac482&amp;ck=in_edm_other\" style=\"color:#999;text-decoration:underline;font-size:11px;font-family:arial\" target=\"_blank\" data-saferedirecturl=\"https://www.google.com/url?hl=en&amp;q=http://d.incevio.com/http://www.incevio.com/buyerprotection/index.html?tracelog%3Drowan%26rowan_id1%3DsellerLeaveFeedbackToBuyer_en_US_2017-10-22%26rowan_msg_id%3Dc063bc521feb4649a25121ff130ac482%26ck%3Din_edm_other&amp;source=gmail&amp;ust=1508835770795000&amp;usg=AFQjCNFgBGjO2cWQlMNn3ok1sdo9FEI0PQ\">Buyer Protection</a> <span style=\"color:#999\">|</span> <a href=\"http://help.incevio.com/?tracelog=rowan&amp;rowan_id1=sellerLeaveFeedbackToBuyer_en_US_2017-10-22&amp;rowan_msg_id=c063bc521feb4649a25121ff130ac482&amp;ck=in_edm_other\" style=\"color:#999;text-decoration:underline;font-size:11px;font-family:arial\" target=\"_blank\" data-saferedirecturl=\"https://www.google.com/url?hl=en&amp;q=http://help.incevio.com/?tracelog%3Drowan%26rowan_id1%3DsellerLeaveFeedbackToBuyer_en_US_2017-10-22%26rowan_msg_id%3Dc063bc521feb4649a25121ff130ac482%26ck%3Din_edm_other&amp;source=gmail&amp;ust=1508835770795000&amp;usg=AFQjCNEY6uWlpV61xJ2EWu_OnR1ImK1k8A\">Help Center</a> <span style=\"color:#999\">|</span> <a href=\"http://www.incevio.com/help/home.html#contact?tracelog=rowan&amp;rowan_id1=sellerLeaveFeedbackToBuyer_en_US_2017-10-22&amp;rowan_msg_id=c063bc521feb4649a25121ff130ac482&amp;ck=in_edm_other\" style=\"color:#999;text-decoration:underline;font-size:11px;font-family:arial\" target=\"_blank\" data-saferedirecturl=\"https://www.google.com/url?hl=en&amp;q=http://www.incevio.com/help/home.html%23contact?tracelog%3Drowan%26rowan_id1%3DsellerLeaveFeedbackToBuyer_en_US_2017-10-22%26rowan_msg_id%3Dc063bc521feb4649a25121ff130ac482%26ck%3Din_edm_other&amp;source=gmail&amp;ust=1508835770795000&amp;usg=AFQjCNFrHNdxDedZiwv6L-zLA4_5jthBKw\">Contact Us</a><br><a href=\"http://us.my.incevio.com/user/company/forget_password_input_email.htm?edm_src=wto&amp;edm_type=ifm&amp;edm_cta=footer&amp;tracelog=rowan&amp;rowan_id1=sellerLeaveFeedbackToBuyer_en_US_2017-10-22&amp;rowan_msg_id=c063bc521feb4649a25121ff130ac482&amp;ck=in_edm_other\" style=\"color:#999;text-decoration:underline\" target=\"_blank\" data-saferedirecturl=\"https://www.google.com/url?hl=en&amp;q=http://us.my.incevio.com/user/company/forget_password_input_email.htm?edm_src%3Dwto%26edm_type%3Difm%26edm_cta%3Dfooter%26tracelog%3Drowan%26rowan_id1%3DsellerLeaveFeedbackToBuyer_en_US_2017-10-22%26rowan_msg_id%3Dc063bc521feb4649a25121ff130ac482%26ck%3Din_edm_other&amp;source=gmail&amp;ust=1508835770795000&amp;usg=AFQjCNGl36Hq7gk2E4ZfaHgnp8lgblu0Hw\">Forgot your password?</a> <br>This email was sent to <a href=\"http://d.incevio.com/mailto:?tracelog=rowan&amp;rowan_id1=sellerLeaveFeedbackToBuyer_en_US_2017-10-22&amp;rowan_msg_id=c063bc521feb4649a25121ff130ac482&amp;ck=in_edm_other\" style=\"color:#999;text-decoration:underline\" target=\"_blank\" data-saferedirecturl=\"https://www.google.com/url?hl=en&amp;q=http://d.incevio.com/mailto:?tracelog%3Drowan%26rowan_id1%3DsellerLeaveFeedbackToBuyer_en_US_2017-10-22%26rowan_msg_id%3Dc063bc521feb4649a25121ff130ac482%26ck%3Din_edm_other&amp;source=gmail&amp;ust=1508835770795000&amp;usg=AFQjCNF57ZGzDDxPVbiErICMxd6_6wJH0Q\"></a>. <br>You are receiving this email because you are a registered member of <a href=\"http://d.incevio.com/http://www.incevio.com?tracelog=rowan&amp;rowan_id1=sellerLeaveFeedbackToBuyer_en_US_2017-10-22&amp;rowan_msg_id=c063bc521feb4649a25121ff130ac482&amp;ck=in_edm_other\" style=\"color:#999;text-decoration:underline\" target=\"_blank\" data-saferedirecturl=\"https://www.google.com/url?hl=en&amp;q=http://d.incevio.com/http://www.incevio.com?tracelog%3Drowan%26rowan_id1%3DsellerLeaveFeedbackToBuyer_en_US_2017-10-22%26rowan_msg_id%3Dc063bc521feb4649a25121ff130ac482%26ck%3Din_edm_other&amp;source=gmail&amp;ust=1508835770795000&amp;usg=AFQjCNEV-vw0uLnpfTBy2KjLmMrSWfquEA\">www.<span class=\"il\">incevio</span>.com</a>, powered by incevio.com. <br>Read our <a href=\"http://www.incevio.com/help/safety_security/policies_rules/others/001.html?tracelog=rowan&amp;rowan_id1=sellerLeaveFeedbackToBuyer_en_US_2017-10-22&amp;rowan_msg_id=c063bc521feb4649a25121ff130ac482&amp;ck=in_edm_other\" style=\"color:#999;text-decoration:underline\" target=\"_blank\" data-saferedirecturl=\"https://www.google.com/url?hl=en&amp;q=http://www.incevio.com/help/safety_security/policies_rules/others/001.html?tracelog%3Drowan%26rowan_id1%3DsellerLeaveFeedbackToBuyer_en_US_2017-10-22%26rowan_msg_id%3Dc063bc521feb4649a25121ff130ac482%26ck%3Din_edm_other&amp;source=gmail&amp;ust=1508835770795000&amp;usg=AFQjCNHhvncoIuRqRpPKKTgyRYpiV6Z5vg\">Privacy Policy</a> and <a href=\"http://www.incevio.com/help/safety_security/policies_rules/others/002.html?tracelog=rowan&amp;rowan_id1=sellerLeaveFeedbackToBuyer_en_US_2017-10-22&amp;rowan_msg_id=c063bc521feb4649a25121ff130ac482&amp;ck=in_edm_other\" style=\"color:#999;text-decoration:underline\" target=\"_blank\" data-saferedirecturl=\"https://www.google.com/url?hl=en&amp;q=http://www.incevio.com/help/safety_security/policies_rules/others/002.html?tracelog%3Drowan%26rowan_id1%3DsellerLeaveFeedbackToBuyer_en_US_2017-10-22%26rowan_msg_id%3Dc063bc521feb4649a25121ff130ac482%26ck%3Din_edm_other&amp;source=gmail&amp;ust=1508835770795000&amp;usg=AFQjCNGdCuw2_Z7MHkHP5eKVE0mPoK_ysA\">Terms of Use</a> if you have any questions. <br><span class=\"il\">incevio</span> Service Center: <a href=\"http://d.incevio.com/mailto:buyer@incevio.com?tracelog=rowan&amp;rowan_id1=sellerLeaveFeedbackToBuyer_en_US_2017-10-22&amp;rowan_msg_id=c063bc521feb4649a25121ff130ac482&amp;ck=in_edm_other\" style=\"color:#999;text-decoration:underline\" target=\"_blank\" data-saferedirecturl=\"https://www.google.com/url?hl=en&amp;q=http://d.incevio.com/mailto:buyer@incevio.com?tracelog%3Drowan%26rowan_id1%3DsellerLeaveFeedbackToBuyer_en_US_2017-10-22%26rowan_msg_id%3Dc063bc521feb4649a25121ff130ac482%26ck%3Din_edm_other&amp;source=gmail&amp;ust=1508835770795000&amp;usg=AFQjCNEZo5gjjdfsNWKIaeuOQoM6rxxuNQ\">buyer@<span class=\"il\">incevio</span>.com</a> <br>incevio.com Hong Kong Limited, 26/F Tower One, Times Square1 Matheson Street Causeway Bay, Hong Kong.</td></tr><tr><td height=\"20\">&nbsp;</td></tr></tbody></table>','HTML','Footer','Platform',NULL,NULL,'2022-08-02 19:57:52','2022-08-02 19:57:52'),
	(2,NULL,'Welcome Merchant',NULL,'support@domain.com','Welcome to {platform_name}','Welcome to {platform_name}','HTML','Content','Platform',NULL,NULL,'2022-08-02 19:57:52','2022-08-02 19:57:52'),
	(3,NULL,'Welcome User',NULL,'support@domain.com','Welcome to {shop_name}','<!DOCTYPE html PUBLIC \"-//W3C//DTD XHTML 1.0 Transitional//EN\" \"http://www.w3.org/TR/xhtml1/DTD/xhtml1-transitional.dtd\">\n                <html xmlns=\"http://www.w3.org/1999/xhtml\">\n                <head>\n                  <meta http-equiv=\"Content-Type\" content=\"text/html; charset=utf-8\" />\n                  <meta name=\"viewport\" content=\"width=device-width\" />\n                  <title>Airmail Welcome</title>\n                </head>\n                <body bgcolor=\"#ffffff\">\n                  <div align=\"center\">\n                    <table class=\"head-wrap w320 full-width-gmail-android\" bgcolor=\"#f9f8f8\" cellpadding=\"0\" cellspacing=\"0\" border=\"0\" width=\"100%\">\n                      <tr>\n                        <td background=\"https://www.filepicker.io/api/file/UOesoVZTFObSHCgUDygC\" bgcolor=\"#ffffff\" width=\"100%\" height=\"8\" valign=\"top\">\n                          <!--[if gte mso 9]>\n                          <v:rect xmlns:v=\"urn:schemas-microsoft-com:vml\" fill=\"true\" stroke=\"false\" style=\"mso-width-percent:1000;height:8px;\">\n                            <v:fill type=\"tile\" src=\"https://www.filepicker.io/api/file/UOesoVZTFObSHCgUDygC\" color=\"#ffffff\" />\n                            <v:textbox inset=\"0,0,0,0\">\n                          <![endif]-->\n                          <div height=\"8\">\n                          </div>\n                          <!--[if gte mso 9]>\n                            </v:textbox>\n                          </v:rect>\n                          <![endif]-->\n                        </td>\n                      </tr>\n                      <tr class=\"header-background\">\n                        <td class=\"header container\" align=\"center\">\n                          <div class=\"content\">\n                            <span class=\"brand\">\n                              <a href=\"#\">\n                                Company Name\n                              </a>\n                            </span>\n                          </div>\n                        </td>\n                      </tr>\n                    </table>\n\n                    <table class=\"body-wrap w320\">\n                      <tr>\n                        <td></td>\n                        <td class=\"container\">\n                          <div class=\"content\">\n                            <table cellspacing=\"0\">\n                              <tr>\n                                <td>\n                                  <table class=\"soapbox\">\n                                    <tr>\n                                      <td class=\"soapbox-title\">Welcome to {platform_name}</td>\n                                    </tr>\n                                  </table>\n                                  <table class=\"status-container single\">\n                                    <tr>\n                                      <td class=\"status-padding\"></td>\n                                      <td>\n                                        <table class=\"status\" bgcolor=\"#fffeea\" cellspacing=\"0\">\n                                          <tr>\n                                            <td class=\"status-cell\">\n                                              Coupon code: <b>13448278949</b>\n                                            </td>\n                                          </tr>\n                                        </table>\n                                      </td>\n                                      <td class=\"status-padding\"></td>\n                                    </tr>\n                                  </table>\n                                  <table class=\"body\">\n                                    <tr>\n                                      <td class=\"body-padding\"></td>\n                                      <td class=\"body-padded\">\n                                        <div class=\"body-title\">Hey {{ first_name }}, thanks for signing up</div>\n                                        <table class=\"body-text\">\n                                          <tr>\n                                            <td class=\"body-text-cell\">\n                                              We\'re really excited for you to join our community! You\'re just one click away from activate your account.\n                                            </td>\n                                          </tr>\n                                        </table>\n                                        <div style=\"text-align:left;\"><!--[if mso]>\n                                          <v:roundrect xmlns:v=\"urn:schemas-microsoft-com:vml\" xmlns:w=\"urn:schemas-microsoft-com:office:word\" href=\"#\" style=\"height:38px;v-text-anchor:middle;width:190px;\" arcsize=\"11%\" strokecolor=\"#407429\" fill=\"t\">\n                                            <v:fill type=\"tile\" src=\"https://www.filepicker.io/api/file/N8GiNGsmT6mK6ORk00S7\" color=\"#41CC00\" />\n                                            <w:anchorlock/>\n                                            <center style=\"color:#ffffff;font-family:sans-serif;font-size:17px;font-weight:bold;\">Come on back</center>\n                                          </v:roundrect>\n                                        <![endif]--><a href=\"#\"\n                                        style=\"background-color:#41CC00;background-image:url(https://www.filepicker.io/api/file/N8GiNGsmT6mK6ORk00S7);border:1px solid #407429;border-radius:4px;color:#ffffff;display:inline-block;font-family:sans-serif;font-size:17px;font-weight:bold;text-shadow: -1px -1px #47A54B;line-height:38px;text-align:center;text-decoration:none;width:190px;-webkit-text-size-adjust:none;mso-hide:all;\">Activate Account!</a></div>\n                                        <table class=\"body-signature-block\">\n                                          <tr>\n                                            <td class=\"body-signature-cell\">\n                                              <p>Thanks so much,</p>\n                                              <p class=\"body-signature\"><img src=\"https://www.filepicker.io/api/file/2R9HpqboTPaB4NyF35xt\" alt=\"Company Name\"></p>\n                                            </td>\n                                          </tr>\n                                        </table>\n                                      </td>\n                                      <td class=\"body-padding\"></td>\n                                    </tr>\n                                  </table>\n                                </td>\n                              </tr>\n                            </table>\n                          </div>\n                        </td>\n                        <td></td>\n                      </tr>\n                    </table>\n\n                    <table class=\"footer-wrap w320 full-width-gmail-android\" bgcolor=\"#e5e5e5\">\n                      <tr>\n                        <td class=\"container\">\n                          <div class=\"content footer-lead\">\n                            <a href=\"#\"><b>Get in touch</b></a> if you have any questions or feedback\n                          </div>\n                        </td>\n                      </tr>\n                    </table>\n                    <table class=\"footer-wrap w320 full-width-gmail-android\" bgcolor=\"#e5e5e5\">\n                      <tr>\n                        <td class=\"container\">\n                          <div class=\"content\">\n                            <a href=\"#\">Contact Us</a>&nbsp;&nbsp;|&nbsp;&nbsp;\n                            <span class=\"footer-group\">\n                              <a href=\"#\">Facebook</a>&nbsp;&nbsp;|&nbsp;&nbsp;\n                              <a href=\"#\">Twitter</a>&nbsp;&nbsp;|&nbsp;&nbsp;\n                              <a href=\"#\">Support</a>\n                            </span>\n                          </div>\n                        </td>\n                      </tr>\n                    </table>\n                  </div>\n\n                </body>\n                </html>\n                ','HTML','Content','Platform',NULL,NULL,'2022-08-02 19:57:52','2022-08-02 19:57:52'),
	(4,NULL,'Welcome Customer',NULL,'support@domain.com','Welcome to {platform_name}','<!DOCTYPE html PUBLIC \"-//W3C//DTD XHTML 1.0 Transitional//EN\" \"http://www.w3.org/TR/xhtml1/DTD/xhtml1-transitional.dtd\">\n<html xmlns=\"http://www.w3.org/1999/xhtml\">\n<head>\n  <meta http-equiv=\"Content-Type\" content=\"text/html; charset=utf-8\" />\n  <meta name=\"viewport\" content=\"width=device-width\" />\n  <title>Airmail Welcome</title>\n</head>\n<body bgcolor=\"#ffffff\">\n  <div align=\"center\">\n    <table class=\"head-wrap w320 full-width-gmail-android\" bgcolor=\"#f9f8f8\" cellpadding=\"0\" cellspacing=\"0\" border=\"0\" width=\"100%\">\n      <tr>\n        <td background=\"https://www.filepicker.io/api/file/UOesoVZTFObSHCgUDygC\" bgcolor=\"#ffffff\" width=\"100%\" height=\"8\" valign=\"top\">\n          <!--[if gte mso 9]>\n          <v:rect xmlns:v=\"urn:schemas-microsoft-com:vml\" fill=\"true\" stroke=\"false\" style=\"mso-width-percent:1000;height:8px;\">\n            <v:fill type=\"tile\" src=\"https://www.filepicker.io/api/file/UOesoVZTFObSHCgUDygC\" color=\"#ffffff\" />\n            <v:textbox inset=\"0,0,0,0\">\n          <![endif]-->\n          <div height=\"8\">\n          </div>\n          <!--[if gte mso 9]>\n            </v:textbox>\n          </v:rect>\n          <![endif]-->\n        </td>\n      </tr>\n      <tr class=\"header-background\">\n        <td class=\"header container\" align=\"center\">\n          <div class=\"content\">\n            <span class=\"brand\">\n              <a href=\"#\">\n                Company Name\n              </a>\n            </span>\n          </div>\n        </td>\n      </tr>\n    </table>\n\n    <table class=\"body-wrap w320\">\n      <tr>\n        <td></td>\n        <td class=\"container\">\n          <div class=\"content\">\n            <table cellspacing=\"0\">\n              <tr>\n                <td>\n                  <table class=\"soapbox\">\n                    <tr>\n                      <td class=\"soapbox-title\">Welcome to {platform_name}</td>\n                    </tr>\n                  </table>\n                  <table class=\"status-container single\">\n                    <tr>\n                      <td class=\"status-padding\"></td>\n                      <td>\n                        <table class=\"status\" bgcolor=\"#fffeea\" cellspacing=\"0\">\n                          <tr>\n                            <td class=\"status-cell\">\n                              Coupon code: <b>13448278949</b>\n                            </td>\n                          </tr>\n                        </table>\n                      </td>\n                      <td class=\"status-padding\"></td>\n                    </tr>\n                  </table>\n                  <table class=\"body\">\n                    <tr>\n                      <td class=\"body-padding\"></td>\n                      <td class=\"body-padded\">\n                        <div class=\"body-title\">Hey {{ first_name }}, thanks for signing up</div>\n                        <table class=\"body-text\">\n                          <tr>\n                            <td class=\"body-text-cell\">\n                              We\'re really excited for you to join our community! You\'re just one click away from activate your account.\n                            </td>\n                          </tr>\n                        </table>\n                        <div style=\"text-align:left;\"><!--[if mso]>\n                          <v:roundrect xmlns:v=\"urn:schemas-microsoft-com:vml\" xmlns:w=\"urn:schemas-microsoft-com:office:word\" href=\"#\" style=\"height:38px;v-text-anchor:middle;width:190px;\" arcsize=\"11%\" strokecolor=\"#407429\" fill=\"t\">\n                            <v:fill type=\"tile\" src=\"https://www.filepicker.io/api/file/N8GiNGsmT6mK6ORk00S7\" color=\"#41CC00\" />\n                            <w:anchorlock/>\n                            <center style=\"color:#ffffff;font-family:sans-serif;font-size:17px;font-weight:bold;\">Come on back</center>\n                          </v:roundrect>\n                        <![endif]--><a href=\"#\"\n                        style=\"background-color:#41CC00;background-image:url(https://www.filepicker.io/api/file/N8GiNGsmT6mK6ORk00S7);border:1px solid #407429;border-radius:4px;color:#ffffff;display:inline-block;font-family:sans-serif;font-size:17px;font-weight:bold;text-shadow: -1px -1px #47A54B;line-height:38px;text-align:center;text-decoration:none;width:190px;-webkit-text-size-adjust:none;mso-hide:all;\">Activate Account!</a></div>\n                        <table class=\"body-signature-block\">\n                          <tr>\n                            <td class=\"body-signature-cell\">\n                              <p>Thanks so much,</p>\n                              <p class=\"body-signature\"><img src=\"https://www.filepicker.io/api/file/2R9HpqboTPaB4NyF35xt\" alt=\"Company Name\"></p>\n                            </td>\n                          </tr>\n                        </table>\n                      </td>\n                      <td class=\"body-padding\"></td>\n                    </tr>\n                  </table>\n                </td>\n              </tr>\n            </table>\n          </div>\n        </td>\n        <td></td>\n      </tr>\n    </table>\n\n    <table class=\"footer-wrap w320 full-width-gmail-android\" bgcolor=\"#e5e5e5\">\n      <tr>\n        <td class=\"container\">\n          <div class=\"content footer-lead\">\n            <a href=\"#\"><b>Get in touch</b></a> if you have any questions or feedback\n          </div>\n        </td>\n      </tr>\n    </table>\n    <table class=\"footer-wrap w320 full-width-gmail-android\" bgcolor=\"#e5e5e5\">\n      <tr>\n        <td class=\"container\">\n          <div class=\"content\">\n            <a href=\"#\">Contact Us</a>&nbsp;&nbsp;|&nbsp;&nbsp;\n            <span class=\"footer-group\">\n              <a href=\"#\">Facebook</a>&nbsp;&nbsp;|&nbsp;&nbsp;\n              <a href=\"#\">Twitter</a>&nbsp;&nbsp;|&nbsp;&nbsp;\n              <a href=\"#\">Support</a>\n            </span>\n          </div>\n        </td>\n      </tr>\n    </table>\n  </div>\n\n</body>\n</html>\n','HTML','Content','Platform',NULL,NULL,'2022-08-02 19:57:52','2022-08-02 19:57:52'),
	(5,NULL,'User account updated',NULL,'support@domain.com','Your account settings have been updated','<!DOCTYPE html PUBLIC \"-//W3C//DTD XHTML 1.0 Transitional//EN\" \"http://www.w3.org/TR/xhtml1/DTD/xhtml1-transitional.dtd\">\n<html xmlns=\"http://www.w3.org/1999/xhtml\">\n<head>\n  <meta http-equiv=\"Content-Type\" content=\"text/html; charset=utf-8\" />\n  <meta name=\"viewport\" content=\"width=device-width\" />\n  <title>Airmail Ping</title>\n</head>\n\n<body bgcolor=\"#ffffff\">\n\n  <div align=\"center\">\n    <table class=\"head-wrap w320 full-width-gmail-android\" bgcolor=\"#f9f8f8\" cellpadding=\"0\" cellspacing=\"0\" border=\"0\">\n      <tr>\n        <td background=\"https://www.filepicker.io/api/file/UOesoVZTFObSHCgUDygC\" bgcolor=\"#ffffff\" width=\"100%\" height=\"8\" valign=\"top\">\n          <!--[if gte mso 9]>\n          <v:rect xmlns:v=\"urn:schemas-microsoft-com:vml\" fill=\"true\" stroke=\"false\" style=\"mso-width-percent:1000;height:8px;\">\n            <v:fill type=\"tile\" src=\"https://www.filepicker.io/api/file/UOesoVZTFObSHCgUDygC\" color=\"#ffffff\" />\n            <v:textbox inset=\"0,0,0,0\">\n          <![endif]-->\n          <div height=\"8\">\n          </div>\n          <!--[if gte mso 9]>\n            </v:textbox>\n          </v:rect>\n          <![endif]-->\n        </td>\n      </tr>\n      <tr class=\"header-background\">\n        <td class=\"header container\" align=\"center\">\n          <div class=\"content\">\n            <span class=\"brand\">\n              <a href=\"#\">\n                Company Name\n              </a>\n            </span>\n          </div>\n        </td>\n      </tr>\n    </table>\n\n    <table class=\"body-wrap w320\">\n      <tr>\n        <td></td>\n        <td class=\"container\">\n          <div class=\"content\">\n            <table cellspacing=\"0\">\n              <tr>\n                <td>\n                  <table class=\"soapbox\">\n                    <tr>\n                      <td class=\"soapbox-title\">Your account settings have been updated</td>\n                    </tr>\n                  </table>\n                  <table class=\"body\">\n                    <tr>\n                      <td class=\"body-padding\"></td>\n                      <td class=\"body-padded\">\n                        <div class=\"body-title\">Hi {{ first_name }},</div>\n                        <table class=\"body-text\">\n                          <tr>\n                            <td class=\"body-text-cell\">\n                              Your account settings have been updated. If you did not update your settings, please <a href=\"#\">contact support</a>.\n                            </td>\n                          </tr>\n                        </table>\n                        <div><!--[if mso]>\n                          <v:roundrect xmlns:v=\"urn:schemas-microsoft-com:vml\" xmlns:w=\"urn:schemas-microsoft-com:office:word\" href=\"#\" style=\"height:38px;v-text-anchor:middle;width:230px;\" arcsize=\"11%\" strokecolor=\"#407429\" fill=\"t\">\n                            <v:fill type=\"tile\" src=\"https://www.filepicker.io/api/file/N8GiNGsmT6mK6ORk00S7\" color=\"#41CC00\" />\n                            <w:anchorlock/>\n                            <center style=\"color:#ffffff;font-family:sans-serif;font-size:17px;font-weight:bold;\">Review Account Settings</center>\n                          </v:roundrect>\n                        <![endif]--><a href=\"#\"\n                        style=\"background-color:#41CC00;background-image:url(https://www.filepicker.io/api/file/N8GiNGsmT6mK6ORk00S7);border:1px solid #407429;border-radius:4px;color:#ffffff;display:inline-block;font-family:sans-serif;font-size:17px;font-weight:bold;text-shadow: -1px -1px #47A54B;line-height:38px;text-align:center;text-decoration:none;width:230px;-webkit-text-size-adjust:none;mso-hide:all;\">Review Account Settings</a></div>\n                        <table class=\"body-signature-block\">\n                          <tr>\n                            <td class=\"body-signature-cell\">\n                              <p>Thanks for being a customer!</p>\n                              <p class=\"body-signature\"><img src=\"https://www.filepicker.io/api/file/2R9HpqboTPaB4NyF35xt\" alt=\"Company Name\"></p>\n                            </td>\n                          </tr>\n                        </table>\n                      </td>\n                      <td class=\"body-padding\"></td>\n                    </tr>\n                  </table>\n                </td>\n              </tr>\n            </table>\n          </div>\n        </td>\n        <td></td>\n      </tr>\n    </table>\n\n    <table class=\"footer-wrap w320 full-width-gmail-android\" bgcolor=\"#e5e5e5\">\n      <tr>\n        <td></td>\n        <td class=\"container\">\n          <div class=\"content footer-lead\">\n            <a href=\"#\"><b>Get in touch</b></a> if you have any questions or feedback\n          </div>\n        </td>\n        <td></td>\n      </tr>\n    </table>\n    <table class=\"footer-wrap w320 full-width-gmail-android\" bgcolor=\"#e5e5e5\">\n      <tr>\n        <td></td>\n        <td class=\"container\">\n          <div class=\"content\">\n            <a href=\"#\">Contact Us</a>&nbsp;&nbsp;|&nbsp;&nbsp;\n            <span class=\"footer-group\">\n              <a href=\"#\">Facebook</a>&nbsp;&nbsp;|&nbsp;&nbsp;\n              <a href=\"#\">Twitter</a>&nbsp;&nbsp;|&nbsp;&nbsp;\n              <a href=\"#\">Support</a>\n            </span>\n          </div>\n        </td>\n        <td></td>\n      </tr>\n    </table>\n  </div>\n\n</body>\n</html>\n','HTML','Content','Platform',NULL,NULL,'2022-08-02 19:57:52','2022-08-02 19:57:52');



# Dump of table events
# ------------------------------------------------------------


CREATE TABLE `events` (
  `id` bigint(20) unsigned NOT NULL AUTO_INCREMENT,
  `title` varchar(255) COLLATE utf8mb3_unicode_ci NOT NULL,
  `slug` varchar(200) COLLATE utf8mb3_unicode_ci NOT NULL,
  `description` text COLLATE utf8mb3_unicode_ci DEFAULT NULL,
  `venue` varchar(255) COLLATE utf8mb3_unicode_ci DEFAULT NULL,
  `map_link` varchar(255) COLLATE utf8mb3_unicode_ci DEFAULT NULL,
  `shop_id` int(10) unsigned DEFAULT NULL,
  `starts` timestamp NULL DEFAULT NULL,
  `ends` timestamp NULL DEFAULT NULL,
  `status` tinyint(4) NOT NULL DEFAULT 1,
  `public` tinyint(1) DEFAULT 1,
  `created_at` timestamp NULL DEFAULT NULL,
  `updated_at` timestamp NULL DEFAULT NULL,
  PRIMARY KEY (`id`),
  UNIQUE KEY `events_slug_unique` (`slug`)
) ENGINE=InnoDB DEFAULT CHARSET=utf8mb3 COLLATE=utf8mb3_unicode_ci;


INSERT INTO `events` (`id`, `title`, `slug`, `description`, `venue`, `map_link`, `shop_id`, `starts`, `ends`, `status`, `public`, `created_at`, `updated_at`)
VALUES
	(1,'New Events','new-events','<p>Lorem imsum Lorem imsum Lorem imsum Lorem imsum Lorem imsum Lorem imsum Lorem imsum Lorem imsum Lorem imsum <br></p>','New-York',NULL,NULL,'2022-08-25 01:19:00','2023-12-28 09:40:00',1,1,'2022-08-03 20:19:48','2023-12-23 09:40:12'),
	(2,'12.23 Biggest Sale Of The Year','1223-biggest-sale-of-the-year','<p><span style=\"color: rgb(5, 5, 5); font-family: \"Segoe UI Historic\", \"Segoe UI\", Helvetica, Arial, sans-serif; font-size: 17px;\">zCart Online Shopping – Online event</span><br></p>','London',NULL,NULL,'2022-12-15 19:07:00','2023-12-28 09:40:00',1,1,'2022-12-14 13:09:22','2023-12-23 09:40:12'),
	(3,'12.12 Grand Year-End Sale','1212-grand-yearend-sale','<p><span style=\"color: rgb(5, 5, 5); font-family: \"Segoe UI Historic\", \"Segoe UI\", Helvetica, Arial, sans-serif; font-size: 17px;\">zCart Online Shopping – Online event</span><br></p>','Berlin',NULL,NULL,'2022-12-31 19:09:00','2023-12-25 09:40:00',1,1,'2022-12-14 13:11:18','2023-12-23 09:40:12');



# Dump of table failed_jobs
# ------------------------------------------------------------


CREATE TABLE `failed_jobs` (
  `id` bigint(20) unsigned NOT NULL AUTO_INCREMENT,
  `uuid` varchar(255) COLLATE utf8mb3_unicode_ci DEFAULT NULL,
  `connection` text COLLATE utf8mb3_unicode_ci NOT NULL,
  `queue` text COLLATE utf8mb3_unicode_ci NOT NULL,
  `payload` longtext COLLATE utf8mb3_unicode_ci NOT NULL,
  `exception` longtext COLLATE utf8mb3_unicode_ci NOT NULL,
  `failed_at` timestamp NOT NULL DEFAULT current_timestamp(),
  PRIMARY KEY (`id`),
  UNIQUE KEY `failed_jobs_uuid_unique` (`uuid`)
) ENGINE=InnoDB DEFAULT CHARSET=utf8mb3 COLLATE=utf8mb3_unicode_ci;



# Dump of table faq_topics
# ------------------------------------------------------------


CREATE TABLE `faq_topics` (
  `id` int(10) unsigned NOT NULL AUTO_INCREMENT,
  `name` text COLLATE utf8mb3_unicode_ci NOT NULL,
  `for` enum('Merchant','Customer') COLLATE utf8mb3_unicode_ci NOT NULL DEFAULT 'Merchant',
  `created_at` timestamp NULL DEFAULT NULL,
  `updated_at` timestamp NULL DEFAULT NULL,
  PRIMARY KEY (`id`)
) ENGINE=InnoDB DEFAULT CHARSET=utf8mb3 COLLATE=utf8mb3_unicode_ci;


INSERT INTO `faq_topics` (`id`, `name`, `for`, `created_at`, `updated_at`)
VALUES
	(1,'Overview','Merchant','2022-08-02 19:57:43','2022-08-02 19:57:43'),
	(2,'Sell your items','Merchant','2022-08-02 19:57:43','2022-08-02 19:57:43'),
	(3,'Pricing','Merchant','2022-08-02 19:57:43','2022-08-02 19:57:43');



# Dump of table faqs
# ------------------------------------------------------------


CREATE TABLE `faqs` (
  `id` int(10) unsigned NOT NULL AUTO_INCREMENT,
  `faq_topic_id` int(10) unsigned DEFAULT NULL,
  `question` text COLLATE utf8mb3_unicode_ci DEFAULT NULL,
  `answer` longtext COLLATE utf8mb3_unicode_ci DEFAULT NULL,
  `created_at` timestamp NULL DEFAULT NULL,
  `updated_at` timestamp NULL DEFAULT NULL,
  PRIMARY KEY (`id`),
  KEY `faqs_faq_topic_id_foreign` (`faq_topic_id`),
  CONSTRAINT `faqs_faq_topic_id_foreign` FOREIGN KEY (`faq_topic_id`) REFERENCES `faq_topics` (`id`) ON DELETE SET NULL
) ENGINE=InnoDB DEFAULT CHARSET=utf8mb3 COLLATE=utf8mb3_unicode_ci;


INSERT INTO `faqs` (`id`, `faq_topic_id`, `question`, `answer`, `created_at`, `updated_at`)
VALUES
	(1,1,'Why should I sell on :marketplace?','There are many reasons to sell on :marketplace. We have our customers who can see your products to the ability to start selling fast without the need to create a new standalone website. You spend no time and money to do marekting, We do it for you!','2022-08-02 19:57:43','2022-08-02 19:57:43'),
	(2,1,'Where else can I learn about how selling on :marketplace works?','We have videos, web docs, and blogs to help you find what you need.<ul><li>Getting Started page</li><li>Training and tutorials</li><li>Blog</li></ul>','2022-08-02 19:57:43','2022-08-02 19:57:43'),
	(3,1,'Can I close my account?','If you want to close your account permanently, Seller Support can assist you. Keep in mind that you can use the Maintenance mode feature that will hide all your listings, or you can deactivate or remove your listings entirely but hold on to your account for future use. Before you close your account permanently, please cancel and remove your listings and resolve all transactions.','2022-08-02 19:57:43','2022-08-02 19:57:43'),
	(4,2,'How do I manage my merchant account?','Use will get access to a full featured Merchant Dashboard to manage all aspects of selling on :marketplace, like manage your selling account, add product information, make inventory updates, manage orders, and manage users.','2022-08-02 19:57:43','2022-08-02 19:57:43'),
	(5,2,'How many items i can add on my inventory?','It depends on which sbscription you choose. Please visit the pricing section for detail.','2022-08-02 19:57:43','2022-08-02 19:57:43'),
	(6,2,'How will I know when I have a sale?',':marketplace notifies you by email when you receive an order. You can change the notification settings in your account settings.','2022-08-02 19:57:43','2022-08-02 19:57:43'),
	(7,2,'Can I offer gift-wrap and packaging services to my customers?','Yes. Our packaging service allows customers to choose when they check out, you can make the options available for any individual item on your listing page.','2022-08-02 19:57:43','2022-08-02 19:57:43'),
	(8,3,'How much does it cost to sell on :marketplace?',':marketplace offers different selling plans for a monthly subscription fee plus per-item selling fees, which vary by subscriptions. Please visit the pricing section for detail.','2022-08-02 19:57:43','2022-08-02 19:57:43'),
	(9,3,'Is there any hidden cost?','No','2022-08-02 19:57:43','2022-08-02 19:57:43');



# Dump of table feedbacks
# ------------------------------------------------------------


CREATE TABLE `feedbacks` (
  `id` bigint(20) unsigned NOT NULL AUTO_INCREMENT,
  `customer_id` bigint(20) unsigned NOT NULL,
  `rating` tinyint(4) DEFAULT NULL,
  `comment` longtext COLLATE utf8mb3_unicode_ci DEFAULT NULL,
  `feedbackable_id` bigint(20) unsigned NOT NULL,
  `feedbackable_type` varchar(255) COLLATE utf8mb3_unicode_ci NOT NULL,
  `approved` tinyint(1) NOT NULL DEFAULT 1,
  `spam` tinyint(1) NOT NULL DEFAULT 0,
  `created_at` timestamp NULL DEFAULT NULL,
  `updated_at` timestamp NULL DEFAULT NULL,
  PRIMARY KEY (`id`),
  KEY `feedbacks_customer_id_foreign` (`customer_id`),
  CONSTRAINT `feedbacks_customer_id_foreign` FOREIGN KEY (`customer_id`) REFERENCES `customers` (`id`) ON DELETE CASCADE
) ENGINE=InnoDB DEFAULT CHARSET=utf8mb3 COLLATE=utf8mb3_unicode_ci;


INSERT INTO `feedbacks` (`id`, `customer_id`, `rating`, `comment`, `feedbackable_id`, `feedbackable_type`, `approved`, `spam`, `created_at`, `updated_at`)
VALUES
	(1,16,5,'Voluptatem sit delectus omnis possimus iure odit aliquam. Nobis vel quaerat qui quod eligendi et. Asperiores animi beatae ea tempore.',65,'App\\Models\\Inventory',1,0,'2022-07-22 19:57:51','2022-07-18 19:57:51'),
	(2,13,3,'Quos modi recusandae omnis cumque qui omnis commodi aut. Voluptatibus reiciendis eum omnis sed maiores praesentium deserunt enim. Itaque veritatis qui quibusdam doloribus laudantium dolor. Quas alias dolorem est sit ipsam quos magni. Ab vel consequatur eum ea illum debitis.',30,'App\\Models\\Inventory',1,0,'2022-08-02 19:57:51','2022-07-31 19:57:51'),
	(3,9,3,'Voluptate fugiat minima iste nihil omnis molestias. Rerum ut corrupti incidunt repellendus. Et autem soluta atque. Sit ea est et inventore architecto aspernatur odio laudantium.',48,'App\\Models\\Inventory',1,0,'2022-07-30 19:57:51','2022-07-27 19:57:51'),
	(4,8,5,'Aut pariatur voluptatem iusto deserunt ipsum rem. Tempora modi nihil quis est. Accusantium laborum voluptas perspiciatis ipsa. Ut et earum in qui occaecati ut.',2,'App\\Models\\Shop',1,0,'2022-07-20 19:57:51','2022-08-01 19:57:51'),
	(5,15,3,'Fugit sit magni sed quasi. Cumque sunt quia qui et dolor. Accusantium mollitia consequatur non nostrum officiis id fugit et. At voluptatem quo sequi pariatur necessitatibus voluptates non optio.',3,'App\\Models\\Shop',1,0,'2022-07-23 19:57:51','2022-07-30 19:57:51'),
	(6,12,5,'In ut eligendi aperiam expedita quia sit reprehenderit et. Nam sequi asperiores neque eveniet. Autem quas sapiente esse corporis laboriosam.',4,'App\\Models\\Shop',1,0,'2022-07-29 19:57:51','2022-07-27 19:57:51'),
	(7,7,1,'Aut voluptas similique minus quia. Omnis exercitationem perspiciatis quae doloribus sint praesentium natus. Quia rerum possimus tempore laborum animi.',84,'App\\Models\\Inventory',1,0,'2022-07-24 19:57:51','2022-07-26 19:57:51'),
	(8,12,1,'Et aspernatur non maxime odio. Velit qui in aut rerum exercitationem numquam. Suscipit ut nostrum et labore. Explicabo qui saepe sit excepturi corporis error impedit.',5,'App\\Models\\Shop',1,0,'2022-07-26 19:57:51','2022-07-27 19:57:51'),
	(9,11,1,'Aliquid quidem quia dolorem at fuga recusandae. Praesentium atque alias saepe ut porro laboriosam. Adipisci explicabo nam aliquam animi et qui amet. Ab debitis facere ratione a id vel aliquam.',47,'App\\Models\\Inventory',1,0,'2022-07-31 19:57:51','2022-07-31 19:57:51'),
	(10,13,4,'Praesentium qui aliquam consequuntur autem sed aut. Harum quis quia error exercitationem. Totam quia consequuntur odit ipsam dolore at.',1,'App\\Models\\Shop',1,0,'2022-08-02 19:57:51','2022-07-21 19:57:51'),
	(11,3,1,'Quo a quod facilis omnis sit. Odit architecto totam minus laboriosam velit sequi vel. Quia sed animi laborum minus quae. Et quis et velit expedita error pariatur.',55,'App\\Models\\Inventory',1,0,'2022-07-28 19:57:51','2022-07-24 19:57:51'),
	(12,12,4,'Culpa deleniti qui aut harum. Assumenda beatae autem reprehenderit animi vitae voluptatem eveniet. Nesciunt debitis a aperiam. Explicabo quam quibusdam natus facere.',19,'App\\Models\\Inventory',1,0,'2022-07-21 19:57:51','2022-07-24 19:57:51'),
	(13,1,1,'Sit fuga quod excepturi labore consequatur. Eligendi dolorem magnam excepturi sint voluptatum animi. Illo corporis est occaecati alias. Nesciunt laborum eveniet ut voluptatem.',2,'App\\Models\\Shop',1,0,'2022-07-24 19:57:51','2022-07-29 19:57:51'),
	(14,10,4,'Autem tempora assumenda odit soluta in commodi. Voluptatum a ex et velit. Et asperiores accusantium ex non a quo iusto. Omnis exercitationem voluptas sit aperiam deserunt.',45,'App\\Models\\Inventory',1,0,'2022-07-24 19:57:51','2022-07-26 19:57:51'),
	(15,1,2,'Possimus hic voluptatem nesciunt hic consequatur magni vero. Sit et culpa dolores voluptatum laboriosam hic. Maxime ducimus porro fugiat assumenda velit perferendis sit.',3,'App\\Models\\Shop',1,0,'2022-07-18 19:57:51','2022-07-21 19:57:51'),
	(16,11,1,'Sit iste voluptas facilis quia et laboriosam. Ipsum autem laudantium temporibus eveniet ut pariatur voluptate nulla.',4,'App\\Models\\Shop',1,0,'2022-07-27 19:57:51','2022-07-21 19:57:51'),
	(17,5,4,'Atque ut expedita qui veniam neque sunt commodi. Voluptates et qui sit perspiciatis similique iure. Deleniti non consequuntur itaque voluptatem totam veniam quia ab. Omnis quam inventore deleniti non occaecati.',4,'App\\Models\\Shop',1,0,'2022-07-26 19:57:51','2022-08-02 19:57:51'),
	(18,14,5,'Rerum vero sapiente beatae soluta ratione est possimus quis. Voluptatibus molestiae hic corrupti quia. Velit voluptas magnam laborum fuga et voluptatibus. Pariatur tenetur doloribus quia eveniet dolor.',17,'App\\Models\\Inventory',1,0,'2022-07-28 19:57:51','2022-07-19 19:57:51'),
	(19,7,2,'Modi dicta quam magni est. Modi numquam accusamus deserunt incidunt sit et. Officiis ut corrupti eveniet nemo.',71,'App\\Models\\Inventory',1,0,'2022-07-28 19:57:51','2022-07-28 19:57:51'),
	(20,10,1,'Nisi quas nam doloribus asperiores dolorem pariatur distinctio quis. Et eius maiores provident accusantium repudiandae vel.',2,'App\\Models\\Shop',1,0,'2022-07-30 19:57:51','2022-07-19 19:57:51'),
	(21,16,2,'Et eos consequuntur reiciendis voluptas esse modi aliquid. Adipisci repellendus non omnis omnis aut aspernatur est quos.',32,'App\\Models\\Inventory',1,0,'2022-07-28 19:57:51','2022-07-24 19:57:51'),
	(22,11,5,'Qui rerum maiores accusamus repellendus saepe quas minima tempora. Aliquid est dolorum sunt dolorem. Doloremque voluptatem eos neque odit labore repellat vel.',2,'App\\Models\\Shop',1,0,'2022-07-21 19:57:51','2022-08-01 19:57:51'),
	(23,10,3,'Tenetur nam similique id. Quidem veniam laudantium inventore dolor accusantium. Eum ullam voluptatem laborum enim suscipit non.',2,'App\\Models\\Shop',1,0,'2022-07-29 19:57:51','2022-07-24 19:57:51'),
	(24,13,4,'Iure libero et dolorem aliquid at nam. Quia fugiat quia quidem dolorem.',55,'App\\Models\\Inventory',1,0,'2022-07-20 19:57:51','2022-07-19 19:57:51'),
	(25,10,3,'Modi labore id quos quam. Cupiditate odit et sapiente aperiam. Dignissimos nulla amet ut sit voluptatem velit. Sed ducimus minima qui.',86,'App\\Models\\Inventory',1,0,'2022-07-22 19:57:51','2022-07-30 19:57:51'),
	(26,5,2,'Aut laboriosam expedita recusandae dolorem est. Voluptatem quisquam dolorum sunt impedit deserunt voluptas qui. Ducimus et iste qui voluptatem est. Alias corporis harum et velit cupiditate aut molestiae.',104,'App\\Models\\Inventory',1,0,'2022-07-31 19:57:51','2022-07-21 19:57:51'),
	(27,15,2,'Voluptates amet dolor voluptatem voluptas magnam aut et. Numquam labore corporis ea nobis aut.',5,'App\\Models\\Shop',1,0,'2022-08-01 19:57:51','2022-07-18 19:57:51'),
	(28,7,3,'Explicabo non iste quae cupiditate. Assumenda atque voluptas esse fugiat qui. Nisi quas voluptas nemo totam alias voluptas earum. Dignissimos veniam eum repudiandae. Aliquam in ipsum eaque corrupti qui ut.',70,'App\\Models\\Inventory',1,0,'2022-07-20 19:57:51','2022-07-27 19:57:51'),
	(29,6,3,'Repellendus id repellendus reiciendis voluptate. Alias nihil nihil laboriosam itaque. Eligendi ut quis quam hic aut.',16,'App\\Models\\Inventory',1,0,'2022-07-19 19:57:51','2022-07-20 19:57:51'),
	(30,2,3,'Et aut eveniet omnis aut veritatis aut. Sapiente ullam enim tempore culpa et dignissimos velit expedita. Velit rerum ea sint voluptatem ipsum ex.',51,'App\\Models\\Inventory',1,0,'2022-07-26 19:57:51','2022-07-23 19:57:51'),
	(31,12,2,'Beatae maxime ipsum maiores ut suscipit atque consequatur. Sed iste repellat ex ut dignissimos et. Officia et expedita mollitia. Inventore voluptas qui illo aut.',3,'App\\Models\\Shop',1,0,'2022-07-28 19:57:51','2022-07-29 19:57:51'),
	(32,5,3,'Minus repudiandae voluptas praesentium reiciendis tenetur commodi optio illo. Iusto amet autem quam cumque quibusdam. Ea recusandae sequi qui aperiam corporis saepe. Iste dolores voluptas distinctio asperiores rerum est. Perferendis velit et sunt nihil quia sed.',3,'App\\Models\\Shop',1,0,'2022-07-31 19:57:51','2022-08-02 19:57:51'),
	(33,11,2,'Nostrum quia distinctio ut at. Officiis reprehenderit voluptatibus laudantium laborum ducimus laudantium accusamus.',1,'App\\Models\\Shop',1,0,'2022-08-02 19:57:51','2022-07-18 19:57:51'),
	(34,7,2,'Dolor est minus dolores officia nemo. In rerum incidunt adipisci quia quos ipsa.',1,'App\\Models\\Inventory',1,0,'2022-07-30 19:57:51','2022-07-27 19:57:51'),
	(35,10,4,'Est vel atque rerum consequatur. Reiciendis consequatur nihil nihil qui. Praesentium aut repellendus pariatur minima eum vel. Vitae consequatur dignissimos perferendis ex soluta tempora.',33,'App\\Models\\Inventory',1,0,'2022-07-18 19:57:51','2022-07-28 19:57:51'),
	(36,11,5,'Dolores atque rem rem nostrum et a. In autem et aut omnis. Rem ullam corporis maiores molestiae aut qui nostrum. Amet consequatur ea quo cum vel.',89,'App\\Models\\Inventory',1,0,'2022-07-20 19:57:51','2022-07-25 19:57:51'),
	(37,16,5,'Sunt ea soluta nihil possimus. Quis et deserunt eum quaerat repellat. Vero laudantium neque amet a.',1,'App\\Models\\Shop',1,0,'2022-07-19 19:57:51','2022-07-24 19:57:51'),
	(38,10,1,'Nihil alias sed delectus ab. Maiores consequatur odio quia tempore. Amet tenetur nisi aut dolorum aliquid aut vel.',90,'App\\Models\\Inventory',1,0,'2022-07-31 19:57:51','2022-07-28 19:57:51'),
	(39,2,5,'Culpa nostrum reiciendis dolore facilis laborum iusto laborum. Ipsam praesentium animi accusamus quo sed et consequatur. Laudantium magni quaerat quam mollitia. Aut aut quidem deserunt cumque.',39,'App\\Models\\Inventory',1,0,'2022-07-30 19:57:51','2022-07-28 19:57:51'),
	(40,3,4,'Distinctio minus expedita corporis quae dolores corporis. Molestias cumque occaecati velit voluptas in. Exercitationem tempora nemo consequatur. Ea repellendus iste eos vero et quaerat esse.',2,'App\\Models\\Shop',1,0,'2022-08-02 19:57:51','2022-07-23 19:57:51'),
	(41,6,1,'Fugiat laborum eum est. Voluptatem rem rerum inventore rem. Facere dolorem cupiditate nobis laudantium.',7,'App\\Models\\Inventory',1,0,'2022-08-01 19:57:51','2022-07-26 19:57:51'),
	(42,8,3,'Adipisci enim eos voluptatibus distinctio. Dignissimos id reprehenderit veritatis quia architecto. Qui corrupti eveniet sed et.',90,'App\\Models\\Inventory',1,0,'2022-07-21 19:57:51','2022-07-29 19:57:51'),
	(43,16,2,'Corrupti sed rerum dolorem quaerat illo ut. Rerum in et quia rerum. Magni neque dignissimos error vitae non eius expedita deleniti. Eum quasi deserunt dolore aut eos nostrum et magnam.',3,'App\\Models\\Shop',1,0,'2022-07-18 19:57:51','2022-07-18 19:57:51'),
	(44,4,2,'Qui eum laboriosam praesentium tenetur molestias architecto consequatur. Voluptate quia officia vitae dolor est voluptatum optio. Voluptatibus modi ut quia tempora. Libero et asperiores soluta deserunt enim odit.',1,'App\\Models\\Shop',1,0,'2022-07-19 19:57:51','2022-07-30 19:57:51'),
	(45,13,3,'Cupiditate voluptas temporibus a excepturi quo illum ea assumenda. Et ducimus enim doloribus corrupti cupiditate dolores. Non tenetur ea ex et recusandae eligendi laudantium.',5,'App\\Models\\Shop',1,0,'2022-07-31 19:57:51','2022-08-02 19:57:51'),
	(46,8,2,'Voluptatem velit non optio aut dolores inventore. Voluptatem autem aut cupiditate iusto esse dolores minima id. Ex fugit unde quas culpa architecto blanditiis non mollitia.',51,'App\\Models\\Inventory',1,0,'2022-07-28 19:57:51','2022-07-23 19:57:51'),
	(47,11,4,'Nostrum quibusdam dolorem ipsa eum ut eum corporis. Molestiae explicabo dolores non aut. Explicabo necessitatibus cumque est quibusdam dolor dolor.',94,'App\\Models\\Inventory',1,0,'2022-07-19 19:57:51','2022-07-31 19:57:51'),
	(48,3,4,'Consequatur soluta natus illo expedita inventore esse. Impedit odio dolorum qui vitae fuga.',4,'App\\Models\\Shop',1,0,'2022-07-23 19:57:51','2022-07-19 19:57:51'),
	(49,14,2,'Sit aperiam dolores autem earum amet a impedit. Quibusdam sint aut dolor.',73,'App\\Models\\Inventory',1,0,'2022-07-27 19:57:51','2022-07-29 19:57:51'),
	(50,14,5,'Nostrum quod eum officia. Dolore possimus et fugit consectetur ad. Consectetur ipsum in sequi iste. Asperiores beatae quasi aut et quas.',1,'App\\Models\\Shop',1,0,'2022-07-30 19:57:51','2022-07-22 19:57:51'),
	(51,11,1,'At ut et ut occaecati est. Reiciendis rem sint qui quia quas laudantium dolorem laudantium. Perferendis maiores voluptas reiciendis quia.',56,'App\\Models\\Inventory',1,0,'2022-07-27 19:57:51','2022-07-29 19:57:51'),
	(52,8,4,'Voluptatum et est a atque neque. Consequatur qui numquam in libero omnis. Vel excepturi architecto consequuntur.',106,'App\\Models\\Inventory',1,0,'2022-08-02 19:57:51','2022-07-28 19:57:51'),
	(53,6,5,'Velit molestiae animi eos tempora eum. Est officia qui odio autem eos. Temporibus est eligendi eum eaque doloremque.',4,'App\\Models\\Shop',1,0,'2022-07-30 19:57:51','2022-07-22 19:57:51'),
	(54,7,1,'Error commodi et et velit voluptatum. Veritatis quas et nemo at non in. Doloribus aut sit cumque repellat dolor commodi ut. Debitis asperiores consequuntur rem expedita consequuntur quis.',91,'App\\Models\\Inventory',1,0,'2022-07-20 19:57:51','2022-07-26 19:57:51'),
	(55,15,5,'Error deserunt blanditiis omnis labore magni. Quia reiciendis omnis eum nihil. Qui unde architecto quaerat assumenda at accusantium occaecati.',105,'App\\Models\\Inventory',1,0,'2022-07-28 19:57:51','2022-07-19 19:57:51'),
	(56,7,1,'Aliquid tempora amet tempora laboriosam voluptate sed illum aut. Sit doloribus reprehenderit facilis expedita aliquid possimus. Quia accusantium est consequatur reprehenderit nisi autem ex. Sunt molestiae quaerat quis nulla.',3,'App\\Models\\Shop',1,0,'2022-07-21 19:57:51','2022-07-19 19:57:51'),
	(57,6,1,'Consequatur sapiente aut vel voluptatem quia quisquam consequatur. Tempora unde quod laboriosam rerum modi rem molestiae.',47,'App\\Models\\Inventory',1,0,'2022-08-01 19:57:51','2022-08-01 19:57:51'),
	(58,10,3,'Fugit exercitationem impedit sed. Nesciunt omnis dolores incidunt. Reprehenderit est voluptas quae corrupti amet quas. Suscipit numquam maxime ullam non.',2,'App\\Models\\Shop',1,0,'2022-07-30 19:57:51','2022-07-21 19:57:51'),
	(59,10,5,'Fugiat voluptas earum in. Sed repudiandae sed praesentium aspernatur doloribus sint. Veritatis et alias veritatis. Aliquid ea sit quis et quo laboriosam. Sed qui laboriosam dolore.',4,'App\\Models\\Shop',1,0,'2022-08-02 19:57:51','2022-07-18 19:57:51'),
	(60,4,1,'Totam consectetur quos aut non non iure. Rerum quo nam illo excepturi dolores in aliquid quae. Saepe nemo libero cumque facilis.',5,'App\\Models\\Shop',1,0,'2022-07-31 19:57:51','2022-07-21 19:57:51'),
	(61,4,1,'Voluptatem voluptatum et tenetur rerum placeat explicabo nisi. Esse earum quos excepturi rerum et est. Excepturi saepe et tempora voluptas.',55,'App\\Models\\Inventory',1,0,'2022-08-01 19:57:51','2022-08-01 19:57:51'),
	(62,3,1,'Sint dolorem aut est est dolorum nesciunt non. Ab omnis quis et. Et est unde expedita autem qui labore ut. Aut eveniet quod voluptatibus ad dolorum.',53,'App\\Models\\Inventory',1,0,'2022-08-01 19:57:51','2022-08-01 19:57:51'),
	(63,14,5,'Sapiente sequi unde non est ea a. Ut consequatur ea est sunt nostrum qui. Dicta qui sapiente veniam veritatis incidunt.',81,'App\\Models\\Inventory',1,0,'2022-07-21 19:57:51','2022-07-28 19:57:51'),
	(64,2,5,'Voluptatem vitae ut sunt ea facilis. Fugiat beatae ullam nesciunt blanditiis non. Veritatis non repellat voluptas nisi veritatis qui. Dolorum consequatur quibusdam quisquam sunt commodi.',26,'App\\Models\\Inventory',1,0,'2022-07-28 19:57:51','2022-07-19 19:57:51'),
	(65,6,4,'Dolorem laudantium voluptas omnis itaque fugit dolorum officiis. Nam voluptate est voluptatibus in aut aut. Eligendi qui eum veniam cumque ea occaecati. Quae voluptatem alias dolores et. Reprehenderit magni cumque saepe impedit cum.',3,'App\\Models\\Shop',1,0,'2022-07-26 19:57:51','2022-07-20 19:57:51'),
	(66,8,5,'Ut quasi eum quia enim exercitationem. Est voluptas vel magnam vel distinctio. Beatae quae veniam ea facilis.',75,'App\\Models\\Inventory',1,0,'2022-07-19 19:57:51','2022-07-31 19:57:51'),
	(67,12,5,'A corrupti neque velit harum illo ipsum explicabo. Soluta enim sed totam aut laborum. Laborum omnis consequatur consequatur aut quis voluptatibus excepturi. Magnam earum numquam at ad perspiciatis.',5,'App\\Models\\Shop',1,0,'2022-07-20 19:57:51','2022-07-22 19:57:51'),
	(68,4,2,'Eum voluptatem enim officiis nisi. Et aliquam reprehenderit placeat tempora deserunt qui excepturi. Harum eius quo odio ullam rerum molestiae. Temporibus voluptates aut quia temporibus quia qui omnis.',3,'App\\Models\\Shop',1,0,'2022-07-31 19:57:51','2022-07-23 19:57:51'),
	(69,1,2,'Officiis facilis corporis ad ratione sit est. Perferendis neque unde harum ipsum sapiente quia aliquid distinctio. Veniam totam iure velit autem tempora eos. Deleniti tempore odio ut culpa sequi tempora ex.',22,'App\\Models\\Inventory',1,0,'2022-07-31 19:57:51','2022-08-02 19:57:51'),
	(70,2,2,'Qui dignissimos suscipit doloribus hic. Aut voluptatem corrupti molestiae necessitatibus consequatur occaecati aperiam. Exercitationem sit praesentium unde unde possimus unde sequi. Omnis eligendi rerum quis cum.',5,'App\\Models\\Shop',1,0,'2022-07-22 19:57:51','2022-07-20 19:57:51'),
	(71,16,4,'Quaerat et optio enim quia iure. Magni sit rerum est autem cupiditate. Beatae harum sequi qui cum.',1,'App\\Models\\Shop',1,0,'2022-07-20 19:57:51','2022-07-23 19:57:51'),
	(72,8,1,'Quasi fugiat dolor odio dolores asperiores unde. Laudantium saepe et suscipit aut consequuntur nam. Qui quibusdam amet quam qui aliquid beatae. Voluptatem eveniet nostrum qui.',11,'App\\Models\\Inventory',1,0,'2022-07-27 19:57:51','2022-08-01 19:57:51'),
	(73,16,1,'Iure cupiditate accusamus ratione quo nulla. Molestiae possimus doloribus corporis nisi at doloremque dicta.',2,'App\\Models\\Shop',1,0,'2022-08-01 19:57:51','2022-07-20 19:57:51'),
	(74,9,2,'Id sed aliquid eos deleniti. Dicta sequi explicabo eos veniam. Doloribus perspiciatis omnis in omnis quos incidunt dolorum. Aut nostrum autem excepturi quasi sunt quis.',4,'App\\Models\\Shop',1,0,'2022-08-01 19:57:51','2022-07-25 19:57:51'),
	(75,9,3,'Nisi accusamus excepturi voluptatum temporibus. Earum necessitatibus temporibus minima unde eum explicabo. Officia quis quis laboriosam molestiae molestias. Ad aut ea ut harum molestias reprehenderit nesciunt.',3,'App\\Models\\Shop',1,0,'2022-07-27 19:57:51','2022-07-26 19:57:51'),
	(76,3,5,'Repudiandae cum ipsa fuga eum et nam. Vitae odit veritatis magni quaerat mollitia voluptates. Sit placeat quia et placeat eligendi. Recusandae at fugiat ut magni aut velit.',2,'App\\Models\\Shop',1,0,'2022-07-22 19:57:51','2022-07-22 19:57:51'),
	(77,13,5,'Assumenda officia repellendus reprehenderit enim omnis sequi. Fuga non iure sed sed sequi. Tempore doloribus magnam officiis voluptatem iure.',2,'App\\Models\\Shop',1,0,'2022-07-22 19:57:51','2022-07-29 19:57:51'),
	(78,2,1,'Cum in fugiat est. Id voluptatem vel magnam corrupti similique. In voluptatibus rerum voluptatum nihil qui accusantium.',61,'App\\Models\\Inventory',1,0,'2022-07-22 19:57:51','2022-07-27 19:57:51'),
	(79,15,2,'Hic placeat nobis quia non. Voluptas cum illo minus tempora voluptatem est et. Fugiat iusto quis sapiente et sapiente fugit. Totam id et ipsa aliquam possimus est omnis. Rem at nemo assumenda laboriosam.',2,'App\\Models\\Inventory',1,0,'2022-07-21 19:57:51','2022-08-02 19:57:51'),
	(80,16,2,'Ipsam voluptatem tenetur quisquam nihil. Molestiae labore eius quod eligendi placeat sunt. Ratione et pariatur voluptas dolor.',17,'App\\Models\\Inventory',1,0,'2022-07-18 19:57:51','2022-07-22 19:57:51'),
	(81,1,2,'Molestias consequatur in error illum perspiciatis. Corrupti ut doloribus excepturi et. Dolorem est omnis fugiat dolore aspernatur omnis iure odit.',17,'App\\Models\\Inventory',1,0,'2022-07-26 19:57:51','2022-07-24 19:57:51'),
	(82,1,5,'Sunt rerum explicabo voluptatem doloribus. Ut iure et necessitatibus incidunt quidem minima rerum occaecati. Et officia hic aspernatur praesentium rerum voluptatibus. Eius nihil ut dolorum ullam autem pariatur.',99,'App\\Models\\Inventory',1,0,'2022-07-20 19:57:51','2022-07-27 19:57:51'),
	(83,1,2,'Quas enim dolor facilis minus nesciunt voluptatem delectus. Cumque delectus ipsum aut facilis veritatis. Harum ipsum fugit culpa facere. Impedit quis eius omnis et sit enim.',86,'App\\Models\\Inventory',1,0,'2022-07-22 19:57:51','2022-08-02 19:57:51'),
	(84,10,5,'Quam repudiandae ipsam reiciendis est reprehenderit distinctio ullam. Dolore odio necessitatibus nisi sunt a distinctio sit molestiae. Laborum saepe omnis expedita consectetur quia. Laborum vel et et.',104,'App\\Models\\Inventory',1,0,'2022-07-21 19:57:51','2022-07-23 19:57:51'),
	(85,16,5,'Libero et ipsum soluta iure repellendus minus deserunt. Consequuntur incidunt dolore excepturi eveniet. Facere quam sunt veritatis. Consequatur eum rerum occaecati commodi nisi qui tempora nihil.',1,'App\\Models\\Shop',1,0,'2022-07-24 19:57:51','2022-08-02 19:57:51'),
	(86,11,1,'Sed quia molestiae iste quis. Voluptas et harum et enim laboriosam. Sit sunt et alias vel aut labore incidunt. Sit et eveniet suscipit dolorem.',2,'App\\Models\\Shop',1,0,'2022-07-27 19:57:51','2022-07-26 19:57:51'),
	(87,10,3,'Dignissimos sed explicabo laboriosam dolores cum. Non velit delectus ab sint. Ipsam maiores non quisquam voluptas. Quaerat quae accusamus in atque quo illo id.',35,'App\\Models\\Inventory',1,0,'2022-07-20 19:57:51','2022-07-20 19:57:51'),
	(88,13,2,'Voluptate ut quia nihil voluptate dolorum voluptatem rerum. In tenetur rerum labore sunt et. Illum dolor ad accusamus mollitia eum doloremque. Optio veritatis iure dolor sed porro.',91,'App\\Models\\Inventory',1,0,'2022-08-01 19:57:51','2022-07-23 19:57:51'),
	(89,5,5,'Quo magni non voluptatum facilis voluptatum ut culpa. Aut accusamus repellat mollitia ea blanditiis. Quisquam earum debitis et qui accusantium illo nam. Assumenda dolores ut tempora rem dignissimos ea consectetur autem.',77,'App\\Models\\Inventory',1,0,'2022-07-19 19:57:51','2022-07-18 19:57:51'),
	(90,16,1,'Et nihil delectus consequatur atque. Magni molestias maxime est aut corporis. Eos quod nesciunt qui aut labore. Qui magnam maiores praesentium asperiores animi officiis quis.',3,'App\\Models\\Shop',1,0,'2022-07-29 19:57:51','2022-07-19 19:57:51'),
	(91,14,3,'Eos et et numquam omnis velit ut. Qui consectetur perferendis dolorem ut architecto eveniet molestias. Non enim nihil consequatur aspernatur dicta eaque eaque. Voluptatem voluptatibus ea esse deleniti et dolor molestiae inventore. Est accusamus tempora praesentium pariatur ullam.',3,'App\\Models\\Shop',1,0,'2022-07-25 19:57:51','2022-07-25 19:57:51'),
	(92,8,5,'Voluptatum autem aliquam fuga ratione quis sunt. Molestias et quisquam qui. Sunt inventore quia sint aut omnis aliquam.',13,'App\\Models\\Inventory',1,0,'2022-07-24 19:57:51','2022-07-25 19:57:51'),
	(93,10,4,'Recusandae quas quis in at. Ex qui et consequatur odit. Et expedita sunt eaque sint inventore quas. Dolores tempore amet temporibus quas et corporis cumque.',105,'App\\Models\\Inventory',1,0,'2022-07-21 19:57:51','2022-07-25 19:57:51'),
	(94,10,5,'Dolores enim ipsa quasi cum deleniti laudantium provident. Aliquid neque et ut sunt necessitatibus quia illum. Neque beatae ad accusantium voluptas. Quis aliquid nihil velit consequuntur ad.',4,'App\\Models\\Shop',1,0,'2022-07-18 19:57:51','2022-07-25 19:57:51'),
	(95,4,5,'Rerum odio cumque inventore in ipsam pariatur non. Qui similique corporis esse ex itaque. Consequatur odio qui similique commodi. Ratione repudiandae dolores est beatae rem.',5,'App\\Models\\Shop',1,0,'2022-07-20 19:57:51','2022-07-26 19:57:51'),
	(96,15,4,'Beatae aut necessitatibus occaecati nihil voluptate. Quod dolor distinctio numquam consectetur aspernatur. Exercitationem corporis id nemo rem accusantium vel.',4,'App\\Models\\Shop',1,0,'2022-07-27 19:57:51','2022-07-31 19:57:51'),
	(97,10,1,'Et sunt fugit beatae inventore doloribus dolor at. Eum quibusdam blanditiis et et fugiat. Eius et iste culpa enim nam.',1,'App\\Models\\Shop',1,0,'2022-07-18 19:57:51','2022-07-25 19:57:51'),
	(98,13,5,'Doloribus voluptas laborum voluptas voluptatem autem consequatur dolorum molestias. Voluptatem in nostrum rem cumque non. Commodi id qui qui ut ad rerum quia.',87,'App\\Models\\Inventory',1,0,'2022-07-28 19:57:51','2022-08-01 19:57:51'),
	(99,5,1,'Et nam deserunt atque molestiae sed. Dolor quia pariatur dolor. Praesentium quisquam maxime natus et.',13,'App\\Models\\Inventory',1,0,'2022-07-31 19:57:51','2022-07-28 19:57:51'),
	(100,8,1,'Ratione tempore et ipsum illum voluptatem rem. Non error ut distinctio consectetur aliquid. Aut et deserunt ut nulla molestiae est maiores sed. Sed odio corrupti molestias rerum dolorem consequatur consequuntur.',74,'App\\Models\\Inventory',1,0,'2022-08-01 19:57:51','2022-07-26 19:57:51'),
	(101,5,3,'Enim et quae explicabo sed. Aliquid accusantium aliquid totam rerum aut maxime et. Optio illum commodi aut quia minus.',41,'App\\Models\\Inventory',1,0,'2022-07-29 19:57:51','2022-07-29 19:57:51'),
	(102,14,1,'Dolores dolores sit sit. Quos ut aut et necessitatibus. Voluptas adipisci explicabo non velit minus cupiditate.',30,'App\\Models\\Inventory',1,0,'2022-07-28 19:57:51','2022-07-18 19:57:51'),
	(103,13,4,'Ea et aut magni qui non. Id optio ducimus repudiandae quia minus. Excepturi eius sint voluptatibus temporibus voluptate. Distinctio velit voluptatum sint et consectetur.',63,'App\\Models\\Inventory',1,0,'2022-08-01 19:57:51','2022-07-28 19:57:51'),
	(104,12,5,'Dolores rerum non incidunt ullam sed et. Doloribus qui eius consequatur error. Optio laudantium ea voluptas perspiciatis consequatur.',2,'App\\Models\\Shop',1,0,'2022-08-02 19:57:51','2022-07-25 19:57:51'),
	(105,14,4,'Ut enim sed quibusdam quaerat doloribus ducimus natus. Ut et enim rerum aut. Natus ratione illum fuga distinctio et.',104,'App\\Models\\Inventory',1,0,'2022-07-30 19:57:51','2022-07-25 19:57:51'),
	(106,14,5,'Nobis vel enim non deleniti. Inventore eos itaque aliquam. Dolor officia quaerat quam voluptatem earum ipsum ipsum veniam. Quos nisi velit totam veniam ea cupiditate quis.',2,'App\\Models\\Inventory',1,0,'2022-07-22 19:57:51','2022-07-24 19:57:51'),
	(107,4,3,'Eveniet aut aut porro vitae reprehenderit neque. Eos exercitationem unde laboriosam qui nam quia voluptatem modi. Atque omnis aut et excepturi enim aut natus dolorem.',4,'App\\Models\\Shop',1,0,'2022-07-21 19:57:51','2022-07-28 19:57:51'),
	(108,16,1,'Quia non iusto dolores exercitationem autem iusto non. Hic placeat laborum voluptates cumque perferendis mollitia numquam.',14,'App\\Models\\Inventory',1,0,'2022-07-28 19:57:51','2022-07-25 19:57:51'),
	(109,12,5,'Sed ipsam est vero et. Voluptatem cum qui aspernatur illum consequatur molestiae. Eum recusandae ut earum velit consequatur.',53,'App\\Models\\Inventory',1,0,'2022-07-19 19:57:51','2022-07-31 19:57:51'),
	(110,13,4,'Voluptatem voluptatem perferendis laborum corrupti ut sunt. Et doloremque sunt eveniet repudiandae aut mollitia perspiciatis. Soluta omnis fuga illum iusto non sit ipsam. Quia ea distinctio delectus numquam qui qui.',81,'App\\Models\\Inventory',1,0,'2022-07-21 19:57:51','2022-07-29 19:57:51'),
	(111,7,2,'Rerum sed unde laudantium est quas. Consequatur veritatis veniam ratione quis ipsa iure. Sed ea aut magni sed fugiat inventore. Laborum fugiat vel fuga quasi. Nemo et aut eius veritatis earum sint.',5,'App\\Models\\Shop',1,0,'2022-07-19 19:57:51','2022-07-29 19:57:51'),
	(112,1,1,'Deleniti reprehenderit enim sit laudantium. Nisi architecto deserunt cumque eos. Ut asperiores sit ut omnis temporibus harum. Eum officiis et eum omnis repellat ducimus eos.',72,'App\\Models\\Inventory',1,0,'2022-08-01 19:57:51','2022-07-22 19:57:51'),
	(113,10,1,'Earum et est quis et sed quasi officia deleniti. Nihil sed itaque iure occaecati autem. Dicta quaerat ut consectetur recusandae veniam quis voluptate exercitationem.',21,'App\\Models\\Inventory',1,0,'2022-07-22 19:57:51','2022-08-02 19:57:51'),
	(114,4,1,'Magni dolores cum magnam dicta sunt numquam autem fuga. Rerum iste rerum assumenda et qui. Nisi voluptatibus reprehenderit illo dolore omnis cupiditate molestias. Error doloremque quibusdam eligendi itaque consequatur consectetur explicabo.',4,'App\\Models\\Shop',1,0,'2022-08-02 19:57:51','2022-07-31 19:57:51'),
	(115,1,1,'Illum nulla deserunt debitis dolor quidem est ad. Quod mollitia nihil velit.',2,'App\\Models\\Shop',1,0,'2022-07-22 19:57:51','2022-07-20 19:57:51'),
	(116,7,3,'Quod est excepturi maiores illum. Et assumenda nam et eius doloribus assumenda deleniti dolor. Mollitia illum delectus explicabo autem sunt voluptates ipsum omnis.',48,'App\\Models\\Inventory',1,0,'2022-07-26 19:57:51','2022-07-26 19:57:51'),
	(117,5,3,'A aut possimus quo voluptas ut animi tempora. Et et laudantium est repudiandae totam nihil. Porro quasi optio ut est ducimus debitis ut.',2,'App\\Models\\Shop',1,0,'2022-07-25 19:57:51','2022-07-28 19:57:51'),
	(118,10,4,'Dolorum repudiandae exercitationem sit expedita tempora saepe deserunt. Quo impedit soluta totam consequatur consequatur doloribus. Sed sit est vel enim id.',3,'App\\Models\\Shop',1,0,'2022-07-21 19:57:51','2022-07-23 19:57:51'),
	(119,7,2,'Et accusamus id quaerat omnis. Et ea possimus laborum placeat eos. Porro dolorem et aspernatur a sed cum temporibus.',92,'App\\Models\\Inventory',1,0,'2022-07-27 19:57:51','2022-07-18 19:57:51'),
	(120,15,5,'Quidem eius enim et voluptate aut natus velit. Vitae dolorem qui quos ab. Aut ipsum reiciendis dolor vitae sint quibusdam.',2,'App\\Models\\Shop',1,0,'2022-08-02 19:57:51','2022-07-20 19:57:51'),
	(121,7,1,'Vero quibusdam aut nostrum ut. Doloremque dolorem aut rerum distinctio quas quo. Minima optio odio ipsum. Aut non eum quae eaque sed accusamus.',35,'App\\Models\\Inventory',1,0,'2022-07-23 19:57:51','2022-07-28 19:57:51'),
	(122,12,4,'Voluptatem reiciendis laudantium ut et. Quod maiores cumque quia cumque neque rerum. Consequuntur natus enim atque doloremque. Est rem ratione repellendus omnis provident ab.',2,'App\\Models\\Shop',1,0,'2022-07-28 19:57:51','2022-08-02 19:57:51'),
	(123,11,5,'Blanditiis quaerat expedita minima ex sit et esse. Voluptatem ab occaecati mollitia rerum animi quis mollitia.',4,'App\\Models\\Shop',1,0,'2022-07-24 19:57:51','2022-07-29 19:57:51'),
	(124,1,2,'Qui sit tempora at ullam odit sunt nobis animi. Maiores rerum molestias ullam inventore iste. Qui ipsum accusamus quos ut provident. Vero fugiat vel et vel repellendus quia cumque.',4,'App\\Models\\Shop',1,0,'2022-07-20 19:57:51','2022-07-31 19:57:51'),
	(125,7,3,'Vel aut delectus quibusdam at. Culpa eum eaque optio et a id. Ea animi voluptatem numquam aut sed neque. Exercitationem in quod rerum quo non.',48,'App\\Models\\Inventory',1,0,'2022-07-22 19:57:51','2022-08-01 19:57:51'),
	(126,9,1,'Sed exercitationem sequi ea sit. Id tenetur eius consequatur ea. Voluptas harum quo dolores assumenda qui voluptate. Quo deleniti ab eveniet voluptatibus quo. Dolores earum ab magnam est repellat eligendi sint.',5,'App\\Models\\Shop',1,0,'2022-07-21 19:57:51','2022-07-21 19:57:51'),
	(127,7,5,'Modi porro iure voluptas minima. Incidunt aliquam consequatur nesciunt aut eius distinctio rerum. Dolorem praesentium nam voluptatibus id. Molestiae rerum sit voluptas nulla hic magnam.',17,'App\\Models\\Inventory',1,0,'2022-07-20 19:57:51','2022-07-19 19:57:51'),
	(128,6,2,'Sunt deleniti qui qui adipisci. Doloremque debitis nulla enim soluta. Sint vel iste corporis hic. Modi dolores sunt quas laborum perspiciatis saepe.',5,'App\\Models\\Shop',1,0,'2022-07-30 19:57:51','2022-08-02 19:57:51'),
	(129,2,5,'Ipsa voluptate aliquam quia eveniet quos fugit pariatur ad. Mollitia aperiam quia eligendi officia non. Non sit expedita hic omnis rerum sed sit. Enim a vero laudantium vero velit harum voluptatem. Deleniti et praesentium officia et eum.',73,'App\\Models\\Inventory',1,0,'2022-07-27 19:57:51','2022-07-26 19:57:51'),
	(130,1,4,'Est perferendis sed qui deleniti. Consequuntur id cupiditate molestiae ducimus. Et voluptas vel nulla quibusdam id qui.',40,'App\\Models\\Inventory',1,0,'2022-07-27 19:57:51','2022-07-18 19:57:51'),
	(131,6,5,'Mollitia dignissimos occaecati minima voluptas totam qui non quia. Dolorem debitis doloribus voluptates vel voluptas quisquam tenetur cumque. Rerum veniam eos ut velit cum maiores. Error fugiat quidem numquam in.',4,'App\\Models\\Shop',1,0,'2022-08-01 19:57:51','2022-07-21 19:57:51'),
	(132,3,2,'Dolorem voluptatem quas aut saepe et. Dolore maiores pariatur est. Aut saepe quod est. Dolores maiores provident quo totam et et.',2,'App\\Models\\Shop',1,0,'2022-08-02 19:57:51','2022-07-30 19:57:51'),
	(133,15,4,'Officia sunt odit consequatur explicabo doloribus. Id sit vel aperiam praesentium vel ducimus eum. Repellendus mollitia voluptatum ut rerum. Quia quasi est corrupti culpa omnis ut. Velit fuga minus cupiditate.',75,'App\\Models\\Inventory',1,0,'2022-07-29 19:57:51','2022-07-31 19:57:51'),
	(134,4,3,'Commodi exercitationem velit laudantium repellat cum ab. Et sit quia dignissimos libero molestiae. Perferendis hic aperiam ratione rerum nostrum porro et. Expedita possimus molestiae est vitae.',2,'App\\Models\\Shop',1,0,'2022-08-02 19:57:51','2022-07-23 19:57:51'),
	(135,2,4,'Quaerat molestias debitis a quas totam quia et. Voluptatem dolor et laudantium unde. Dicta dolorum aspernatur beatae iure illo esse.',1,'App\\Models\\Shop',1,0,'2022-07-24 19:57:51','2022-07-23 19:57:51'),
	(136,8,5,'Quam eius hic corrupti. Rerum est aliquid dicta blanditiis aut sed iusto. Ut in aut esse fugit quaerat ratione. Ullam omnis amet recusandae quia. Doloremque suscipit corporis et et voluptatem voluptas.',93,'App\\Models\\Inventory',1,0,'2022-07-27 19:57:51','2022-07-24 19:57:51'),
	(137,7,4,'Mollitia nisi ullam repudiandae enim eligendi aut. Repudiandae sit commodi aut sequi impedit omnis at. Quo ex qui illum. Consequatur optio culpa ipsa enim autem quis harum.',4,'App\\Models\\Inventory',1,0,'2022-07-20 19:57:51','2022-07-23 19:57:51'),
	(138,12,2,'Sit expedita sunt fuga minus molestiae reiciendis. Ut aut porro magni consequatur molestiae aut ducimus. Et voluptatem aut commodi sint quo. Dolores pariatur itaque harum. Dolor aliquid perferendis corrupti voluptatum hic qui minima qui.',5,'App\\Models\\Shop',1,0,'2022-07-19 19:57:51','2022-07-28 19:57:51'),
	(139,4,1,'Molestiae consectetur dolorem cupiditate consectetur eaque aut ut est. Qui distinctio odit aut qui reprehenderit modi. Est rerum molestiae quis ut dolore. Quia repellendus hic nihil dolores dolorem ratione.',14,'App\\Models\\Inventory',1,0,'2022-07-18 19:57:51','2022-07-24 19:57:51'),
	(140,4,5,'Et qui minima et eaque recusandae reiciendis omnis. Inventore amet et exercitationem voluptatem at aut sint. Quisquam ducimus harum quo. Qui ipsum maiores ab beatae quam quae enim.',1,'App\\Models\\Shop',1,0,'2022-07-29 19:57:51','2022-07-21 19:57:51'),
	(141,5,2,'Molestiae ad qui deleniti est eos. Ipsam et repellat aut et. Autem voluptatem et distinctio voluptatem atque sunt veritatis. Soluta repellat optio dolores totam dolorem molestiae.',2,'App\\Models\\Shop',1,0,'2022-07-27 19:57:51','2022-07-28 19:57:51'),
	(142,7,3,'Optio vitae consequuntur pariatur nam qui et ullam. Aspernatur quia adipisci officia ea magnam illum. Odio qui accusamus aspernatur maiores. Ipsa dolorem ea nihil et vitae autem.',105,'App\\Models\\Inventory',1,0,'2022-07-29 19:57:51','2022-07-23 19:57:51'),
	(143,6,5,'Qui omnis assumenda sed ut odio fugit. Voluptatum ipsum molestias odit amet quia. Voluptatum laborum velit amet placeat aut aut aut. Et nihil quia tenetur mollitia.',67,'App\\Models\\Inventory',1,0,'2022-07-28 19:57:51','2022-07-26 19:57:51'),
	(144,5,3,'Delectus fugit quia nostrum culpa ex modi dolorem. Velit sed et porro voluptatibus aliquid veniam. Quaerat et et nam ex.',34,'App\\Models\\Inventory',1,0,'2022-07-22 19:57:51','2022-07-27 19:57:51'),
	(145,8,2,'Expedita cum laborum dignissimos quisquam ullam labore sunt blanditiis. Suscipit odio ea fugit dignissimos aliquid incidunt harum ut. Aut exercitationem sint voluptatem odit et labore fugiat.',5,'App\\Models\\Shop',1,0,'2022-07-18 19:57:51','2022-07-29 19:57:51'),
	(146,5,3,'Voluptatum aut ea eveniet qui quam. Distinctio eum quis velit quis autem aspernatur. Quasi minima explicabo et et nam. Dignissimos sed amet quae ut consequatur quisquam alias.',3,'App\\Models\\Shop',1,0,'2022-07-25 19:57:51','2022-07-19 19:57:51'),
	(147,15,4,'Ipsum mollitia et qui qui id. Est ad magnam est. Iste voluptatem facere culpa voluptatibus voluptatem ducimus.',83,'App\\Models\\Inventory',1,0,'2022-07-25 19:57:51','2022-07-26 19:57:51'),
	(148,12,2,'Libero qui quia autem et et quam. Aut pariatur neque doloremque magnam vel. Qui occaecati repellendus sunt. Vel dignissimos iusto mollitia ducimus.',47,'App\\Models\\Inventory',1,0,'2022-07-21 19:57:51','2022-08-01 19:57:51'),
	(149,3,2,'Sunt consequatur voluptates veniam perferendis veritatis animi. Neque sint sint saepe quod necessitatibus laboriosam. Necessitatibus incidunt blanditiis sed voluptates. Reiciendis et voluptate aut optio a aut id vero.',5,'App\\Models\\Shop',1,0,'2022-07-19 19:57:51','2022-07-18 19:57:51'),
	(150,3,5,'Repudiandae eveniet dignissimos perferendis quisquam ut. Ut aut cumque ut. Quae quia quidem qui velit molestiae sunt corrupti. Accusantium atque suscipit exercitationem amet minima est nihil. Et quo veritatis optio qui.',3,'App\\Models\\Shop',1,0,'2022-08-01 19:57:51','2022-07-26 19:57:51'),
	(151,1,5,'It fits great. Very soft. Wife now does not want to take it off (basically I lost it to her), now ought to buy my own.',11,'App\\Models\\Inventory',1,0,'2022-12-14 09:48:18','2022-12-14 09:48:18'),
	(152,1,5,'fully satisfied with goods.',4,'App\\Models\\Shop',1,0,'2022-12-14 09:48:53','2022-12-14 09:48:53');



# Dump of table gift_cards
# ------------------------------------------------------------


CREATE TABLE `gift_cards` (
  `id` bigint(20) unsigned NOT NULL AUTO_INCREMENT,
  `customer_id` bigint(20) unsigned DEFAULT NULL,
  `name` text COLLATE utf8mb3_unicode_ci DEFAULT NULL,
  `description` text COLLATE utf8mb3_unicode_ci DEFAULT NULL,
  `serial_number` varchar(255) COLLATE utf8mb3_unicode_ci DEFAULT NULL,
  `pin_code` varchar(255) COLLATE utf8mb3_unicode_ci DEFAULT NULL,
  `value` decimal(20,6) DEFAULT NULL,
  `remaining_value` decimal(20,6) DEFAULT NULL,
  `partial_use` tinyint(1) DEFAULT NULL,
  `activation_time` timestamp NULL DEFAULT NULL,
  `expiry_time` timestamp NULL DEFAULT NULL,
  `exclude_offer_items` tinyint(1) DEFAULT NULL,
  `exclude_tax_n_shipping` tinyint(1) DEFAULT NULL,
  `deleted_at` timestamp NULL DEFAULT NULL,
  `created_at` timestamp NULL DEFAULT NULL,
  `updated_at` timestamp NULL DEFAULT NULL,
  PRIMARY KEY (`id`)
) ENGINE=InnoDB DEFAULT CHARSET=utf8mb3 COLLATE=utf8mb3_unicode_ci;



# Dump of table gtin_types
# ------------------------------------------------------------


CREATE TABLE `gtin_types` (
  `id` int(10) unsigned NOT NULL AUTO_INCREMENT,
  `name` varchar(100) COLLATE utf8mb3_unicode_ci NOT NULL,
  `description` text COLLATE utf8mb3_unicode_ci NOT NULL,
  PRIMARY KEY (`id`),
  UNIQUE KEY `gtin_types_name_unique` (`name`)
) ENGINE=InnoDB DEFAULT CHARSET=utf8mb3 COLLATE=utf8mb3_unicode_ci;


INSERT INTO `gtin_types` (`id`, `name`, `description`)
VALUES
	(1,'UPC','Universal Product Code (UPC), also called GTIN-12 and UPC-A'),
	(2,'EAN','European Article Number (EAN), also called GTIN-13'),
	(3,'JAN','Japanese Article Number (JAN), also called GTIN-13'),
	(4,'ISBN','International Standard Book Number (ISBN)'),
	(5,'ITF','ITF barcodes, also known as Interleaved 2 of 5 barcodes, encode 14 numeric digits and are generally used for the packaging level of products. Since they can deal with high printing tolerances, ITF is a good choice when barcodes need to be printed on corrugated cardboard.');



# Dump of table images
# ------------------------------------------------------------


CREATE TABLE `images` (
  `id` bigint(20) unsigned NOT NULL AUTO_INCREMENT,
  `path` text COLLATE utf8mb3_unicode_ci NOT NULL,
  `name` text COLLATE utf8mb3_unicode_ci DEFAULT NULL,
  `type` varchar(100) COLLATE utf8mb3_unicode_ci DEFAULT NULL,
  `extension` varchar(255) COLLATE utf8mb3_unicode_ci DEFAULT NULL,
  `size` varchar(255) COLLATE utf8mb3_unicode_ci DEFAULT '0',
  `order` int(11) NOT NULL DEFAULT 0,
  `featured` tinyint(4) DEFAULT NULL,
  `imageable_id` int(10) unsigned NOT NULL,
  `imageable_type` varchar(255) COLLATE utf8mb3_unicode_ci NOT NULL,
  `created_at` timestamp NULL DEFAULT NULL,
  `updated_at` timestamp NULL DEFAULT NULL,
  PRIMARY KEY (`id`)
) ENGINE=InnoDB DEFAULT CHARSET=utf8mb3 COLLATE=utf8mb3_unicode_ci;


INSERT INTO `images` (`id`, `path`, `name`, `type`, `extension`, `size`, `order`, `featured`, `imageable_id`, `imageable_type`, `created_at`, `updated_at`)
VALUES
	(1,'images/63fde867797c3.webp','3rTAdM0MAi.png','logo','webp','0',0,0,1,'App\\Models\\Shop','2022-08-15 19:57:43','2023-02-28 11:41:27'),
	(2,'images/63fde8678b5a5.webp','wnEGXFucqJ.png','logo','webp','0',0,0,2,'App\\Models\\Shop','2022-08-15 19:57:43','2023-02-28 11:41:27'),
	(3,'images/63fde86794fe9.webp','df91bmxUpj.png','logo','webp','0',0,0,3,'App\\Models\\Shop','2022-08-15 19:57:43','2023-02-28 11:41:27'),
	(4,'images/63fde867a74a8.webp','6wPuQHvSho.png','logo','webp','0',0,0,4,'App\\Models\\Shop','2022-08-15 19:57:43','2023-02-28 11:41:27'),
	(5,'images/63fde867b3782.webp','0oDdTCXJX5.png','logo','webp','0',0,0,5,'App\\Models\\Shop','2022-08-15 19:57:43','2023-02-28 11:41:27'),
	(6,'images/63fde867cd89b.webp','category_5.png','background','webp','0',0,0,5,'App\\Models\\CategoryGroup','2022-08-02 19:57:45','2023-02-28 11:41:27'),
	(8,'images/63fde86816ffb.webp','category_2.png','background','webp','0',0,0,2,'App\\Models\\CategoryGroup','2022-08-02 19:57:45','2023-02-28 11:41:28'),
	(9,'images/63fde86848d01.webp','category_9.png','background','webp','0',0,0,9,'App\\Models\\CategoryGroup','2022-08-02 19:57:45','2023-02-28 11:41:28'),
	(10,'images/63fde86877097.webp','category_1.png','background','webp','0',0,0,1,'App\\Models\\CategoryGroup','2022-08-02 19:57:45','2023-02-28 11:41:28'),
	(11,'images/63fde86891b18.webp','category_7.png','background','webp','0',0,0,7,'App\\Models\\CategoryGroup','2022-08-02 19:57:45','2023-02-28 11:41:28'),
	(12,'images/63fde868b50f1.webp','category_3.png','background','webp','0',0,0,3,'App\\Models\\CategoryGroup','2022-08-02 19:57:45','2023-02-28 11:41:28'),
	(13,'images/63fde868d0176.webp','category_8.png','background','webp','0',0,0,8,'App\\Models\\CategoryGroup','2022-08-02 19:57:45','2023-02-28 11:41:28'),
	(14,'images/63fde868ecfd9.webp','category_6.png','background','webp','0',0,0,6,'App\\Models\\CategoryGroup','2022-08-02 19:57:45','2023-02-28 11:41:28'),
	(15,'images/63fde8691e8c5.webp','YsYTGgqU8N.jpg',NULL,'webp','85299',0,1,1,'App\\Models\\Product','2022-08-02 19:57:46','2023-02-28 11:41:29'),
	(16,'images/63fde86946ba3.webp','reu22Of9vr.jpg',NULL,'webp','21899',0,0,1,'App\\Models\\Product','2022-08-02 19:57:46','2023-02-28 11:41:29'),
	(17,'images/63fde86961d46.webp','G2xfhOag9L.jpg',NULL,'webp','145810',0,1,4,'App\\Models\\Product','2022-08-02 19:57:46','2023-02-28 11:41:29'),
	(18,'images/63fde86982142.webp','P5mY1wcGqy.jpg',NULL,'webp','44668',0,0,4,'App\\Models\\Product','2022-08-02 19:57:46','2023-02-28 11:41:29'),
	(19,'images/63fde869a2483.webp','p0KA7zPxzL.jpg',NULL,'webp','40482',0,0,4,'App\\Models\\Product','2022-08-02 19:57:46','2023-02-28 11:41:29'),
	(20,'images/63fde869bf9c9.webp','bhPnOsikq0.jpg',NULL,'webp','32457',0,0,4,'App\\Models\\Product','2022-08-02 19:57:46','2023-02-28 11:41:29'),
	(21,'images/63fde86a0e71b.webp','eX97HmLxLs.jpg',NULL,'webp','367888',0,1,47,'App\\Models\\Product','2022-08-02 19:57:46','2023-02-28 11:41:30'),
	(22,'images/63fde86a34c2f.webp','wJJl89Ccvd.jpg',NULL,'webp','248919',0,0,47,'App\\Models\\Product','2022-08-02 19:57:46','2023-02-28 11:41:30'),
	(23,'images/63fde86a6d60d.webp','x0iV27CC6j.jpg',NULL,'webp','511252',0,0,47,'App\\Models\\Product','2022-08-02 19:57:46','2023-02-28 11:41:30'),
	(24,'images/63fde86a8fcf5.webp','ZvdS8qjmRv.jpg',NULL,'webp','277953',0,1,6,'App\\Models\\Product','2022-08-02 19:57:46','2023-02-28 11:41:30'),
	(25,'images/63fde86ac2d61.webp','UmIrlcTIRX.jpg',NULL,'webp','876612',0,0,6,'App\\Models\\Product','2022-08-02 19:57:46','2023-02-28 11:41:30'),
	(26,'images/63fde86af0681.webp','A6mN2UfTmQ.jpg',NULL,'webp','342102',0,0,6,'App\\Models\\Product','2022-08-02 19:57:46','2023-02-28 11:41:30'),
	(27,'images/63fde86b2145f.webp','46ljMmqDfN.jpg',NULL,'webp','142420',0,1,32,'App\\Models\\Product','2022-08-02 19:57:46','2023-02-28 11:41:31'),
	(28,'images/63fde86b62350.webp','dBfg6mo1sP.jpg',NULL,'webp','83815',0,0,32,'App\\Models\\Product','2022-08-02 19:57:46','2023-02-28 11:41:31'),
	(29,'images/63fde86b7ba35.webp','tx4cfPuwYI.jpg',NULL,'webp','21357',0,0,32,'App\\Models\\Product','2022-08-02 19:57:46','2023-02-28 11:41:31'),
	(30,'images/63fde86b99c15.webp','VJA8UfJDLq.jpg',NULL,'webp','171460',0,1,43,'App\\Models\\Product','2022-08-02 19:57:46','2023-02-28 11:41:31'),
	(31,'images/63fde86bdb47c.webp','DVRF8kGyo8.jpg',NULL,'webp','58348',0,0,43,'App\\Models\\Product','2022-08-02 19:57:46','2023-02-28 11:41:31'),
	(32,'images/63fde86c0c546.webp','b74Wcm5YKl.jpg',NULL,'webp','105641',0,1,3,'App\\Models\\Product','2022-08-02 19:57:46','2023-02-28 11:41:32'),
	(33,'images/63fde86c33fdc.webp','NgtwWM5Rc4.jpg',NULL,'webp','248951',0,0,3,'App\\Models\\Product','2022-08-02 19:57:46','2023-02-28 11:41:32'),
	(34,'images/63fde86c53092.webp','ybQEvLUll6.jpg',NULL,'webp','151281',0,1,17,'App\\Models\\Product','2022-08-02 19:57:46','2023-02-28 11:41:32'),
	(35,'images/63fde86c77bf5.webp','iZDHzTJcSh.jpg',NULL,'webp','282307',0,0,17,'App\\Models\\Product','2022-08-02 19:57:46','2023-02-28 11:41:32'),
	(36,'images/63fde86ca70bb.webp','glrDvlQtQc.jpg',NULL,'webp','198579',0,0,17,'App\\Models\\Product','2022-08-02 19:57:46','2023-02-28 11:41:32'),
	(37,'images/63fde86ce5839.webp','futKKNr1Zo.jpg',NULL,'webp','462235',0,0,17,'App\\Models\\Product','2022-08-02 19:57:46','2023-02-28 11:41:32'),
	(38,'images/63fde86d11b46.webp','5JL9SZPRjB.jpg',NULL,'webp','160529',0,1,44,'App\\Models\\Product','2022-08-02 19:57:46','2023-02-28 11:41:33'),
	(39,'images/63fde86d32b35.webp','MjmN0QU8lF.png',NULL,'webp','194838',0,0,44,'App\\Models\\Product','2022-08-02 19:57:46','2023-02-28 11:41:33'),
	(40,'images/63fde86d6649a.webp','U2Z7ULR5Pg.png',NULL,'webp','146865',0,0,44,'App\\Models\\Product','2022-08-02 19:57:46','2023-02-28 11:41:33'),
	(41,'images/63fde86d94684.webp','0RWsh2grh2.jpg',NULL,'webp','416558',0,1,15,'App\\Models\\Product','2022-08-02 19:57:46','2023-02-28 11:41:33'),
	(42,'images/63fde86dbbf30.webp','onIgQ3GIte.jpg',NULL,'webp','569367',0,0,15,'App\\Models\\Product','2022-08-02 19:57:46','2023-02-28 11:41:33'),
	(43,'images/63fde86dee52c.webp','kqHKSh7GIK.jpg',NULL,'webp','794095',0,0,15,'App\\Models\\Product','2022-08-02 19:57:46','2023-02-28 11:41:33'),
	(44,'images/63fde86e268e0.webp','CdVdKxlP1i.jpg',NULL,'webp','246030',0,1,10,'App\\Models\\Product','2022-08-02 19:57:46','2023-02-28 11:41:34'),
	(45,'images/63fde86e410e6.webp','VMQCgOmjAP.jpg',NULL,'webp','113320',0,0,10,'App\\Models\\Product','2022-08-02 19:57:46','2023-02-28 11:41:34'),
	(46,'images/63fde86e698d4.webp','cheWCs5bHq.jpg',NULL,'webp','354959',0,0,10,'App\\Models\\Product','2022-08-02 19:57:46','2023-02-28 11:41:34'),
	(47,'images/63fde86e91796.webp','P9TrzHDrz1.jpg',NULL,'webp','202167',0,1,22,'App\\Models\\Product','2022-08-02 19:57:46','2023-02-28 11:41:34'),
	(48,'images/63fde86eb8ed9.webp','nfoofG7lcT.jpg',NULL,'webp','185189',0,1,2,'App\\Models\\Product','2022-08-02 19:57:46','2023-02-28 11:41:34'),
	(49,'images/63fde86eee942.webp','YkrmnEjGr7.jpg',NULL,'webp','756937',0,0,2,'App\\Models\\Product','2022-08-02 19:57:46','2023-02-28 11:41:34'),
	(50,'images/63fde86f21f25.webp','pZjvzEhnxd.jpg',NULL,'webp','202167',0,1,30,'App\\Models\\Product','2022-08-02 19:57:46','2023-02-28 11:41:35'),
	(51,'images/63fde86f3d6ca.webp','6ZRkWM3dZE.jpg',NULL,'webp','118247',0,0,30,'App\\Models\\Product','2022-08-02 19:57:46','2023-02-28 11:41:35'),
	(52,'images/63fde86f65ca3.webp','pVBAddfBSw.jpg',NULL,'webp','219962',0,0,30,'App\\Models\\Product','2022-08-02 19:57:46','2023-02-28 11:41:35'),
	(53,'images/63fde86f883c0.webp','GuCNkKpzxI.jpg',NULL,'webp','145490',0,1,42,'App\\Models\\Product','2022-08-02 19:57:46','2023-02-28 11:41:35'),
	(54,'images/63fde86fd7315.webp','vCINLUYQaN.jpg',NULL,'webp','463973',0,0,42,'App\\Models\\Product','2022-08-02 19:57:46','2023-02-28 11:41:35'),
	(55,'images/63fde86feeda2.webp','COTsb1xdBI.jpeg',NULL,'webp','51467',0,0,42,'App\\Models\\Product','2022-08-02 19:57:46','2023-02-28 11:41:35'),
	(56,'images/63fde87020539.webp','IWfBuZndkL.jpg',NULL,'webp','485590',0,1,21,'App\\Models\\Product','2022-08-02 19:57:46','2023-02-28 11:41:36'),
	(57,'images/63fde87043c57.webp','0OiaKzWNLF.jpg',NULL,'webp','450759',0,0,21,'App\\Models\\Product','2022-08-02 19:57:46','2023-02-28 11:41:36'),
	(58,'images/63fde870712ce.webp','BAaHMzq8Hp.jpg',NULL,'webp','382586',0,0,21,'App\\Models\\Product','2022-08-02 19:57:46','2023-02-28 11:41:36'),
	(59,'images/63fde870a1c79.webp','HGwVHLHh4d.jpg',NULL,'webp','145490',0,1,25,'App\\Models\\Product','2022-08-02 19:57:46','2023-02-28 11:41:36'),
	(60,'images/63fde870d1427.webp','7NTbiYbAoS.jpg',NULL,'webp','463973',0,0,25,'App\\Models\\Product','2022-08-02 19:57:46','2023-02-28 11:41:36'),
	(61,'images/63fde870e8b9f.webp','PAVwYbInzq.jpeg',NULL,'webp','51467',0,0,25,'App\\Models\\Product','2022-08-02 19:57:46','2023-02-28 11:41:36'),
	(62,'images/63fde8710fffd.webp','PiE4142n4z.jpg',NULL,'webp','71204',0,1,8,'App\\Models\\Product','2022-08-02 19:57:46','2023-02-28 11:41:37'),
	(63,'images/63fde87123426.webp','iiQoRRhDik.jpg',NULL,'webp','12787',0,0,8,'App\\Models\\Product','2022-08-02 19:57:46','2023-02-28 11:41:37'),
	(64,'images/63fde8713f8e1.webp','mvpJAXWvU3.jpg',NULL,'webp','19339',0,0,8,'App\\Models\\Product','2022-08-02 19:57:46','2023-02-28 11:41:37'),
	(65,'images/63fde87163e3a.webp','hswIEICb1m.jpg',NULL,'webp','474967',0,1,24,'App\\Models\\Product','2022-08-02 19:57:46','2023-02-28 11:41:37'),
	(66,'images/63fde87193092.webp','rCloKFfdjC.jpg',NULL,'webp','320629',0,0,24,'App\\Models\\Product','2022-08-02 19:57:46','2023-02-28 11:41:37'),
	(67,'images/63fde871bbcbe.webp','5FyeWJPMnA.jpg',NULL,'webp','396205',0,0,24,'App\\Models\\Product','2022-08-02 19:57:46','2023-02-28 11:41:37'),
	(68,'images/63fde871e43ae.webp','3xJK4M49hU.jpg',NULL,'webp','415302',0,0,24,'App\\Models\\Product','2022-08-02 19:57:46','2023-02-28 11:41:37'),
	(69,'images/63fde87218195.webp','Tg2EGbhykl.jpg',NULL,'webp','202167',0,1,14,'App\\Models\\Product','2022-08-02 19:57:46','2023-02-28 11:41:38'),
	(70,'images/63fde872360d6.webp','H3OdXSJfUI.jpg',NULL,'webp','118247',0,0,14,'App\\Models\\Product','2022-08-02 19:57:46','2023-02-28 11:41:38'),
	(71,'images/63fde872629b3.webp','b8oMsC57g5.jpg',NULL,'webp','219962',0,0,14,'App\\Models\\Product','2022-08-02 19:57:46','2023-02-28 11:41:38'),
	(72,'images/63fde87280489.webp','wJrQsVwnK5.jpg',NULL,'webp','150367',0,1,9,'App\\Models\\Product','2022-08-02 19:57:46','2023-02-28 11:41:38'),
	(73,'images/63fde872c7a7c.webp','6hFqDVjuji.jpg',NULL,'webp','344533',0,0,9,'App\\Models\\Product','2022-08-02 19:57:46','2023-02-28 11:41:38'),
	(74,'images/63fde872ebe12.webp','xj6ZCYz8bu.jpg',NULL,'webp','110646',0,0,9,'App\\Models\\Product','2022-08-02 19:57:46','2023-02-28 11:41:38'),
	(75,'images/63fde87314a0a.webp','UA4SGN6zZh.jpg',NULL,'webp','154752',0,1,50,'App\\Models\\Product','2022-08-02 19:57:46','2023-02-28 11:41:39'),
	(76,'images/63fde8733ae5e.webp','gIR83X18dV.jpg',NULL,'webp','49365',0,0,50,'App\\Models\\Product','2022-08-02 19:57:46','2023-02-28 11:41:39'),
	(77,'images/63fde8734df2c.webp','rggcI59HEf.jpg',NULL,'webp','12887',0,0,50,'App\\Models\\Product','2022-08-02 19:57:46','2023-02-28 11:41:39'),
	(78,'images/63fde8736ad93.webp','NSP15U4RlM.jpg',NULL,'webp','194770',0,1,7,'App\\Models\\Product','2022-08-02 19:57:46','2023-02-28 11:41:39'),
	(79,'images/63fde87381c95.webp','lDzKO76wiw.jpg',NULL,'webp','22030',0,0,7,'App\\Models\\Product','2022-08-02 19:57:46','2023-02-28 11:41:39'),
	(80,'images/63fde8738f66a.webp','Qu2WjMNSVV.jpeg',NULL,'webp','6878',0,0,7,'App\\Models\\Product','2022-08-02 19:57:46','2023-02-28 11:41:39'),
	(81,'images/63fde873a5ee1.webp','Q6iaMq4icx.jpg',NULL,'webp','44992',0,0,7,'App\\Models\\Product','2022-08-02 19:57:46','2023-02-28 11:41:39'),
	(82,'images/63fde873bb683.webp','KsaleaJZVd.jpg',NULL,'webp','14210',0,0,7,'App\\Models\\Product','2022-08-02 19:57:46','2023-02-28 11:41:39'),
	(83,'images/63fde873d7604.webp','IVdKyCoMDz.jpg',NULL,'webp','122447',0,1,41,'App\\Models\\Product','2022-08-02 19:57:46','2023-02-28 11:41:39'),
	(84,'images/63fde873ea5b4.webp','aSBuqL8mr5.jpg',NULL,'webp','41639',0,0,41,'App\\Models\\Product','2022-08-02 19:57:46','2023-02-28 11:41:39'),
	(85,'images/63fde8741a591.webp','VXzwGGXAtT.jpg',NULL,'webp','61874',0,0,41,'App\\Models\\Product','2022-08-02 19:57:46','2023-02-28 11:41:40'),
	(86,'images/63fde8743e7ae.webp','mJxHenwl5l.jpg',NULL,'webp','474967',0,1,31,'App\\Models\\Product','2022-08-02 19:57:46','2023-02-28 11:41:40'),
	(87,'images/63fde874649c3.webp','5FPN9DWjhG.jpg',NULL,'webp','320629',0,0,31,'App\\Models\\Product','2022-08-02 19:57:46','2023-02-28 11:41:40'),
	(88,'images/63fde8749f97d.webp','ncQDzBCbQR.jpg',NULL,'webp','396205',0,0,31,'App\\Models\\Product','2022-08-02 19:57:46','2023-02-28 11:41:40'),
	(89,'images/63fde874c790f.webp','6MO6D4ez8x.jpg',NULL,'webp','415302',0,0,31,'App\\Models\\Product','2022-08-02 19:57:46','2023-02-28 11:41:40'),
	(90,'images/63fde874e60b3.webp','YMfIiKGix1.jpg',NULL,'webp','150734',0,1,18,'App\\Models\\Product','2022-08-02 19:57:46','2023-02-28 11:41:40'),
	(91,'images/63fde87514b92.webp','8agNmScaun.jpg',NULL,'webp','52301',0,0,18,'App\\Models\\Product','2022-08-02 19:57:46','2023-02-28 11:41:41'),
	(92,'images/63fde8752f003.webp','nE5APH5eRT.jpg',NULL,'webp','109255',0,1,51,'App\\Models\\Product','2022-08-02 19:57:46','2023-02-28 11:41:41'),
	(93,'images/63fde8755d2e4.webp','ltl4ENhk8M.jpg',NULL,'webp','523497',0,0,51,'App\\Models\\Product','2022-08-02 19:57:46','2023-02-28 11:41:41'),
	(94,'images/63fde87582903.webp','ItkiXlEMRn.jpg',NULL,'webp','288333',0,0,51,'App\\Models\\Product','2022-08-02 19:57:46','2023-02-28 11:41:41'),
	(95,'images/63fde875a2f66.webp','T5YFXvo07H.jpg',NULL,'webp','181830',0,0,51,'App\\Models\\Product','2022-08-02 19:57:46','2023-02-28 11:41:41'),
	(96,'images/63fde875c8f82.webp','PSkAZgEM2C.jpg',NULL,'webp','432508',0,0,51,'App\\Models\\Product','2022-08-02 19:57:46','2023-02-28 11:41:41'),
	(97,'images/63fde875ecd47.webp','RgJPjc0pVU.jpg',NULL,'webp','202845',0,0,51,'App\\Models\\Product','2022-08-02 19:57:46','2023-02-28 11:41:41'),
	(98,'images/63fde876176e6.webp','k6mxQhYF48.jpg',NULL,'webp','150734',0,1,37,'App\\Models\\Product','2022-08-02 19:57:46','2023-02-28 11:41:42'),
	(99,'images/63fde87630bd5.webp','0z7oXOEsE2.jpg',NULL,'webp','52301',0,0,37,'App\\Models\\Product','2022-08-02 19:57:46','2023-02-28 11:41:42'),
	(100,'images/63fde87654372.webp','Z8MIS9eAAP.jpg',NULL,'webp','366988',0,1,49,'App\\Models\\Product','2022-08-02 19:57:46','2023-02-28 11:41:42'),
	(101,'images/63fde876839c7.webp','vuVW9j7dPh.jpg',NULL,'webp','430417',0,0,49,'App\\Models\\Product','2022-08-02 19:57:46','2023-02-28 11:41:42'),
	(102,'images/63fde876aa9c7.webp','8GkBgRnhZi.jpg',NULL,'webp','105641',0,1,27,'App\\Models\\Product','2022-08-02 19:57:46','2023-02-28 11:41:42'),
	(103,'images/63fde876d02ef.webp','uFrN9kiy8P.jpg',NULL,'webp','248951',0,0,27,'App\\Models\\Product','2022-08-02 19:57:46','2023-02-28 11:41:42'),
	(104,'images/63fde8770c492.webp','kzV3ZiSAM9.jpg',NULL,'webp','109255',0,1,34,'App\\Models\\Product','2022-08-02 19:57:46','2023-02-28 11:41:43'),
	(105,'images/63fde8774e967.webp','zbIPPT5gNh.jpg',NULL,'webp','523497',0,0,34,'App\\Models\\Product','2022-08-02 19:57:46','2023-02-28 11:41:43'),
	(106,'images/63fde877709de.webp','DU1XdHsQ2W.jpg',NULL,'webp','288333',0,0,34,'App\\Models\\Product','2022-08-02 19:57:46','2023-02-28 11:41:43'),
	(107,'images/63fde87790a0b.webp','jK4fP5tHgT.jpg',NULL,'webp','181830',0,0,34,'App\\Models\\Product','2022-08-02 19:57:46','2023-02-28 11:41:43'),
	(108,'images/63fde877b6c56.webp','idMJMKDZ8Z.jpg',NULL,'webp','432508',0,0,34,'App\\Models\\Product','2022-08-02 19:57:46','2023-02-28 11:41:43'),
	(109,'images/63fde877d6b72.webp','spZloCgvxM.jpg',NULL,'webp','202845',0,0,34,'App\\Models\\Product','2022-08-02 19:57:46','2023-02-28 11:41:43'),
	(110,'images/63fde8781ba30.webp','wVdqOHA28E.jpg',NULL,'webp','122447',0,1,26,'App\\Models\\Product','2022-08-02 19:57:46','2023-02-28 11:41:44'),
	(111,'images/63fde8783e4c8.webp','Hgt4URZlTC.jpg',NULL,'webp','41639',0,0,26,'App\\Models\\Product','2022-08-02 19:57:46','2023-02-28 11:41:44'),
	(112,'images/63fde8785b85b.webp','VubSYkj9ht.jpg',NULL,'webp','61874',0,0,26,'App\\Models\\Product','2022-08-02 19:57:46','2023-02-28 11:41:44'),
	(113,'images/63fde87884b65.webp','1r1f7RtVa1.jpg',NULL,'webp','488363',0,1,19,'App\\Models\\Product','2022-08-02 19:57:46','2023-02-28 11:41:44'),
	(114,'images/63fde878ac15c.webp','dxrQ2Resy2.jpg',NULL,'webp','410379',0,0,19,'App\\Models\\Product','2022-08-02 19:57:46','2023-02-28 11:41:44'),
	(115,'images/63fde878d5c49.webp','x5Ucz6VGEE.jpg',NULL,'webp','370985',0,0,19,'App\\Models\\Product','2022-08-02 19:57:46','2023-02-28 11:41:44'),
	(116,'images/63fde879074b5.webp','nDg1Eyjp14.jpg',NULL,'webp','279970',0,0,19,'App\\Models\\Product','2022-08-02 19:57:46','2023-02-28 11:41:45'),
	(117,'images/63fde8793db8a.webp','NzVPIhr7nK.jpg',NULL,'webp','279672',0,1,45,'App\\Models\\Product','2022-08-02 19:57:46','2023-02-28 11:41:45'),
	(118,'images/63fde87adf4c8.webp','BNlMQDrAsa.jpg',NULL,'webp','481848',0,0,45,'App\\Models\\Product','2022-08-02 19:57:46','2023-02-28 11:41:46'),
	(119,'images/63fde87b0d2c0.webp','dvqXRW8zvR.jpg',NULL,'webp','229615',0,0,45,'App\\Models\\Product','2022-08-02 19:57:46','2023-02-28 11:41:47'),
	(120,'images/63fde87b4d5fb.webp','imB5WYbbaS.jpg',NULL,'webp','694491',0,1,38,'App\\Models\\Product','2022-08-02 19:57:46','2023-02-28 11:41:47'),
	(121,'images/63fde87b83e2c.webp','kGKpW1j9Iz.jpg',NULL,'webp','585317',0,0,38,'App\\Models\\Product','2022-08-02 19:57:46','2023-02-28 11:41:47'),
	(122,'images/63fde87ba9627.webp','U1lXDbpSku.jpg',NULL,'webp','255847',0,0,38,'App\\Models\\Product','2022-08-02 19:57:46','2023-02-28 11:41:47'),
	(123,'images/63fde87bcce2c.webp','kE4rGBGAyk.jpg',NULL,'webp','349716',0,1,20,'App\\Models\\Product','2022-08-02 19:57:46','2023-02-28 11:41:47'),
	(124,'images/63fde87c03f03.webp','nFH3FQ1mow.jpg',NULL,'webp','515075',0,0,20,'App\\Models\\Product','2022-08-02 19:57:46','2023-02-28 11:41:48'),
	(125,'images/63fde87c24a1d.webp','eL0y2QmB9l.jpg',NULL,'webp','225459',0,1,13,'App\\Models\\Product','2022-08-02 19:57:46','2023-02-28 11:41:48'),
	(126,'images/63fde87c4caa7.webp','4G6PXMT8bF.jpg',NULL,'webp','244762',0,0,13,'App\\Models\\Product','2022-08-02 19:57:46','2023-02-28 11:41:48'),
	(127,'images/63fde87c7590f.webp','VrXkS3hWsO.jpg',NULL,'webp','345128',0,0,13,'App\\Models\\Product','2022-08-02 19:57:46','2023-02-28 11:41:48'),
	(128,'images/63fde87caa1de.webp','6glRsfv5gM.jpg',NULL,'webp','349716',0,1,40,'App\\Models\\Product','2022-08-02 19:57:46','2023-02-28 11:41:48'),
	(129,'images/63fde87cd7f98.webp','tPeeNaLwJW.jpg',NULL,'webp','515075',0,0,40,'App\\Models\\Product','2022-08-02 19:57:46','2023-02-28 11:41:48'),
	(130,'images/63fde87d0171e.webp','B7MyxKNrJN.jpg',NULL,'webp','216880',0,1,23,'App\\Models\\Product','2022-08-02 19:57:46','2023-02-28 11:41:49'),
	(131,'images/63fde87d1e314.webp','EgUSz5Yn2T.jpg',NULL,'webp','173268',0,0,23,'App\\Models\\Product','2022-08-02 19:57:46','2023-02-28 11:41:49'),
	(132,'images/63fde87d553fc.webp','LQyOkT42aQ.jpg',NULL,'webp','158435',0,0,23,'App\\Models\\Product','2022-08-02 19:57:46','2023-02-28 11:41:49'),
	(133,'images/63fde87d79811.webp','J4E3jY3YSx.jpg',NULL,'webp','202167',0,1,16,'App\\Models\\Product','2022-08-02 19:57:46','2023-02-28 11:41:49'),
	(134,'images/63fde87d95e9b.webp','BCpCNR3mv5.jpg',NULL,'webp','118247',0,0,16,'App\\Models\\Product','2022-08-02 19:57:46','2023-02-28 11:41:49'),
	(135,'images/63fde87db688e.webp','tmskkRrpJh.jpg',NULL,'webp','219962',0,0,16,'App\\Models\\Product','2022-08-02 19:57:46','2023-02-28 11:41:49'),
	(136,'images/63fde87dddf84.webp','vQzLLIJVMY.jpg',NULL,'webp','498648',0,1,29,'App\\Models\\Product','2022-08-02 19:57:46','2023-02-28 11:41:49'),
	(137,'images/63fde87e0d551.webp','jfgKYGHLvi.jpg',NULL,'webp','478752',0,0,29,'App\\Models\\Product','2022-08-02 19:57:46','2023-02-28 11:41:50'),
	(138,'images/63fde87e37e16.webp','HUufWaoRoV.jpg',NULL,'webp','488363',0,1,28,'App\\Models\\Product','2022-08-02 19:57:46','2023-02-28 11:41:50'),
	(139,'images/63fde87e5cab7.webp','5xXeliG02y.jpg',NULL,'webp','410379',0,0,28,'App\\Models\\Product','2022-08-02 19:57:46','2023-02-28 11:41:50'),
	(140,'images/63fde87e8084b.webp','fBT0RX96zn.jpg',NULL,'webp','370985',0,0,28,'App\\Models\\Product','2022-08-02 19:57:46','2023-02-28 11:41:50'),
	(141,'images/63fde87ea0069.webp','swnxotBu6X.jpg',NULL,'webp','279970',0,0,28,'App\\Models\\Product','2022-08-02 19:57:46','2023-02-28 11:41:50'),
	(142,'images/63fde87ec3131.webp','ssdZ9KTRTy.jpg',NULL,'webp','214433',0,1,5,'App\\Models\\Product','2022-08-02 19:57:46','2023-02-28 11:41:50'),
	(143,'images/63fde87f09402.webp','TOSiktZRUg.jpg',NULL,'webp','140388',0,0,5,'App\\Models\\Product','2022-08-02 19:57:46','2023-02-28 11:41:51'),
	(144,'images/63fde87f44b21.webp','fo5kY9jgGe.jpg',NULL,'webp','123509',0,0,5,'App\\Models\\Product','2022-08-02 19:57:46','2023-02-28 11:41:51'),
	(145,'images/63fde87f6c56f.webp','gHipDwwG1t.jpg',NULL,'webp','202167',0,1,39,'App\\Models\\Product','2022-08-02 19:57:46','2023-02-28 11:41:51'),
	(146,'images/63fde87f8d0f3.webp','pJhuxg8J31.jpg',NULL,'webp','142420',0,1,33,'App\\Models\\Product','2022-08-02 19:57:46','2023-02-28 11:41:51'),
	(147,'images/63fde87fca5fd.webp','0UbwMdhqYO.jpg',NULL,'webp','83815',0,0,33,'App\\Models\\Product','2022-08-02 19:57:46','2023-02-28 11:41:51'),
	(148,'images/63fde87fe3372.webp','jH0i4uZLSX.jpg',NULL,'webp','21357',0,0,33,'App\\Models\\Product','2022-08-02 19:57:46','2023-02-28 11:41:51'),
	(149,'images/63fde8800c9b8.webp','K4FIEhNaxD.jpg',NULL,'webp','105039',0,1,48,'App\\Models\\Product','2022-08-02 19:57:46','2023-02-28 11:41:52'),
	(150,'images/63fde88025a8f.webp','PogrrHfo2c.jpg',NULL,'webp','29912',0,0,48,'App\\Models\\Product','2022-08-02 19:57:46','2023-02-28 11:41:52'),
	(151,'images/63fde88048ae1.webp','3irBMMum06.jpg',NULL,'webp','278534',0,1,12,'App\\Models\\Product','2022-08-02 19:57:46','2023-02-28 11:41:52'),
	(152,'images/63fde8807ebaf.webp','KW5yTdxraQ.jpg',NULL,'webp','104910',0,0,12,'App\\Models\\Product','2022-08-02 19:57:46','2023-02-28 11:41:52'),
	(153,'images/63fde880ac884.webp','IednRtq9dh.jpg',NULL,'webp','74096',0,0,12,'App\\Models\\Product','2022-08-02 19:57:46','2023-02-28 11:41:52'),
	(154,'images/63fde880dbba9.webp','TCSFrDwUOF.jpg',NULL,'webp','82897',0,0,12,'App\\Models\\Product','2022-08-02 19:57:46','2023-02-28 11:41:52'),
	(155,'images/63fde8810a309.webp','4dRjEEoQth.jpg',NULL,'webp','214433',0,1,11,'App\\Models\\Product','2022-08-02 19:57:46','2023-02-28 11:41:53'),
	(156,'images/63fde8813fffd.webp','1y1fJh4nhw.jpg',NULL,'webp','140388',0,0,11,'App\\Models\\Product','2022-08-02 19:57:46','2023-02-28 11:41:53'),
	(157,'images/63fde881740fe.webp','QTTbRW7HYL.jpg',NULL,'webp','123509',0,0,11,'App\\Models\\Product','2022-08-02 19:57:46','2023-02-28 11:41:53'),
	(158,'images/63fde881a1949.webp','g6JPsqTIuF.jpg',NULL,'webp','194770',0,1,46,'App\\Models\\Product','2022-08-02 19:57:46','2023-02-28 11:41:53'),
	(159,'images/63fde881b59d0.webp','Vp9rji1R1x.jpg',NULL,'webp','22030',0,0,46,'App\\Models\\Product','2022-08-02 19:57:46','2023-02-28 11:41:53'),
	(160,'images/63fde881c03db.webp','MMZeHDfmIK.jpeg',NULL,'webp','6878',0,0,46,'App\\Models\\Product','2022-08-02 19:57:46','2023-02-28 11:41:53'),
	(161,'images/63fde881d6a37.webp','L13qNJJRiu.jpg',NULL,'webp','44992',0,0,46,'App\\Models\\Product','2022-08-02 19:57:46','2023-02-28 11:41:53'),
	(162,'images/63fde881f0a0b.webp','KeyNgsTuLz.jpg',NULL,'webp','14210',0,0,46,'App\\Models\\Product','2022-08-02 19:57:46','2023-02-28 11:41:53'),
	(163,'images/63fde8821c069.webp','SNM5gdAICt.jpg',NULL,'webp','179703',0,1,36,'App\\Models\\Product','2022-08-02 19:57:46','2023-02-28 11:41:54'),
	(164,'images/63fde88238ade.webp','0dexfeKjQh.jpg',NULL,'webp','194943',0,0,36,'App\\Models\\Product','2022-08-02 19:57:46','2023-02-28 11:41:54'),
	(165,'images/63fde88253c9e.webp','w4nJJam512.jpg',NULL,'webp','166868',0,0,36,'App\\Models\\Product','2022-08-02 19:57:46','2023-02-28 11:41:54'),
	(166,'images/63fde882781d0.webp','9bS1J28rOE.jpg',NULL,'webp','277953',0,1,35,'App\\Models\\Product','2022-08-02 19:57:46','2023-02-28 11:41:54'),
	(167,'images/63fde882b6128.webp','3CsKfViq26.jpg',NULL,'webp','876612',0,0,35,'App\\Models\\Product','2022-08-02 19:57:46','2023-02-28 11:41:54'),
	(168,'images/63fde882dfc8e.webp','nfYLaNgDmH.jpg',NULL,'webp','342102',0,0,35,'App\\Models\\Product','2022-08-02 19:57:46','2023-02-28 11:41:54'),
	(169,'images/63fde88312d46.webp','z8mfkOFzGK.jpg',NULL,'webp','416558',0,NULL,1,'App\\Models\\Inventory','2022-08-02 19:57:50','2023-02-28 11:41:55'),
	(170,'images/63fde88337fb9.webp','kO6wweHolh.jpg',NULL,'webp','569367',0,NULL,1,'App\\Models\\Inventory','2022-08-02 19:57:50','2023-02-28 11:41:55'),
	(171,'images/63fde88365991.webp','FGFW6IhaJF.jpg',NULL,'webp','794095',0,NULL,1,'App\\Models\\Inventory','2022-08-02 19:57:50','2023-02-28 11:41:55'),
	(172,'images/63fde88382e4e.webp','3QY5HXgE49.jpg',NULL,'webp','228193',0,NULL,21,'App\\Models\\Inventory','2022-08-02 19:57:50','2023-02-28 11:41:55'),
	(173,'images/63fde883a2258.webp','UaETs8Ipdy.jpg',NULL,'webp','236010',0,NULL,21,'App\\Models\\Inventory','2022-08-02 19:57:50','2023-02-28 11:41:55'),
	(174,'images/63fde883c8512.webp','DwCBtG816j.jpg',NULL,'webp','184246',0,NULL,25,'App\\Models\\Inventory','2022-08-02 19:57:50','2023-02-28 11:41:55'),
	(175,'images/63fde883e5685.webp','Euu7rGY4ak.jpg',NULL,'webp','47245',0,NULL,25,'App\\Models\\Inventory','2022-08-02 19:57:50','2023-02-28 11:41:55'),
	(176,'images/63fde88404c3c.webp','9Vx7U1TUrI.jpg',NULL,'webp','6681',0,NULL,25,'App\\Models\\Inventory','2022-08-02 19:57:50','2023-02-28 11:41:56'),
	(177,'images/63fde88431c48.webp','KnMAnFIZ59.jpg',NULL,'webp','228193',0,NULL,33,'App\\Models\\Inventory','2022-08-02 19:57:50','2023-02-28 11:41:56'),
	(178,'images/63fde884511f9.webp','gsR9jkXhH2.jpg',NULL,'webp','236010',0,NULL,33,'App\\Models\\Inventory','2022-08-02 19:57:50','2023-02-28 11:41:56'),
	(179,'images/63fde8846d853.webp','NHOJdNiRmT.jpg',NULL,'webp','159247',0,NULL,70,'App\\Models\\Inventory','2022-08-02 19:57:50','2023-02-28 11:41:56'),
	(180,'images/63fde8847c57e.webp','cXUA6NOU6v.jpg',NULL,'webp','9260',0,NULL,70,'App\\Models\\Inventory','2022-08-02 19:57:50','2023-02-28 11:41:56'),
	(181,'images/63fde8849587c.webp','x5bxK6lTdt.jpg',NULL,'webp','12653',0,NULL,70,'App\\Models\\Inventory','2022-08-02 19:57:50','2023-02-28 11:41:56'),
	(182,'images/63fde884c2724.webp','hYvBnrn0xz.jpg',NULL,'webp','159247',0,NULL,97,'App\\Models\\Inventory','2022-08-02 19:57:50','2023-02-28 11:41:56'),
	(183,'images/63fde884d1822.webp','RckXQaLU9x.jpg',NULL,'webp','9260',0,NULL,97,'App\\Models\\Inventory','2022-08-02 19:57:50','2023-02-28 11:41:56'),
	(184,'images/63fde884e69c2.webp','u5qKJUSJe9.jpg',NULL,'webp','12653',0,NULL,97,'App\\Models\\Inventory','2022-08-02 19:57:50','2023-02-28 11:41:56'),
	(185,'images/63fde88517346.webp','W3X1CrGniX.jpg',NULL,'webp','488363',0,NULL,28,'App\\Models\\Inventory','2022-08-02 19:57:50','2023-02-28 11:41:57'),
	(186,'images/63fde8853ca0a.webp','6K55cHS3mV.jpg',NULL,'webp','410379',0,NULL,28,'App\\Models\\Inventory','2022-08-02 19:57:50','2023-02-28 11:41:57'),
	(187,'images/63fde8856cdd0.webp','Wd9jQhrvNv.jpg',NULL,'webp','370985',0,NULL,28,'App\\Models\\Inventory','2022-08-02 19:57:50','2023-02-28 11:41:57'),
	(188,'images/63fde8859d607.webp','jOrRoPOwO0.jpg',NULL,'webp','279970',0,NULL,28,'App\\Models\\Inventory','2022-08-02 19:57:50','2023-02-28 11:41:57'),
	(189,'images/63fde885d2a9e.webp','Zkp2D4fWW0.jpg',NULL,'webp','488363',0,NULL,65,'App\\Models\\Inventory','2022-08-02 19:57:50','2023-02-28 11:41:57'),
	(190,'images/63fde88603777.webp','aCkYqlNipy.jpg',NULL,'webp','410379',0,NULL,65,'App\\Models\\Inventory','2022-08-02 19:57:50','2023-02-28 11:41:58'),
	(191,'images/63fde8862c6b0.webp','xXLM3LllWv.jpg',NULL,'webp','370985',0,NULL,65,'App\\Models\\Inventory','2022-08-02 19:57:50','2023-02-28 11:41:58'),
	(192,'images/63fde8864edfb.webp','9l7SgnOrnp.jpg',NULL,'webp','279970',0,NULL,65,'App\\Models\\Inventory','2022-08-02 19:57:50','2023-02-28 11:41:58'),
	(193,'images/63fde8866a452.webp','yjemYooKU3.jpg',NULL,'webp','179703',0,NULL,83,'App\\Models\\Inventory','2022-08-02 19:57:50','2023-02-28 11:41:58'),
	(194,'images/63fde88690598.webp','KiZFcc2xci.jpg',NULL,'webp','194943',0,NULL,83,'App\\Models\\Inventory','2022-08-02 19:57:50','2023-02-28 11:41:58'),
	(195,'images/63fde886d1b99.webp','4bqvlLmrL3.jpg',NULL,'webp','166868',0,NULL,83,'App\\Models\\Inventory','2022-08-02 19:57:50','2023-02-28 11:41:58'),
	(196,'images/63fde887050a3.webp','eL9BY1IXLc.jpg',NULL,'webp','366988',0,NULL,96,'App\\Models\\Inventory','2022-08-02 19:57:50','2023-02-28 11:41:59'),
	(197,'images/63fde88733f20.webp','OfX9nonxo6.jpg',NULL,'webp','430417',0,NULL,96,'App\\Models\\Inventory','2022-08-02 19:57:50','2023-02-28 11:41:59'),
	(198,'images/63fde8875cf8f.webp','AewTvwRPNl.jpg',NULL,'webp','150546',0,NULL,17,'App\\Models\\Inventory','2022-08-02 19:57:50','2023-02-28 11:41:59'),
	(199,'images/63fde88772000.webp','7vYAjR4O2n.jpg',NULL,'webp','23875',0,NULL,17,'App\\Models\\Inventory','2022-08-02 19:57:50','2023-02-28 11:41:59'),
	(200,'images/63fde88797e66.webp','BfmoL3g6Wi.jpg',NULL,'webp','63923',0,NULL,17,'App\\Models\\Inventory','2022-08-02 19:57:50','2023-02-28 11:41:59'),
	(201,'images/63fde887bcad3.webp','fP7tKuqnkd.jpg',NULL,'webp','142420',0,NULL,90,'App\\Models\\Inventory','2022-08-02 19:57:50','2023-02-28 11:41:59'),
	(202,'images/63fde8880788b.webp','Qa6mzHI7jc.jpg',NULL,'webp','83815',0,NULL,90,'App\\Models\\Inventory','2022-08-02 19:57:50','2023-02-28 11:42:00'),
	(203,'images/63fde888238ac.webp','fiHziJDkPk.jpg',NULL,'webp','21357',0,NULL,90,'App\\Models\\Inventory','2022-08-02 19:57:50','2023-02-28 11:42:00'),
	(204,'images/63fde8883e601.webp','BgkOrSAyIL.jpg',NULL,'webp','128590',0,NULL,26,'App\\Models\\Inventory','2022-08-02 19:57:50','2023-02-28 11:42:00'),
	(205,'images/63fde8884e8e9.webp','lnpk6xvgyo.jpeg',NULL,'webp','37291',0,NULL,26,'App\\Models\\Inventory','2022-08-02 19:57:50','2023-02-28 11:42:00'),
	(206,'images/63fde88864f2e.webp','NYgVlEiVij.jpeg',NULL,'webp','107989',0,NULL,26,'App\\Models\\Inventory','2022-08-02 19:57:50','2023-02-28 11:42:00'),
	(207,'images/63fde8888f9ba.webp','iWoHey04fX.png',NULL,'webp','451649',0,NULL,26,'App\\Models\\Inventory','2022-08-02 19:57:50','2023-02-28 11:42:00'),
	(208,'images/63fde888aa5aa.webp','1BEBXJjLgA.jpg',NULL,'webp','179703',0,NULL,53,'App\\Models\\Inventory','2022-08-02 19:57:50','2023-02-28 11:42:00'),
	(209,'images/63fde888cd37b.webp','hxTL9TL9pl.jpg',NULL,'webp','194943',0,NULL,53,'App\\Models\\Inventory','2022-08-02 19:57:50','2023-02-28 11:42:00'),
	(210,'images/63fde888ed731.webp','ytG9vDzXhJ.jpg',NULL,'webp','166868',0,NULL,53,'App\\Models\\Inventory','2022-08-02 19:57:50','2023-02-28 11:42:00'),
	(211,'images/63fde88912a98.webp','QgDi2jrQvn.jpg',NULL,'webp','100496',0,NULL,69,'App\\Models\\Inventory','2022-08-02 19:57:50','2023-02-28 11:42:01'),
	(212,'images/63fde88934075.webp','4P0YPfA3f7.jpg',NULL,'webp','32765',0,NULL,69,'App\\Models\\Inventory','2022-08-02 19:57:50','2023-02-28 11:42:01'),
	(213,'images/63fde8894ff9d.webp','pVrum2dU8x.jpg',NULL,'webp','77067',0,NULL,69,'App\\Models\\Inventory','2022-08-02 19:57:50','2023-02-28 11:42:01'),
	(214,'images/63fde8896758d.webp','WRAwxf2ioI.jpg',NULL,'webp','61229',0,NULL,69,'App\\Models\\Inventory','2022-08-02 19:57:50','2023-02-28 11:42:01'),
	(215,'images/63fde8898335d.webp','oxNxwMfH0q.jpg',NULL,'webp','105039',0,NULL,107,'App\\Models\\Inventory','2022-08-02 19:57:50','2023-02-28 11:42:01'),
	(216,'images/63fde8899c7a7.webp','dFumKwhoGz.jpg',NULL,'webp','29912',0,NULL,107,'App\\Models\\Inventory','2022-08-02 19:57:50','2023-02-28 11:42:01'),
	(217,'images/63fde889b98d0.webp','mY1yRu3V6V.jpg',NULL,'webp','160529',0,NULL,46,'App\\Models\\Inventory','2022-08-02 19:57:50','2023-02-28 11:42:01'),
	(218,'images/63fde889d35d2.webp','t1jhr5RTNN.png',NULL,'webp','194838',0,NULL,46,'App\\Models\\Inventory','2022-08-02 19:57:50','2023-02-28 11:42:01'),
	(219,'images/63fde889ef16b.webp','RcCqJhZA3X.png',NULL,'webp','146865',0,NULL,46,'App\\Models\\Inventory','2022-08-02 19:57:50','2023-02-28 11:42:01'),
	(220,'images/63fde88a1571d.webp','TkKsUzLrnd.jpg',NULL,'webp','122447',0,NULL,47,'App\\Models\\Inventory','2022-08-02 19:57:50','2023-02-28 11:42:02'),
	(221,'images/63fde88a25d90.webp','EKq9jHrE95.jpg',NULL,'webp','41639',0,NULL,47,'App\\Models\\Inventory','2022-08-02 19:57:50','2023-02-28 11:42:02'),
	(222,'images/63fde88a38f35.webp','JZr8DlPXbk.jpg',NULL,'webp','61874',0,NULL,47,'App\\Models\\Inventory','2022-08-02 19:57:50','2023-02-28 11:42:02'),
	(223,'images/63fde88a66355.webp','0nsjh2b6nB.jpg',NULL,'webp','135881',0,NULL,86,'App\\Models\\Inventory','2022-08-02 19:57:50','2023-02-28 11:42:02'),
	(224,'images/63fde88a85038.webp','zBcCDlkos0.jpg',NULL,'webp','224145',0,NULL,86,'App\\Models\\Inventory','2022-08-02 19:57:50','2023-02-28 11:42:02'),
	(225,'images/63fde88aa9920.webp','gcngR6h883.jpg',NULL,'webp','435031',0,NULL,86,'App\\Models\\Inventory','2022-08-02 19:57:50','2023-02-28 11:42:02'),
	(226,'images/63fde88add6ad.webp','XJhC3QNSf1.jpg',NULL,'webp','367888',0,NULL,50,'App\\Models\\Inventory','2022-08-02 19:57:50','2023-02-28 11:42:02'),
	(227,'images/63fde88b0e669.webp','OR0x0LAYq9.jpg',NULL,'webp','248919',0,NULL,50,'App\\Models\\Inventory','2022-08-02 19:57:50','2023-02-28 11:42:03'),
	(228,'images/63fde88b38a29.webp','rxSSRTnKNE.jpg',NULL,'webp','511252',0,NULL,50,'App\\Models\\Inventory','2022-08-02 19:57:50','2023-02-28 11:42:03'),
	(229,'images/63fde88b55c1b.webp','kcHxLt8Nvb.jpg',NULL,'webp','159247',0,NULL,64,'App\\Models\\Inventory','2022-08-02 19:57:50','2023-02-28 11:42:03'),
	(230,'images/63fde88b64b22.webp','uJ7fpWthsJ.jpg',NULL,'webp','9260',0,NULL,64,'App\\Models\\Inventory','2022-08-02 19:57:50','2023-02-28 11:42:03'),
	(231,'images/63fde88b74331.webp','VhTE51mOm3.jpg',NULL,'webp','12653',0,NULL,64,'App\\Models\\Inventory','2022-08-02 19:57:50','2023-02-28 11:42:03'),
	(232,'images/63fde88b9a604.webp','TTSVq30f0w.jpg',NULL,'webp','202167',0,NULL,60,'App\\Models\\Inventory','2022-08-02 19:57:50','2023-02-28 11:42:03'),
	(233,'images/63fde88bbc9b3.webp','eZIavCKec8.jpg',NULL,'webp','366988',0,NULL,74,'App\\Models\\Inventory','2022-08-02 19:57:50','2023-02-28 11:42:03'),
	(234,'images/63fde88be7059.webp','Moo0Pba4aR.jpg',NULL,'webp','430417',0,NULL,74,'App\\Models\\Inventory','2022-08-02 19:57:50','2023-02-28 11:42:03'),
	(235,'images/63fde88c20a74.webp','xXy5GquGeE.jpg',NULL,'webp','135881',0,NULL,29,'App\\Models\\Inventory','2022-08-02 19:57:50','2023-02-28 11:42:04'),
	(236,'images/63fde88c3ee78.webp','wlXlAGkJXz.jpg',NULL,'webp','224145',0,NULL,29,'App\\Models\\Inventory','2022-08-02 19:57:50','2023-02-28 11:42:04'),
	(237,'images/63fde88c60334.webp','CLUOJBXzRj.jpg',NULL,'webp','435031',0,NULL,29,'App\\Models\\Inventory','2022-08-02 19:57:50','2023-02-28 11:42:04'),
	(238,'images/63fde88c7cd79.webp','kAxoBC5aNx.jpg',NULL,'webp','150717',0,NULL,88,'App\\Models\\Inventory','2022-08-02 19:57:50','2023-02-28 11:42:04'),
	(239,'images/63fde88c9396b.webp','naFAGVRanJ.jpg',NULL,'webp','169722',0,NULL,88,'App\\Models\\Inventory','2022-08-02 19:57:50','2023-02-28 11:42:04'),
	(240,'images/63fde88ca5138.webp','ptiqbLk9YS.jpg',NULL,'webp','152635',0,NULL,88,'App\\Models\\Inventory','2022-08-02 19:57:50','2023-02-28 11:42:04'),
	(241,'images/63fde88cbecc7.webp','NJdNVv11Sb.jpg',NULL,'webp','145810',0,NULL,37,'App\\Models\\Inventory','2022-08-02 19:57:50','2023-02-28 11:42:04'),
	(242,'images/63fde88cd4936.webp','Lo9wF92K0o.jpg',NULL,'webp','44668',0,NULL,37,'App\\Models\\Inventory','2022-08-02 19:57:50','2023-02-28 11:42:04'),
	(243,'images/63fde88d07cd0.webp','GRU6Gfd2OC.jpg',NULL,'webp','40482',0,NULL,37,'App\\Models\\Inventory','2022-08-02 19:57:50','2023-02-28 11:42:05'),
	(244,'images/63fde88d1b05e.webp','LmEbcDxOT4.jpg',NULL,'webp','32457',0,NULL,37,'App\\Models\\Inventory','2022-08-02 19:57:50','2023-02-28 11:42:05'),
	(245,'images/63fde88d3a953.webp','AKX31sqnYg.jpg',NULL,'webp','85299',0,NULL,39,'App\\Models\\Inventory','2022-08-02 19:57:50','2023-02-28 11:42:05'),
	(246,'images/63fde88d4c577.webp','8is5WY2Yjt.jpg',NULL,'webp','21899',0,NULL,39,'App\\Models\\Inventory','2022-08-02 19:57:50','2023-02-28 11:42:05'),
	(247,'images/63fde88d6f1a8.webp','oHes01sl7b.jpg',NULL,'webp','85299',0,NULL,11,'App\\Models\\Inventory','2022-08-02 19:57:50','2023-02-28 11:42:05'),
	(248,'images/63fde88d7ed1d.webp','SxpETCjAgM.jpg',NULL,'webp','21899',0,NULL,11,'App\\Models\\Inventory','2022-08-02 19:57:50','2023-02-28 11:42:05'),
	(249,'images/63fde88d9ce49.webp','SgzmvIUWQe.jpg',NULL,'webp','194770',0,NULL,34,'App\\Models\\Inventory','2022-08-02 19:57:50','2023-02-28 11:42:05'),
	(250,'images/63fde88dabae1.webp','SsXBG7Zz89.jpg',NULL,'webp','22030',0,NULL,34,'App\\Models\\Inventory','2022-08-02 19:57:50','2023-02-28 11:42:05'),
	(251,'images/63fde88db6f44.webp','joxWJDAfj4.jpeg',NULL,'webp','6878',0,NULL,34,'App\\Models\\Inventory','2022-08-02 19:57:50','2023-02-28 11:42:05'),
	(252,'images/63fde88dcdb94.webp','KERipKn3C0.jpg',NULL,'webp','44992',0,NULL,34,'App\\Models\\Inventory','2022-08-02 19:57:50','2023-02-28 11:42:05'),
	(253,'images/63fde88dde558.webp','M3RFBZlq2L.jpg',NULL,'webp','14210',0,NULL,34,'App\\Models\\Inventory','2022-08-02 19:57:50','2023-02-28 11:42:05'),
	(254,'images/63fde88e07cc4.webp','7fA0IWbf01.jpg',NULL,'webp','105641',0,NULL,36,'App\\Models\\Inventory','2022-08-02 19:57:50','2023-02-28 11:42:06'),
	(255,'images/63fde88e2a6e5.webp','Wb7PMNUhtE.jpg',NULL,'webp','248951',0,NULL,36,'App\\Models\\Inventory','2022-08-02 19:57:50','2023-02-28 11:42:06'),
	(256,'images/63fde88e455f6.webp','NbwbvNhKR7.jpg',NULL,'webp','143272',0,NULL,101,'App\\Models\\Inventory','2022-08-02 19:57:50','2023-02-28 11:42:06'),
	(257,'images/63fde88e70e77.webp','rtvsYzXM4L.jpg',NULL,'webp','290073',0,NULL,101,'App\\Models\\Inventory','2022-08-02 19:57:50','2023-02-28 11:42:06'),
	(258,'images/63fde88e95ab3.webp','Eur3HaZOid.jpg',NULL,'webp','339333',0,NULL,101,'App\\Models\\Inventory','2022-08-02 19:57:50','2023-02-28 11:42:06'),
	(259,'images/63fde88eb44fb.webp','1FdyWetHuU.jpg',NULL,'webp','150367',0,NULL,2,'App\\Models\\Inventory','2022-08-02 19:57:50','2023-02-28 11:42:06'),
	(260,'images/63fde88eee11d.webp','lX3GxUC7aA.jpg',NULL,'webp','344533',0,NULL,2,'App\\Models\\Inventory','2022-08-02 19:57:50','2023-02-28 11:42:06'),
	(261,'images/63fde88f1590c.webp','hAmjgiUaWP.jpg',NULL,'webp','110646',0,NULL,2,'App\\Models\\Inventory','2022-08-02 19:57:50','2023-02-28 11:42:07'),
	(262,'images/63fde88f365e3.webp','aKnJCi24B4.jpg',NULL,'webp','315426',0,NULL,48,'App\\Models\\Inventory','2022-08-02 19:57:50','2023-02-28 11:42:07'),
	(263,'images/63fde88f571af.webp','4P85G90EvY.jpg',NULL,'webp','229382',0,NULL,48,'App\\Models\\Inventory','2022-08-02 19:57:50','2023-02-28 11:42:07'),
	(264,'images/63fde88f77cd0.webp','cFJ4fSUkAn.jpg',NULL,'webp','254367',0,NULL,48,'App\\Models\\Inventory','2022-08-02 19:57:50','2023-02-28 11:42:07'),
	(265,'images/63fde88f9a27e.webp','fGNATjv5DB.jpg',NULL,'webp','273044',0,NULL,48,'App\\Models\\Inventory','2022-08-02 19:57:50','2023-02-28 11:42:07'),
	(266,'images/63fde88fb7288.webp','5KHhAUB0cr.jpg',NULL,'webp','225459',0,NULL,51,'App\\Models\\Inventory','2022-08-02 19:57:50','2023-02-28 11:42:07'),
	(267,'images/63fde88fd55b0.webp','HUjbeoe8LD.jpg',NULL,'webp','244762',0,NULL,51,'App\\Models\\Inventory','2022-08-02 19:57:50','2023-02-28 11:42:07'),
	(268,'images/63fde8900625c.webp','R58B3Vqccp.jpg',NULL,'webp','345128',0,NULL,51,'App\\Models\\Inventory','2022-08-02 19:57:50','2023-02-28 11:42:08'),
	(269,'images/63fde89022d4d.webp','3wgeHCaOdE.jpg',NULL,'webp','171460',0,NULL,98,'App\\Models\\Inventory','2022-08-02 19:57:50','2023-02-28 11:42:08'),
	(270,'images/63fde89047b1d.webp','B8DQtNoWxs.jpg',NULL,'webp','58348',0,NULL,98,'App\\Models\\Inventory','2022-08-02 19:57:50','2023-02-28 11:42:08'),
	(271,'images/63fde8906537e.webp','dzUlEkdDnO.jpg',NULL,'webp','150367',0,NULL,27,'App\\Models\\Inventory','2022-08-02 19:57:50','2023-02-28 11:42:08'),
	(272,'images/63fde8909eeec.webp','PukbdzMtrL.jpg',NULL,'webp','344533',0,NULL,27,'App\\Models\\Inventory','2022-08-02 19:57:50','2023-02-28 11:42:08'),
	(273,'images/63fde890b83c8.webp','uomPB3ciID.jpg',NULL,'webp','110646',0,NULL,27,'App\\Models\\Inventory','2022-08-02 19:57:50','2023-02-28 11:42:08'),
	(274,'images/63fde890d9084.webp','lE4Hsk6eKE.jpg',NULL,'webp','184246',0,NULL,49,'App\\Models\\Inventory','2022-08-02 19:57:50','2023-02-28 11:42:08'),
	(275,'images/63fde891064d4.webp','95YS1NgTwO.jpg',NULL,'webp','47245',0,NULL,49,'App\\Models\\Inventory','2022-08-02 19:57:50','2023-02-28 11:42:09'),
	(276,'images/63fde8911c470.webp','9gbqFNVjUa.jpg',NULL,'webp','6681',0,NULL,49,'App\\Models\\Inventory','2022-08-02 19:57:50','2023-02-28 11:42:09'),
	(277,'images/63fde89141fae.webp','dIR2XUrN2a.jpg',NULL,'webp','100496',0,NULL,6,'App\\Models\\Inventory','2022-08-02 19:57:50','2023-02-28 11:42:09'),
	(278,'images/63fde89165095.webp','1B7Py2OfBp.jpg',NULL,'webp','32765',0,NULL,6,'App\\Models\\Inventory','2022-08-02 19:57:50','2023-02-28 11:42:09'),
	(279,'images/63fde8918819e.webp','o316hTfszg.jpg',NULL,'webp','77067',0,NULL,6,'App\\Models\\Inventory','2022-08-02 19:57:50','2023-02-28 11:42:09'),
	(280,'images/63fde891b21e5.webp','lXDzL8jipM.jpg',NULL,'webp','61229',0,NULL,6,'App\\Models\\Inventory','2022-08-02 19:57:50','2023-02-28 11:42:09'),
	(281,'images/63fde891d6637.webp','3zygWTbB7N.jpg',NULL,'webp','159247',0,NULL,7,'App\\Models\\Inventory','2022-08-02 19:57:50','2023-02-28 11:42:09'),
	(282,'images/63fde891e52f3.webp','SFuSCKBCvV.jpg',NULL,'webp','9260',0,NULL,7,'App\\Models\\Inventory','2022-08-02 19:57:50','2023-02-28 11:42:09'),
	(283,'images/63fde89200201.webp','GKrpcuMNv0.jpg',NULL,'webp','12653',0,NULL,7,'App\\Models\\Inventory','2022-08-02 19:57:50','2023-02-28 11:42:10'),
	(284,'images/63fde89227ae9.webp','EGrRb5PDil.jpg',NULL,'webp','474967',0,NULL,9,'App\\Models\\Inventory','2022-08-02 19:57:50','2023-02-28 11:42:10'),
	(285,'images/63fde8924a013.webp','7ivIDXvo4n.jpg',NULL,'webp','320629',0,NULL,9,'App\\Models\\Inventory','2022-08-02 19:57:50','2023-02-28 11:42:10'),
	(286,'images/63fde89273542.webp','l5P477YRaH.jpg',NULL,'webp','396205',0,NULL,9,'App\\Models\\Inventory','2022-08-02 19:57:50','2023-02-28 11:42:10'),
	(287,'images/63fde8929c2d4.webp','qFKQnJMNIm.jpg',NULL,'webp','415302',0,NULL,9,'App\\Models\\Inventory','2022-08-02 19:57:50','2023-02-28 11:42:10'),
	(288,'images/63fde892b6a0c.webp','eoj7Jkuw1x.jpg',NULL,'webp','128590',0,NULL,23,'App\\Models\\Inventory','2022-08-02 19:57:50','2023-02-28 11:42:10'),
	(289,'images/63fde892c7b22.webp','aVF3NFWaeF.jpeg',NULL,'webp','37291',0,NULL,23,'App\\Models\\Inventory','2022-08-02 19:57:50','2023-02-28 11:42:10'),
	(290,'images/63fde892dbb40.webp','2wCVsjxc3s.jpeg',NULL,'webp','107989',0,NULL,23,'App\\Models\\Inventory','2022-08-02 19:57:50','2023-02-28 11:42:10'),
	(291,'images/63fde89314aa1.webp','rVLwD7qrNe.png',NULL,'webp','451649',0,NULL,23,'App\\Models\\Inventory','2022-08-02 19:57:50','2023-02-28 11:42:11'),
	(292,'images/63fde89357e03.webp','VX3CrfljI6.jpg',NULL,'webp','277953',0,NULL,52,'App\\Models\\Inventory','2022-08-02 19:57:50','2023-02-28 11:42:11'),
	(293,'images/63fde89386caf.webp','vmLtYiGTwB.jpg',NULL,'webp','876612',0,NULL,52,'App\\Models\\Inventory','2022-08-02 19:57:50','2023-02-28 11:42:11'),
	(294,'images/63fde893bd951.webp','QnuPZmsTIY.jpg',NULL,'webp','342102',0,NULL,52,'App\\Models\\Inventory','2022-08-02 19:57:50','2023-02-28 11:42:11'),
	(295,'images/63fde893e0a2f.webp','HJJ5DmJNn2.jpg',NULL,'webp','216880',0,NULL,77,'App\\Models\\Inventory','2022-08-02 19:57:50','2023-02-28 11:42:11'),
	(296,'images/63fde89414091.webp','1CTwcZb6EG.jpg',NULL,'webp','173268',0,NULL,77,'App\\Models\\Inventory','2022-08-02 19:57:50','2023-02-28 11:42:12'),
	(297,'images/63fde89430b9b.webp','9d47NyaItX.jpg',NULL,'webp','158435',0,NULL,77,'App\\Models\\Inventory','2022-08-02 19:57:50','2023-02-28 11:42:12'),
	(298,'images/63fde8945a34b.webp','iZZ5R1yiFj.jpg',NULL,'webp','147417',0,NULL,99,'App\\Models\\Inventory','2022-08-02 19:57:50','2023-02-28 11:42:12'),
	(299,'images/63fde89478523.webp','U8pdSHCTJO.jpg',NULL,'webp','117482',0,NULL,99,'App\\Models\\Inventory','2022-08-02 19:57:50','2023-02-28 11:42:12'),
	(300,'images/63fde89493e6d.webp','gPwaARQGcJ.jpg',NULL,'webp','128884',0,NULL,99,'App\\Models\\Inventory','2022-08-02 19:57:50','2023-02-28 11:42:12'),
	(301,'images/63fde894b4c3c.webp','EzOW8ktUHl.jpg',NULL,'webp','167790',0,NULL,13,'App\\Models\\Inventory','2022-08-02 19:57:50','2023-02-28 11:42:12'),
	(302,'images/63fde894d17c0.webp','f3ztF81kbN.jpg',NULL,'webp','69982',0,NULL,13,'App\\Models\\Inventory','2022-08-02 19:57:50','2023-02-28 11:42:12'),
	(303,'images/63fde894e3656.webp','enjGa34z6e.jpg',NULL,'webp','6681',0,NULL,13,'App\\Models\\Inventory','2022-08-02 19:57:50','2023-02-28 11:42:12'),
	(304,'images/63fde89513e78.webp','2Eev1ymhaW.jpg',NULL,'webp','47245',0,NULL,13,'App\\Models\\Inventory','2022-08-02 19:57:50','2023-02-28 11:42:13'),
	(305,'images/63fde8953cf52.webp','to3XLHRs2q.jpg',NULL,'webp','202167',0,NULL,81,'App\\Models\\Inventory','2022-08-02 19:57:50','2023-02-28 11:42:13'),
	(306,'images/63fde895594f3.webp','0R5AfwKi4I.jpg',NULL,'webp','167790',0,NULL,61,'App\\Models\\Inventory','2022-08-02 19:57:50','2023-02-28 11:42:13'),
	(307,'images/63fde89578383.webp','pmHSIjK3nc.jpg',NULL,'webp','69982',0,NULL,61,'App\\Models\\Inventory','2022-08-02 19:57:50','2023-02-28 11:42:13'),
	(308,'images/63fde89589db5.webp','TVnOiTS3VZ.jpg',NULL,'webp','6681',0,NULL,61,'App\\Models\\Inventory','2022-08-02 19:57:50','2023-02-28 11:42:13'),
	(309,'images/63fde895a7098.webp','KzVnRQBv37.jpg',NULL,'webp','47245',0,NULL,61,'App\\Models\\Inventory','2022-08-02 19:57:50','2023-02-28 11:42:13'),
	(310,'images/63fde895cc202.webp','ZL09Jymhk7.jpg',NULL,'webp','142420',0,NULL,68,'App\\Models\\Inventory','2022-08-02 19:57:50','2023-02-28 11:42:13'),
	(311,'images/63fde89612f65.webp','gQuZSy4lei.jpg',NULL,'webp','83815',0,NULL,68,'App\\Models\\Inventory','2022-08-02 19:57:50','2023-02-28 11:42:14'),
	(312,'images/63fde8962dcf7.webp','KvjDt4wmFP.jpg',NULL,'webp','21357',0,NULL,68,'App\\Models\\Inventory','2022-08-02 19:57:50','2023-02-28 11:42:14'),
	(313,'images/63fde8964923b.webp','htIP4WbxyR.jpg',NULL,'webp','143272',0,NULL,73,'App\\Models\\Inventory','2022-08-02 19:57:50','2023-02-28 11:42:14'),
	(314,'images/63fde8967bdf3.webp','gNFlDdYklk.jpg',NULL,'webp','290073',0,NULL,73,'App\\Models\\Inventory','2022-08-02 19:57:50','2023-02-28 11:42:14'),
	(315,'images/63fde896a07ea.webp','LAzIyWGmC1.jpg',NULL,'webp','339333',0,NULL,73,'App\\Models\\Inventory','2022-08-02 19:57:50','2023-02-28 11:42:14'),
	(316,'images/63fde896bab36.webp','2KdMYLSiFs.jpg',NULL,'webp','122447',0,NULL,58,'App\\Models\\Inventory','2022-08-02 19:57:50','2023-02-28 11:42:14'),
	(317,'images/63fde896d3c3f.webp','6t4OSvlPz6.jpg',NULL,'webp','41639',0,NULL,58,'App\\Models\\Inventory','2022-08-02 19:57:50','2023-02-28 11:42:14'),
	(318,'images/63fde896e9ac2.webp','JGLt18TUkD.jpg',NULL,'webp','61874',0,NULL,58,'App\\Models\\Inventory','2022-08-02 19:57:50','2023-02-28 11:42:14'),
	(319,'images/63fde89716329.webp','1umPenAg9M.jpg',NULL,'webp','277953',0,NULL,82,'App\\Models\\Inventory','2022-08-02 19:57:50','2023-02-28 11:42:15'),
	(320,'images/63fde89746290.webp','inNJ4zPFnG.jpg',NULL,'webp','876612',0,NULL,82,'App\\Models\\Inventory','2022-08-02 19:57:50','2023-02-28 11:42:15'),
	(321,'images/63fde897699c2.webp','2AyA6jhKnw.jpg',NULL,'webp','342102',0,NULL,82,'App\\Models\\Inventory','2022-08-02 19:57:50','2023-02-28 11:42:15'),
	(322,'images/63fde8979886e.webp','dbIkavIt8h.jpg',NULL,'webp','202167',0,NULL,91,'App\\Models\\Inventory','2022-08-02 19:57:50','2023-02-28 11:42:15'),
	(323,'images/63fde897b2e27.webp','3CiIsNvbdL.jpg',NULL,'webp','118247',0,NULL,91,'App\\Models\\Inventory','2022-08-02 19:57:50','2023-02-28 11:42:15'),
	(324,'images/63fde897d39cf.webp','W8lMVUQvAq.jpg',NULL,'webp','219962',0,NULL,91,'App\\Models\\Inventory','2022-08-02 19:57:50','2023-02-28 11:42:15'),
	(325,'images/63fde897edbb9.webp','HtiBrXnjm9.jpg',NULL,'webp','100496',0,NULL,63,'App\\Models\\Inventory','2022-08-02 19:57:50','2023-02-28 11:42:15'),
	(326,'images/63fde8981cb92.webp','Lwca7D9Rm6.jpg',NULL,'webp','32765',0,NULL,63,'App\\Models\\Inventory','2022-08-02 19:57:50','2023-02-28 11:42:16'),
	(327,'images/63fde89838ec9.webp','BxOnVKUojE.jpg',NULL,'webp','77067',0,NULL,63,'App\\Models\\Inventory','2022-08-02 19:57:50','2023-02-28 11:42:16'),
	(328,'images/63fde8984ff26.webp','3sOTeMC1kI.jpg',NULL,'webp','61229',0,NULL,63,'App\\Models\\Inventory','2022-08-02 19:57:50','2023-02-28 11:42:16'),
	(329,'images/63fde8986e2b4.webp','qW4M7uFnT3.jpg',NULL,'webp','225459',0,NULL,89,'App\\Models\\Inventory','2022-08-02 19:57:50','2023-02-28 11:42:16'),
	(330,'images/63fde8989efd0.webp','jUGjvGiCvH.jpg',NULL,'webp','244762',0,NULL,89,'App\\Models\\Inventory','2022-08-02 19:57:50','2023-02-28 11:42:16'),
	(331,'images/63fde898c5c68.webp','2GgbfVtGBY.jpg',NULL,'webp','345128',0,NULL,89,'App\\Models\\Inventory','2022-08-02 19:57:50','2023-02-28 11:42:16'),
	(332,'images/63fde898e43d8.webp','7MQXWHhdPR.jpg',NULL,'webp','216880',0,NULL,43,'App\\Models\\Inventory','2022-08-02 19:57:50','2023-02-28 11:42:16'),
	(333,'images/63fde8990c264.webp','p0zSdTHk2u.jpg',NULL,'webp','173268',0,NULL,43,'App\\Models\\Inventory','2022-08-02 19:57:50','2023-02-28 11:42:17'),
	(334,'images/63fde8992cc57.webp','PxBYhpdyRT.jpg',NULL,'webp','158435',0,NULL,43,'App\\Models\\Inventory','2022-08-02 19:57:50','2023-02-28 11:42:17'),
	(335,'images/63fde89952680.webp','7eMKG0Ijes.jpg',NULL,'webp','214433',0,NULL,56,'App\\Models\\Inventory','2022-08-02 19:57:50','2023-02-28 11:42:17'),
	(336,'images/63fde899884fc.webp','MDcJrXt4SN.jpg',NULL,'webp','140388',0,NULL,56,'App\\Models\\Inventory','2022-08-02 19:57:50','2023-02-28 11:42:17'),
	(337,'images/63fde899ba082.webp','1rSf77oMxL.jpg',NULL,'webp','123509',0,NULL,56,'App\\Models\\Inventory','2022-08-02 19:57:50','2023-02-28 11:42:17'),
	(338,'images/63fde899d995b.webp','bRbthpbJE5.jpg',NULL,'webp','85299',0,NULL,80,'App\\Models\\Inventory','2022-08-02 19:57:50','2023-02-28 11:42:17'),
	(339,'images/63fde899eb79b.webp','UOwkFnCZRK.jpg',NULL,'webp','21899',0,NULL,80,'App\\Models\\Inventory','2022-08-02 19:57:50','2023-02-28 11:42:17'),
	(340,'images/63fde89a1cf22.webp','FJGWw9tudE.jpg',NULL,'webp','498648',0,NULL,35,'App\\Models\\Inventory','2022-08-02 19:57:50','2023-02-28 11:42:18'),
	(341,'images/63fde89a42e2c.webp','5mSWnQTIpx.jpg',NULL,'webp','478752',0,NULL,35,'App\\Models\\Inventory','2022-08-02 19:57:50','2023-02-28 11:42:18'),
	(342,'images/63fde89a720b3.webp','kT5AEBPRiV.jpg',NULL,'webp','167790',0,NULL,59,'App\\Models\\Inventory','2022-08-02 19:57:50','2023-02-28 11:42:18'),
	(343,'images/63fde89a8d441.webp','MKTKeNyZmz.jpg',NULL,'webp','69982',0,NULL,59,'App\\Models\\Inventory','2022-08-02 19:57:50','2023-02-28 11:42:18'),
	(344,'images/63fde89ab243a.webp','3Xb2xJUfbk.jpg',NULL,'webp','6681',0,NULL,59,'App\\Models\\Inventory','2022-08-02 19:57:50','2023-02-28 11:42:18'),
	(345,'images/63fde89ad4271.webp','SexO2N7UDr.jpg',NULL,'webp','47245',0,NULL,59,'App\\Models\\Inventory','2022-08-02 19:57:50','2023-02-28 11:42:18'),
	(346,'images/63fde89b08e37.webp','7OpYLjrgnf.jpg',NULL,'webp','145490',0,NULL,14,'App\\Models\\Inventory','2022-08-02 19:57:50','2023-02-28 11:42:19'),
	(347,'images/63fde89b353b9.webp','KX5uMDeDed.jpg',NULL,'webp','463973',0,NULL,14,'App\\Models\\Inventory','2022-08-02 19:57:50','2023-02-28 11:42:19'),
	(348,'images/63fde89b50ca9.webp','B0aBa2RirC.jpeg',NULL,'webp','51467',0,NULL,14,'App\\Models\\Inventory','2022-08-02 19:57:50','2023-02-28 11:42:19'),
	(349,'images/63fde89b7ca0f.webp','qzGEyNrxry.jpg',NULL,'webp','498648',0,NULL,54,'App\\Models\\Inventory','2022-08-02 19:57:50','2023-02-28 11:42:19'),
	(350,'images/63fde89ba751c.webp','bse7kAjkvG.jpg',NULL,'webp','478752',0,NULL,54,'App\\Models\\Inventory','2022-08-02 19:57:50','2023-02-28 11:42:19'),
	(351,'images/63fde89be5e38.webp','42QNp2aT5m.jpg',NULL,'webp','160529',0,NULL,71,'App\\Models\\Inventory','2022-08-02 19:57:50','2023-02-28 11:42:19'),
	(352,'images/63fde89c0bb58.webp','3z92CXiKFV.png',NULL,'webp','194838',0,NULL,71,'App\\Models\\Inventory','2022-08-02 19:57:50','2023-02-28 11:42:20'),
	(353,'images/63fde89c245f5.webp','ZBprtoQzV6.png',NULL,'webp','146865',0,NULL,71,'App\\Models\\Inventory','2022-08-02 19:57:50','2023-02-28 11:42:20'),
	(354,'images/63fde89c44890.webp','IfNgEoDyb5.jpg',NULL,'webp','214433',0,NULL,87,'App\\Models\\Inventory','2022-08-02 19:57:50','2023-02-28 11:42:20'),
	(355,'images/63fde89c82007.webp','g5l8yVljcF.jpg',NULL,'webp','140388',0,NULL,87,'App\\Models\\Inventory','2022-08-02 19:57:50','2023-02-28 11:42:20'),
	(356,'images/63fde89cbddee.webp','0iDYBkg5Ff.jpg',NULL,'webp','123509',0,NULL,87,'App\\Models\\Inventory','2022-08-02 19:57:50','2023-02-28 11:42:20'),
	(357,'images/63fde89cf3942.webp','RAjVtLi1Nt.jpg',NULL,'webp','171460',0,NULL,10,'App\\Models\\Inventory','2022-08-02 19:57:50','2023-02-28 11:42:21'),
	(358,'images/63fde89d23f5d.webp','GmA3QeOEII.jpg',NULL,'webp','58348',0,NULL,10,'App\\Models\\Inventory','2022-08-02 19:57:50','2023-02-28 11:42:21'),
	(359,'images/63fde89d46047.webp','I6odTWmaq5.jpg',NULL,'webp','109255',0,NULL,57,'App\\Models\\Inventory','2022-08-02 19:57:50','2023-02-28 11:42:21'),
	(360,'images/63fde89d72c10.webp','OCa8GaHXZH.jpg',NULL,'webp','523497',0,NULL,57,'App\\Models\\Inventory','2022-08-02 19:57:50','2023-02-28 11:42:21'),
	(361,'images/63fde89d97939.webp','jLKpaNzGKE.jpg',NULL,'webp','288333',0,NULL,57,'App\\Models\\Inventory','2022-08-02 19:57:50','2023-02-28 11:42:21'),
	(362,'images/63fde89db42da.webp','utxFOFVEVR.jpg',NULL,'webp','181830',0,NULL,57,'App\\Models\\Inventory','2022-08-02 19:57:50','2023-02-28 11:42:21'),
	(363,'images/63fde89de3c69.webp','YBYveXf7wy.jpg',NULL,'webp','432508',0,NULL,57,'App\\Models\\Inventory','2022-08-02 19:57:50','2023-02-28 11:42:21'),
	(364,'images/63fde89e1b122.webp','tEMTOlAVdJ.jpg',NULL,'webp','202845',0,NULL,57,'App\\Models\\Inventory','2022-08-02 19:57:50','2023-02-28 11:42:22'),
	(365,'images/63fde89e36eea.webp','CgZnEfcHjN.jpg',NULL,'webp','108709',0,NULL,5,'App\\Models\\Inventory','2022-08-02 19:57:50','2023-02-28 11:42:22'),
	(366,'images/63fde89e4fb34.webp','tS6Uggl7pE.jpg',NULL,'webp','19446',0,NULL,5,'App\\Models\\Inventory','2022-08-02 19:57:50','2023-02-28 11:42:22'),
	(367,'images/63fde89e6f31c.webp','ouqKRMm9Ck.jpg',NULL,'webp','71204',0,NULL,20,'App\\Models\\Inventory','2022-08-02 19:57:50','2023-02-28 11:42:22'),
	(368,'images/63fde89e82c92.webp','XEMhF7BXL9.jpg',NULL,'webp','12787',0,NULL,20,'App\\Models\\Inventory','2022-08-02 19:57:50','2023-02-28 11:42:22'),
	(369,'images/63fde89e9fae0.webp','Lzpuk9hQt3.jpg',NULL,'webp','19339',0,NULL,20,'App\\Models\\Inventory','2022-08-02 19:57:50','2023-02-28 11:42:22'),
	(370,'images/63fde89ec4ab2.webp','zW6hdQypjF.jpg',NULL,'webp','332245',0,NULL,41,'App\\Models\\Inventory','2022-08-02 19:57:50','2023-02-28 11:42:22'),
	(371,'images/63fde89f09d19.webp','R0DezkLQ6b.jpg',NULL,'webp','278426',0,NULL,41,'App\\Models\\Inventory','2022-08-02 19:57:50','2023-02-28 11:42:23'),
	(372,'images/63fde89f359fb.webp','RNOS9we6t6.jpg',NULL,'webp','349716',0,NULL,30,'App\\Models\\Inventory','2022-08-02 19:57:50','2023-02-28 11:42:23'),
	(373,'images/63fde89f5e29e.webp','j51zxFDOjt.jpg',NULL,'webp','515075',0,NULL,30,'App\\Models\\Inventory','2022-08-02 19:57:50','2023-02-28 11:42:23'),
	(374,'images/63fde89f7bebf.webp','9yLqxVYRlm.jpg',NULL,'webp','109255',0,NULL,16,'App\\Models\\Inventory','2022-08-02 19:57:50','2023-02-28 11:42:23'),
	(375,'images/63fde89fb307a.webp','HDK9SH3ysN.jpg',NULL,'webp','523497',0,NULL,16,'App\\Models\\Inventory','2022-08-02 19:57:50','2023-02-28 11:42:23'),
	(376,'images/63fde89fe9088.webp','0CIWVc0y1p.jpg',NULL,'webp','288333',0,NULL,16,'App\\Models\\Inventory','2022-08-02 19:57:50','2023-02-28 11:42:23'),
	(377,'images/63fde8a0162be.webp','eEd6s0vZ5b.jpg',NULL,'webp','181830',0,NULL,16,'App\\Models\\Inventory','2022-08-02 19:57:50','2023-02-28 11:42:24'),
	(378,'images/63fde8a0418f9.webp','XsJDZfj2W4.jpg',NULL,'webp','432508',0,NULL,16,'App\\Models\\Inventory','2022-08-02 19:57:50','2023-02-28 11:42:24'),
	(379,'images/63fde8a0610a0.webp','JW5qB5wBUo.jpg',NULL,'webp','202845',0,NULL,16,'App\\Models\\Inventory','2022-08-02 19:57:50','2023-02-28 11:42:24'),
	(380,'images/63fde8a0821cd.webp','PxSYiMfKr4.jpg',NULL,'webp','143272',0,NULL,102,'App\\Models\\Inventory','2022-08-02 19:57:50','2023-02-28 11:42:24'),
	(381,'images/63fde8a0a7538.webp','u8XZc85E2K.jpg',NULL,'webp','290073',0,NULL,102,'App\\Models\\Inventory','2022-08-02 19:57:50','2023-02-28 11:42:24'),
	(382,'images/63fde8a0d140a.webp','V7aw3YpgWt.jpg',NULL,'webp','339333',0,NULL,102,'App\\Models\\Inventory','2022-08-02 19:57:50','2023-02-28 11:42:24'),
	(383,'images/63fde8a10f2ba.webp','mUfJEGSnFp.jpg',NULL,'webp','128590',0,NULL,42,'App\\Models\\Inventory','2022-08-02 19:57:50','2023-02-28 11:42:25'),
	(384,'images/63fde8a120b9b.webp','xKPgpNOks3.jpeg',NULL,'webp','37291',0,NULL,42,'App\\Models\\Inventory','2022-08-02 19:57:50','2023-02-28 11:42:25'),
	(385,'images/63fde8a13790f.webp','HB4ZOyrXaP.jpeg',NULL,'webp','107989',0,NULL,42,'App\\Models\\Inventory','2022-08-02 19:57:50','2023-02-28 11:42:25'),
	(386,'images/63fde8a1691a0.webp','08EssqO0lY.png',NULL,'webp','451649',0,NULL,42,'App\\Models\\Inventory','2022-08-02 19:57:50','2023-02-28 11:42:25'),
	(387,'images/63fde8a184916.webp','J9yE9Hnmea.jpg',NULL,'webp','151281',0,NULL,103,'App\\Models\\Inventory','2022-08-02 19:57:50','2023-02-28 11:42:25'),
	(388,'images/63fde8a1a35fb.webp','YQMeLA3PNm.jpg',NULL,'webp','282307',0,NULL,103,'App\\Models\\Inventory','2022-08-02 19:57:50','2023-02-28 11:42:25'),
	(389,'images/63fde8a1c0781.webp','miolz77sCI.jpg',NULL,'webp','198579',0,NULL,103,'App\\Models\\Inventory','2022-08-02 19:57:50','2023-02-28 11:42:25'),
	(390,'images/63fde8a1e5be4.webp','Xh5zcTKyOY.jpg',NULL,'webp','462235',0,NULL,103,'App\\Models\\Inventory','2022-08-02 19:57:50','2023-02-28 11:42:25'),
	(395,'images/63fde8a28c529.webp','5Z80dQsRQ6.jpg',NULL,'webp','160529',0,NULL,31,'App\\Models\\Inventory','2022-08-02 19:57:50','2023-02-28 11:42:26'),
	(396,'images/63fde8a2ae57a.webp','zV8ItiVAEs.png',NULL,'webp','194838',0,NULL,31,'App\\Models\\Inventory','2022-08-02 19:57:50','2023-02-28 11:42:26'),
	(397,'images/63fde8a2cab95.webp','0z6Z8MRbx9.png',NULL,'webp','146865',0,NULL,31,'App\\Models\\Inventory','2022-08-02 19:57:50','2023-02-28 11:42:26'),
	(398,'images/63fde8a2e68ad.webp','vY1DL5J63G.jpg',NULL,'webp','142420',0,NULL,8,'App\\Models\\Inventory','2022-08-02 19:57:50','2023-02-28 11:42:26'),
	(399,'images/63fde8a331192.webp','uFx6PoRNGW.jpg',NULL,'webp','83815',0,NULL,8,'App\\Models\\Inventory','2022-08-02 19:57:50','2023-02-28 11:42:27'),
	(400,'images/63fde8a352443.webp','dofboR4m1Q.jpg',NULL,'webp','21357',0,NULL,8,'App\\Models\\Inventory','2022-08-02 19:57:50','2023-02-28 11:42:27'),
	(401,'images/63fde8a388322.webp','IAvYXat6fT.jpg',NULL,'webp','279672',0,NULL,72,'App\\Models\\Inventory','2022-08-02 19:57:50','2023-02-28 11:42:27'),
	(402,'images/63fde8a532232.webp','P6ebKlotzz.jpg',NULL,'webp','481848',0,NULL,72,'App\\Models\\Inventory','2022-08-02 19:57:50','2023-02-28 11:42:29'),
	(403,'images/63fde8a55120a.webp','dhRogEKTNi.jpg',NULL,'webp','229615',0,NULL,72,'App\\Models\\Inventory','2022-08-02 19:57:50','2023-02-28 11:42:29'),
	(404,'images/63fde8a56c1b7.webp','tuz87UBXOj.jpg',NULL,'webp','119626',0,NULL,85,'App\\Models\\Inventory','2022-08-02 19:57:50','2023-02-28 11:42:29'),
	(405,'images/63fde8a58e5a4.webp','rkzUNLxkil.jpg',NULL,'webp','284150',0,NULL,85,'App\\Models\\Inventory','2022-08-02 19:57:50','2023-02-28 11:42:29'),
	(406,'images/63fde8a5b0b84.webp','LPfhu9Z3YM.jpg',NULL,'webp','150367',0,NULL,95,'App\\Models\\Inventory','2022-08-02 19:57:50','2023-02-28 11:42:29'),
	(407,'images/63fde8a5f1e9a.webp','NQZgHOrUxh.jpg',NULL,'webp','344533',0,NULL,95,'App\\Models\\Inventory','2022-08-02 19:57:50','2023-02-28 11:42:29'),
	(408,'images/63fde8a61b53a.webp','xEW1ORaQ9U.jpg',NULL,'webp','110646',0,NULL,95,'App\\Models\\Inventory','2022-08-02 19:57:50','2023-02-28 11:42:30'),
	(409,'images/63fde8a65d508.webp','c3fsGmOzWg.jpg',NULL,'webp','277953',0,NULL,22,'App\\Models\\Inventory','2022-08-02 19:57:50','2023-02-28 11:42:30'),
	(410,'images/63fde8a696dc3.webp','1iVi6WDEm2.jpg',NULL,'webp','876612',0,NULL,22,'App\\Models\\Inventory','2022-08-02 19:57:50','2023-02-28 11:42:30'),
	(411,'images/63fde8a6bbfe9.webp','ohHTRBHuBO.jpg',NULL,'webp','342102',0,NULL,22,'App\\Models\\Inventory','2022-08-02 19:57:50','2023-02-28 11:42:30'),
	(412,'images/63fde8a6de398.webp','Or6NJfUm09.jpg',NULL,'webp','485590',0,NULL,32,'App\\Models\\Inventory','2022-08-02 19:57:50','2023-02-28 11:42:30'),
	(413,'images/63fde8a70e5ab.webp','o2mtLERuoM.jpg',NULL,'webp','450759',0,NULL,32,'App\\Models\\Inventory','2022-08-02 19:57:50','2023-02-28 11:42:31'),
	(414,'images/63fde8a7317b2.webp','InUyQnT9aR.jpg',NULL,'webp','382586',0,NULL,32,'App\\Models\\Inventory','2022-08-02 19:57:50','2023-02-28 11:42:31'),
	(415,'images/63fde8a74d83b.webp','9rSA0yLQV2.jpg',NULL,'webp','108709',0,NULL,106,'App\\Models\\Inventory','2022-08-02 19:57:50','2023-02-28 11:42:31'),
	(416,'images/63fde8a75f6c6.webp','FDyfakI5VJ.jpg',NULL,'webp','19446',0,NULL,106,'App\\Models\\Inventory','2022-08-02 19:57:50','2023-02-28 11:42:31'),
	(417,'images/63fde8a783b63.webp','twMnFXSoFB.jpg',NULL,'webp','159247',0,NULL,3,'App\\Models\\Inventory','2022-08-02 19:57:50','2023-02-28 11:42:31'),
	(418,'images/63fde8a79cd47.webp','KdWFggdOc1.jpg',NULL,'webp','9260',0,NULL,3,'App\\Models\\Inventory','2022-08-02 19:57:50','2023-02-28 11:42:31'),
	(419,'images/63fde8a7ab5ea.webp','ly9pHnBNbr.jpg',NULL,'webp','12653',0,NULL,3,'App\\Models\\Inventory','2022-08-02 19:57:50','2023-02-28 11:42:31'),
	(420,'images/63fde8a7cacc9.webp','cePSbc2sBh.jpg',NULL,'webp','277953',0,NULL,4,'App\\Models\\Inventory','2022-08-02 19:57:50','2023-02-28 11:42:31'),
	(421,'images/63fde8a804b14.webp','D91y3hT1vd.jpg',NULL,'webp','876612',0,NULL,4,'App\\Models\\Inventory','2022-08-02 19:57:50','2023-02-28 11:42:32'),
	(422,'images/63fde8a832725.webp','2QzXSmDG9o.jpg',NULL,'webp','342102',0,NULL,4,'App\\Models\\Inventory','2022-08-02 19:57:50','2023-02-28 11:42:32'),
	(423,'images/63fde8a85c544.webp','TvBZJkGCQj.jpg',NULL,'webp','225459',0,NULL,62,'App\\Models\\Inventory','2022-08-02 19:57:50','2023-02-28 11:42:32'),
	(424,'images/63fde8a87da3a.webp','PhdOJaPbHC.jpg',NULL,'webp','244762',0,NULL,62,'App\\Models\\Inventory','2022-08-02 19:57:50','2023-02-28 11:42:32'),
	(425,'images/63fde8a8a2c38.webp','6e07Xv5Atb.jpg',NULL,'webp','345128',0,NULL,62,'App\\Models\\Inventory','2022-08-02 19:57:50','2023-02-28 11:42:32'),
	(426,'images/63fde8a8c46f8.webp','PQWOhHnqtf.jpg',NULL,'webp','167790',0,NULL,67,'App\\Models\\Inventory','2022-08-02 19:57:50','2023-02-28 11:42:32'),
	(427,'images/63fde8a8e0ba6.webp','HDoqEHaloi.jpg',NULL,'webp','69982',0,NULL,67,'App\\Models\\Inventory','2022-08-02 19:57:50','2023-02-28 11:42:32'),
	(428,'images/63fde8a8f2f45.webp','agl7avCxP5.jpg',NULL,'webp','6681',0,NULL,67,'App\\Models\\Inventory','2022-08-02 19:57:50','2023-02-28 11:42:32'),
	(429,'images/63fde8a921583.webp','az4nTIrHZ7.jpg',NULL,'webp','47245',0,NULL,67,'App\\Models\\Inventory','2022-08-02 19:57:50','2023-02-28 11:42:33'),
	(430,'images/63fde8a93fc98.webp','qufeEM7rcx.jpg',NULL,'webp','151281',0,NULL,79,'App\\Models\\Inventory','2022-08-02 19:57:50','2023-02-28 11:42:33'),
	(431,'images/63fde8a95e803.webp','R6LFTL2CQB.jpg',NULL,'webp','282307',0,NULL,79,'App\\Models\\Inventory','2022-08-02 19:57:50','2023-02-28 11:42:33'),
	(432,'images/63fde8a97d4f0.webp','arQN1mmi3Q.jpg',NULL,'webp','198579',0,NULL,79,'App\\Models\\Inventory','2022-08-02 19:57:50','2023-02-28 11:42:33'),
	(433,'images/63fde8a9b5d51.webp','JqjkTBPTq1.jpg',NULL,'webp','462235',0,NULL,79,'App\\Models\\Inventory','2022-08-02 19:57:50','2023-02-28 11:42:33'),
	(434,'images/63fde8a9cf72a.webp','gJmdgEuBAu.jpg',NULL,'webp','71204',0,NULL,94,'App\\Models\\Inventory','2022-08-02 19:57:50','2023-02-28 11:42:33'),
	(435,'images/63fde8a9e0498.webp','F9pU1Hlw71.jpg',NULL,'webp','12787',0,NULL,94,'App\\Models\\Inventory','2022-08-02 19:57:50','2023-02-28 11:42:33'),
	(436,'images/63fde8aa0403a.webp','oQmYeVyo9g.jpg',NULL,'webp','19339',0,NULL,94,'App\\Models\\Inventory','2022-08-02 19:57:50','2023-02-28 11:42:34'),
	(437,'images/63fde8aa21e7c.webp','YysFetV2cT.jpg',NULL,'webp','179703',0,NULL,12,'App\\Models\\Inventory','2022-08-02 19:57:50','2023-02-28 11:42:34'),
	(438,'images/63fde8aa3d2d8.webp','XwEAii1w7b.jpg',NULL,'webp','194943',0,NULL,12,'App\\Models\\Inventory','2022-08-02 19:57:50','2023-02-28 11:42:34'),
	(439,'images/63fde8aa5a0f6.webp','PehORhqsHW.jpg',NULL,'webp','166868',0,NULL,12,'App\\Models\\Inventory','2022-08-02 19:57:50','2023-02-28 11:42:34'),
	(440,'images/63fde8aa85919.webp','sld9ZKxiFJ.jpg',NULL,'webp','139886',0,NULL,84,'App\\Models\\Inventory','2022-08-02 19:57:50','2023-02-28 11:42:34'),
	(441,'images/63fde8aa994e2.webp','JGNB2P1HlE.jpg',NULL,'webp','96212',0,NULL,84,'App\\Models\\Inventory','2022-08-02 19:57:50','2023-02-28 11:42:34'),
	(442,'images/63fde8aab6229.webp','oxZz9szQM8.jpg',NULL,'webp','90308',0,NULL,84,'App\\Models\\Inventory','2022-08-02 19:57:50','2023-02-28 11:42:34'),
	(443,'images/63fde8aad093a.webp','P0l3ue1ZKR.jpg',NULL,'webp','145490',0,NULL,19,'App\\Models\\Inventory','2022-08-02 19:57:50','2023-02-28 11:42:34'),
	(444,'images/63fde8ab0cb76.webp','bbbSKgfwPk.jpg',NULL,'webp','463973',0,NULL,19,'App\\Models\\Inventory','2022-08-02 19:57:50','2023-02-28 11:42:35'),
	(445,'images/63fde8ab253a4.webp','eLJ1BkN8k9.jpeg',NULL,'webp','51467',0,NULL,19,'App\\Models\\Inventory','2022-08-02 19:57:50','2023-02-28 11:42:35'),
	(446,'images/63fde8ab4418d.webp','1hEKqNUzJl.jpg',NULL,'webp','214433',0,NULL,75,'App\\Models\\Inventory','2022-08-02 19:57:50','2023-02-28 11:42:35'),
	(447,'images/63fde8ab7c383.webp','xN4Yx6WifW.jpg',NULL,'webp','140388',0,NULL,75,'App\\Models\\Inventory','2022-08-02 19:57:50','2023-02-28 11:42:35'),
	(448,'images/63fde8abb0d6c.webp','5qw01EL6OZ.jpg',NULL,'webp','123509',0,NULL,75,'App\\Models\\Inventory','2022-08-02 19:57:50','2023-02-28 11:42:35'),
	(449,'images/63fde8abce0d4.webp','H0WYd7rtDF.jpg',NULL,'webp','251632',0,NULL,24,'App\\Models\\Inventory','2022-08-02 19:57:50','2023-02-28 11:42:35'),
	(450,'images/63fde8abee326.webp','b2JHO8r9Si.jpg',NULL,'webp','188413',0,NULL,24,'App\\Models\\Inventory','2022-08-02 19:57:50','2023-02-28 11:42:35'),
	(451,'images/63fde8ac29c1e.webp','5981EM6PcT.jpg',NULL,'webp','405851',0,NULL,24,'App\\Models\\Inventory','2022-08-02 19:57:50','2023-02-28 11:42:36'),
	(452,'images/63fde8ac57b66.webp','49Mc32zexS.jpg',NULL,'webp','437710',0,NULL,24,'App\\Models\\Inventory','2022-08-02 19:57:50','2023-02-28 11:42:36'),
	(453,'images/63fde8ac7f936.webp','Rcw20OIyi6.jpg',NULL,'webp','194770',0,NULL,18,'App\\Models\\Inventory','2022-08-02 19:57:50','2023-02-28 11:42:36'),
	(454,'images/63fde8ac911b4.webp','f9GKbx7jp0.jpg',NULL,'webp','22030',0,NULL,18,'App\\Models\\Inventory','2022-08-02 19:57:50','2023-02-28 11:42:36'),
	(455,'images/63fde8acbaeb0.webp','HNQMiwxWZs.jpeg',NULL,'webp','6878',0,NULL,18,'App\\Models\\Inventory','2022-08-02 19:57:50','2023-02-28 11:42:36'),
	(456,'images/63fde8acd86b7.webp','tXMu4AmLcF.jpg',NULL,'webp','44992',0,NULL,18,'App\\Models\\Inventory','2022-08-02 19:57:50','2023-02-28 11:42:36'),
	(457,'images/63fde8ace9876.webp','OhwMFsgTdD.jpg',NULL,'webp','14210',0,NULL,18,'App\\Models\\Inventory','2022-08-02 19:57:50','2023-02-28 11:42:36'),
	(458,'images/63fde8ad1e695.webp','SfingQEIVZ.jpg',NULL,'webp','474967',0,NULL,92,'App\\Models\\Inventory','2022-08-02 19:57:50','2023-02-28 11:42:37'),
	(459,'images/63fde8ad402d6.webp','FBWZNStQcy.jpg',NULL,'webp','320629',0,NULL,92,'App\\Models\\Inventory','2022-08-02 19:57:50','2023-02-28 11:42:37'),
	(460,'images/63fde8ad66bb9.webp','IlgC4HZeQR.jpg',NULL,'webp','396205',0,NULL,92,'App\\Models\\Inventory','2022-08-02 19:57:50','2023-02-28 11:42:37'),
	(461,'images/63fde8ad97c2a.webp','T3XGaTzCp1.jpg',NULL,'webp','415302',0,NULL,92,'App\\Models\\Inventory','2022-08-02 19:57:50','2023-02-28 11:42:37'),
	(462,'images/63fde8adbf4d0.webp','KRWMruVdEx.jpg',NULL,'webp','366988',0,NULL,76,'App\\Models\\Inventory','2022-08-02 19:57:50','2023-02-28 11:42:37'),
	(463,'images/63fde8ade2581.webp','NIt8o0YfQC.jpg',NULL,'webp','430417',0,NULL,76,'App\\Models\\Inventory','2022-08-02 19:57:50','2023-02-28 11:42:37'),
	(464,'images/63fde8ae0db7d.webp','5DpbNRpMHM.jpg',NULL,'webp','128590',0,NULL,93,'App\\Models\\Inventory','2022-08-02 19:57:50','2023-02-28 11:42:38'),
	(465,'images/63fde8ae1dc77.webp','nN1x0ipoNg.jpeg',NULL,'webp','37291',0,NULL,93,'App\\Models\\Inventory','2022-08-02 19:57:50','2023-02-28 11:42:38'),
	(466,'images/63fde8ae317a3.webp','modzanQ29Z.jpeg',NULL,'webp','107989',0,NULL,93,'App\\Models\\Inventory','2022-08-02 19:57:50','2023-02-28 11:42:38'),
	(467,'images/63fde8ae5a0a6.webp','sfpr2h1JSG.png',NULL,'webp','451649',0,NULL,93,'App\\Models\\Inventory','2022-08-02 19:57:50','2023-02-28 11:42:38'),
	(468,'images/63fde8ae7e825.webp','Pyj1yL47yh.jpg',NULL,'webp','105039',0,NULL,55,'App\\Models\\Inventory','2022-08-02 19:57:50','2023-02-28 11:42:38'),
	(469,'images/63fde8ae9a73f.webp','49mUVrtSLY.jpg',NULL,'webp','29912',0,NULL,55,'App\\Models\\Inventory','2022-08-02 19:57:50','2023-02-28 11:42:38'),
	(470,'images/63fde8aec0ac2.webp','DSNv7JPen6.jpg',NULL,'webp','150546',0,NULL,66,'App\\Models\\Inventory','2022-08-02 19:57:50','2023-02-28 11:42:38'),
	(471,'images/63fde8aed1f3a.webp','XHBZy8S4n6.jpg',NULL,'webp','23875',0,NULL,66,'App\\Models\\Inventory','2022-08-02 19:57:50','2023-02-28 11:42:38'),
	(472,'images/63fde8af085cc.webp','apyWzhuXWh.jpg',NULL,'webp','63923',0,NULL,66,'App\\Models\\Inventory','2022-08-02 19:57:50','2023-02-28 11:42:39'),
	(473,'images/63fde8af25def.webp','Kp6ra2DjjO.jpg',NULL,'webp','150367',0,NULL,38,'App\\Models\\Inventory','2022-08-02 19:57:50','2023-02-28 11:42:39'),
	(474,'images/63fde8af5ebf2.webp','oD0BTgzJE9.jpg',NULL,'webp','344533',0,NULL,38,'App\\Models\\Inventory','2022-08-02 19:57:50','2023-02-28 11:42:39'),
	(475,'images/63fde8af76925.webp','W7FQ0dHOyG.jpg',NULL,'webp','110646',0,NULL,38,'App\\Models\\Inventory','2022-08-02 19:57:50','2023-02-28 11:42:39'),
	(476,'images/63fde8af9c8cd.webp','747tusLMdm.jpg',NULL,'webp','498648',0,NULL,44,'App\\Models\\Inventory','2022-08-02 19:57:50','2023-02-28 11:42:39'),
	(477,'images/63fde8afc2419.webp','fad2eq3E9o.jpg',NULL,'webp','478752',0,NULL,44,'App\\Models\\Inventory','2022-08-02 19:57:50','2023-02-28 11:42:39'),
	(478,'images/63fde8b0057dc.webp','xIgWaA0HVQ.jpeg',NULL,'webp','133945',0,NULL,45,'App\\Models\\Inventory','2022-08-02 19:57:50','2023-02-28 11:42:40'),
	(479,'images/63fde8b032aa4.webp','N60bmfJRDy.jpg',NULL,'webp','227200',0,NULL,45,'App\\Models\\Inventory','2022-08-02 19:57:50','2023-02-28 11:42:40'),
	(480,'images/63fde8b0544f7.webp','HnZ250PYYf.jpg',NULL,'webp','122447',0,NULL,40,'App\\Models\\Inventory','2022-08-02 19:57:50','2023-02-28 11:42:40'),
	(481,'images/63fde8b064bce.webp','WMCp5pfwjz.jpg',NULL,'webp','41639',0,NULL,40,'App\\Models\\Inventory','2022-08-02 19:57:50','2023-02-28 11:42:40'),
	(482,'images/63fde8b077850.webp','d9cTZDkX9J.jpg',NULL,'webp','61874',0,NULL,40,'App\\Models\\Inventory','2022-08-02 19:57:50','2023-02-28 11:42:40'),
	(483,'images/63fde8b0926bd.webp','LLIX6qX9Hn.jpg',NULL,'webp','139886',0,NULL,100,'App\\Models\\Inventory','2022-08-02 19:57:50','2023-02-28 11:42:40'),
	(484,'images/63fde8b0a9713.webp','07jvFIQyFd.jpg',NULL,'webp','96212',0,NULL,100,'App\\Models\\Inventory','2022-08-02 19:57:50','2023-02-28 11:42:40'),
	(485,'images/63fde8b0be7db.webp','8BjOh3OSD8.jpg',NULL,'webp','90308',0,NULL,100,'App\\Models\\Inventory','2022-08-02 19:57:50','2023-02-28 11:42:40'),
	(486,'images/63fde8b0e72af.webp','Do4fPjpgyC.jpg',NULL,'webp','145490',0,NULL,105,'App\\Models\\Inventory','2022-08-02 19:57:50','2023-02-28 11:42:40'),
	(487,'images/63fde8b11bf14.webp','PsPA6VWRIj.jpg',NULL,'webp','463973',0,NULL,105,'App\\Models\\Inventory','2022-08-02 19:57:50','2023-02-28 11:42:41'),
	(488,'images/63fde8b134114.webp','kQJpX363ja.jpeg',NULL,'webp','51467',0,NULL,105,'App\\Models\\Inventory','2022-08-02 19:57:50','2023-02-28 11:42:41'),
	(489,'images/63fde8b1582f5.webp','tPAT6uvd2X.jpg',NULL,'webp','202167',0,NULL,15,'App\\Models\\Inventory','2022-08-02 19:57:50','2023-02-28 11:42:41'),
	(490,'images/63fde8b172622.webp','PhcIOIY31R.jpg',NULL,'webp','118247',0,NULL,15,'App\\Models\\Inventory','2022-08-02 19:57:50','2023-02-28 11:42:41'),
	(491,'images/63fde8b197414.webp','xCnvQXIx4u.jpg',NULL,'webp','219962',0,NULL,15,'App\\Models\\Inventory','2022-08-02 19:57:50','2023-02-28 11:42:41'),
	(492,'images/63fde8b1ba132.webp','yvOZFU6r2G.jpg',NULL,'webp','474967',0,NULL,78,'App\\Models\\Inventory','2022-08-02 19:57:50','2023-02-28 11:42:41'),
	(493,'images/63fde8b1dd9e4.webp','6H5T5hWarP.jpg',NULL,'webp','320629',0,NULL,78,'App\\Models\\Inventory','2022-08-02 19:57:50','2023-02-28 11:42:41'),
	(494,'images/63fde8b233d85.webp','KvEOIYHMIl.jpg',NULL,'webp','396205',0,NULL,78,'App\\Models\\Inventory','2022-08-02 19:57:50','2023-02-28 11:42:42'),
	(495,'images/63fde8b25ae84.webp','02NsvsjUfC.jpg',NULL,'webp','415302',0,NULL,78,'App\\Models\\Inventory','2022-08-02 19:57:50','2023-02-28 11:42:42'),
	(496,'images/63fde8b2b0375.webp','blog_2.png','cover','webp','0',0,1,2,'App\\Models\\Blog','2022-08-02 19:57:50','2023-02-28 11:42:42'),
	(497,'images/63fde8b30eb7f.webp','blog_4.png','cover','webp','0',0,1,4,'App\\Models\\Blog','2022-08-02 19:57:50','2023-02-28 11:42:43'),
	(498,'images/63fde8b35627a.webp','blog_5.png','cover','webp','0',0,1,5,'App\\Models\\Blog','2022-08-02 19:57:50','2023-02-28 11:42:43'),
	(499,'images/63fde8b39d547.webp','blog_3.png','cover','webp','0',0,1,3,'App\\Models\\Blog','2022-08-02 19:57:50','2023-02-28 11:42:43'),
	(500,'images/63fde8b3dc270.webp','blog_1.png','cover','webp','0',0,1,1,'App\\Models\\Blog','2022-08-02 19:57:50','2023-02-28 11:42:43'),
	(502,'images/63fde8b4331ba.webp','KV1zYUenwR.jpg','mobile','webp','167914',1,0,1,'App\\Models\\Slider','2022-08-02 19:57:51','2023-02-28 11:42:44'),
	(504,'images/63fde8b45f204.webp','YBPzVQjB3O.jpg','mobile','webp','141704',2,0,2,'App\\Models\\Slider','2022-08-02 19:57:51','2023-02-28 11:42:44'),
	(506,'images/63fde8b48b301.webp','8KUaOX2foK.jpg','mobile','webp','152569',3,0,3,'App\\Models\\Slider','2022-08-02 19:57:51','2023-02-28 11:42:44'),
	(518,'images/63fde8b591b4b.webp','iFdVF1pfWF.jpg','feature','webp','0',0,1,10,'App\\Models\\Banner','2022-08-02 19:57:51','2023-02-28 11:42:45'),
	(519,'images/63fde8b5a4a0d.webp','IPyiTz85QW.jpg','feature','webp','0',0,NULL,9,'App\\Models\\Manufacturer','2022-08-02 19:57:52','2023-02-28 11:42:45'),
	(520,'images/63fde8b5b5076.webp','0JGDqVA8zi.jpg','feature','webp','0',0,NULL,11,'App\\Models\\Manufacturer','2022-08-02 19:57:52','2023-02-28 11:42:45'),
	(521,'images/63fde8b5c354d.webp','8hZFH7us2m.jpg','feature','webp','0',0,NULL,12,'App\\Models\\Manufacturer','2022-08-02 19:57:52','2023-02-28 11:42:45'),
	(530,'images/63fde8b65ceba.webp','6GiYtL6mYz.jpg','feature','webp','0',0,NULL,19,'App\\Models\\Category','2022-08-02 19:57:52','2023-02-28 11:42:46'),
	(531,'images/63fde8b6684ca.webp','JlG6R2seAe.jpg','feature','webp','0',0,NULL,34,'App\\Models\\Category','2022-08-02 19:57:52','2023-02-28 11:42:46'),
	(533,'images/63fde8b6812fd.webp','CPrsAPtwIG.png','logo','webp','0',0,NULL,1,'App\\Models\\Manufacturer','2022-08-02 19:57:52','2023-02-28 11:42:46'),
	(534,'images/63fde8b68d211.webp','qhUooFyxIB.png','logo','webp','0',0,NULL,3,'App\\Models\\Manufacturer','2022-08-02 19:57:52','2023-02-28 11:42:46'),
	(535,'images/63fde8b6a55c1.webp','UpCZ5M3vZN.png','logo','webp','0',0,NULL,9,'App\\Models\\Manufacturer','2022-08-02 19:57:52','2023-02-28 11:42:46'),
	(536,'images/63fde8b6b5192.webp','4MjXzxfx0q.png','logo','webp','0',0,NULL,13,'App\\Models\\Manufacturer','2022-08-02 19:57:52','2023-02-28 11:42:46'),
	(537,'images/63fde8b6bed0f.webp','lg2Ku3dtov.png','logo','webp','0',0,NULL,4,'App\\Models\\Manufacturer','2022-08-02 19:57:52','2023-02-28 11:42:46'),
	(538,'images/63fde8b6cdf68.webp','nqov9cjcY6.png','logo','webp','0',0,NULL,5,'App\\Models\\Manufacturer','2022-08-02 19:57:52','2023-02-28 11:42:46'),
	(539,'images/63fde8b6daf9c.webp','vmfmF59kom.png','logo','webp','0',0,NULL,6,'App\\Models\\Manufacturer','2022-08-02 19:57:52','2023-02-28 11:42:46'),
	(540,'images/63fde8b6e8daa.webp','oRZbQI0PQf.png','logo','webp','0',0,NULL,11,'App\\Models\\Manufacturer','2022-08-02 19:57:52','2023-02-28 11:42:46'),
	(541,'images/63fde8b70348c.webp','VMdESp9mOJ.png','logo','webp','0',0,NULL,8,'App\\Models\\Manufacturer','2022-08-02 19:57:52','2023-02-28 11:42:47'),
	(542,'images/63fde8b717e86.webp','Zwlgdd9aN8.png','logo','webp','0',0,NULL,16,'App\\Models\\Manufacturer','2022-08-02 19:57:52','2023-02-28 11:42:47'),
	(543,'images/63fde8b72a51f.webp','lXKDeGRpqf.png','logo','webp','0',0,NULL,14,'App\\Models\\Manufacturer','2022-08-02 19:57:52','2023-02-28 11:42:47'),
	(544,'images/63fde8b73a3cf.webp','SkuMymGgu1.png','logo','webp','0',0,NULL,7,'App\\Models\\Manufacturer','2022-08-02 19:57:52','2023-02-28 11:42:47'),
	(545,'images/63fde8b7438b1.webp','og3ncA2TA9.png','logo','webp','0',0,NULL,10,'App\\Models\\Manufacturer','2022-08-02 19:57:52','2023-02-28 11:42:47'),
	(546,'images/63fde8b74cfb7.webp','ype7RX4dXx.png','logo','webp','0',0,NULL,12,'App\\Models\\Manufacturer','2022-08-02 19:57:52','2023-02-28 11:42:47'),
	(547,'images/63fde8b755f2d.webp','wL7Spoly0e.png','logo','webp','0',0,NULL,15,'App\\Models\\Manufacturer','2022-08-02 19:57:52','2023-02-28 11:42:47'),
	(548,'images/63fde8b7651c7.webp','ugM59UJJIL.png','logo','webp','0',0,NULL,2,'App\\Models\\Manufacturer','2022-08-02 19:57:52','2023-02-28 11:42:47'),
	(549,'images/aMCpEco6uxh2S0pHXH7J1FduoNl3avWJRKIdBCoA.png','images.png','logo','png','3159',0,NULL,4,'App\\Models\\Warehouse','2022-12-12 10:23:14','2022-12-12 10:23:14'),
	(552,'images/63996f3ab8069.jpg','61PCYvinZjL._AC_UL1500_.jpg',NULL,'jpg','113789',0,NULL,52,'App\\Models\\Product','2022-12-14 07:37:46','2022-12-14 07:37:46'),
	(553,'images/xqc733ymFvjsc0AixXunwgLYLtnPCyT5p32l3ayL.jpg','71St2cTSTWL._AC_UL1500_.jpg','feature','jpg','142735',0,NULL,52,'App\\Models\\Product','2022-12-14 07:47:53','2022-12-14 07:47:53'),
	(554,'images/63fde8b7bd656.webp','jkLJt0u97ZPsQ0uO6FUMCt7zZyDK0RzTRBEkRaTJ.png','logo','webp','3574',0,NULL,1,'App\\Models\\System','2022-12-14 09:31:25','2023-02-28 11:42:47'),
	(555,'images/63fde8b7f2e93.webp','dredu5cvIrn2bJYjBd6YrKpgF6i8LL8yEm9ebXAK.png','icon','webp','26275',0,NULL,1,'App\\Models\\System','2022-12-14 09:33:10','2023-02-28 11:42:47'),
	(560,'images/e1hcRlzJ1IINdpb9B3MTDkfRe6qqy4Ro9ApbmQGj.jpg','pexels-icsa-1708936.jpg','feature','jpg','22610',0,NULL,3,'Incevio\\Package\\Eventy\\Models\\Event','2022-12-14 14:15:17','2022-12-14 14:15:17'),
	(561,'images/I9WWKgIZcOzalvMUFDW8xP7QAVpudIe5eh33uF4X.jpg','pexels-riccardo-301930.jpg','feature','jpg','21396',0,NULL,2,'Incevio\\Package\\Eventy\\Models\\Event','2022-12-14 14:16:35','2022-12-14 14:16:35'),
	(564,'images/6423e30483768.webp','Untitled design (1).png','feature','webp','85486',0,NULL,2,'App\\Models\\Category','2023-03-29 08:04:36','2023-03-29 08:04:36'),
	(571,'images/6423e4eee0961.webp','grocery home delivery.png','feature','webp','96042',0,NULL,4,'App\\Models\\Category','2023-03-29 08:12:46','2023-03-29 08:12:46'),
	(572,'images/6423e57053f43.webp','grocery home delivery (1).png','feature','webp','128336',0,NULL,1,'App\\Models\\Category','2023-03-29 08:14:56','2023-03-29 08:14:56'),
	(573,'images/6423e59a68e5e.webp','grocery home delivery (2).png','feature','webp','65865',0,NULL,7,'App\\Models\\Category','2023-03-29 08:15:38','2023-03-29 08:15:38'),
	(574,'images/6423e652b912f.webp','grocery home delivery (3).png','feature','webp','100115',0,NULL,3,'App\\Models\\Category','2023-03-29 08:18:42','2023-03-29 08:18:42'),
	(575,'images/6423e6d02cd06.webp','grocery home delivery (4).png','feature','webp','81816',0,NULL,5,'App\\Models\\Category','2023-03-29 08:20:48','2023-03-29 08:20:48'),
	(576,'images/6423e7088b620.webp','grocery home delivery (4).png','feature','webp','81816',0,NULL,5,'App\\Models\\Category','2023-03-29 08:21:44','2023-03-29 08:21:44'),
	(577,'images/6423e7c02b88f.webp','grocery home delivery (5).png','feature','webp','164030',0,NULL,8,'App\\Models\\Category','2023-03-29 08:24:48','2023-03-29 08:24:48'),
	(578,'images/6423e8e6af2e3.webp','grocery home delivery (6).png','feature','webp','137644',0,NULL,10,'App\\Models\\Category','2023-03-29 08:29:42','2023-03-29 08:29:42'),
	(593,'images/642401bb1ded8.webp','600.png','feature','webp','301158',0,NULL,4,'App\\Models\\Banner','2023-03-29 10:15:39','2023-03-29 10:15:39'),
	(594,'images/642405ec55cc4.webp','6001.png','feature','webp','163873',0,NULL,5,'App\\Models\\Banner','2023-03-29 10:33:32','2023-03-29 10:33:32'),
	(595,'images/642407168f1a1.webp','Red Creative Sale Promo Banner (1).png','feature','webp','167657',0,NULL,1,'App\\Models\\Banner','2023-03-29 10:38:30','2023-03-29 10:38:30'),
	(596,'images/6424071f6ce89.webp','Red Creative Sale Promo Banner (2).png','feature','webp','163978',0,NULL,2,'App\\Models\\Banner','2023-03-29 10:38:39','2023-03-29 10:38:39'),
	(597,'images/6424072748bb2.webp','Red Creative Sale Promo Banner (3).png','feature','webp','185887',0,NULL,3,'App\\Models\\Banner','2023-03-29 10:38:47','2023-03-29 10:38:47'),
	(598,'images/64240a700b8a7.webp','Red Creative Sale Promo Banner.jpg','feature','webp','37158',0,NULL,7,'App\\Models\\Banner','2023-03-29 10:52:48','2023-03-29 10:52:48'),
	(599,'images/64240aa3060e6.webp','Red Creative Sale Promo Banner.png','feature','webp','208300',0,NULL,6,'App\\Models\\Banner','2023-03-29 10:53:39','2023-03-29 10:53:39'),
	(600,'images/64240b2c60647.webp','7.jpg','feature','webp','113551',0,NULL,9,'App\\Models\\Banner','2023-03-29 10:55:56','2023-03-29 10:55:56'),
	(602,'images/64240c4655cab.webp','www.incevio.com.jpg','feature','webp','78921',0,NULL,8,'App\\Models\\Banner','2023-03-29 11:00:38','2023-03-29 11:00:38'),
	(605,'images/64240e3a07a72.webp','trust.png','feature','webp','166505',0,NULL,1,'App\\Models\\System','2023-03-29 11:08:58','2023-03-29 11:08:58'),
	(608,'images/64243e485d8a2.webp','1.jpg',NULL,'webp','150717',0,NULL,104,'App\\Models\\Inventory','2023-03-29 14:34:00','2023-03-29 14:34:00'),
	(609,'images/64243e48b0969.webp','2.jpg',NULL,'webp','169722',0,NULL,104,'App\\Models\\Inventory','2023-03-29 14:34:00','2023-03-29 14:34:00'),
	(610,'images/64243e49078af.webp','3.jpg',NULL,'webp','152635',0,NULL,104,'App\\Models\\Inventory','2023-03-29 14:34:01','2023-03-29 14:34:01'),
	(611,'images/64e72f7c17ec8.webp','Banner 1 .jpg','feature','webp','24687',0,NULL,11,'App\\Models\\Banner','2023-08-24 11:22:52','2023-08-24 11:22:52'),
	(612,'images/64e72f8d9162e.webp','Banner 2 (device).jpg','feature','webp','21181',0,NULL,12,'App\\Models\\Banner','2023-08-24 11:23:09','2023-08-24 11:23:09'),
	(613,'images/64e731058ceac.webp','Slider Image 1 (device).jpg','feature','webp','36571',0,NULL,5,'App\\Models\\Slider','2023-08-24 11:29:25','2023-08-24 11:29:25'),
	(614,'images/64e731059cbfb.webp','Slider Image 1 (device).jpg','mobile','webp','36571',0,NULL,5,'App\\Models\\Slider','2023-08-24 11:29:25','2023-08-24 11:29:25'),
	(615,'images/64e7311514522.webp','Slider Image 2 (device).jpg','feature','webp','35060',0,NULL,6,'App\\Models\\Slider','2023-08-24 11:29:41','2023-08-24 11:29:41'),
	(616,'images/64e73115236ea.webp','Slider Image 2 (device).jpg','mobile','webp','35060',0,NULL,6,'App\\Models\\Slider','2023-08-24 11:29:41','2023-08-24 11:29:41'),
	(617,'images/64e73120df3a5.webp','Slider Image 3 (device).jpg','feature','webp','49080',0,NULL,7,'App\\Models\\Slider','2023-08-24 11:29:52','2023-08-24 11:29:52'),
	(618,'images/64e73120f14a9.webp','Slider Image 3 (device).jpg','mobile','webp','49080',0,NULL,7,'App\\Models\\Slider','2023-08-24 11:29:52','2023-08-24 11:29:52'),
	(619,'images/64e73135c8593.webp','Banner 3.jpg','feature','webp','17663',0,NULL,13,'App\\Models\\Banner','2023-08-24 11:30:13','2023-08-24 11:30:13'),
	(620,'images/64e731fb09236.webp','642401bb1ded8.jpg','feature','webp','49419',0,NULL,14,'App\\Models\\Banner','2023-08-24 11:33:31','2023-08-24 11:33:31'),
	(621,'images/64e7322137413.webp','Cover Photo 1 (device).jpg','cover','webp','35260',0,NULL,1,'App\\Models\\Shop','2023-08-24 11:34:09','2023-08-24 11:34:09'),
	(622,'images/64e7338768e0e.webp','Banner 1.jpg','feature','webp','30348',0,NULL,15,'App\\Models\\Banner','2023-08-24 11:40:07','2023-08-24 11:40:07'),
	(623,'images/64e733913c904.webp','Banner 2.jpg','feature','webp','29832',0,NULL,16,'App\\Models\\Banner','2023-08-24 11:40:17','2023-08-24 11:40:17'),
	(624,'images/64e7339b9a7c3.webp','Banner 3.jpg','feature','webp','27096',0,NULL,17,'App\\Models\\Banner','2023-08-24 11:40:27','2023-08-24 11:40:27'),
	(625,'images/64e733a7c4bc8.webp','Banner 5.jpg','feature','webp','29131',0,NULL,18,'App\\Models\\Banner','2023-08-24 11:40:39','2023-08-24 11:40:39'),
	(626,'images/64e733b7067d5.webp','Slider 1.jpg','feature','webp','43254',0,NULL,8,'App\\Models\\Slider','2023-08-24 11:40:55','2023-08-24 11:40:55'),
	(627,'images/64e733b717212.webp','Slider 1.jpg','mobile','webp','43254',0,NULL,8,'App\\Models\\Slider','2023-08-24 11:40:55','2023-08-24 11:40:55'),
	(628,'images/64e733c30654d.webp','Slider 2.jpg','feature','webp','40612',0,NULL,9,'App\\Models\\Slider','2023-08-24 11:41:07','2023-08-24 11:41:07'),
	(629,'images/64e733c317898.webp','Slider 2.jpg','mobile','webp','40612',0,NULL,9,'App\\Models\\Slider','2023-08-24 11:41:07','2023-08-24 11:41:07'),
	(630,'images/64e733d192ce2.webp','Slider 3.jpg','feature','webp','33251',0,NULL,10,'App\\Models\\Slider','2023-08-24 11:41:21','2023-08-24 11:41:21'),
	(631,'images/64e733d1a100f.webp','Slider 3.jpg','mobile','webp','33251',0,NULL,10,'App\\Models\\Slider','2023-08-24 11:41:21','2023-08-24 11:41:21'),
	(632,'images/64e733ea79871.webp','Cover Photo.jpg','cover','webp','45115',0,NULL,2,'App\\Models\\Shop','2023-08-24 11:41:46','2023-08-24 11:41:46'),
	(633,'images/64e736c35a991.webp','Banner 1.jpg','feature','webp','30511',0,NULL,19,'App\\Models\\Banner','2023-08-24 11:53:55','2023-08-24 11:53:55'),
	(634,'images/64e736cec3647.webp','Banner 2.jpg','feature','webp','24668',0,NULL,20,'App\\Models\\Banner','2023-08-24 11:54:06','2023-08-24 11:54:06'),
	(635,'images/64e736dc591be.webp','Banner 3.jpg','feature','webp','14336',0,NULL,21,'App\\Models\\Banner','2023-08-24 11:54:20','2023-08-24 11:54:20'),
	(636,'images/64e736e782d76.webp','Banner 4.jpg','feature','webp','40928',0,NULL,22,'App\\Models\\Banner','2023-08-24 11:54:31','2023-08-24 11:54:31'),
	(637,'images/64e736ffcf606.webp','Slider Image 1.jpg','feature','webp','30931',0,NULL,11,'App\\Models\\Slider','2023-08-24 11:54:55','2023-08-24 11:54:55'),
	(638,'images/64e736ffddf3d.webp','Slider Image 1.jpg','mobile','webp','30931',0,NULL,11,'App\\Models\\Slider','2023-08-24 11:54:55','2023-08-24 11:54:55'),
	(639,'images/64e73710d397e.webp','Slider 2.jpg','feature','webp','35522',0,NULL,12,'App\\Models\\Slider','2023-08-24 11:55:12','2023-08-24 11:55:12'),
	(640,'images/64e73710e2b23.webp','Slider 2.jpg','mobile','webp','35522',0,NULL,12,'App\\Models\\Slider','2023-08-24 11:55:12','2023-08-24 11:55:12'),
	(641,'images/64e73722dd69f.webp','Slider 3.jpg','feature','webp','44904',0,NULL,13,'App\\Models\\Slider','2023-08-24 11:55:30','2023-08-24 11:55:30'),
	(642,'images/64e73722ee125.webp','Slider 3.jpg','mobile','webp','44904',0,NULL,13,'App\\Models\\Slider','2023-08-24 11:55:30','2023-08-24 11:55:30'),
	(643,'images/64e737532d879.webp','Cover Photo.jpg','cover','webp','25232',0,NULL,3,'App\\Models\\Shop','2023-08-24 11:56:19','2023-08-24 11:56:19'),
	(644,'images/64e7440adfa08.webp','Banner 1 (1).jpg','feature','webp','29669',0,NULL,23,'App\\Models\\Banner','2023-08-24 12:50:34','2023-08-24 12:50:34'),
	(645,'images/64e74417c3b90.webp','Banner 2 (1).jpg','feature','webp','31571',0,NULL,24,'App\\Models\\Banner','2023-08-24 12:50:47','2023-08-24 12:50:47'),
	(646,'images/64e74423de805.webp','Banner 3 (1).jpg','feature','webp','29927',0,NULL,25,'App\\Models\\Banner','2023-08-24 12:50:59','2023-08-24 12:50:59'),
	(647,'images/64e7443070264.webp','Banner 4 (1).jpg','feature','webp','37045',0,NULL,26,'App\\Models\\Banner','2023-08-24 12:51:12','2023-08-24 12:51:12'),
	(648,'images/64e744408b37b.webp','Slider 1 (1).jpg','feature','webp','55308',0,NULL,14,'App\\Models\\Slider','2023-08-24 12:51:28','2023-08-24 12:51:28'),
	(649,'images/64e744409e5e1.webp','Slider 1 (1).jpg','mobile','webp','55308',0,NULL,14,'App\\Models\\Slider','2023-08-24 12:51:28','2023-08-24 12:51:28'),
	(650,'images/64e74450b5c41.webp','Slider 2 (1).jpg','feature','webp','53042',0,NULL,15,'App\\Models\\Slider','2023-08-24 12:51:44','2023-08-24 12:51:44'),
	(651,'images/64e74450c7dd4.webp','Slider 2 (1).jpg','mobile','webp','53042',0,NULL,15,'App\\Models\\Slider','2023-08-24 12:51:44','2023-08-24 12:51:44'),
	(652,'images/64e7445da2026.webp','Slider 3 (1).jpg','feature','webp','42800',0,NULL,16,'App\\Models\\Slider','2023-08-24 12:51:57','2023-08-24 12:51:57'),
	(653,'images/64e7445db2f71.webp','Slider 3 (1).jpg','mobile','webp','42800',0,NULL,16,'App\\Models\\Slider','2023-08-24 12:51:57','2023-08-24 12:51:57'),
	(654,'images/64e746c964f5b.webp','Banner 1.jpg','feature','webp','33037',0,NULL,27,'App\\Models\\Banner','2023-08-24 13:02:17','2023-08-24 13:02:17'),
	(655,'images/64e746d39d732.webp','banner 2.jpg','feature','webp','30348',0,NULL,28,'App\\Models\\Banner','2023-08-24 13:02:27','2023-08-24 13:02:27'),
	(656,'images/64e746e07c0ce.webp','Banner 3.jpg','feature','webp','41034',0,NULL,29,'App\\Models\\Banner','2023-08-24 13:02:40','2023-08-24 13:02:40'),
	(657,'images/64e746eb6deac.webp','Banner 4.jpg','feature','webp','27096',0,NULL,30,'App\\Models\\Banner','2023-08-24 13:02:51','2023-08-24 13:02:51'),
	(658,'images/64e746fb0eb80.webp','Slider 1.jpg','feature','webp','33855',0,NULL,17,'App\\Models\\Slider','2023-08-24 13:03:07','2023-08-24 13:03:07'),
	(659,'images/64e746fb1e3d8.webp','Slider 1.jpg','mobile','webp','33855',0,NULL,17,'App\\Models\\Slider','2023-08-24 13:03:07','2023-08-24 13:03:07'),
	(660,'images/64e7470727307.webp','Slider 2.jpg','feature','webp','39604',0,NULL,18,'App\\Models\\Slider','2023-08-24 13:03:19','2023-08-24 13:03:19'),
	(661,'images/64e7470737754.webp','Slider 2.jpg','mobile','webp','39604',0,NULL,18,'App\\Models\\Slider','2023-08-24 13:03:19','2023-08-24 13:03:19'),
	(662,'images/64e74711c40ef.webp','Slider 3.jpg','feature','webp','37988',0,NULL,19,'App\\Models\\Slider','2023-08-24 13:03:29','2023-08-24 13:03:29'),
	(663,'images/64e74711d54d7.webp','Slider 3.jpg','mobile','webp','37988',0,NULL,19,'App\\Models\\Slider','2023-08-24 13:03:29','2023-08-24 13:03:29'),
	(664,'images/64e747222c10d.webp','Cover Photo.jpg','cover','webp','20963',0,NULL,4,'App\\Models\\Shop','2023-08-24 13:03:46','2023-08-24 13:03:46'),
	(665,'images/64e7473beec50.webp','Cover Photo (1).jpg','cover','webp','28185',0,NULL,5,'App\\Models\\Shop','2023-08-24 13:04:11','2023-08-24 13:04:11'),
	(667,'images/64e8736fcd874.webp','Banner 3.jpg','feature','webp','41034',0,NULL,1,'Incevio\\Package\\Eventy\\Models\\Event','2023-08-25 10:25:03','2023-08-25 10:25:03'),
	(668,'images/64f556967acd2.webp','Screenshot 2023-08-29 at 3.33.35 PM-min.png','cover','webp','937300',0,NULL,1,'App\\Models\\CategoryGroup','2023-09-04 05:01:26','2023-09-04 05:01:26'),
	(670,'images/64f556b4896aa.webp','Screenshot 2023-08-29 at 3.45.55 PM-min.png','cover','webp','906419',0,NULL,2,'App\\Models\\CategoryGroup','2023-09-04 05:01:56','2023-09-04 05:01:56'),
	(671,'images/64f556c81ae94.webp','Screenshot 2023-08-29 at 3.49.33 PM-min.png','cover','webp','821562',0,NULL,3,'App\\Models\\CategoryGroup','2023-09-04 05:02:16','2023-09-04 05:02:16'),
	(672,'images/64f556d36f00e.webp','Screenshot 2023-08-29 at 3.53.42 PM-min.png','cover','webp','889598',0,NULL,4,'App\\Models\\CategoryGroup','2023-09-04 05:02:27','2023-09-04 05:02:27'),
	(673,'images/64f556f22154b.webp','Screenshot 2023-08-29 at 3.51.23 PM-min.png','cover','webp','1301099',0,NULL,5,'App\\Models\\CategoryGroup','2023-09-04 05:02:58','2023-09-04 05:02:58'),
	(674,'images/64f5574ae9da8.webp','top-view-black-friday-elements-black-background-with-copy-space.jpg','cover','webp','385141',0,NULL,9,'App\\Models\\CategoryGroup','2023-09-04 05:04:26','2023-09-04 05:04:26'),
	(675,'images/64f55757b7f93.webp','wepik-export-20230829062446Q7b1.jpeg','cover','webp','71474',0,NULL,8,'App\\Models\\CategoryGroup','2023-09-04 05:04:39','2023-09-04 05:04:39'),
	(676,'images/64f55764b30aa.webp','tim-schmidbauer-P6lNBC4HIxs-unsplash.jpg','cover','webp','2330599',0,NULL,7,'App\\Models\\CategoryGroup','2023-09-04 05:04:52','2023-09-04 05:04:52'),
	(677,'images/64f55771e93fc.webp','Screenshot 2023-08-29 at 3.55.38 PM-min.png','cover','webp','1557602',0,NULL,6,'App\\Models\\CategoryGroup','2023-09-04 05:05:05','2023-09-04 05:05:05'),
	(678,'images/64f58e63ee923.webp','wepik-export-20230831151647BDj6-min.png','feature','webp','270835',0,NULL,1,'App\\Models\\Slider','2023-09-04 08:59:31','2023-09-04 08:59:31'),
	(679,'images/64f58eca4f419.webp','wepik-export-20230831150758OyAM-min.png','feature','webp','149266',0,NULL,2,'App\\Models\\Slider','2023-09-04 09:01:14','2023-09-04 09:01:14'),
	(680,'images/64f58edee461c.webp','wepik-export-20230831145829BZLe-min.png','feature','webp','105606',0,NULL,3,'App\\Models\\Slider','2023-09-04 09:01:34','2023-09-04 09:01:34');



# Dump of table inspections
# ------------------------------------------------------------

