-- Table structure for table `order_items`
--

CREATE TABLE `order_items` (
  `order_id` bigint UNSIGNED NOT NULL,
  `inventory_id` bigint UNSIGNED DEFAULT NULL,
  `item_description` longtext CHARACTER SET utf8mb3 COLLATE utf8mb3_unicode_ci NOT NULL,
  `quantity` int UNSIGNED NOT NULL,
  `unit_price` decimal(20,6) NOT NULL,
  `feedback_id` bigint UNSIGNED DEFAULT NULL,
  `created_at` timestamp NULL DEFAULT NULL,
  `updated_at` timestamp NULL DEFAULT NULL
) ENGINE=InnoDB DEFAULT CHARSET=utf8mb3 COLLATE=utf8mb3_unicode_ci;

--
-- Dumping data for table `order_items`
--

INSERT INTO `order_items` (`order_id`, `inventory_id`, `item_description`, `quantity`, `unit_price`, `feedback_id`, `created_at`, `updated_at`) VALUES
(1, 56, 'Aut ut quia est ut quo molestiae voluptatem. - New', 3, 370.800000, NULL, '2022-08-02 13:57:43', '2022-08-02 13:57:43'),
(1, 100, 'Impedit itaque sint enim quia aut. - Refurbished', 1, 483.000000, NULL, '2022-08-02 13:57:43', '2022-08-02 13:57:43'),
(2, 65, 'Quis eum ipsum ullam nemo. - Used', 1, 477.900000, NULL, '2022-08-02 13:57:43', '2022-08-02 13:57:43'),
(2, 78, 'Eligendi id placeat omnis aut nam dolorem reiciendis. - New', 1, 270.507200, NULL, '2022-08-02 13:57:43', '2022-08-02 13:57:43'),
(2, 90, 'Adipisci doloremque veniam ipsa itaque. - New', 1, 264.419300, NULL, '2022-08-02 13:57:43', '2022-08-02 13:57:43'),
(2, 105, 'Praesentium distinctio itaque esse voluptatem aliquam. - Refurbished', 2, 37.000000, NULL, '2022-08-02 13:57:43', '2022-08-02 13:57:43'),
(3, 36, 'Sint quia quia quo commodi. - Refurbished', 1, 410.409000, NULL, '2022-08-02 13:57:43', '2022-08-02 13:57:43'),
(3, 53, 'Quae deserunt voluptatibus sed. - Used', 2, 367.980795, NULL, '2022-08-02 13:57:43', '2022-08-02 13:57:43'),
(4, 11, 'Reiciendis vitae id consectetur voluptatem qui quia. - Used', 1, 424.658121, NULL, '2022-08-02 13:57:43', '2022-08-02 13:57:43'),
(4, 53, 'Quae deserunt voluptatibus sed. - Used', 3, 367.980795, NULL, '2022-08-02 13:57:43', '2022-08-02 13:57:43'),
(5, 17, 'In id rem quam temporibus totam. - New', 3, 336.695000, NULL, '2022-08-02 13:57:43', '2022-08-02 13:57:43'),
(5, 25, 'Voluptas nesciunt nostrum non voluptatem. - Used', 3, 237.686165, NULL, '2022-08-02 13:57:43', '2022-08-02 13:57:43'),
(5, 53, 'Quae deserunt voluptatibus sed. - Used', 3, 367.980795, NULL, '2022-08-02 13:57:43', '2022-08-02 13:57:43'),
(6, 82, 'Architecto aut sit qui enim. - Used', 1, 315.188074, NULL, '2022-08-02 13:57:43', '2022-08-02 13:57:43'),
(6, 102, 'Iusto laboriosam non rerum dicta nemo. - Used', 2, 29.000000, NULL, '2022-08-02 13:57:43', '2022-08-02 13:57:43'),
(7, 18, 'Pariatur corporis asperiores odit aut laudantium sed. - Used', 3, 546.922975, NULL, '2022-08-02 13:57:43', '2022-08-02 13:57:43'),
(7, 27, 'Molestiae quo autem laborum hic odio possimus temporibus. - Refurbished', 3, 526.187479, NULL, '2022-08-02 13:57:43', '2022-08-02 13:57:43'),
(7, 101, 'Sunt nam sapiente facere suscipit. - New', 1, 287.685300, NULL, '2022-08-02 13:57:43', '2022-08-02 13:57:43'),
(7, 104, 'Modi omnis vel facilis ut eos ut. - New', 1, 26.000000, NULL, '2022-08-02 13:57:43', '2022-08-02 13:57:43'),
(8, 32, 'Sunt ab error quis nulla unde magnam non. - Used', 1, 482.674660, NULL, '2022-08-02 13:57:43', '2022-08-02 13:57:43'),
(8, 34, 'Et incidunt autem non incidunt laboriosam aut asperiores. - New', 3, 262.254040, NULL, '2022-08-02 13:57:43', '2022-08-02 13:57:43'),
(8, 54, 'Qui enim rerum beatae hic. - New', 3, 270.465171, NULL, '2022-08-02 13:57:43', '2022-08-02 13:57:43'),
(8, 107, 'Repellendus vero sed quo illo rerum. - Used', 2, 67.000000, NULL, '2022-08-02 13:57:43', '2022-08-02 13:57:43'),
(9, 3, 'Aliquid dicta maiores consectetur maxime ducimus. - Refurbished', 1, 467.000000, NULL, '2022-08-02 13:57:43', '2022-08-02 13:57:43'),
(9, 50, 'Qui eos qui nihil suscipit esse velit magni. - Used', 2, 273.887300, NULL, '2022-08-02 13:57:43', '2022-08-02 13:57:43'),
(9, 82, 'Architecto aut sit qui enim. - Used', 2, 315.188074, NULL, '2022-08-02 13:57:43', '2022-08-02 13:57:43'),
(10, 4, 'Veniam facere deleniti est quo nesciunt. - Refurbished', 2, 421.600000, NULL, '2022-08-02 13:57:43', '2022-08-02 13:57:43'),
(10, 26, 'Quae error cum aliquid quo hic ut ut. - Used', 3, 277.127117, NULL, '2022-08-02 13:57:43', '2022-08-02 13:57:43'),
(10, 75, 'Quam quam iste deleniti nulla numquam nostrum. - New', 2, 105.790460, NULL, '2022-08-02 13:57:43', '2022-08-02 13:57:43'),
(11, 7, 'Et assumenda animi fugiat recusandae reiciendis molestiae est. - Used', 2, 331.586812, NULL, '2022-08-02 13:57:43', '2022-08-02 13:57:43'),
(11, 43, 'Corrupti tenetur incidunt a illo. - New', 1, 510.444384, NULL, '2022-08-02 13:57:43', '2022-08-02 13:57:43'),
(11, 48, 'Aperiam voluptas exercitationem enim ad dolore. - Used', 3, 349.405068, NULL, '2022-08-02 13:57:43', '2022-08-02 13:57:43'),
(11, 80, 'Quos sed cumque rem et. - New', 3, 349.300000, NULL, '2022-08-02 13:57:43', '2022-08-02 13:57:43'),
(12, 6, 'Rerum velit inventore et et in omnis quia. - Refurbished', 2, 124.317300, NULL, '2022-08-02 13:57:43', '2022-08-02 13:57:43'),
(12, 12, 'Quia nisi facilis voluptatem quia ducimus saepe explicabo. - Refurbished', 2, 334.321406, NULL, '2022-08-02 13:57:43', '2022-08-02 13:57:43'),
(13, 9, 'Ex aut sapiente harum unde dicta velit unde quia. - Used', 1, 307.454815, NULL, '2022-08-02 13:57:43', '2022-08-02 13:57:43'),
(13, 51, 'Qui et fugiat voluptatem possimus. - New', 1, 380.979000, NULL, '2022-08-02 13:57:43', '2022-08-02 13:57:43'),
(13, 86, 'Veniam distinctio vitae expedita eos qui explicabo possimus. - New', 1, 333.930073, NULL, '2022-08-02 13:57:43', '2022-08-02 13:57:43'),
(13, 106, 'Repellendus veniam asperiores exercitationem et aut sit. - Used', 3, 18.000000, NULL, '2022-08-02 13:57:43', '2022-08-02 13:57:43'),
(14, 3, 'Aliquid dicta maiores consectetur maxime ducimus. - Refurbished', 3, 467.000000, NULL, '2022-08-02 13:57:43', '2022-08-02 13:57:43'),
(14, 21, 'Nulla adipisci nobis necessitatibus deserunt. - Used', 3, 195.667047, NULL, '2022-08-02 13:57:43', '2022-08-02 13:57:43'),
(14, 23, 'Quia omnis labore ipsam eligendi aut dolorum ducimus eum. - Refurbished', 2, 80.000000, NULL, '2022-08-02 13:57:43', '2022-08-02 13:57:43'),
(14, 102, 'Iusto laboriosam non rerum dicta nemo. - Used', 2, 29.000000, NULL, '2022-08-02 13:57:43', '2022-08-02 13:57:43'),
(15, 52, 'Pariatur ab ad eius ex. - Refurbished', 3, 478.638266, NULL, '2022-08-02 13:57:43', '2022-08-02 13:57:43'),
(15, 73, 'Dolore exercitationem corporis distinctio ad saepe. - New', 2, 243.496020, NULL, '2022-08-02 13:57:43', '2022-08-02 13:57:43'),
(16, 90, 'laboriosam: Adipisci doloremque veniam ipsa itaque. - quo - nisi - ut - est - est - ut - New', 1, 264.419300, NULL, '2022-12-12 02:55:07', '2022-12-12 02:56:08'),
(17, 74, 'amet: Asperiores est sint quibusdam. - quaerat - optio - Used', 1, 276.000000, NULL, '2022-12-12 03:00:14', '2022-12-12 03:01:12'),
(18, 69, 'est: Suscipit aut non necessitatibus soluta nostrum. - sint - asperiores - New', 1, 337.800000, NULL, '2022-12-12 03:02:36', '2022-12-12 03:03:12'),
(19, 90, 'laboriosam: Adipisci doloremque veniam ipsa itaque. - quo - nisi - ut - est - est - ut - New', 1, 264.419300, NULL, '2022-12-12 03:05:19', '2022-12-12 03:07:39'),
(20, 69, 'est: Suscipit aut non necessitatibus soluta nostrum. - sint - asperiores - New', 1, 337.800000, NULL, '2022-12-12 03:06:37', '2022-12-12 03:11:54'),
(20, 74, 'amet: Asperiores est sint quibusdam. - quaerat - optio - Used', 1, 276.000000, NULL, '2022-12-12 03:07:02', '2022-12-12 03:11:54'),
(21, 73, 'quia: Dolore exercitationem corporis distinctio ad saepe. -  - New', 1, 243.496020, NULL, '2022-12-12 03:06:40', '2022-12-12 04:10:43'),
(22, 12, 'dolores: Quia nisi facilis voluptatem quia ducimus saepe explicabo. -  - Refurbished', 1, 334.321406, NULL, '2022-12-12 03:06:51', '2022-12-12 04:31:04'),
(23, 12, 'dolores: Quia nisi facilis voluptatem quia ducimus saepe explicabo. -  - Refurbished', 1, 334.321406, NULL, '2022-12-12 04:46:52', '2022-12-12 04:47:07'),
(24, 105, 'eum: Praesentium distinctio itaque esse voluptatem aliquam. - hic - omnis - Refurbished', 1, 37.000000, NULL, '2022-12-12 04:06:04', '2022-12-12 04:52:02'),
(25, 43, 'placeat: Corrupti tenetur incidunt a illo. - omnis - New', 1, 510.444384, NULL, '2022-12-13 05:21:33', '2022-12-13 05:22:07'),
(25, 7, 'ut: Et assumenda animi fugiat recusandae reiciendis molestiae est. - quisquam - Used', 1, 331.586812, NULL, '2022-12-13 05:21:35', '2022-12-13 05:22:07'),
(26, 31, 'molestiae: Quis eos ea alias dignissimos soluta. - quisquam - hic - New', 1, 237.710000, NULL, '2022-12-13 05:29:28', '2022-12-13 05:29:52'),
(26, 33, 'excepturi: Adipisci harum ipsum et tempora omnis blanditiis hic. - ut - Used', 1, 335.638670, NULL, '2022-12-13 05:29:34', '2022-12-13 05:29:52'),
(27, 68, 'et: Commodi eos voluptates autem exercitationem cumque. - totam - Refurbished', 1, 285.699160, NULL, '2022-12-13 05:38:54', '2022-12-13 05:39:18'),
(28, 74, 'amet: Asperiores est sint quibusdam. - quaerat - optio - Used', 1, 276.000000, NULL, '2022-12-14 02:23:29', '2022-12-14 02:26:27'),
(29, 11, 'sed: Reiciendis vitae id consectetur voluptatem qui quia. - neque - asperiores - Used', 1, 424.658121, 151, '2022-12-14 03:41:00', '2022-12-14 03:41:28'),
(30, 7, 'ut: Et assumenda animi fugiat recusandae reiciendis molestiae est. - quisquam - Used', 1, 331.586812, NULL, '2022-12-14 03:49:54', '2022-12-14 03:54:37'),
(30, 68, 'et: Commodi eos voluptates autem exercitationem cumque. - totam - Refurbished', 1, 285.699160, NULL, '2022-12-14 03:49:56', '2022-12-14 03:54:37'),
(31, 20, 'voluptatem: Maxime recusandae possimus neque error tempora ipsa. -  - Used', 1, 363.000000, NULL, '2022-12-14 04:39:48', '2022-12-14 04:39:48'),
(32, 4, 'Veniam facere deleniti est quo nesciunt. - Refurbished', 1, 421.600000, NULL, '2022-12-14 04:44:28', '2022-12-14 04:52:32'),
(32, 7, 'Et assumenda animi fugiat recusandae reiciendis molestiae est. - quisquam - Used', 1, 331.586812, NULL, '2022-12-14 04:44:28', '2022-12-14 04:52:32'),
(32, 66, 'facilis: Corporis quisquam dolores vitae in. - id - explicabo - Refurbished', 1, 321.910000, NULL, '2022-12-14 04:51:42', '2022-12-14 04:52:32'),
(33, 105, 'eum: Praesentium distinctio itaque esse voluptatem aliquam. - hic - omnis - Refurbished', 1, 37.000000, NULL, '2022-12-14 04:52:10', '2022-12-14 04:56:21'),
(33, 65, 'autem: Quis eum ipsum ullam nemo. - eius - omnis - Used', 1, 477.900000, NULL, '2022-12-14 04:52:19', '2022-12-14 04:56:21'),
(34, 20, 'voluptatem: Maxime recusandae possimus neque error tempora ipsa. -  - Used', 1, 363.000000, NULL, '2022-12-14 05:10:44', '2022-12-14 05:10:53'),
(35, 69, 'est: Suscipit aut non necessitatibus soluta nostrum. - sint - asperiores - New', 1, 337.800000, NULL, '2022-12-14 05:27:04', '2022-12-14 05:28:28'),
(35, 91, 'molestiae: A autem dolorem sed dolores animi voluptas. - quisquam - neque - New', 1, 265.997022, NULL, '2022-12-14 05:27:09', '2022-12-14 05:28:28'),
(35, 74, 'amet: Asperiores est sint quibusdam. - quaerat - optio - Used', 1, 276.000000, NULL, '2022-12-14 05:27:12', '2022-12-14 05:28:28'),
(36, 91, 'molestiae: A autem dolorem sed dolores animi voluptas. - quisquam - neque - New', 1, 265.997022, NULL, '2022-12-14 05:29:03', '2022-12-14 05:29:54'),
(36, 55, 'consequatur: Ea doloribus earum tempora eos eos debitis. -  - New', 1, 339.381783, NULL, '2022-12-14 05:29:08', '2022-12-14 05:29:54'),
(37, 4, 'nam: Veniam facere deleniti est quo nesciunt. -  - Refurbished', 1, 421.600000, NULL, '2022-12-14 05:29:01', '2022-12-14 05:31:42'),
(37, 68, 'et: Commodi eos voluptates autem exercitationem cumque. - totam - Refurbished', 1, 285.699160, NULL, '2022-12-14 05:29:11', '2022-12-14 05:31:42'),
(38, 4, 'Veniam facere deleniti est quo nesciunt. - Refurbished', 1, 421.600000, NULL, '2022-12-14 06:07:05', '2022-12-14 06:07:05'),
(38, 13, 'Rerum at ipsam quod laboriosam sapiente incidunt. - optio - rem - totam - Refurbished', 2, 508.710000, NULL, '2022-12-14 06:07:05', '2022-12-14 06:07:05'),
(39, 14, 'possimus: Perspiciatis voluptas dolores veniam officiis voluptates eius corrupti. - quo - qui - sint - New', 1, 179.000000, NULL, '2022-12-14 06:30:19', '2022-12-14 06:31:06'),
(40, 91, 'molestiae: A autem dolorem sed dolores animi voluptas. - quisquam - neque - New', 1, 265.997022, NULL, '2023-03-29 03:27:41', '2023-03-29 06:44:12'),
(40, 85, 'sequi: Sint accusamus sed voluptatem dolorem soluta omnis. - hic - repudiandae - Used', 1, 405.912862, NULL, '2023-03-29 03:28:09', '2023-03-29 06:44:12');

-- --------------------------------------------------------

--
-- Table structure for table `packages`
--

CREATE TABLE `packages` (
  `id` int UNSIGNED NOT NULL,
  `slug` varchar(255) CHARACTER SET utf8mb3 COLLATE utf8mb3_unicode_ci NOT NULL,
  `name` varchar(255) CHARACTER SET utf8mb3 COLLATE utf8mb3_unicode_ci DEFAULT NULL,
  `description` varchar(255) CHARACTER SET utf8mb3 COLLATE utf8mb3_unicode_ci DEFAULT NULL,
  `compatible` varchar(255) CHARACTER SET utf8mb3 COLLATE utf8mb3_unicode_ci DEFAULT NULL,
  `dependency` varchar(255) CHARACTER SET utf8mb3 COLLATE utf8mb3_unicode_ci DEFAULT NULL,
  `version` varchar(255) CHARACTER SET utf8mb3 COLLATE utf8mb3_unicode_ci NOT NULL DEFAULT '1',
  `license_key` varchar(255) CHARACTER SET utf8mb3 COLLATE utf8mb3_unicode_ci NOT NULL,
  `installation_key` varchar(255) CHARACTER SET utf8mb3 COLLATE utf8mb3_unicode_ci NOT NULL,
  `installation_hash` varchar(255) CHARACTER SET utf8mb3 COLLATE utf8mb3_unicode_ci NOT NULL,
  `lcd` varchar(255) CHARACTER SET utf8mb3 COLLATE utf8mb3_unicode_ci NOT NULL,
  `lrd` varchar(255) CHARACTER SET utf8mb3 COLLATE utf8mb3_unicode_ci NOT NULL,
  `active` tinyint(1) DEFAULT '0',
  `icon` varchar(255) CHARACTER SET utf8mb3 COLLATE utf8mb3_unicode_ci DEFAULT NULL,
  `created_at` timestamp NULL DEFAULT NULL,
  `updated_at` timestamp NULL DEFAULT NULL
) ENGINE=InnoDB DEFAULT CHARSET=utf8mb3 COLLATE=utf8mb3_unicode_ci;

--
-- Dumping data for table `packages`
--

INSERT INTO `packages` (`id`, `slug`, `name`, `description`, `compatible`, `dependency`, `version`, `license_key`, `installation_key`, `installation_hash`, `lcd`, `lrd`, `active`, `icon`, `created_at`, `updated_at`) VALUES
(2, 'trendingKeywords', 'Trending Search Keywords', 'A Package to set trending search keywords to boost conversion.', '2.6.0', '', '1.0.0', '1111-1111-1111-1111', '', '', '', '', 1, 'bolt', '2022-08-03 14:02:11', '2022-08-03 14:04:18'),
(3, 'announcement', 'Announcement', 'A Package to set a global announcement notification', '2.6.0', '', '1.0.1', '1111-1111-1111-1111', '', '', '', '', 1, 'bolt', '2022-08-03 14:02:18', '2022-08-03 14:02:58'),
(5, 'eventy', 'Eventy', 'Manage events and on zCart platform.', '2.6.0', '', '1.0.0', '1111-1111-1111-1111', '', '', '', '', 1, 'calendar', '2022-08-03 14:02:36', '2022-08-03 14:03:03'),
(8, 'googleAnalytics', 'Google Analytics', 'A package to integrtare Google Analytics on zCart', '2.6.0', '', '1.0.0', '1111-1111-1111-1111', '', '', '', '', 1, 'bar-chart', '2022-08-03 14:02:56', '2023-03-29 01:23:20'),
(9, 'searchAutocomplete', 'Ajax Search Autocomplete', 'A Package to add auto search feature with searchbar', '2.6.0', '', '1.0.0', '1111-1111-1111-1111', '', '', '', '', 1, 'search', '2022-08-03 14:03:20', '2022-08-03 14:03:27'),
(10, 'packaging', 'Packaging', 'A Package to create various packaging from vendor and customer can purchase those packaging at the time of product purchase', '2.6.0', '', '1.0.0', '1111-1111-1111-1111', '', '', '', '', 1, 'gift', '2022-08-03 14:03:34', '2022-08-03 14:04:11'),
(13, 'liveChat', 'Live Chat', 'A Package to allow user to livechat with vendor', '2.6.0', '', '1.0.0', '1111-1111-1111-1111', '', '', '', '', 1, 'comment', '2022-08-03 14:04:05', '2022-08-03 14:04:08'),
(14, 'wallet', 'Wallet', 'This is wallet module for zCart', '2.6.0', '', '1.4.1', '1111-1111-1111-1111', '', '', '', '', 1, 'money', '2022-08-03 14:04:23', '2022-08-03 14:04:33'),
(15, 'sslcommerz', 'SSLCOMMERZ', 'A package for the sslcommerz payment method.', '2.6.0', '', '1.1.0', '1111-1111-1111-1111', '', '', '', '', 1, 'credit-card', '2022-08-03 14:05:01', '2022-08-03 14:05:01'),
(16, 'apple-login', 'Sign in with Apple', 'Add Sign in with Apple option to customer registration page', '2.6.0', '', '1.1.0', '1111-1111-1111-1111-', '', '', '', '', 1, 'apple', '2022-08-03 14:23:14', '2022-08-03 14:23:16'),
(17, 'authorizenet', 'Authorize.Net', 'A package for the Authorize.Net payment method.', '2.6.0', '', '1.0.0', '1111-1111-1111-1111-', '', '', '', '', 1, 'credit-card', '2022-08-03 14:23:24', '2022-08-03 14:23:24'),
(18, 'dynamicCommission', 'Dynamic Commission', 'A Package to configure marketplace commissions dynamically.', '2.6.0', 'wallet', '1.1.0', '1111-1111-1111-1111-', '', '', '', '', 1, 'percent', '2022-08-03 14:23:35', '2022-12-13 05:58:48'),
(19, 'inspector', 'Inspector', 'A Package to block prohibited contents based on keywords', '2.6.0', '', '1.1.0', '1111-1111-1111-1111-', '', '', '', '', 1, 'user-secret', '2022-08-03 14:23:48', '2022-08-03 14:23:53'),
(20, 'paystack', 'Paystack', 'A package for the paystack payment method.', '2.6.0', '', '1.0.1', '1111-1111-1111-1111-', '', '', '', '', 1, 'credit-card', '2022-08-03 14:23:59', '2022-08-03 14:23:59'),
(21, 'checkout', 'One Checkout', 'A zCart package for single checkout for multiple vendor based on wallet module.', '2.6.0', 'wallet', '1.4.0', '1111-1111-1111-1111-', '', '', '', '', 1, 'shopping-cart', '2022-08-03 14:24:09', '2022-12-13 05:45:26'),
(22, 'instamojo', 'Instamojo', 'A package for the instamojo payment method.', '2.6.0', '', '1.0.0', '1111-1111-1111-1111-', '', '', '', '', 1, 'credit-card', '2022-08-03 14:24:14', '2022-08-03 14:24:14'),
(23, 'razorpay', 'Razorpay', 'A package for the razorpay payment method.', '2.6.0', '', '2.0.0', '1111-1111-1111-1111-', '', '', '', '', 1, 'credit-card', '2022-08-03 14:24:29', '2022-08-03 14:24:29'),
(24, 'flutterwave', 'FlutterWave', 'A package for the flutterwave payment method.', '2.6.0', '', '1.1.0', '1111-1111-1111-1111-', '', '', '', '', 1, 'credit-card', '2022-08-04 10:43:16', '2022-08-04 10:43:16'),
(25, 'subscription', 'Subscription', 'A zCart package for local wallet based subscription', '2.6.0', 'wallet', '1.4.0', '1111-1111-1111-1111-', '', '', '', '', 1, 'map-pin', '2022-08-04 10:43:44', '2022-12-14 06:58:18'),
(26, 'comparison', 'Product Comparison', 'A package to compare offeres in zCart marketplace', '2.7.0', '', '1.0.0', '1111-1111-1111-1111', '', '', '', '', 1, 'balance-scale', '2022-12-12 02:37:55', '2022-12-14 05:08:40'),
(28, 'zipcode', 'Zipcode', 'A package for location-based shopping', '2.3.6', '', '1.0.0', '1111-1111-1111-1111', '', '', '', '', 0, 'map-marker', '2022-12-13 05:59:30', '2022-12-14 21:54:08'),
(30, 'mpesa', 'M-Pesa Payment', 'M-Pesa Payment Method for your zCart Marketplace', '2.8.0', '', '1.2.0', '1111-1111-1111-1111', '', '', '', '', 1, 'money', '2023-03-28 03:26:38', '2023-03-28 03:26:38'),
(33, 'paypal-marketplace', 'PayPal Marketplace', 'A package for the PayPal marketplace API implementation in zCart.', '2.6.0', '', '1.1.0', '1111-1111-1111-1111', '', '', '', '', 1, 'paypal', '2023-03-28 03:33:21', '2023-03-28 03:33:21'),
(34, 'iyzico', 'Iyzico', 'A package for iyzico payment method', '2.8.0', '', '1.0.0', '1111-1111-1111-1111', '', '', '', '', 1, 'credit-card', '2023-03-28 03:34:21', '2023-03-28 03:34:21'),
(35, 'mercado-pago', 'Mercado Pago', 'A package for Mercado Pago payment method', '2.8.0', '', '1.0.0', '1111-1111-1111-1111', '', '', '', '', 1, 'credit-card', '2023-03-28 03:34:32', '2023-03-28 03:34:32');

-- --------------------------------------------------------

--
-- Table structure for table `packagings`
--

CREATE TABLE `packagings` (
  `id` int UNSIGNED NOT NULL,
  `shop_id` int UNSIGNED DEFAULT NULL,
  `name` varchar(255) CHARACTER SET utf8mb3 COLLATE utf8mb3_unicode_ci NOT NULL,
  `width` decimal(20,6) DEFAULT NULL,
  `height` decimal(20,6) DEFAULT NULL,
  `depth` decimal(20,6) DEFAULT NULL,
  `cost` decimal(20,6) DEFAULT NULL,
  `default` tinyint(1) DEFAULT NULL,
  `active` tinyint(1) NOT NULL DEFAULT '1',
  `deleted_at` timestamp NULL DEFAULT NULL,
  `created_at` timestamp NULL DEFAULT NULL,
  `updated_at` timestamp NULL DEFAULT NULL
) ENGINE=InnoDB DEFAULT CHARSET=utf8mb3 COLLATE=utf8mb3_unicode_ci;

--
-- Dumping data for table `packagings`
--

INSERT INTO `packagings` (`id`, `shop_id`, `name`, `width`, `height`, `depth`, `cost`, `default`, `active`, `deleted_at`, `created_at`, `updated_at`) VALUES
(1, NULL, 'Free Basic Packaging', NULL, NULL, NULL, 0.000000, NULL, 1, NULL, '2022-08-03 14:03:35', '2022-08-03 14:03:35'),
(2, 1, 'Wrapping', 2.000000, 2.000000, 0.000000, 1.000000, 0, 1, NULL, '2022-12-13 07:01:29', '2022-12-13 07:01:29'),
(3, 1, 'Cover', 10.000000, 5.000000, 0.000000, 1.000000, 0, 1, NULL, '2022-12-13 07:01:59', '2022-12-13 07:01:59'),
(4, 1, 'Box', 50.000000, 30.000000, 0.000000, 0.000000, 0, 0, NULL, '2022-12-13 07:04:07', '2022-12-13 07:04:07'),
(5, 2, 'Gift Wrapping', 50.000000, 25.000000, 0.000000, NULL, 0, 1, NULL, '2022-12-13 07:10:52', '2022-12-13 07:10:52'),
(6, 2, 'Box', 100.000000, 50.000000, 5.000000, 1.000000, 0, 1, NULL, '2022-12-13 07:11:31', '2022-12-13 07:11:31');

-- --------------------------------------------------------

--
-- Table structure for table `pages`
--

CREATE TABLE `pages` (
  `id` int UNSIGNED NOT NULL,
  `author_id` bigint UNSIGNED DEFAULT NULL,
  `title` text CHARACTER SET utf8mb3 COLLATE utf8mb3_unicode_ci,
  `slug` varchar(200) CHARACTER SET utf8mb3 COLLATE utf8mb3_unicode_ci NOT NULL,
  `content` longtext CHARACTER SET utf8mb3 COLLATE utf8mb3_unicode_ci,
  `published_at` timestamp NULL DEFAULT NULL,
  `visibility` int NOT NULL DEFAULT '1',
  `position` varchar(50) CHARACTER SET utf8mb3 COLLATE utf8mb3_unicode_ci DEFAULT NULL,
  `deleted_at` timestamp NULL DEFAULT NULL,
  `created_at` timestamp NULL DEFAULT NULL,
  `updated_at` timestamp NULL DEFAULT NULL
) ENGINE=InnoDB DEFAULT CHARSET=utf8mb3 COLLATE=utf8mb3_unicode_ci;

--
-- Dumping data for table `pages`
--

INSERT INTO `pages` (`id`, `author_id`, `title`, `slug`, `content`, `published_at`, `visibility`, `position`, `deleted_at`, `created_at`, `updated_at`) VALUES
(1, 1, 'About us', 'about-us', '<p>Add your own About Us info here. You can modify this page from ADMIN PANEL &gt;&gt; UTILITIES &gt;&gt; PAGES section.</p><p><br></p><h2><b>Serving IT Since 2011</b></h2><h2><b><br></b></h2><p><br></p><p>Hello!!! This is Incevio. A top-notch, one-step custom software development company. We focus on building affordable custom software for companies with flawless functionalities and modern design.&nbsp;</p><p><br></p><p>No fancy office, no cool interior, incevio is always proud of only one thing- Talented, energetic,&nbsp; enthusiastic, and skilled professionals. We are not so big team but each individual is sharing their ideas and playing their own role super perfectly only to give you hassle fee tech support to build your own/dream business.</p><p><br></p><p>There are no hierarchical positions in our team, so here everybody is self-driven and well appreciated to take initiatives to get things accomplished successfully. Here no one works for Incevio other than team work together for creating Modern, convenient, super easy, and high-performing products that users love.</p><p><br></p><p>zCart Marketplace is our one of the most loved and vast functionality full platform. If you fully test our platform we will be amazed. Please feel free to visit our admin section to test all the functionality we offer for you. We can\'t wait to see your growth with our platform. Enjoy your digital&nbsp; life.</p><p class=\"text-muted\" style=\"margin-bottom: 1rem; line-height: 1.6; font-family: Nunito, sans-serif; font-size: 16px; color: rgb(132, 146, 166) !important;\"><br></p><h3 class=\"card-title\" style=\"margin-top: 0px; margin-bottom: 0.75rem; font-weight: 600; line-height: 1.5; font-size: 1.75rem; font-family: Nunito, sans-serif; color: rgb(22, 28, 45);\"><br></h3><p style=\"margin-top: 0px; margin-bottom: 0.75rem; font-weight: 600; line-height: 1.5; font-size: 1.75rem; font-family: Nunito, sans-serif; color: rgb(22, 28, 45);\"><br></p>', '2022-08-02 13:57:43', 1, 'copyright_area', NULL, '2022-08-02 13:57:43', '2022-12-14 07:54:40'),
(2, 1, 'Contact us', 'contact-us', 'Contact details. A contact form will be added automatically with this info. You can modify this page from ADMIN PANEL >> UTILITIES >> PAGES section.', '2022-08-02 13:57:43', 1, 'footer_3rd_column', NULL, '2022-08-02 13:57:43', '2022-08-02 13:57:43'),
(3, 1, 'Privacy policy', 'privacy-policy', '<p>Add your own privacy policy here. You can modify this page from ADMIN PANEL &gt;&gt; UTILITIES &gt;&gt; PAGES section.</p><p><br></p><h3>Privacy &amp; Plicy</h3><p><br></p><p data-spm-anchor-id=\"a2a0e.11872978.5088460210.i1.4da4582dsiTBw8\" style=\"padding: 0px; clear: both; line-height: 1.5; margin-top: 12px !important; margin-bottom: 12px !important;\">Welcome to the zCart market place website (the \"Site\") operated by zCart Platform , We respect your privacy and want to protect your personal information. To learn more, please read this Privacy Policy.<br></p><p style=\"padding: 0px; clear: both; line-height: 1.5; margin-top: 12px !important; margin-bottom: 12px !important;\"></p><ol data-spm-anchor-id=\"a2a0e.11872978.5088460210.i0.4da4582dsiTBw8\" style=\"margin-right: 0px; margin-bottom: 0px; margin-left: 0px; padding-top: 0px; padding-bottom: 0px; list-style-type: none; counter-reset: item 0; padding-right: 0px !important; padding-left: 0px !important;\"><li style=\"margin: 0px 0px 0.6em; padding: 0px; display: table; counter-increment: item 1; color: rgb(51, 51, 51); font-family: Arial, Verdana, sans-serif; list-style: lower-roman !important;\">This Privacy Policy explains how we collect, use and (under certain conditions) disclose your personal information. This Privacy Policy also explains the steps we have taken to secure your personal information. Finally, this Privacy Policy explains your options regarding the collection, use and disclosure of your personal information. By visiting the Site directly or through another site, you accept the practices described in this Policy.</li><li style=\"margin: 0px 0px 0.6em; padding: 0px; display: table; counter-increment: item 1; color: rgb(51, 51, 51); font-family: Arial, Verdana, sans-serif; list-style: lower-roman !important;\">Data protection is a matter of trust and your privacy is important to us. We shall therefore only use your name and other information which relates to you in the manner set out in this Privacy Policy. We will only collect information where it is necessary for us to do so and we will only collect information if it is relevant to our dealings with you.</li><li style=\"margin: 0px 0px 0.6em; padding: 0px; display: table; counter-increment: item 1; color: rgb(51, 51, 51); font-family: Arial, Verdana, sans-serif; list-style: lower-roman !important;\">We will only keep your information for as long as we are either required to by law or as is relevant for the purposes for which it was collected.</li><li style=\"margin: 0px 0px 0.6em; padding: 0px; display: table; counter-increment: item 1; color: rgb(51, 51, 51); font-family: Arial, Verdana, sans-serif; list-style: lower-roman !important;\">We will cease to retain your personal data, or remove the means by which the data can be associated with you, as soon as it is reasonable to assume that such retention no longer serves the purposes for which the personal data was collected, and is no longer necessary for any legal or business purpose.</li><li style=\"margin: 0px 0px 0.6em; padding: 0px; display: table; counter-increment: item 1; color: rgb(51, 51, 51); font-family: Arial, Verdana, sans-serif; list-style: lower-roman !important;\">You can visit the Site and browse without having to provide personal details. During your visit to the Site you remain anonymous and at no time can we identify you unless you have an account on the Site and log on.</li></ol><p style=\"margin: 0px 0px 0.6em; padding: 0px; display: table; counter-increment: item 1; color: rgb(51, 51, 51); font-family: Arial, Verdana, sans-serif; list-style: lower-roman !important;\">Thanks.</p><p style=\"margin: 0px 0px 0.6em; padding: 0px; display: table; counter-increment: item 1; color: rgb(51, 51, 51); font-family: Arial, Verdana, sans-serif; list-style: lower-roman !important;\"><br></p><p style=\"margin: 0px 0px 0.6em; padding: 0px; display: table; counter-increment: item 1; color: rgb(51, 51, 51); font-family: Arial, Verdana, sans-serif; list-style: lower-roman !important;\"><br></p><p style=\"margin: 0px 0px 0.6em; padding: 0px; display: table; counter-increment: item 1; color: rgb(51, 51, 51); font-family: Arial, Verdana, sans-serif; list-style: lower-roman !important;\"><br></p><ol data-spm-anchor-id=\"a2a0e.11872978.5088460210.i0.4da4582dsiTBw8\" style=\"margin-right: 0px; margin-bottom: 0px; margin-left: 0px; padding-top: 0px; padding-bottom: 0px; list-style-type: none; counter-reset: item 0; padding-right: 0px !important; padding-left: 0px !important;\"><div><br></div></ol>', '2022-08-02 13:57:43', 1, 'copyright_area', NULL, '2022-08-02 13:57:43', '2022-12-14 12:32:27'),
(4, 1, 'Terms and condition for customer', 'terms-of-use-customer', '<p>Add your own terms and condition for customer here. You can modify this page from ADMIN PANEL &gt;&gt; UTILITIES &gt;&gt; PAGES section.</p><p><br></p><p><br></p><h4 data-spm-anchor-id=\"a2a0e.11872973.4901519370.i4.71e21d48lioR9z\" style=\"text-align: center; padding: 0px; font-family: Arial, Verdana, sans-serif; color: rgb(51, 51, 51); margin: 21px 0px !important; font-size: 16px !important; font-weight: 700 !important;\">CONTINUED AVAILABILITY OF THE SITE</h4><p style=\"padding: 0px; clear: both; line-height: 1.5; color: rgb(51, 51, 51); font-family: Arial, Verdana, sans-serif; margin-top: 12px !important; margin-bottom: 12px !important;\">We will do our utmost to ensure that access to the Site is consistently available and is uninterrupted and error-free. However, due to the nature of the Internet and the nature of the Site, this cannot be guaranteed. Additionally, your access to the Site may also be occasionally suspended or restricted to allow for repairs, maintenance, or the introduction of new facilities or services at any time without prior notice. We will attempt to limit the frequency and duration of any such suspension or restriction.</p><p style=\"padding: 0px; clear: both; line-height: 1.5; color: rgb(51, 51, 51); font-family: Arial, Verdana, sans-serif; margin-top: 12px !important; margin-bottom: 12px !important;\"><br></p><p style=\"padding: 0px; clear: both; line-height: 1.5; color: rgb(51, 51, 51); font-family: Arial, Verdana, sans-serif; margin-top: 12px !important; margin-bottom: 12px !important;\"><br></p><h4 style=\"text-align: center; padding: 0px; font-family: Arial, Verdana, sans-serif; color: rgb(51, 51, 51); margin: 21px 0px !important; font-size: 16px !important; font-weight: 700 !important;\">LICENSE TO ACCESS THE SITE</h4><p style=\"padding: 0px; clear: both; line-height: 1.5; color: rgb(51, 51, 51); font-family: Arial, Verdana, sans-serif; margin-top: 12px !important; margin-bottom: 12px !important;\">We require that by accessing the Site, you confirm that you can form legally binding contracts and therefore you confirm that you are at least 18 years of age or are accessing the Site under the supervision of a parent or legal guardian. We grant you a non-transferable, revocable and non-exclusive license to use the Site, in accordance with the Terms and Conditions described herein, for the purposes of shopping for personal items and services as listed to be sold on the Site. Commercial use or use on behalf of any third party is prohibited, except as explicitly permitted by us in advance. If you are registering as a business entity, you represent that you have the authority to bind that entity to this User Agreement and that you and the business entity will comply with all applicable laws relating to online trading. No person or business entity may register as a member of the Site more than once. Any breach of these Terms and Conditions shall result in the immediate revocation of the license granted in this paragraph without notice to you.<br><br>Content provided on this Site is solely for informational purposes. Product representations including price, available stock, features, add-ons and any other details as expressed on this Site are the responsibility of the vendors displaying them and is not guaranteed as completely accurate by us. Submissions or opinions expressed on this Site are those of the individual(s) posting such content and may not reflect our opinions.<br><br>We grant you a limited license to access and make personal use of this Site, but not to download (excluding page caches) or modify the Site or any portion of it in any manner. This license does not include any resale or commercial use of this Site or its contents; any collection and use of any product listings, descriptions, or prices; any derivative use of this Site or its contents; any downloading or copying of account information for the benefit of another seller; or any use of data mining, robots, or similar data gathering and extraction tools.<br><br>This Site or any portion of it (including but not limited to any copyrighted material, trademarks, or other proprietary information) may not be reproduced, duplicated, copied, sold, resold, visited, distributed or otherwise exploited for any commercial purpose without express written consent by us as may be applicable.<br><br>You may not frame or use framing techniques to enclose any trademark, logo, or other proprietary information (including images, text, page layout, or form) without our express written consent. You may not use any meta tags or any other text utilizing our name or trademark without our express written consent, as applicable. Any unauthorized use terminates the permission or license granted by us to you for access to the Site with no prior notice. You may not use our logo or other proprietary graphic or trademark as part of an external link for commercial or other purposes without our express written consent, as may be applicable.<br><br>You agree and undertake not to perform restricted activities listed within this section; undertaking these activities will result in an immediate cancellation of your account, services, reviews, orders or any existing incomplete transaction with us and in severe cases may also result in legal action:<br><br></p><ul style=\"margin-right: 0px; margin-left: 0px; padding-top: 0px; padding-bottom: 0px; list-style: none; color: rgb(51, 51, 51); font-family: Arial, Verdana, sans-serif; padding-right: 40px !important; padding-left: 40px !important;\"><li style=\"margin: 0px; padding: 0px; list-style: disc !important;\">Refusal to comply with the Terms and Conditions described herein or any other guidelines and policies related to the use of the Site as available on the Site at all times.</li><li style=\"margin: 0px; padding: 0px; list-style: disc !important;\">Impersonate any person or entity or to falsely state or otherwise misrepresent your affiliation with any person or entity.</li><li style=\"margin: 0px; padding: 0px; list-style: disc !important;\">Use the Site for illegal purposes.</li><li style=\"margin: 0px; padding: 0px; list-style: disc !important;\">Attempt to gain unauthorized access to or otherwise interfere or disrupt other computer systems or networks connected to the Platform or Services.</li><li style=\"margin: 0px; padding: 0px; list-style: disc !important;\">Interfere with another’s utilization and enjoyment of the Site;</li><li style=\"margin: 0px; padding: 0px; list-style: disc !important;\">Post, promote or transmit through the Site any prohibited materials as deemed illegal by The People\'s Republic of Bangladesh.</li><li data-spm-anchor-id=\"a2a0e.11872973.4901519370.i3.71e21d48lioR9z\" style=\"margin: 0px; padding: 0px; list-style: disc !important;\">Use or upload, in any way, any software or material that contains, or which you have reason to suspect that contains, viruses, damaging components, malicious code or harmful components which may impair or corrupt the Site’s data or damage or interfere with the operation of another Customer’s computer or mobile device or the Site and use the Site other than in conformance with the acceptable use policies of any connected computer networks, any applicable Internet standards and any other applicable laws.</li></ul><p style=\"margin: 0px; padding: 0px; list-style: disc !important;\"><br></p><h4 data-spm-anchor-id=\"a2a0e.11872973.4901519370.i1.71e21d48lioR9z\" style=\"text-align: center; padding: 0px; font-family: Arial, Verdana, sans-serif; color: rgb(51, 51, 51); margin: 21px 0px !important; font-size: 16px !important; font-weight: 700 !important;\">&nbsp;PLATFORM FOR COMMUNICATION</h4><p data-spm-anchor-id=\"a2a0e.11872973.4901519370.i0.71e21d48lioR9z\" style=\"padding: 0px; clear: both; line-height: 1.5; color: rgb(51, 51, 51); font-family: Arial, Verdana, sans-serif; margin-top: 12px !important; margin-bottom: 12px !important;\">You agree, understand and acknowledge that the Site is an online platform that enables you to purchase products listed at the price indicated therein at any time from any location using a payment method of your choice. You further agree and acknowledge that we are only a facilitator and cannot be a party to or control in any manner any transactions on the Site or on a payment gateway as made available to you by an independent service provider. Accordingly, the contract of sale of products on the Site shall be a strictly bipartite contract between you and the sellers on our Site while the payment processing occurs between you, the service provider and in case of prepayments with electronic cards your issuer bank. Accordingly, the contract of payment on the Site shall be strictly a bipartite contract between you and the service provider as listed on our Site.</p><p data-spm-anchor-id=\"a2a0e.11872973.4901519370.i0.71e21d48lioR9z\" style=\"padding: 0px; clear: both; line-height: 1.5; color: rgb(51, 51, 51); font-family: Arial, Verdana, sans-serif; margin-top: 12px !important; margin-bottom: 12px !important;\"><br></p><p data-spm-anchor-id=\"a2a0e.11872973.4901519370.i0.71e21d48lioR9z\" style=\"padding: 0px; clear: both; line-height: 1.5; color: rgb(51, 51, 51); font-family: Arial, Verdana, sans-serif; margin-top: 12px !important; margin-bottom: 12px !important;\"><br></p>', '2022-08-02 13:57:43', 1, 'copyright_area', NULL, '2022-08-02 13:57:43', '2022-12-14 08:06:49'),
(5, 1, 'Terms and condition for merchant', 'terms-of-use-merchant', '<p>Add your own terms and condition for merchant here. You can modify this page from ADMIN PANEL &gt;&gt; UTILITIES &gt;&gt; PAGES section.</p><p><br></p><p>zCart is a platform where anybody from anywhere in the world can start their business. You don\'t need to own a system. zCart offer to sell your goods.&nbsp; You can own a shop and decorate the shop as you want. zCart platform offers you the most popular online payment service all over the world also it will provide you, local payment service of your area.&nbsp;</p><p>&nbsp;</p><h3>Terms&nbsp; &amp; Conditions</h3><ol><li>You have to have a merchant account in zCart.</li><li>Have to add a valid address.</li><li>Have to add a Bank account to get paid from the market.</li><li>To start selling merchants have to add at least one payment method.</li><li>Merchant has maintained all roles set by the marketplace owner.</li></ol><p><br></p><p><br></p><p><br></p>', '2022-08-02 13:57:43', 2, 'copyright_area', NULL, '2022-08-02 13:57:43', '2022-12-14 12:29:00'),
(6, 1, 'Return and refund policy', 'return-and-refund-policy', '<p>Return and refund policy. You can modify this page from ADMIN PANEL &gt;&gt; UTILITIES &gt;&gt; PAGES section.</p><p><br></p><h3 style=\"padding: 0px; font-family: Arial, Verdana, sans-serif; color: rgb(51, 51, 51); text-align: center; margin: 18px 0px !important; font-size: 19px !important; font-weight: 700 !important;\">Conditions for Returns</h3><ol class=\" olclass \" data-spm-anchor-id=\"a2a0e.11886594.9877735410.i0.78072599LtXgiJ\" style=\"margin-top: -4px; margin-right: 0px; margin-left: 0px; padding-top: 0px; padding-bottom: 0px; color: rgb(51, 51, 51); font-family: Arial, Verdana, sans-serif; padding-right: 0px !important; padding-left: 0px !important;\"><p></p><p><br></p><li data-spm-anchor-id=\"a2a0e.11886594.9877735410.i1.78072599LtXgiJ\" style=\"margin: 0px; padding: 0px; list-style: decimal !important;\">The product must be unused, unworn, unwashed and without any flaws. For fashion products, products may be tried on to see if the item fits. This will still be considered as unworn.</li><br><li style=\"margin: 0px; padding: 0px; list-style: decimal !important;\">The product must include the original tags, user manuals, warranty cards, freebies, invoice and accessories.</li><br><li style=\"margin: 0px; padding: 0px; list-style: decimal !important;\">The product must be returned in the original and undamaged manufacturer\'s packaging/box. If the product was delivered in zCart packaging/box, the same packaging/box should be returned. Do not put tape or stickers directly on the manufacturer\'s packaging / box.</li><br><span style=\"font-weight: 700;\">NOTE:&nbsp;</span>It is important to indicate the Order Number and Return Tracking Number on your return package to avoid any inconvenience/delay in your return process.<br>While handing over your package to Drop-Off station/ Pickup Agent, please collect the zCart Return Acknowledgment paper and reserve it for future reference.<p></p><p></p><p><br></p><h4 style=\"text-align: center; margin-top: 40px; padding: 0px; font-family: Arial, Verdana, sans-serif; color: rgb(51, 51, 51); margin-right: 0px !important; margin-bottom: 21px !important; margin-left: 0px !important; font-size: 16px !important; font-weight: 700 !important;\">Issuance of Refunds</h4><p></p><li style=\"margin: 0px; padding: 0px; list-style: none;\">1. The processing time of your refund depends on the type of refund and the payment method you used.</li><li data-spm-anchor-id=\"a2a0e.11887082.4745536990.i1.40f018ceIuVSRG\" style=\"margin: 0px; padding: 0px; list-style: none;\">2. The refund period / process starts when zCart processed your refund according to your refund type.</li><li data-spm-anchor-id=\"a2a0e.11887082.4745536990.i0.40f018ceIuVSRG\" style=\"margin: 0px; padding: 0px; list-style: none;\">3. The refund amount covers the item price and shipping fee for your returned product.</li></ol><p style=\"margin: 0px; padding: 0px; list-style: none;\"><br></p><ol class=\" olclass \" data-spm-anchor-id=\"a2a0e.11886594.9877735410.i0.78072599LtXgiJ\" style=\"margin-top: -4px; margin-right: 0px; margin-left: 0px; padding-top: 0px; padding-bottom: 0px; color: rgb(51, 51, 51); font-family: Arial, Verdana, sans-serif; padding-right: 0px !important; padding-left: 0px !important;\"><p></p><p><br></p><p><br></p><p></p></ol>', '2022-08-02 13:57:43', 1, 'footer_1st_column', NULL, '2022-08-02 13:57:43', '2022-12-14 08:03:23'),
(7, 1, 'Shipping', 'shipping', '<p>Shipping details. You can modify this page from ADMIN PANEL &gt;&gt; UTILITIES &gt;&gt; PAGES section.</p><p><br></p><h3>zCart Shipping</h3><p><br></p><p>zCart platform provide full of control over shipping. Admin can able to do this control.&nbsp;</p><p><br></p><p>Admin can ship their product all over the world, all over the places they want.</p><p>For example, a shop owner can select the shipping area they want to sell their product. The customer only from this area can buy from your store. You can have as many shipping zones as you want and also you can create a worldwide shipping zone to cover the areas that are not in any of your other shipping areas.</p><p><br></p><p><br></p><p><br></p><p><br></p><p><br></p><p><br></p>', '2022-08-02 13:57:00', 1, 'footer_1st_column', NULL, '2022-08-02 13:57:43', '2022-12-14 12:17:08'),
(8, 1, 'Career', 'career', '<p style=\"line-height: 1;\">You can modify this page from ADMIN PANEL &gt;&gt; UTILITIES &gt;&gt; PAGES section.</p><p><br></p><p style=\"text-align: justify; box-sizing: inherit; margin-top: 3.2rem; margin-bottom: 3.2rem; padding: var(--artdeco-reset-base-padding-zero); border: var(--artdeco-reset-base-border-zero); font-size: var(--font-size-large); vertical-align: var(--artdeco-reset-base-vertical-align-baseline); --artdeco-reset-typography_getFontSize:1.6rem; --artdeco-reset-typography_getLineHeight:1.5; line-height: 3.2rem; color: rgba(0, 0, 0, 0.9);\" source=\"\" serif=\"\" pro\",=\"\" serif;\"=\"\"><br></p>', '2022-08-02 13:57:00', 1, 'footer_2nd_column', NULL, '2022-08-02 13:57:43', '2022-12-14 07:28:37');

-- --------------------------------------------------------

--
-- Table structure for table `payment_methods`
--

CREATE TABLE `payment_methods` (
  `id` int UNSIGNED NOT NULL,
  `code` varchar(255) CHARACTER SET utf8mb3 COLLATE utf8mb3_unicode_ci NOT NULL,
  `name` varchar(255) CHARACTER SET utf8mb3 COLLATE utf8mb3_unicode_ci NOT NULL,
  `type` int NOT NULL,
  `split_money` tinyint(1) NOT NULL DEFAULT '0',
  `company_name` varchar(255) CHARACTER SET utf8mb3 COLLATE utf8mb3_unicode_ci DEFAULT NULL,
  `website` text CHARACTER SET utf8mb3 COLLATE utf8mb3_unicode_ci,
  `help_doc_link` text CHARACTER SET utf8mb3 COLLATE utf8mb3_unicode_ci,
  `terms_conditions_link` text CHARACTER SET utf8mb3 COLLATE utf8mb3_unicode_ci,
  `description` text CHARACTER SET utf8mb3 COLLATE utf8mb3_unicode_ci,
  `instructions` text CHARACTER SET utf8mb3 COLLATE utf8mb3_unicode_ci,
  `admin_description` text CHARACTER SET utf8mb3 COLLATE utf8mb3_unicode_ci,
  `admin_help_doc_link` text CHARACTER SET utf8mb3 COLLATE utf8mb3_unicode_ci,
  `enabled` tinyint(1) NOT NULL DEFAULT '1',
  `order` int NOT NULL DEFAULT '99',
  `created_at` timestamp NULL DEFAULT NULL,
  `updated_at` timestamp NULL DEFAULT NULL
) ENGINE=InnoDB DEFAULT CHARSET=utf8mb3 COLLATE=utf8mb3_unicode_ci;

--
-- Dumping data for table `payment_methods`
--

INSERT INTO `payment_methods` (`id`, `code`, `name`, `type`, `split_money`, `company_name`, `website`, `help_doc_link`, `terms_conditions_link`, `description`, `instructions`, `admin_description`, `admin_help_doc_link`, `enabled`, `order`, `created_at`, `updated_at`) VALUES
(1, 'paypal', 'PayPal Express Checkout', 1, 0, 'PayPal Inc.', 'https://www.paypal.com/', 'https://www.paypal.com/us/webapps/mpp/express-checkout', NULL, 'Add PayPal as a payment method to allow customers to checkout with PayPal. Express Checkout offers the ease of convenience and security of PayPal, can turn more shoppers into buyers. You must have a PayPal business account to activate this payment method. - You must have a PayPal business account.<br/><strong>To activate PayPal Express: </strong><br/>- You must have a PayPal business account to accept payments.<br/>- Create an app to receive API credentials for testing and live transactions.<br/>- Go to this link to create your app: <small>https://developer.paypal.com/webapps/developer/applications/myapps</small>', NULL, 'Add PayPal as a payment method to any checkout with Express Checkout. Express Checkout offers the ease of convenience and security of PayPal, can be set up in minutes and can turn more shoppers into buyers.', 'https://developer.paypal.com/docs/integration/direct/express-checkout/integration-jsv4/', 1, 1, '2022-08-02 13:57:43', '2022-08-02 13:57:43'),
(2, 'stripe', 'Stripe', 2, 1, 'Stripe Inc.', 'https://stripe.com/', 'https://stripe.com/docs/checkout/tutorial', NULL, 'Stripe is one of the best and safe option to charge credit and debit cards around the world. Stripe has a simple fee structure and no hidden costs. No other gateway or merchant account is required. <br/><strong>By using Stripe: </strong><br/>- You have to connect our platform to your Stripe account. <br/>- You agree to Stripe\'s <a href=\"https://stripe.com/us/privacy\" target=\"_blank\">Terms of Service</a>.', NULL, 'Stripe is one of the best and safe option to charge credit and debit cards around the world. Stripe has a product for marketplace like this. To enable Stripe to your vendors, you must have to register your platform with Stripe.<br/><strong> Follow This Simple steps:</strong><br/>- Create an Stripe application using the bellow information. <a href=\"https://stripe.com/docs/connect/quickstart\" target=\"_blank\">Check their documentation for help.</a><br/>- Update the .env file on your server with Stripe API credentials.<br/><br/><strong>Remember </strong> when you register your platform use this information: <br/>- Name: \'zCart Marketplace\'<br/>- Website URL: \'https://marketplace.test\'<br/>- Redirect URL: \'https://marketplace.test/admin/setting/stripe/redirect\'', 'https://stripe.com/docs/connect/quickstart', 1, 2, '2022-08-02 13:57:43', '2022-08-02 13:57:43'),
(3, 'cod', 'Cash On Delivery', 3, 0, 'Cash on Delivery', NULL, NULL, NULL, 'Cash on delivery (COD), sometimes called collect on delivery, is the sale of goods by mail order where payment is made on delivery rather than in advance.', NULL, 'Cash on delivery (COD), sometimes called collect on delivery, is the sale of goods by mail order where payment is made on delivery rather than in advance.', '', 1, 5, '2022-08-02 13:57:43', '2022-08-02 13:57:43'),
(4, 'wire', 'Bank Wire Transfer', 3, 0, 'Pay by bank wire transfer', NULL, NULL, NULL, 'Pay by bank wire transfer,  transfer the invoice amount via wire tranfer to the merchant account and confirm manually. After payment confirmation the goods will be shipped.', NULL, 'Pay by bank wire transfer,  transfer the invoice amount via wire tranfer to the merchant account and confirm manually. After payment confirmation the goods will be shipped.', '', 1, 6, '2022-08-02 13:57:43', '2022-08-02 13:57:43'),
(5, 'zcart-wallet', 'zCart Wallet', 3, 1, 'Incevio', NULL, NULL, NULL, 'zCart wallet module is the payment method where customer could buy products via customer zCart digital wallet balance.', NULL, 'zCart Wallet module is the payment method where customer could buy products via customer zCart digital wallet balance.', 'https://incevio.com/plugin/wallet', 1, 8, '2022-08-03 14:04:28', '2022-08-03 14:04:28'),
(6, 'sslcommerz', 'SslCommerz', 4, 0, 'SslCommerz', 'https://www.sslcommerz.com/', 'https://developer.sslcommerz.com/doc/v4/', NULL, 'SSLCOMMERZ allows its users to simplify the payment process. The consumers can easily make payments for the goods purchased and services rendered. <br/><strong>By using SSLCOMMERZ: </strong><br/>- You agree to SSLCOMMERZ\'s <a href=\"https://www.sslcommerz.com/\" target=\"_blank\">Terms of Service</a>.', NULL, 'SSLCOMMERZ allows its users to simplify the payment process. The consumers can easily make payments for the goods purchased and services rendered.', 'https://developer.sslcommerz.com/doc/v4/', 0, 1, '2022-08-03 14:05:02', '2022-08-03 14:05:02'),
(7, 'authorizenet', 'Authorize.Net', 2, 0, 'Authorize.Net', 'https://www.authorize.net/', 'https://www.authorize.net/support/', NULL, 'More solutions for your business. More support when you need it. More strength to stand on. <br/><strong>By using Authorize.Net: </strong><br/>- You have to have an Authorize.Net account. <br/>- You agree to Authorize.Net\'s <a href=\"https://www.authorize.net/about-us/terms/\" target=\"_blank\">Terms of Use</a>.', NULL, 'Authorize.Net helps makes it simple to accept electronic and credit card payments.', 'https://www.authorize.net/about-us/', 1, 3, '2022-08-03 14:23:25', '2022-08-03 14:23:25'),
(8, 'paystack', 'Paystack', 4, 0, 'Paystack', 'https://paystack.com/', 'https://paystack.helpscoutdocs.com/', NULL, 'Modern online and offline payments for Africa. Paystack helps businesses in Africa get paid by anyone, anywhere in the world. <br/><strong>By using Paystack: </strong><br/>- You agree to Paystack\'s <a href=\"https://paystack.com/terms\" target=\"_blank\">Terms of Service</a>.', NULL, 'Modern online and offline payments for Africa. Paystack helps businesses in Africa get paid by anyone, anywhere in the world.', 'https://paystack.helpscoutdocs.com/', 1, 1, '2022-08-03 14:24:00', '2022-08-03 14:24:00'),
(9, 'instamojo', 'Instamojo', 2, 0, 'Instamojo Technologies Pvt. Ltd.', 'https://instamojo.com/', 'https://instamojo.com/docs/checkout/tutorial', NULL, 'Instamojo is one of the most popular and Multi-Channel Payment Gateway for India - Accept Credit/Debit Cards, Wallets, Net Banking, UPI & EMI. <br/><strong>By using Instamojo: </strong><br/>- You have to have your Instamojo business account. <br/>- You agree to Instamojo\'s <a href=\"https://www.instamojo.com/terms/\" target=\"_blank\">Terms of Service</a>.', NULL, 'Instamojo is one of the most popular and Multi-Channel Payment Gateway for India - Accept Credit/Debit Cards, Wallets, Net Banking, UPI & EMI. Enable Instamojo to your vendors.', 'https://www.instamojo.com/', 1, 5, '2022-08-03 14:24:14', '2022-08-03 14:24:14'),
(10, 'razorpay', 'Razorpay', 4, 0, 'Razorpay', 'https://razorpay.com/', 'https://razorpay.com/features/', NULL, 'Accept Payments with Razorpay Payment Suite. <br/><strong>By using razorpay: </strong><br/>- You agree to razorpay\'s <a href=\"https://razorpay.com/\" target=\"_blank\">Terms of Service</a>.', NULL, 'Accept Payments with Razorpay Payment Suite.', 'https://razorpay.com/partners/', 1, 1, '2022-08-03 14:24:30', '2022-12-14 02:32:28'),
(11, 'flutterwave', 'FlutterWave', 4, 0, 'FlutterWave', 'https://www.flutterwave.com/', 'https://developer.flutterwave.com/', NULL, 'FLUTTERWAVE allows its users to simplify the payment process. The consumers can easily make payments for the goods purchased and services rendered. <br/><strong>By using FLUTTERWAVE: </strong><br/>- You agree to FLUTTERWAVE\'s <a href=\"https://www.flutterwave.com/\" target=\"_blank\">Terms of Service</a>.', NULL, 'FLUTTERWAVE allows its users to simplify the payment process. The consumers can easily make payments for the goods purchased and services rendered.', 'https://developer.flutterwave.com/', 1, 1, '2022-08-04 10:43:17', '2022-12-14 02:32:30'),
(13, 'mpesa', 'M-Pesa', 4, 0, 'mpesa', 'https://www.safaricom.co.ke/personal/m-pesa/m-pesa-home', 'https://www.safaricom.co.ke/personal/m-pesa/m-pesa-home', NULL, 'Accept Payments with mpesa Payment Suite. <br/><strong>By using mpesa: </strong><br/>- You agree to mpesa\'s <a href=\"https://www.safaricom.co.ke/personal/m-pesa/m-pesa-home\" target=\"_blank\">Terms of Service</a>.', NULL, 'Accept Payments with mpesa Payment Suite.', 'https://developer.safaricom.co.ke/Documentation', 0, 1, '2023-03-28 03:26:38', '2023-03-28 03:26:38'),
(16, 'paypal-marketplace', 'Paypal Marketplace', 1, 1, 'PayPal Inc.', 'https://paypal.com/', 'https://developer.paypal.com/docs/platforms/', NULL, 'Accept Payments with PayPal. <br/><strong>By using PayPal: </strong><br/>- You agree to PayPal\'s <a href=\"https://paypal.com/\" target=\"_blank\">Terms of Service</a>.', NULL, 'PayPal Commerce Platform is a full-stack solution that offers marketplaces and other commerce platforms powerful and flexible payment processing capabilities.', 'https://developer.paypal.com/docs/platforms/', 0, 1, '2023-03-28 03:33:22', '2023-03-28 03:33:22'),
(17, 'iyzico', 'Iyzico', 2, 0, 'Iyzico Technologies Pvt. Ltd.', 'https://www.iyzico.com', 'https://dev.iyzipay.com/tr', NULL, 'Iyzico is one of the most popular and Multi-Channel Payment Gateway for Turkey - Accept Credit/Debit Cards, Wallets, Net Banking, UPI & EMI. <br/><strong>By using Iyzico: </strong><br/>- You have to have your Iyzico business account. <br/>- You agree to Iyzico\'s <a href=\"https://www.iyzico.com/kendim-icin/kullanici-sozlesmesi\" target=\"_blank\">Terms of Service</a>.', NULL, 'Iyzico is one of the most popular and Multi-Channel Payment Gateway for Turkey - Accept Credit', 'https://www.iyzico.com', 1, 1, '2023-03-28 03:34:22', '2023-03-28 03:34:22'),
(18, 'mercado-pago', 'Mercado Pago', 2, 0, 'MercadoLibre S.R.L', 'https://www.mercadopago.cl', 'https://www.mercadopago.cl/developers/en/docs', NULL, 'Mercado Pago is a native payment method for the Mercado Libre marketplace website for the latin American countries. Launched in 2003, the company controlled all money transactions in its platform Mercado Libre, making it safer for its users by avoiding scams.', NULL, 'Mercado Pago is a native payment method for the Mercado Libre marketplace website for the latin American countries.', 'https://www.mercadopago.cl', 1, 1, '2023-03-28 03:34:33', '2023-03-28 03:34:33');

-- --------------------------------------------------------

--
-- Table structure for table `performance_indicators`
--

CREATE TABLE `performance_indicators` (
  `id` int UNSIGNED NOT NULL,
  `monthly_recurring_revenue` decimal(8,2) DEFAULT NULL,
  `daily_volume` decimal(8,2) DEFAULT NULL,
  `new_merchants` int NOT NULL,
  `new_customers` int NOT NULL,
  `created_at` timestamp NULL DEFAULT NULL,
  `updated_at` timestamp NULL DEFAULT NULL
) ENGINE=InnoDB DEFAULT CHARSET=utf8mb3 COLLATE=utf8mb3_unicode_ci;

-- --------------------------------------------------------

--
-- Table structure for table `permissions`
--

CREATE TABLE `permissions` (
  `id` int UNSIGNED NOT NULL,
  `module_id` int UNSIGNED NOT NULL,
  `name` varchar(255) CHARACTER SET utf8mb3 COLLATE utf8mb3_unicode_ci NOT NULL,
  `slug` varchar(255) CHARACTER SET utf8mb3 COLLATE utf8mb3_unicode_ci NOT NULL,
  `created_at` timestamp NULL DEFAULT NULL,
  `updated_at` timestamp NULL DEFAULT NULL
) ENGINE=InnoDB DEFAULT CHARSET=utf8mb3 COLLATE=utf8mb3_unicode_ci;

--
-- Dumping data for table `permissions`
--

INSERT INTO `permissions` (`id`, `module_id`, `name`, `slug`, `created_at`, `updated_at`) VALUES
(1, 1, 'Customize', 'customize_appearance', '2022-08-02 13:57:42', '2022-08-02 13:57:42'),
(2, 2, 'View', 'view_attribute', '2022-08-02 13:57:42', '2022-08-02 13:57:42'),
(3, 2, 'Add', 'add_attribute', '2022-08-02 13:57:42', '2022-08-02 13:57:42'),
(4, 2, 'Edit', 'edit_attribute', '2022-08-02 13:57:42', '2022-08-02 13:57:42'),
(5, 2, 'Delete', 'delete_attribute', '2022-08-02 13:57:42', '2022-08-02 13:57:42'),
(6, 3, 'View', 'view_carrier', '2022-08-02 13:57:42', '2022-08-02 13:57:42'),
(7, 3, 'Add', 'add_carrier', '2022-08-02 13:57:42', '2022-08-02 13:57:42'),
(8, 3, 'Edit', 'edit_carrier', '2022-08-02 13:57:42', '2022-08-02 13:57:42'),
(9, 3, 'Delete', 'delete_carrier', '2022-08-02 13:57:42', '2022-08-02 13:57:42'),
(10, 4, 'View', 'view_category', '2022-08-02 13:57:42', '2022-08-02 13:57:42'),
(11, 4, 'Add', 'add_category', '2022-08-02 13:57:42', '2022-08-02 13:57:42'),
(12, 4, 'Edit', 'edit_category', '2022-08-02 13:57:42', '2022-08-02 13:57:42'),
(13, 4, 'Delete', 'delete_category', '2022-08-02 13:57:42', '2022-08-02 13:57:42'),
(14, 5, 'View', 'view_category_group', '2022-08-02 13:57:42', '2022-08-02 13:57:42'),
(15, 5, 'Add', 'add_category_group', '2022-08-02 13:57:42', '2022-08-02 13:57:42'),
(16, 5, 'Edit', 'edit_category_group', '2022-08-02 13:57:42', '2022-08-02 13:57:42'),
(17, 5, 'Delete', 'delete_category_group', '2022-08-02 13:57:42', '2022-08-02 13:57:42'),
(18, 6, 'View', 'view_category_sub_group', '2022-08-02 13:57:42', '2022-08-02 13:57:42'),
(19, 6, 'Add', 'add_category_sub_group', '2022-08-02 13:57:42', '2022-08-02 13:57:42'),
(20, 6, 'Edit', 'edit_category_sub_group', '2022-08-02 13:57:42', '2022-08-02 13:57:42'),
(21, 6, 'Delete', 'delete_category_sub_group', '2022-08-02 13:57:42', '2022-08-02 13:57:42'),
(22, 7, 'View', 'view_config', '2022-08-02 13:57:42', '2022-08-02 13:57:42'),
(23, 7, 'Edit', 'edit_config', '2022-08-02 13:57:42', '2022-08-02 13:57:42'),
(24, 8, 'View', 'view_cart', '2022-08-02 13:57:42', '2022-08-02 13:57:42'),
(25, 8, 'Add', 'add_cart', '2022-08-02 13:57:42', '2022-08-02 13:57:42'),
(26, 8, 'Edit', 'edit_cart', '2022-08-02 13:57:42', '2022-08-02 13:57:42'),
(27, 8, 'Delete', 'delete_cart', '2022-08-02 13:57:42', '2022-08-02 13:57:42'),
(28, 9, 'View', 'view_customer', '2022-08-02 13:57:42', '2022-08-02 13:57:42'),
(29, 9, 'Add', 'add_customer', '2022-08-02 13:57:42', '2022-08-02 13:57:42'),
(30, 9, 'Edit', 'edit_customer', '2022-08-02 13:57:42', '2022-08-02 13:57:42'),
(31, 9, 'Delete', 'delete_customer', '2022-08-02 13:57:42', '2022-08-02 13:57:42'),
(32, 10, 'View', 'view_dispute', '2022-08-02 13:57:42', '2022-08-02 13:57:42'),
(33, 10, 'Response', 'response_dispute', '2022-08-02 13:57:42', '2022-08-02 13:57:42'),
(34, 11, 'View', 'view_inventory', '2022-08-02 13:57:42', '2022-08-02 13:57:42'),
(35, 11, 'Add', 'add_inventory', '2022-08-02 13:57:42', '2022-08-02 13:57:42'),
(36, 11, 'Edit', 'edit_inventory', '2022-08-02 13:57:42', '2022-08-02 13:57:42'),
(37, 11, 'Delete', 'delete_inventory', '2022-08-02 13:57:42', '2022-08-02 13:57:42'),
(38, 12, 'View', 'view_manufacturer', '2022-08-02 13:57:42', '2022-08-02 13:57:42'),
(39, 12, 'Add', 'add_manufacturer', '2022-08-02 13:57:42', '2022-08-02 13:57:42'),
(40, 12, 'Edit', 'edit_manufacturer', '2022-08-02 13:57:42', '2022-08-02 13:57:42'),
(41, 12, 'Delete', 'delete_manufacturer', '2022-08-02 13:57:42', '2022-08-02 13:57:42'),
(42, 13, 'View', 'view_message', '2022-08-02 13:57:42', '2022-08-02 13:57:42'),
(43, 13, 'Add', 'add_message', '2022-08-02 13:57:42', '2022-08-02 13:57:42'),
(44, 13, 'Update', 'update_message', '2022-08-02 13:57:42', '2022-08-02 13:57:42'),
(45, 13, 'Delete', 'delete_message', '2022-08-02 13:57:42', '2022-08-02 13:57:42'),
(46, 13, 'Reply', 'reply_message', '2022-08-02 13:57:42', '2022-08-02 13:57:42'),
(47, 15, 'View', 'view_order', '2022-08-02 13:57:42', '2022-08-02 13:57:42'),
(48, 15, 'Add', 'add_order', '2022-08-02 13:57:42', '2022-08-02 13:57:42'),
(49, 15, 'Fulfill', 'fulfill_order', '2022-08-02 13:57:42', '2022-08-02 13:57:42'),
(50, 15, 'Cancel', 'cancel_order', '2022-08-02 13:57:42', '2022-08-02 13:57:42'),
(51, 15, 'Archive', 'archive_order', '2022-08-02 13:57:42', '2022-08-02 13:57:42'),
(52, 15, 'Delete', 'delete_order', '2022-08-02 13:57:42', '2022-08-02 13:57:42'),
(53, 16, 'View', 'view_product', '2022-08-02 13:57:42', '2022-08-02 13:57:42'),
(54, 16, 'Add', 'add_product', '2022-08-02 13:57:42', '2022-08-02 13:57:42'),
(55, 16, 'Edit', 'edit_product', '2022-08-02 13:57:42', '2022-08-02 13:57:42'),
(56, 16, 'Delete', 'delete_product', '2022-08-02 13:57:42', '2022-08-02 13:57:42'),
(57, 17, 'View', 'view_refund', '2022-08-02 13:57:42', '2022-08-02 13:57:42'),
(58, 17, 'Initiate', 'initiate_refund', '2022-08-02 13:57:42', '2022-08-02 13:57:42'),
(59, 17, 'Update', 'update_refund', '2022-08-02 13:57:42', '2022-08-02 13:57:42'),
(60, 17, 'Approve', 'approve_refund', '2022-08-02 13:57:42', '2022-08-02 13:57:42'),
(61, 18, 'View', 'view_role', '2022-08-02 13:57:42', '2022-08-02 13:57:42'),
(62, 18, 'Add', 'add_role', '2022-08-02 13:57:42', '2022-08-02 13:57:42'),
(63, 18, 'Edit', 'edit_role', '2022-08-02 13:57:42', '2022-08-02 13:57:42'),
(64, 18, 'Delete', 'delete_role', '2022-08-02 13:57:42', '2022-08-02 13:57:42'),
(65, 19, 'View', 'view_supplier', '2022-08-02 13:57:42', '2022-08-02 13:57:42'),
(66, 19, 'Add', 'add_supplier', '2022-08-02 13:57:42', '2022-08-02 13:57:42'),
(67, 19, 'Edit', 'edit_supplier', '2022-08-02 13:57:42', '2022-08-02 13:57:42'),
(68, 19, 'Delete', 'delete_supplier', '2022-08-02 13:57:42', '2022-08-02 13:57:42'),
(69, 21, 'View', 'view_shipping_zone', '2022-08-02 13:57:42', '2022-08-02 13:57:42'),
(70, 21, 'Add', 'add_shipping_zone', '2022-08-02 13:57:42', '2022-08-02 13:57:42'),
(71, 21, 'Edit', 'edit_shipping_zone', '2022-08-02 13:57:42', '2022-08-02 13:57:42'),
(72, 21, 'Delete', 'delete_shipping_zone', '2022-08-02 13:57:42', '2022-08-02 13:57:42'),
(73, 22, 'Add', 'add_shipping_rate', '2022-08-02 13:57:42', '2022-08-02 13:57:42'),
(74, 22, 'Edit', 'edit_shipping_rate', '2022-08-02 13:57:42', '2022-08-02 13:57:42'),
(75, 22, 'Delete', 'delete_shipping_rate', '2022-08-02 13:57:42', '2022-08-02 13:57:42'),
(76, 24, 'View', 'view_system_config', '2022-08-02 13:57:42', '2022-08-02 13:57:42'),
(77, 24, 'Edit', 'edit_system_config', '2022-08-02 13:57:42', '2022-08-02 13:57:42'),
(78, 25, 'View', 'view_tax', '2022-08-02 13:57:42', '2022-08-02 13:57:42'),
(79, 25, 'Add', 'add_tax', '2022-08-02 13:57:42', '2022-08-02 13:57:42'),
(80, 25, 'Edit', 'edit_tax', '2022-08-02 13:57:42', '2022-08-02 13:57:42'),
(81, 25, 'Delete', 'delete_tax', '2022-08-02 13:57:42', '2022-08-02 13:57:42'),
(82, 26, 'View', 'view_ticket', '2022-08-02 13:57:42', '2022-08-02 13:57:42'),
(83, 26, 'Update', 'update_ticket', '2022-08-02 13:57:42', '2022-08-02 13:57:42'),
(84, 26, 'Reply', 'reply_ticket', '2022-08-02 13:57:42', '2022-08-02 13:57:42'),
(85, 26, 'Assign', 'assign_ticket', '2022-08-02 13:57:42', '2022-08-02 13:57:42'),
(86, 27, 'View', 'view_vendor', '2022-08-02 13:57:42', '2022-08-02 13:57:42'),
(87, 27, 'Add', 'add_vendor', '2022-08-02 13:57:42', '2022-08-02 13:57:42'),
(88, 27, 'Edit', 'edit_vendor', '2022-08-02 13:57:42', '2022-08-02 13:57:42'),
(89, 27, 'Delete', 'delete_vendor', '2022-08-02 13:57:42', '2022-08-02 13:57:42'),
(90, 27, 'Login', 'login_vendor', '2022-08-02 13:57:42', '2022-08-02 13:57:42'),
(91, 28, 'View', 'view_warehouse', '2022-08-02 13:57:42', '2022-08-02 13:57:42'),
(92, 28, 'Add', 'add_warehouse', '2022-08-02 13:57:42', '2022-08-02 13:57:42'),
(93, 28, 'Edit', 'edit_warehouse', '2022-08-02 13:57:42', '2022-08-02 13:57:42'),
(94, 28, 'Delete', 'delete_warehouse', '2022-08-02 13:57:42', '2022-08-02 13:57:42'),
(95, 29, 'View', 'view_user', '2022-08-02 13:57:42', '2022-08-02 13:57:42'),
(96, 29, 'Add', 'add_user', '2022-08-02 13:57:42', '2022-08-02 13:57:42'),
(97, 29, 'Edit', 'edit_user', '2022-08-02 13:57:42', '2022-08-02 13:57:42'),
(98, 29, 'Delete', 'delete_user', '2022-08-02 13:57:42', '2022-08-02 13:57:42'),
(99, 29, 'Login', 'login_user', '2022-08-02 13:57:42', '2022-08-02 13:57:42'),
(100, 30, 'View', 'view_utility', '2022-08-02 13:57:42', '2022-08-02 13:57:42'),
(101, 30, 'Add', 'add_utility', '2022-08-02 13:57:42', '2022-08-02 13:57:42'),
(102, 30, 'Edit', 'edit_utility', '2022-08-02 13:57:42', '2022-08-02 13:57:42'),
(103, 30, 'Delete', 'delete_utility', '2022-08-02 13:57:42', '2022-08-02 13:57:42'),
(104, 31, 'View', 'view_coupon', '2022-08-03 14:02:28', '2022-08-03 14:02:28'),
(105, 31, 'Add', 'add_coupon', '2022-08-03 14:02:28', '2022-08-03 14:02:28'),
(106, 31, 'Edit', 'edit_coupon', '2022-08-03 14:02:28', '2022-08-03 14:02:28'),
(107, 31, 'Delete', 'delete_coupon', '2022-08-03 14:02:28', '2022-08-03 14:02:28'),
(108, 32, 'Manage', 'manage_flash_deal', '2022-08-03 14:02:51', '2022-08-03 14:02:51'),
(109, 33, 'View', 'view_packaging', '2022-08-03 14:03:35', '2022-08-03 14:03:35'),
(110, 33, 'Add', 'add_packaging', '2022-08-03 14:03:35', '2022-08-03 14:03:35'),
(111, 33, 'Edit', 'edit_packaging', '2022-08-03 14:03:35', '2022-08-03 14:03:35'),
(112, 33, 'Delete', 'delete_packaging', '2022-08-03 14:03:35', '2022-08-03 14:03:35'),
(113, 34, 'View', 'view_chat_conversation', '2022-08-03 14:04:06', '2022-08-03 14:04:06'),
(114, 34, 'Reply', 'reply_chat_conversation', '2022-08-03 14:04:06', '2022-08-03 14:04:06'),
(115, 35, 'Setting', 'setting_wallet', '2022-08-03 14:04:28', '2022-08-03 14:04:28'),
(116, 35, 'Payout', 'payout_wallet', '2022-08-03 14:04:28', '2022-08-03 14:04:28'),
(117, 35, 'Report', 'report_wallet', '2022-08-03 14:04:28', '2022-08-03 14:04:28'),
(118, 36, 'Manage', 'manage_dynamic_commission', '2022-08-03 14:23:35', '2022-08-03 14:23:35'),
(119, 37, 'Setting', 'setting_inspector', '2022-08-03 14:23:49', '2022-08-03 14:23:49'),
(120, 37, 'View', 'view_inspector', '2022-08-03 14:23:49', '2022-08-03 14:23:49'),
(121, 37, 'Edit', 'edit_inspector', '2022-08-03 14:23:49', '2022-08-03 14:23:49'),
(122, 37, 'Delete', 'delete_inspector', '2022-08-03 14:23:49', '2022-08-03 14:23:49'),
(123, 37, 'Approve', 'approve_inspector', '2022-08-03 14:23:49', '2022-08-03 14:23:49');

-- --------------------------------------------------------

--
-- Table structure for table `permission_role`
--

CREATE TABLE `permission_role` (
  `permission_id` int UNSIGNED NOT NULL,
  `role_id` int UNSIGNED NOT NULL,
  `created_at` timestamp NULL DEFAULT NULL,
  `updated_at` timestamp NULL DEFAULT NULL
) ENGINE=InnoDB DEFAULT CHARSET=utf8mb3 COLLATE=utf8mb3_unicode_ci;

--
-- Dumping data for table `permission_role`
--

INSERT INTO `permission_role` (`permission_id`, `role_id`, `created_at`, `updated_at`) VALUES
(1, 2, '2022-08-02 13:57:42', '2022-08-02 13:57:42'),
(2, 2, '2022-08-02 13:57:42', '2022-08-02 13:57:42'),
(2, 3, '2022-08-02 13:57:42', '2022-08-02 13:57:42'),
(3, 2, '2022-08-02 13:57:42', '2022-08-02 13:57:42'),
(3, 3, '2022-08-02 13:57:42', '2022-08-02 13:57:42'),
(4, 2, '2022-08-02 13:57:42', '2022-08-02 13:57:42'),
(4, 3, '2022-08-02 13:57:42', '2022-08-02 13:57:42'),
(5, 2, '2022-08-02 13:57:42', '2022-08-02 13:57:42'),
(5, 3, '2022-08-02 13:57:42', '2022-08-02 13:57:42'),
(6, 3, '2022-08-02 13:57:42', '2022-08-02 13:57:42'),
(7, 3, '2022-08-02 13:57:42', '2022-08-02 13:57:42'),
(8, 3, '2022-08-02 13:57:42', '2022-08-02 13:57:42'),
(9, 3, '2022-08-02 13:57:42', '2022-08-02 13:57:42'),
(10, 2, '2022-08-02 13:57:42', '2022-08-02 13:57:42'),
(11, 2, '2022-08-02 13:57:42', '2022-08-02 13:57:42'),
(12, 2, '2022-08-02 13:57:42', '2022-08-02 13:57:42'),
(13, 2, '2022-08-02 13:57:42', '2022-08-02 13:57:42'),
(14, 2, '2022-08-02 13:57:42', '2022-08-02 13:57:42'),
(15, 2, '2022-08-02 13:57:42', '2022-08-02 13:57:42'),
(16, 2, '2022-08-02 13:57:42', '2022-08-02 13:57:42'),
(17, 2, '2022-08-02 13:57:42', '2022-08-02 13:57:42'),
(18, 2, '2022-08-02 13:57:42', '2022-08-02 13:57:42'),
(19, 2, '2022-08-02 13:57:42', '2022-08-02 13:57:42'),
(20, 2, '2022-08-02 13:57:42', '2022-08-02 13:57:42'),
(21, 2, '2022-08-02 13:57:42', '2022-08-02 13:57:42'),
(22, 3, '2022-08-02 13:57:42', '2022-08-02 13:57:42'),
(23, 3, '2022-08-02 13:57:42', '2022-08-02 13:57:42'),
(24, 2, '2022-08-02 13:57:42', '2022-08-02 13:57:42'),
(24, 3, '2022-08-02 13:57:42', '2022-08-02 13:57:42'),
(25, 2, '2022-08-02 13:57:42', '2022-08-02 13:57:42'),
(25, 3, '2022-08-02 13:57:42', '2022-08-02 13:57:42'),
(26, 2, '2022-08-02 13:57:42', '2022-08-02 13:57:42'),
(26, 3, '2022-08-02 13:57:42', '2022-08-02 13:57:42'),
(27, 2, '2022-08-02 13:57:42', '2022-08-02 13:57:42'),
(27, 3, '2022-08-02 13:57:42', '2022-08-02 13:57:42'),
(28, 2, '2022-08-02 13:57:42', '2022-08-02 13:57:42'),
(29, 2, '2022-08-02 13:57:42', '2022-08-02 13:57:42'),
(30, 2, '2022-08-02 13:57:42', '2022-08-02 13:57:42'),
(31, 2, '2022-08-02 13:57:42', '2022-08-02 13:57:42'),
(32, 2, '2022-08-02 13:57:42', '2022-08-02 13:57:42'),
(32, 3, '2022-08-02 13:57:42', '2022-08-02 13:57:42'),
(33, 2, '2022-08-02 13:57:42', '2022-08-02 13:57:42'),
(33, 3, '2022-08-02 13:57:42', '2022-08-02 13:57:42'),
(34, 3, '2022-08-02 13:57:42', '2022-08-02 13:57:42'),
(35, 3, '2022-08-02 13:57:42', '2022-08-02 13:57:42'),
(36, 3, '2022-08-02 13:57:42', '2022-08-02 13:57:42'),
(37, 3, '2022-08-02 13:57:42', '2022-08-02 13:57:42'),
(38, 2, '2022-08-02 13:57:42', '2022-08-02 13:57:42'),
(38, 3, '2022-08-02 13:57:42', '2022-08-02 13:57:42'),
(39, 2, '2022-08-02 13:57:42', '2022-08-02 13:57:42'),
(39, 3, '2022-08-02 13:57:42', '2022-08-02 13:57:42'),
(40, 2, '2022-08-02 13:57:42', '2022-08-02 13:57:42'),
(40, 3, '2022-08-02 13:57:42', '2022-08-02 13:57:42'),
(41, 2, '2022-08-02 13:57:42', '2022-08-02 13:57:42'),
(41, 3, '2022-08-02 13:57:42', '2022-08-02 13:57:42'),
(42, 2, '2022-08-02 13:57:42', '2022-08-02 13:57:42'),
(42, 3, '2022-08-02 13:57:42', '2022-08-02 13:57:42'),
(43, 2, '2022-08-02 13:57:42', '2022-08-02 13:57:42'),
(43, 3, '2022-08-02 13:57:42', '2022-08-02 13:57:42'),
(44, 2, '2022-08-02 13:57:42', '2022-08-02 13:57:42'),
(44, 3, '2022-08-02 13:57:42', '2022-08-02 13:57:42'),
(45, 2, '2022-08-02 13:57:42', '2022-08-02 13:57:42'),
(45, 3, '2022-08-02 13:57:42', '2022-08-02 13:57:42'),
(46, 2, '2022-08-02 13:57:42', '2022-08-02 13:57:42'),
(46, 3, '2022-08-02 13:57:42', '2022-08-02 13:57:42'),
(47, 2, '2022-08-02 13:57:42', '2022-08-02 13:57:42'),
(47, 3, '2022-08-02 13:57:42', '2022-08-02 13:57:42'),
(48, 2, '2022-08-02 13:57:42', '2022-08-02 13:57:42'),
(48, 3, '2022-08-02 13:57:42', '2022-08-02 13:57:42'),
(49, 2, '2022-08-02 13:57:42', '2022-08-02 13:57:42'),
(49, 3, '2022-08-02 13:57:42', '2022-08-02 13:57:42'),
(50, 2, '2022-08-02 13:57:42', '2022-08-02 13:57:42'),
(50, 3, '2022-08-02 13:57:42', '2022-08-02 13:57:42'),
(51, 2, '2022-08-02 13:57:42', '2022-08-02 13:57:42'),
(51, 3, '2022-08-02 13:57:42', '2022-08-02 13:57:42'),
(52, 2, '2022-08-02 13:57:42', '2022-08-02 13:57:42'),
(52, 3, '2022-08-02 13:57:42', '2022-08-02 13:57:42'),
(53, 2, '2022-08-02 13:57:42', '2022-08-02 13:57:42'),
(53, 3, '2022-08-02 13:57:42', '2022-08-02 13:57:42'),
(54, 2, '2022-08-02 13:57:42', '2022-08-02 13:57:42'),
(54, 3, '2022-08-02 13:57:42', '2022-08-02 13:57:42'),
(55, 2, '2022-08-02 13:57:42', '2022-08-02 13:57:42'),
(55, 3, '2022-08-02 13:57:42', '2022-08-02 13:57:42'),
(56, 2, '2022-08-02 13:57:42', '2022-08-02 13:57:42'),
(56, 3, '2022-08-02 13:57:42', '2022-08-02 13:57:42'),
(57, 2, '2022-08-02 13:57:42', '2022-08-02 13:57:42'),
(57, 3, '2022-08-02 13:57:42', '2022-08-02 13:57:42'),
(58, 2, '2022-08-02 13:57:42', '2022-08-02 13:57:42'),
(58, 3, '2022-08-02 13:57:42', '2022-08-02 13:57:42'),
(59, 2, '2022-08-02 13:57:42', '2022-08-02 13:57:42'),
(59, 3, '2022-08-02 13:57:42', '2022-08-02 13:57:42'),
(60, 2, '2022-08-02 13:57:42', '2022-08-02 13:57:42'),
(60, 3, '2022-08-02 13:57:42', '2022-08-02 13:57:42'),
(61, 2, '2022-08-02 13:57:42', '2022-08-02 13:57:42'),
(61, 3, '2022-08-02 13:57:42', '2022-08-02 13:57:42'),
(62, 2, '2022-08-02 13:57:42', '2022-08-02 13:57:42'),
(62, 3, '2022-08-02 13:57:42', '2022-08-02 13:57:42'),
(63, 2, '2022-08-02 13:57:42', '2022-08-02 13:57:42'),
(63, 3, '2022-08-02 13:57:42', '2022-08-02 13:57:42'),
(64, 2, '2022-08-02 13:57:42', '2022-08-02 13:57:42'),
(64, 3, '2022-08-02 13:57:42', '2022-08-02 13:57:42'),
(65, 3, '2022-08-02 13:57:42', '2022-08-02 13:57:42'),
(66, 3, '2022-08-02 13:57:42', '2022-08-02 13:57:42'),
(67, 3, '2022-08-02 13:57:42', '2022-08-02 13:57:42'),
(68, 3, '2022-08-02 13:57:42', '2022-08-02 13:57:42'),
(69, 3, '2022-08-02 13:57:42', '2022-08-02 13:57:42'),
(70, 3, '2022-08-02 13:57:42', '2022-08-02 13:57:42'),
(71, 3, '2022-08-02 13:57:42', '2022-08-02 13:57:42'),
(72, 3, '2022-08-02 13:57:42', '2022-08-02 13:57:42'),
(73, 3, '2022-08-02 13:57:42', '2022-08-02 13:57:42'),
(74, 3, '2022-08-02 13:57:42', '2022-08-02 13:57:42'),
(75, 3, '2022-08-02 13:57:42', '2022-08-02 13:57:42'),
(76, 2, '2022-08-02 13:57:42', '2022-08-02 13:57:42'),
(77, 2, '2022-08-02 13:57:42', '2022-08-02 13:57:42'),
(78, 3, '2022-08-02 13:57:42', '2022-08-02 13:57:42'),
(79, 3, '2022-08-02 13:57:42', '2022-08-02 13:57:42'),
(80, 3, '2022-08-02 13:57:42', '2022-08-02 13:57:42'),
(81, 3, '2022-08-02 13:57:42', '2022-08-02 13:57:42'),
(82, 2, '2022-08-02 13:57:42', '2022-08-02 13:57:42'),
(83, 2, '2022-08-02 13:57:42', '2022-08-02 13:57:42'),
(84, 2, '2022-08-02 13:57:42', '2022-08-02 13:57:42'),
(85, 2, '2022-08-02 13:57:42', '2022-08-02 13:57:42'),
(86, 2, '2022-08-02 13:57:42', '2022-08-02 13:57:42'),
(87, 2, '2022-08-02 13:57:42', '2022-08-02 13:57:42'),
(88, 2, '2022-08-02 13:57:42', '2022-08-02 13:57:42'),
(89, 2, '2022-08-02 13:57:42', '2022-08-02 13:57:42'),
(90, 2, '2022-08-02 13:57:42', '2022-08-02 13:57:42'),
(91, 3, '2022-08-02 13:57:42', '2022-08-02 13:57:42'),
(92, 3, '2022-08-02 13:57:42', '2022-08-02 13:57:42'),
(93, 3, '2022-08-02 13:57:42', '2022-08-02 13:57:42'),
(94, 3, '2022-08-02 13:57:42', '2022-08-02 13:57:42'),
(95, 2, '2022-08-02 13:57:42', '2022-08-02 13:57:42'),
(95, 3, '2022-08-02 13:57:42', '2022-08-02 13:57:42'),
(96, 2, '2022-08-02 13:57:42', '2022-08-02 13:57:42'),
(96, 3, '2022-08-02 13:57:42', '2022-08-02 13:57:42'),
(97, 2, '2022-08-02 13:57:42', '2022-08-02 13:57:42'),
(97, 3, '2022-08-02 13:57:42', '2022-08-02 13:57:42'),
(98, 2, '2022-08-02 13:57:42', '2022-08-02 13:57:42'),
(98, 3, '2022-08-02 13:57:42', '2022-08-02 13:57:42'),
(99, 2, '2022-08-02 13:57:42', '2022-08-02 13:57:42'),
(99, 3, '2022-08-02 13:57:42', '2022-08-02 13:57:42'),
(100, 2, '2022-08-02 13:57:42', '2022-08-02 13:57:42'),
(101, 2, '2022-08-02 13:57:42', '2022-08-02 13:57:42'),
(102, 2, '2022-08-02 13:57:42', '2022-08-02 13:57:42'),
(103, 2, '2022-08-02 13:57:42', '2022-08-02 13:57:42'),
(104, 3, '2022-08-03 14:02:28', '2022-08-03 14:02:28'),
(105, 3, '2022-08-03 14:02:28', '2022-08-03 14:02:28'),
(106, 3, '2022-08-03 14:02:28', '2022-08-03 14:02:28'),
(107, 3, '2022-08-03 14:02:28', '2022-08-03 14:02:28'),
(108, 2, '2022-08-03 14:02:51', '2022-08-03 14:02:51'),
(109, 3, '2022-08-03 14:03:35', '2022-08-03 14:03:35'),
(110, 3, '2022-08-03 14:03:35', '2022-08-03 14:03:35'),
(111, 3, '2022-08-03 14:03:35', '2022-08-03 14:03:35'),
(112, 3, '2022-08-03 14:03:35', '2022-08-03 14:03:35'),
(113, 3, '2022-08-03 14:04:06', '2022-08-03 14:04:06'),
(114, 3, '2022-08-03 14:04:06', '2022-08-03 14:04:06'),
(115, 2, '2022-08-03 14:04:28', '2022-08-03 14:04:28'),
(116, 2, '2022-08-03 14:04:28', '2022-08-03 14:04:28'),
(117, 2, '2022-08-03 14:04:28', '2022-08-03 14:04:28'),
(118, 2, '2022-08-03 14:23:35', '2022-08-03 14:23:35'),
(119, 2, '2022-08-03 14:23:49', '2022-08-03 14:23:49'),
(120, 2, '2022-08-03 14:23:49', '2022-08-03 14:23:49'),
(121, 2, '2022-08-03 14:23:49', '2022-08-03 14:23:49'),
(122, 2, '2022-08-03 14:23:49', '2022-08-03 14:23:49'),
(123, 2, '2022-08-03 14:23:49', '2022-08-03 14:23:49');

-- --------------------------------------------------------

--
-- Table structure for table `products`
--

CREATE TABLE `products` (
  `id` bigint UNSIGNED NOT NULL,
  `shop_id` int UNSIGNED DEFAULT NULL,
  `manufacturer_id` int UNSIGNED DEFAULT NULL,
  `brand` varchar(255) CHARACTER SET utf8mb3 COLLATE utf8mb3_unicode_ci DEFAULT NULL,
  `name` varchar(255) CHARACTER SET utf8mb3 COLLATE utf8mb3_unicode_ci NOT NULL,
  `model_number` varchar(255) CHARACTER SET utf8mb3 COLLATE utf8mb3_unicode_ci DEFAULT NULL,
  `mpn` varchar(255) CHARACTER SET utf8mb3 COLLATE utf8mb3_unicode_ci DEFAULT NULL,
  `gtin` varchar(255) CHARACTER SET utf8mb3 COLLATE utf8mb3_unicode_ci DEFAULT NULL,
  `gtin_type` varchar(255) CHARACTER SET utf8mb3 COLLATE utf8mb3_unicode_ci DEFAULT NULL,
  `description` longtext CHARACTER SET utf8mb3 COLLATE utf8mb3_unicode_ci,
  `min_price` decimal(20,6) DEFAULT '0.000000',
  `max_price` decimal(20,6) DEFAULT NULL,
  `origin_country` int UNSIGNED DEFAULT NULL,
  `has_variant` tinyint(1) DEFAULT NULL,
  `requires_shipping` tinyint(1) DEFAULT '1',
  `downloadable` tinyint(1) DEFAULT NULL,
  `slug` varchar(255) CHARACTER SET utf8mb3 COLLATE utf8mb3_unicode_ci NOT NULL,
  `sale_count` bigint DEFAULT NULL,
  `active` tinyint(1) NOT NULL DEFAULT '1',
  `deleted_at` timestamp NULL DEFAULT NULL,
  `created_at` timestamp NULL DEFAULT NULL,
  `updated_at` timestamp NULL DEFAULT NULL,
  `inspection_status` tinyint NOT NULL DEFAULT '1'
) ENGINE=InnoDB DEFAULT CHARSET=utf8mb3 COLLATE=utf8mb3_unicode_ci;

--
-- Dumping data for table `products`
--

INSERT INTO `products` (`id`, `shop_id`, `manufacturer_id`, `brand`, `name`, `model_number`, `mpn`, `gtin`, `gtin_type`, `description`, `min_price`, `max_price`, `origin_country`, `has_variant`, `requires_shipping`, `downloadable`, `slug`, `sale_count`, `active`, `deleted_at`, `created_at`, `updated_at`, `inspection_status`) VALUES
(1, 5, 9, 'expedita', 'Ut cum reprehenderit qui asperiores cumque assumenda.', 'maxime lf326', '246526574', '4339144166003', 'ITF', 'Blanditiis omnis earum consequatur. Veritatis ut quis similique temporibus. Et aut et fugiat a sed totam sunt. Suscipit et rerum voluptatem aspernatur eum sunt consequatur. voilent enim ratione quibusdam sapiente aliquid qui. Porro autem excepturi quos voluptatem modi. Eligendi corrupti qui sit non quibusdam et sint. Omnis a vel maxime repudiandae animi. Quod suscipit quaerat sit omnis ea ratione eveniet. Dolorem illum dicta omnis facere qui accusantium architecto. Cupiditate sint et vel sit nobis aspernatur.<p><br><iframe frameborder=\"0\" src=\"//www.youtube.com/embed/n7EmdNsKIhk\" class=\"note-video-clip\" style=\"width: 100%; height: 475px; float: none;\"></iframe></p><br>Et omnis rerum ratione eos iste blanditiis dolores. Amet sunt vero cum voluptates recusandae consequatur. Consequatur voluptatem deserunt consequuntur. Dicta et quia veritatis sit molestiae. Maxime aperiam et molestiae pariatur. Rerum consequatur non quo eius exercitationem quia. Rem eligendi ipsa quidem quae quo veritatis. Qui nemo voluptatem cumque et.<img src=\"https://loremflickr.com/640/360\" style=\"width: 50%; float: right; margin: 20px 0 20px 20px;\">Esse nam dolores nostrum omnis hic ea vel. Rerum sint dolorem aut unde ipsam dolores. Officia nihil aut voluptas delectus voluptatem. Nihil consequatur libero pariatur molestiae quaerat perferendis ut. Laborum sint dolorem incidunt. Ducimus beatae dolor quas nostrum hic molestias. Sed doloremque magni ea exercitationem quis laboriosam eaque accusantium. Accusamus voluptatem eligendi qui delectus eos exercitationem dolorem quia. Non suscipit amet voluptates dicta. Consequatur est repellendus amet sint ab minima. Nulla dolorem exercitationem saepe ab. Optio qui ut libero soluta odit voluptas. Laboriosam tempora minus magni nam dolorum et perspiciatis aliquid. Nesciunt temporibus earum reiciendis ut iste. Quia velit ducimus et magni impedit placeat. Consequatur ipsa optio ea. Dolores blanditiis et at repellat est. Debitis sint et ipsam officiis. Quis voluptas et ea culpa. Atque rerum quo in magni tempore tempore sed. Laboriosam culpa provident ea recusandae est nulla. Atque vel nisi ut repellat quo atque. Inventore consequatur accusamus impedit. Asperiores nam aut animi illum. Saepe molestiae vitae consequuntur sequi laborum ea et.<p><br><img src=\"http://placeimg.com/640/360/any\" style=\"width: 100%; float: none;\"></p><br>Nobis atque laudantium qui amet deleniti. Illum sit est numquam consequatur qui non ab. Quaerat in dolores enim optio animi. Accusamus praesentium ab asperiores ut sint consequuntur. Recusandae ut tempore adipisci minima impedit veniam. Fuga quasi cum maxime autem eligendi unde corporis. Soluta omnis ut alias facilis. Qui labore ut dicta a ut natus. Optio sequi dolor et distinctio asperiores nihil quos. Laudantium ut dolores eum libero aliquam velit quo eligendi. Veniam aut autem iste quidem rem voluptas eligendi voluptas.', 0.000000, NULL, 184, 0, 1, NULL, 'abc-xyz-product-123', 7, 1, NULL, '2022-07-18 13:57:45', '2022-12-13 05:49:37', 1),
(2, 1, 9, 'ea', 'Distinctio quibusdam et hic veniam maiores.', 'architecto tt071', '35', '0471905491826', 'JAN', 'Tenetur consequatur commodi accusantium aut. Magnam magni non impedit. Nihil aliquid quis et dolor. Nostrum quis saepe velit nihil minima. Omnis consequatur voluptas nihil qui rerum dignissimos similique. Similique nostrum cumque suscipit quas. Dolor dolores necessitatibus aut doloribus accusantium. Quas quia omnis error molestias consectetur fugiat iusto. Distinctio tempora reprehenderit voluptate dolor id rerum natus. Accusantium repellat consequatur dolorum rem maiores. Ut sit libero earum rerum maiores corporis.<p><br/><iframe frameborder=\"0\" src=\"//www.youtube.com/embed/7abGwVjXSY4\" class=\"note-video-clip\" style=\"width: 100%; height: 475px; float: none;\"></iframe></p><br/>Cum voluptatibus iste quis at. Suscipit sunt numquam ratione necessitatibus saepe aut. Est ut unde facilis libero voluptatem laudantium. Aut vel et in. Tempore sunt sit sit porro. Dolores asperiores molestiae praesentium quae quidem ipsum. Error unde explicabo ad necessitatibus. Id laudantium et ea suscipit sapiente nostrum consectetur qui. Velit harum aut id.<img src=\"https://loremflickr.com/640/360\" style=\"width: 50%; float: right; margin: 20px 0 20px 20px;\">Omnis ut doloribus praesentium. Et molestiae incidunt magni qui a. Est qui et accusantium aut non sunt molestiae. Voluptatem et provident laudantium nesciunt magnam. Vitae rem id quaerat sed dolorum praesentium. Consequatur voluptatem odit expedita accusantium. Voluptatem dolor velit enim quas provident quaerat dolores. Ut voluptatem est vel nihil eveniet eos maxime. Omnis quia sit laborum asperiores esse cupiditate quae perferendis. Est atque eum repudiandae. Omnis porro amet ut placeat neque laboriosam. Corporis vitae aut dolorem accusamus omnis qui perspiciatis. Doloribus voluptas alias cum dolore voluptatem sunt. Saepe sed vitae sit ut reprehenderit deleniti vel. Hic porro omnis rerum nobis. Consequatur aut voluptatem ipsa reprehenderit quo maxime voluptatem aperiam. Et autem omnis aspernatur odio nam. Consequuntur aut illo sequi quia nihil nihil est. Atque qui quae illum sapiente. Sunt minima hic nobis rerum voluptas blanditiis nam. Maxime alias esse minus voluptates. Et laudantium in est dolores. Rerum doloremque veritatis non autem sit. Alias qui vel iusto accusantium sequi id autem.<p><br/><img src=\"https://loremflickr.com/640/360\" style=\"width: 100%; float: none;\"></p><br/>Error blanditiis est facere sunt. Totam et enim quia non quam. Id ipsam aut eum aut. Nam eos architecto rerum velit. Consequuntur iusto quo incidunt vitae minus necessitatibus odit. Ullam consectetur eveniet molestiae explicabo eos est omnis. Aut voluptates commodi cumque. Facilis aut sit dolor illum odio architecto. Quis animi est modi mollitia modi nulla et. Est alias consequuntur animi officia dolore voluptas. Voluptatem qui sunt sunt enim necessitatibus id sit. Id ut nihil eos odio aut neque alias.', 0.000000, NULL, 422, 0, 1, NULL, 'esse-quaerat-voluptas-cupiditate-qui-qui', 9, 1, NULL, '2022-07-28 13:57:45', '2022-07-31 13:57:45', 1),
(3, 3, 9, 'quo', 'Dolor eum voluptatem eos architecto eligendi.', 'dolor ru884', '871', '6647402552726', 'EAN', 'Aut dolorem eum natus placeat sint magni nobis vitae. Tempora iusto aut quos atque ex. Voluptatem deleniti non voluptatem cumque dicta quasi dolorum. Voluptates quis iste quos sit. Maiores est dignissimos fuga est et ducimus labore molestiae. Reiciendis rerum illo inventore sequi aut aut dolorem. Soluta voluptatem quibusdam recusandae dolores odit ipsum accusamus. Nulla qui porro assumenda. In corporis sit voluptas. Quia error distinctio deleniti. Est iste pariatur voluptas cumque explicabo est. Minima dignissimos id dolorem tempora.<p><br/><iframe frameborder=\"0\" src=\"//www.youtube.com/embed/7abGwVjXSY4\" class=\"note-video-clip\" style=\"width: 100%; height: 475px; float: none;\"></iframe></p><br/>Enim dolorum officia adipisci. Fuga molestiae quia dolore sed. Ipsam ducimus neque repudiandae omnis accusantium et sed. Earum ut explicabo et autem maxime est. Vel cupiditate facilis labore aut et dicta aut. Cumque ut eligendi neque atque et eum inventore. Libero excepturi repudiandae in.<img src=\"https://loremflickr.com/640/360\" style=\"width: 50%; float: right; margin: 20px 0 20px 20px;\">Quia qui quos dolores. Molestiae magni et asperiores beatae adipisci veniam nisi corporis. Eos omnis eius repudiandae qui iste in. Totam eos suscipit deserunt quasi omnis. Vitae rerum enim sint quis ratione eius aut architecto. Cumque vel blanditiis aut enim dolores. Minus architecto voluptas facere deserunt aspernatur. Ab voluptatibus ipsam quam. Nisi repudiandae omnis dignissimos qui nesciunt. Rerum eligendi totam aperiam adipisci consequatur suscipit sunt. Ad praesentium quia qui cum sit optio repudiandae. Est et et debitis a qui. Quia sapiente sint repellendus error ut et est laborum. Impedit sed quidem repellat ut consequatur rerum minus. Quaerat reprehenderit rerum cumque consequuntur dolorem. Suscipit exercitationem dolorem minus deleniti. Adipisci sed est aut facere omnis ut dolores. Autem et consequatur aut dolor voluptas quo ut architecto. Quis quae provident quo et quam quam. Et adipisci tempora alias illum. Omnis nemo iure eveniet ipsam. Dolorum facere harum maxime nulla dicta. Rerum at dolorem ducimus optio magnam corporis. Quod necessitatibus ut eveniet doloremque id et atque. Accusamus sed hic natus. Velit illo sunt quae quia. Quis commodi voluptatem voluptatem.<p><br/><img src=\"https://picsum.photos/640/360.webp\" style=\"width: 100%; float: none;\"></p><br/>Minus molestias dignissimos odio eius voluptas voluptates. Nesciunt enim ipsam numquam non vel. Itaque quis aspernatur maxime ut et ut commodi minus. Occaecati et officiis dolore voluptatibus repellendus dolor non. Esse sed est quisquam autem officia animi est. Suscipit eveniet beatae temporibus maxime. Deleniti dolores assumenda qui vel. Sit aut deserunt aliquid deserunt. Autem quo voluptas ea. Voluptas dolores soluta officiis distinctio. Quia inventore rerum et et. Cupiditate aut consequatur tempora qui voluptate voluptatum optio.', 0.000000, NULL, 260, 0, 1, NULL, 'debitis-tempore-dignissimos-vitae-sit-dignissimos-quis-tempora', 9, 1, NULL, '2022-07-27 13:57:45', '2022-07-18 13:57:45', 1),
(4, NULL, 9, 'et', 'Amet ipsa laudantium magni repellat est mollitia.', 'voluptatibus ik665', '0', '3037849062415', 'ISBN', 'Aspernatur a aut debitis provident quod aliquid. Aut laborum ducimus modi numquam assumenda. Ducimus ut blanditiis qui esse. Aspernatur reiciendis optio sit dicta. Autem suscipit quisquam ducimus ut non. Accusamus iusto sit omnis dolores provident nemo. Quasi molestias corrupti consequuntur quas. Quis dolorem autem dolores qui quas fugit temporibus. Maxime eveniet deleniti mollitia odio accusamus atque dignissimos. Magnam delectus possimus error odio officiis fugit possimus. In deleniti est ut assumenda exercitationem voluptates maxime.<p><br/><iframe frameborder=\"0\" src=\"//www.youtube.com/embed/7abGwVjXSY4\" class=\"note-video-clip\" style=\"width: 100%; height: 475px; float: none;\"></iframe></p><br/>Velit odit accusantium consequatur et facere. Ut quia inventore non ut autem omnis aspernatur eaque. Ut tempora incidunt officiis et et et quo. Reprehenderit hic voluptate fugit neque. Eum laboriosam soluta quia aut officiis minus. Ab reiciendis nesciunt qui corrupti. Et eos culpa veniam voluptatem voluptatem vel. Expedita neque eius perferendis et aliquid animi commodi.<img src=\"https://loremflickr.com/640/360\" style=\"width: 50%; float: right; margin: 20px 0 20px 20px;\">Consequatur excepturi et magnam suscipit facere quasi voluptatem. Doloribus consequatur tempore itaque est vel. Velit in ut cumque ducimus enim temporibus. Reprehenderit dicta earum nihil. Sit sit dolores nobis voluptatem magnam atque sint. Veniam a quis et possimus quibusdam quod. Et natus iusto nemo ut provident sunt distinctio quo. Blanditiis est alias quidem. Qui facilis voluptatem dolor libero tempore atque aut. Rerum iure libero perferendis eius nobis. Nobis sequi numquam aut possimus laudantium. Voluptas dolorum modi eos eos laboriosam. Ut odit fugit omnis cumque. Omnis sed quos quasi eligendi neque itaque. Ratione eius voluptas dolorem. Aut similique omnis quisquam. Et omnis at vel distinctio expedita exercitationem. Quia magnam consequatur dolores dolor quasi. Optio nisi sed magnam. Sunt quo ut quasi itaque in quibusdam. Est quam placeat minus eum ut temporibus quae. Possimus possimus nisi eos sequi hic necessitatibus quia. Aliquam quasi voluptatem provident similique velit. Rem ut odit rerum quia eveniet ut. Expedita quas et odio fugiat ducimus voluptatem. Dolores inventore blanditiis voluptatibus iusto.<p><br/><img src=\"https://picsum.photos/640/360.webp\" style=\"width: 100%; float: none;\"></p><br/>Nihil natus quia omnis consequatur odit. Perferendis autem ratione excepturi in aut. Eius ut dolore illo sed. Et minima iure nihil suscipit. Exercitationem et beatae ut similique nobis qui labore. Ea asperiores est sequi ipsum et mollitia autem. Consectetur dignissimos voluptas velit sequi quidem ut corporis deleniti. Qui nemo dolor vel commodi qui. Dignissimos error pariatur tempora dolorem voluptatem animi ut. Ipsum ratione veritatis earum inventore dignissimos nam voluptas. Eligendi adipisci id non aut est perferendis minus.', 0.000000, NULL, 410, 0, 1, NULL, 'accusantium-autem-quibusdam-voluptas-quibusdam-modi-est-incidunt-enim', 8, 1, NULL, '2022-07-31 13:57:45', '2022-07-28 13:57:45', 1),
(5, NULL, 9, 'veniam', 'Eius expedita molestiae consequatur repudiandae aliquid voluptatem.', 'odio ef057', '5096700', '1061120134647', 'JAN', 'Recusandae nihil ut facere est. Amet beatae voluptatibus libero voluptatem ut. Aut voluptas ducimus assumenda eos possimus aperiam. Praesentium cumque aliquam sunt. Quas porro eum est rerum enim veniam voluptatum. Corporis perspiciatis repellendus aliquid iste beatae est. Ipsa harum et maxime cumque. Consequatur perferendis modi eligendi maiores ut ipsum voluptatum. Assumenda voluptas corporis praesentium eum magni molestiae.<p><br/><iframe frameborder=\"0\" src=\"//www.youtube.com/embed/7abGwVjXSY4\" class=\"note-video-clip\" style=\"width: 100%; height: 475px; float: none;\"></iframe></p><br/>Veniam nihil voluptates et qui quis. Occaecati distinctio fugit amet architecto minus vitae. Tenetur ut deserunt est quasi sunt nostrum maxime repellat. Fugit atque dolor vel ad harum eligendi dolorem. Ipsum fuga quia neque voluptatibus itaque. Deleniti saepe praesentium iusto dolor error ullam voluptas.<img src=\"https://loremflickr.com/640/360\" style=\"width: 50%; float: right; margin: 20px 0 20px 20px;\">Consequuntur exercitationem eaque aperiam nisi. Nesciunt nemo corporis alias officiis perspiciatis occaecati. Velit dolor sint id et ut unde. Ut voluptas autem quos. Totam repudiandae quas placeat molestiae placeat. A aut vel nostrum iure quod corporis odio. Earum et sit sint praesentium pariatur tempora. Quisquam unde omnis ut occaecati. Quo sequi quaerat eos exercitationem. Eveniet ipsam assumenda doloremque quia eligendi autem. Et commodi quia mollitia. Totam possimus facilis magnam et ipsa quasi aut. Vel necessitatibus quam similique odit. Aut non et autem nihil. Ipsa atque quis quia. Exercitationem fugiat blanditiis et illum voluptatem ipsum quos. Facilis ut quaerat eos aut ab voluptatem nemo eaque. Tempora blanditiis possimus laboriosam vel magni molestiae deleniti. Aspernatur aspernatur mollitia est provident totam inventore. Vel voluptas non dolore laboriosam at. Maiores facilis neque vel officiis labore. Et animi tempora porro aut dolore iusto voluptatum. Quidem doloribus rerum voluptates. Nostrum eius architecto aliquam in atque recusandae.<p><br/><img src=\"https://loremflickr.com/640/360\" style=\"width: 100%; float: none;\"></p><br/>Facere magnam ipsa perferendis. Nihil molestiae omnis similique itaque numquam reprehenderit eveniet non. Eius corporis ea et a sequi corrupti. Accusamus in alias et aliquid neque. Omnis eligendi dolores et. Provident error explicabo modi. Nulla dolorum magnam delectus a est dignissimos soluta. Rerum alias sit ut repellendus. Numquam mollitia similique est repellendus. Ea quo non exercitationem voluptas beatae consectetur. Sed et perspiciatis hic voluptas et quia. Voluptatem ex molestiae possimus amet pariatur. Eum reiciendis autem aperiam qui.', 0.000000, NULL, 531, 1, 1, NULL, 'rerum-quisquam-deserunt-ut-corporis', 0, 1, NULL, '2022-07-20 13:57:45', '2022-07-23 13:57:45', 1),
(6, 5, 11, 'eligendi', 'Alias tempora suscipit aut expedita minima veritatis reiciendis.', 'explicabo rd242', '3009669', '1569380538842', 'EAN', 'Esse id in aliquam ut dolores iste qui labore. Corporis aut dignissimos animi voluptas quia cum eum nobis. Qui assumenda voluptatem explicabo sit commodi sed sed. Eos eum minima enim praesentium sapiente eaque nesciunt. Iusto corrupti placeat vel. Debitis fugiat ab reiciendis sint iste reiciendis. Dolore quibusdam nihil reiciendis necessitatibus cupiditate reprehenderit. Veniam incidunt qui voluptatem dolore velit quo est. Minus officia ut ratione aspernatur fugiat et.<p><br/><iframe frameborder=\"0\" src=\"//www.youtube.com/embed/mATMpaPBBFI\" class=\"note-video-clip\" style=\"width: 100%; height: 475px; float: none;\"></iframe></p><br/>Non quo unde quia nostrum. Ipsa et omnis occaecati corrupti. Similique eos est libero est voluptate. Ut eveniet facere nam cumque et quis. Nulla soluta id voluptates quam. Deserunt amet enim ipsa eius non ab. Ea quibusdam dicta incidunt dolor aspernatur omnis ut enim.<img src=\"https://loremflickr.com/640/360\" style=\"width: 50%; float: right; margin: 20px 0 20px 20px;\">Quia quasi beatae provident repellendus placeat est. Qui in recusandae aut dolorem qui a quod. Et reiciendis ab ab aut nam. Aut ut esse molestias sequi. Enim reiciendis enim iusto eaque. Sint sint in explicabo doloremque numquam rerum quam in. Suscipit eos in nihil quod. Vel saepe exercitationem enim totam et dolores ea. Consequatur omnis quia assumenda ducimus qui id consequatur molestiae. Tempora reprehenderit nihil quas consequatur. Optio pariatur qui totam officia dolorem dolores. Eum voluptatem impedit nihil facilis. Hic occaecati est provident provident adipisci quis non. Consequatur suscipit sed dolores adipisci et. Omnis qui ullam id in omnis culpa. Recusandae unde fuga explicabo libero molestiae dignissimos. Non animi et omnis dolores veniam earum. Dolorum repellendus error ipsum maiores praesentium consectetur et. Eius quisquam eligendi a voluptas non omnis libero rem. Vitae ut excepturi dolorum minus. Sint nihil et accusamus ad. Qui libero dolorem ipsum facere.<p><br/><img src=\"https://loremflickr.com/640/360\" style=\"width: 100%; float: none;\"></p><br/>Distinctio similique qui esse voluptatibus rem rerum impedit. Consectetur provident aut delectus quidem illum eum. Debitis quidem veritatis reiciendis ut repudiandae soluta qui. Veritatis in soluta voluptatibus accusamus quibusdam eum. Corrupti dolores tempore quas totam quia provident voluptatum quia. Dolores ratione voluptatum sint. Ex numquam quae minus enim sint. Deleniti dolor ea quidem praesentium eius. Libero nisi ipsum at voluptatem ipsa facere voluptatum. Asperiores non hic officiis at vitae pariatur. Dolorem voluptatem ipsa repellat nihil quis consequatur.', 0.000000, NULL, 626, 1, 1, NULL, 'atque-eligendi-dolores-explicabo-amet', 8, 1, NULL, '2022-07-20 13:57:45', '2022-07-21 13:57:45', 1),
(7, NULL, 11, 'sed', 'Porro molestiae corrupti voluptate rerum voluptas sequi necessitatibus.', 'quia lv921', '50693831', '1448992598713', 'EAN', 'Magnam rerum qui sequi nostrum quam voluptatem consequatur. Repudiandae sapiente qui inventore ipsam odio. Commodi sed autem similique tempora molestiae quo dolore est. Totam aut repellat eveniet eos magnam provident ipsam. Doloribus maxime placeat et enim ducimus esse possimus consectetur. Ratione sed qui est dolor molestias assumenda. Quam nam quis blanditiis dolorem impedit. Dignissimos porro nostrum omnis deleniti nulla ab. Et soluta ut vitae et. Ea enim qui voluptas tenetur eligendi deleniti id. Ab accusantium voluptates soluta sint sunt.<p><br/><iframe frameborder=\"0\" src=\"//www.youtube.com/embed/tJlzIJaokVY\" class=\"note-video-clip\" style=\"width: 100%; height: 475px; float: none;\"></iframe></p><br/>Voluptatem ut aut sit. Officia aut repellat qui nihil dolore commodi. Commodi iusto exercitationem molestias dolor eum quia officia eum. Sunt harum rerum dolore soluta ipsa. Pariatur voluptas debitis minima error sequi.<img src=\"http://placeimg.com/640/360/any\" style=\"width: 50%; float: right; margin: 20px 0 20px 20px;\">Atque culpa modi voluptatem aut explicabo. Optio non in sint libero qui. Cum asperiores quam dolorem expedita dolore velit ex. Vitae minima atque aut molestias rerum sunt voluptas. Sit repudiandae maiores libero hic soluta quia. Quia similique veniam at vitae voluptatem voluptas. Consequatur quia eum aut voluptas odio. Sequi qui eligendi commodi esse quaerat at perferendis. Ut qui non molestias quo. Rem voluptas enim repellendus voluptatem. Autem et voluptatem voluptates fugit sed molestias incidunt. Ipsa ea mollitia ducimus consequuntur mollitia ducimus. Veniam quam ad eius deserunt. Assumenda iusto voluptas error sit qui itaque perferendis. Quia eaque reprehenderit ipsum fugiat sed fuga voluptatem. Veritatis magnam animi ea itaque dolores incidunt. Officia est quisquam optio dolor modi rerum. Impedit tenetur qui voluptate veritatis assumenda. Deleniti voluptatem nihil minus neque consequatur ut. Dicta sunt voluptatum vel modi aut. Modi occaecati repudiandae aliquam quidem. Voluptatibus velit dicta qui est praesentium. Dolorem rerum quia labore modi.<p><br/><img src=\"https://picsum.photos/640/360.webp\" style=\"width: 100%; float: none;\"></p><br/>Alias adipisci placeat nihil et aliquam. Voluptatum molestiae suscipit incidunt aut nobis ullam autem et. Deserunt reprehenderit dolore vel eaque provident. Minima deserunt a nisi voluptatem praesentium est. Sit dolor sit aut aliquid odit non quam. Non nulla quibusdam cupiditate non optio aut. Porro ipsam quidem rerum natus sit molestiae. Dolores rerum assumenda vitae. Quos magni commodi ipsam consequatur. Debitis nisi qui vel ea a sint. Vel consequatur dolor et minima delectus. Quidem recusandae perspiciatis a fugit et qui.', 0.000000, NULL, 706, 0, 1, NULL, 'facere-recusandae-sunt-non', 0, 1, NULL, '2022-07-21 13:57:45', '2022-07-21 13:57:45', 1),
(8, NULL, 11, 'consequuntur', 'Dicta reiciendis expedita corrupti.', 'vel cz652', '822897894', '0998575736823', 'JAN', 'Inventore tempora dolore labore dolores non aspernatur mollitia omnis. Maxime culpa sequi aut dolore voluptas est. Provident dolores perferendis nobis fugit praesentium unde. Veritatis non dicta quaerat odio soluta voluptas. Rerum laborum omnis ea a et atque sit. Sint repellat veritatis qui. Voluptas est cupiditate debitis veritatis accusantium natus. Eveniet ipsum ea libero itaque. Dolor voluptatum molestiae eos sint. Qui voluptatem illum vitae hic rerum.<p><br/><iframe frameborder=\"0\" src=\"//www.youtube.com/embed/TGbUpEJ1z-k\" class=\"note-video-clip\" style=\"width: 100%; height: 475px; float: none;\"></iframe></p><br/>Est repudiandae ea ipsam iusto tempore sed omnis. Perferendis omnis autem ea aut blanditiis magnam. Dolores officiis deleniti rem aut vero dolor qui. Et minus quos ducimus repellendus qui. Eos optio vel consectetur ut reprehenderit dolorum eveniet. Temporibus id dolore nisi eligendi nisi voluptates. Omnis aut dolores quidem eum aut repudiandae omnis.<img src=\"https://picsum.photos/640/360.webp\" style=\"width: 50%; float: right; margin: 20px 0 20px 20px;\">Dolores minus deserunt totam veritatis id incidunt. Sapiente numquam sunt minus molestiae unde velit. Nam quis ullam ut aut blanditiis maiores expedita. Possimus sed voluptate vel et. Et at doloribus quia repellat ex deleniti. Saepe pariatur fuga eius temporibus sunt eius quasi. Non aut molestiae perferendis itaque sunt. Sunt et dolorum et consequatur eos omnis aut. Dolor delectus maiores ut id. Quod ut animi aut. Corrupti et provident cum beatae. Dolores fugit et explicabo corporis adipisci quis. Iure nemo voluptas est in consequatur illum. Delectus sit est sed mollitia deleniti qui. Inventore itaque assumenda earum. Mollitia dicta culpa in reiciendis perspiciatis rerum. Non eos suscipit aut consequuntur. Quidem sed omnis non modi et autem est. Officiis unde possimus ullam eos eos aut. Mollitia rerum possimus adipisci laborum dolor illum. Deserunt velit aut nobis maxime in. Voluptatibus accusamus quas molestiae necessitatibus rerum. Voluptatibus officia pariatur illum aut quo qui possimus. Qui corrupti fuga et odio. Animi rerum illo aliquam animi omnis quis. Qui molestiae cupiditate mollitia exercitationem. Consectetur enim officia omnis autem in iste est.<p><br/><img src=\"http://placeimg.com/640/360/any\" style=\"width: 100%; float: none;\"></p><br/>Eum vel accusantium porro autem veniam aut. Placeat minima dolorem porro aliquid excepturi. Ut maiores voluptatem adipisci iure. Harum eaque qui ipsum adipisci. Odit ipsam dolorem quod eum reiciendis. Numquam possimus id et natus consectetur. Ipsa suscipit corporis nam ipsam cumque. Eum maiores aperiam eum consequatur architecto provident dolorum. Id quo labore vitae dolor. Officiis corporis omnis reprehenderit ea. Rerum incidunt aperiam ullam est nemo tempora.', 0.000000, NULL, 258, 0, 1, NULL, 'et-doloribus-vitae-cum-in', 6, 1, NULL, '2022-08-01 13:57:45', '2022-08-02 13:57:45', 1),
(9, 4, 11, 'occaecati', 'Alias recusandae eius autem distinctio.', 'qui mj788', '5168', '0159214441007', 'UPC', 'Rerum quia aut deserunt dolor. Hic ipsum reprehenderit eum autem at qui sed. Nihil ullam animi praesentium consequatur. Aliquid magnam quia quia iusto. Aut harum consequuntur ullam qui saepe quasi. Beatae eum sed non assumenda. Ut nulla et voluptatem quia eos repellat. Recusandae maxime delectus cum cumque quibusdam. Praesentium est saepe atque libero aut quis velit. Impedit et maiores vel dolores neque. Rerum nobis ipsum quidem officiis impedit quia. Est et ratione sunt accusantium.<p><br/><iframe frameborder=\"0\" src=\"//www.youtube.com/embed/TGbUpEJ1z-k\" class=\"note-video-clip\" style=\"width: 100%; height: 475px; float: none;\"></iframe></p><br/>Enim error minima non dolorem. Maiores hic porro et aut. Voluptatibus natus quia tempora accusantium non atque occaecati dolor. Harum autem voluptates quibusdam. Iusto pariatur amet aut veniam suscipit odio veritatis. Mollitia assumenda delectus voluptas repellendus et laboriosam. Aut debitis et consequatur sint.<img src=\"https://picsum.photos/640/360.webp\" style=\"width: 50%; float: right; margin: 20px 0 20px 20px;\">Nam impedit itaque id voluptatem ut assumenda qui. Autem nam minima ea laudantium tempore. Quibusdam doloremque et alias pariatur deleniti nihil ex. Commodi soluta voluptas aut ipsum. Et voluptas laborum accusamus magnam fugit aut nostrum quia. Autem placeat enim voluptate omnis rem accusantium expedita. Corporis quia iure totam at earum asperiores et nemo. Facere et velit sunt rerum. Facere eum rerum dolorem adipisci vitae a. Quis ab omnis officiis voluptate ut sit. Non necessitatibus eum quidem veniam. Non rem sequi iure eaque. Deserunt sit voluptatum corrupti minus consequatur. Nemo impedit facilis qui possimus architecto aut rerum. Qui blanditiis et harum itaque. Occaecati reprehenderit consequatur consequatur maxime. Ut ipsum quibusdam culpa est. Et necessitatibus quis doloribus eos explicabo qui. Dicta repellendus molestias quisquam sint quis atque aut. Occaecati nisi veritatis quibusdam neque voluptates. Sapiente corrupti reiciendis explicabo rerum nemo exercitationem. Officia perspiciatis nobis aliquid. Laudantium est cum qui. Necessitatibus deleniti quidem nesciunt consequuntur doloribus. Sit repellat totam sed praesentium. Quo sequi sapiente cum.<p><br/><img src=\"https://picsum.photos/640/360.webp\" style=\"width: 100%; float: none;\"></p><br/>Provident reprehenderit et voluptatem enim eum veniam hic ea. Optio fuga distinctio fuga. Voluptates cumque dolor dolorum molestiae ea. Consequatur ea maxime quos fugit. Dolorum eius consequatur possimus dolorem. Voluptatem dolorem et eveniet impedit deserunt reiciendis. Quia dolore mollitia est magni id velit. Asperiores veritatis ut rerum unde. Dolorum minima et eius voluptatem. Esse fugit voluptatum optio. Hic ipsum eum minima nesciunt. Voluptatem dolorum aut vel accusamus inventore sunt. Minima occaecati modi voluptatem deleniti inventore totam labore. Reiciendis et voluptates nobis.', 0.000000, NULL, 417, 1, 1, NULL, 'eum-excepturi-eos-quia-aut-deleniti-asperiores', 0, 1, NULL, '2022-08-02 13:57:45', '2022-08-02 13:57:45', 1),
(10, NULL, 11, 'voluptas', 'Sunt dicta velit accusamus culpa aut.', 'et lk520', '4222', '8712080266321', 'ITF', 'Nobis ut laudantium et ad ut perferendis laborum vitae. Velit earum enim eligendi tempore. Eos veniam a eum commodi consectetur hic. Quia quas est aut laudantium. Dolorum ipsam eum dolor dolores. Vitae et ut et quis sit. Itaque vel vero maxime. Eos dolore officia ex earum qui. Beatae aliquam aspernatur ea iste corporis voluptatem explicabo. Fuga ratione recusandae amet rerum repellat ipsa. Laudantium sed optio reprehenderit non.<p><br/><iframe frameborder=\"0\" src=\"//www.youtube.com/embed/eEzD-Y97ges\" class=\"note-video-clip\" style=\"width: 100%; height: 475px; float: none;\"></iframe></p><br/>Voluptatem non ad itaque facere eaque rerum. Velit mollitia corrupti quae et eum autem molestiae assumenda. Doloribus a facilis maxime laborum dolorem enim dolores at. Facere id quas et nesciunt in in dolores.<img src=\"https://loremflickr.com/640/360\" style=\"width: 50%; float: right; margin: 20px 0 20px 20px;\">Ducimus eos explicabo eaque rerum eligendi. Voluptate voluptas est veniam. Accusantium eaque omnis delectus autem eius hic omnis optio. Totam dolorem et est repellendus. Aut animi amet magnam assumenda inventore optio aut. Aspernatur rerum voluptatem vel rerum dolorum ipsum dolorem vitae. Est velit aut doloremque qui consequatur quia cupiditate. Eum eos tenetur aliquid ex. Dolores ex rerum aut qui dolor maiores. Officiis velit quia sunt et. Cupiditate aut ipsum qui culpa. Veniam aut et cumque sequi est quaerat et. Mollitia aliquid a et quas voluptatem alias ut. Nulla pariatur deleniti quae accusantium et repellendus at voluptatibus. In fuga nisi sit dolores. Eos aut ut consequuntur. Sequi voluptatem illo voluptatem ut. Nostrum iste natus expedita natus autem quia. Facere quia molestias rerum dolorem ex vel recusandae. Deleniti molestiae nemo ut nihil aut. Ea aut unde et consequuntur qui. Vel velit ut ut neque delectus maxime officiis sunt. Eligendi nam sint in sapiente dolor vel. Quaerat totam reprehenderit sapiente et. Maxime qui soluta nihil. Aut pariatur in repellat adipisci.<p><br/><img src=\"https://picsum.photos/640/360.webp\" style=\"width: 100%; float: none;\"></p><br/>Quos et cupiditate dicta dolor. Dolore facere ad ipsam minima sed. Et voluptas deserunt quis perspiciatis assumenda ut deserunt. Qui quos vero adipisci quia dolorem nisi. Nihil iusto nam molestiae. Sed sit qui sed impedit et vero molestiae commodi. Ut vel debitis labore est delectus perferendis rerum. Facere quisquam et totam et modi fugit. Deserunt optio minus aliquam nesciunt quasi molestias rerum at. Voluptate excepturi repellendus necessitatibus ratione earum. Provident dolore repudiandae magnam.', 0.000000, NULL, 372, 1, 1, NULL, 'earum-eveniet-possimus-neque-sit-inventore-voluptas-minus-eius', 4, 1, NULL, '2022-07-25 13:57:45', '2022-08-02 13:57:45', 1),
(11, 5, 12, 'nulla', 'Delectus quisquam similique aliquam voluptatem.', 'doloremque jj660', '35', '3784800152592', 'EAN', 'Et ullam quas et qui dolores reiciendis. Iusto nostrum nulla quo cupiditate. Deserunt ducimus ut et harum odit quia. Possimus magni ea aut consequuntur laudantium maiores deleniti. Saepe non ut alias totam ea porro a. Et nulla esse qui non. Et asperiores dolorem quasi eligendi. Et excepturi est id est. Voluptas quia fuga aut non impedit accusantium est possimus. Ex dolorem laudantium deleniti dolorum porro et molestias. Corporis consequatur dolore itaque illum sed.<p><br/><iframe frameborder=\"0\" src=\"//www.youtube.com/embed/mATMpaPBBFI\" class=\"note-video-clip\" style=\"width: 100%; height: 475px; float: none;\"></iframe></p><br/>Atque omnis sapiente cupiditate cupiditate est deserunt. Alias sit sed necessitatibus animi quo eum. Laboriosam repellendus voluptatibus non error sed dignissimos nobis. Maxime accusamus neque et tenetur voluptas tempore laborum minima. Exercitationem ipsa omnis eligendi expedita sit ea illo. Odio qui odit soluta inventore.<img src=\"https://picsum.photos/640/360.webp\" style=\"width: 50%; float: right; margin: 20px 0 20px 20px;\">Et possimus consequatur qui et a rerum. Mollitia aut autem ut repellat. Vel est enim maiores dolor. Dolorem eligendi autem sed dolor quis aliquid inventore. Repudiandae ratione illum voluptate exercitationem perferendis sit. Nemo pariatur eos est asperiores vero voluptatem maxime quis. Quisquam qui natus nihil quis. Voluptatem aliquid sapiente molestias. Nisi distinctio exercitationem voluptatem accusamus est consequatur. Tempore dolorem ut facilis. Est ex praesentium in et sit. Libero fugiat architecto non unde voluptas. Molestiae omnis rerum inventore consequatur. Sed molestiae enim dolor minus sit. Provident sequi voluptatum libero earum. Quas possimus est blanditiis consequatur omnis deleniti incidunt. Doloribus aut odio mollitia dolore in voluptas. Accusamus eligendi numquam debitis porro sed. Ducimus illum quis eaque velit odio suscipit recusandae. Molestias omnis at ab quia. Aut amet quod maiores inventore. Id omnis sunt inventore facilis. Repellendus ut ducimus neque repellat ut. Ut pariatur quidem assumenda laborum similique non a nam. Explicabo aut laborum in voluptatem excepturi. Qui molestiae delectus voluptatem enim labore blanditiis.<p><br/><img src=\"https://picsum.photos/640/360.webp\" style=\"width: 100%; float: none;\"></p><br/>Voluptatibus ipsum explicabo voluptates dicta aut aut at. Error est veritatis qui unde ducimus quam culpa. Non perferendis in voluptatem reprehenderit aliquam in aperiam. Dolore necessitatibus expedita cum est. Occaecati alias tenetur qui cumque id porro. Nemo eligendi numquam sequi nulla perferendis sed perferendis. Distinctio blanditiis fugit a laudantium quia non eius. Similique unde ut quia eos voluptatem. Tempora ut odit et dignissimos amet quia doloribus. Expedita harum aspernatur omnis. Similique rerum commodi quam dolorem.', 0.000000, NULL, 116, 0, 1, NULL, 'ullam-non-quam-ut-sunt-ut-quaerat-fuga', 1, 1, NULL, '2022-08-01 13:57:45', '2022-07-23 13:57:45', 1),
(12, NULL, 12, 'nihil', 'Dolor et autem architecto iure laboriosam.', 'a lv571', '6184', '0522646433528', 'UPC', 'Molestias labore autem quis nostrum minus sed. Dolorem dolorem aliquid et. Cupiditate quas ullam nulla iusto fugit aut tenetur. Ut aliquid ut odit sint. Est perferendis id et quis. Deleniti odio aut sint aut possimus esse autem et. Aut voluptatem et voluptatibus placeat. Error ut quidem quae eum. Et minima in odit in earum quisquam. Illo quasi et sequi. Necessitatibus veritatis est sequi aliquam dicta.<p><br/><iframe frameborder=\"0\" src=\"//www.youtube.com/embed/n7EmdNsKIhk\" class=\"note-video-clip\" style=\"width: 100%; height: 475px; float: none;\"></iframe></p><br/>Laudantium voluptates minus et neque odit. Numquam corrupti eos est. Veritatis sit debitis ducimus quae. Quod iure error ut labore qui et occaecati. Quis dolor vel qui vitae nesciunt facere. Ut aut neque officia perspiciatis quia. Et sint tenetur deserunt at magnam ex autem ducimus. Et quisquam eveniet ut. Quos nesciunt vel numquam ex omnis nemo nisi.<img src=\"http://placeimg.com/640/360/any\" style=\"width: 50%; float: right; margin: 20px 0 20px 20px;\">Est ipsam et doloribus ipsa velit vel quia. Praesentium dolor fugit repudiandae facilis dolores. In nihil consectetur dignissimos asperiores voluptas assumenda. Accusantium quo et facilis temporibus laudantium odit. Vel ut dolor deserunt minima et qui vitae beatae. Quod placeat suscipit laboriosam magni. Rem saepe temporibus provident sunt sint. Temporibus ut aperiam facere commodi eligendi odit exercitationem est. Ratione molestias illo temporibus qui eveniet quis illo. Totam repellat laborum culpa nisi aliquam doloribus adipisci. Ut neque veniam itaque ratione harum quis nisi. Aut et veritatis totam alias quibusdam quo. Accusamus quisquam possimus dolorem. Dolore ut repudiandae temporibus enim ut ex explicabo nemo. Fugiat aut illo incidunt cupiditate autem aut id. Impedit repellat quos eius id numquam adipisci reprehenderit. Nemo porro aut fugiat iusto. Veritatis minima earum mollitia beatae quibusdam doloribus. Asperiores totam est ipsum rerum excepturi. Adipisci quidem provident fuga cumque explicabo quibusdam eos et. Facere non recusandae accusantium delectus eaque quia. Voluptas itaque rerum dolores impedit similique et.<p><br/><img src=\"https://picsum.photos/640/360.webp\" style=\"width: 100%; float: none;\"></p><br/>Eligendi reiciendis optio laboriosam consectetur dolorem illo. Explicabo ut doloribus et officia ut fugit suscipit voluptate. Ullam in natus modi quia vitae officia. Est et tenetur odit error adipisci. A ipsa repellat vero quia nobis sint. Ex eveniet autem soluta eum ut sapiente vitae. Ea est eligendi repellendus nostrum incidunt. Est fugiat tenetur vel. Numquam voluptatem labore iure quisquam saepe qui. Ab nihil ea qui accusantium. Nostrum debitis temporibus eos.', 0.000000, NULL, 826, 0, 1, NULL, 'tenetur-ut-in-sint-earum-laborum', 4, 1, NULL, '2022-07-23 13:57:45', '2022-07-26 13:57:45', 1),
(13, 3, 12, 'sed', 'Excepturi et ea sit a.', 'laborum ot889', '579612858', '4723415076403', 'JAN', 'Autem molestiae quis autem est praesentium molestiae et. Optio laudantium nesciunt soluta facere aut unde. Sapiente labore earum praesentium quisquam et ut voluptate rerum. Distinctio maiores aut minus ea nihil. Adipisci eligendi sapiente voluptatibus voluptatum unde. Odit qui sit sapiente doloremque explicabo aspernatur. Esse possimus est quia inventore consequatur laboriosam officiis cum. Nulla dolore sed incidunt blanditiis architecto. At vel quia quaerat. Quae magni optio quas aut. Facilis iste aut sed fugiat.<p><br/><iframe frameborder=\"0\" src=\"//www.youtube.com/embed/tJlzIJaokVY\" class=\"note-video-clip\" style=\"width: 100%; height: 475px; float: none;\"></iframe></p><br/>Explicabo excepturi aspernatur minus repellat. Et quidem sint voluptatem accusamus eos nihil. Maiores doloremque eligendi sunt iste blanditiis mollitia aliquid. Autem doloremque voluptas sit reprehenderit quod magni. Atque fugiat dolorem maxime alias voluptatem quisquam a. Aut mollitia et accusamus veniam sit.<img src=\"http://placeimg.com/640/360/any\" style=\"width: 50%; float: right; margin: 20px 0 20px 20px;\">Nostrum suscipit voluptatem ipsum repellat. Vitae sint id deleniti voluptate et rem. Velit aspernatur aperiam eum est ut quas. In et ea et molestiae perferendis quia. At autem eos laboriosam laboriosam. Eligendi quam quaerat a incidunt optio aliquid. In natus perspiciatis molestiae. In dolorum ducimus praesentium aut. Officiis odit qui incidunt esse. Laudantium totam odit possimus ut ut rerum. Reprehenderit qui suscipit a adipisci non esse nihil consequatur. Optio in saepe voluptate sint. Ut temporibus cupiditate aut odit doloremque ipsa. Nemo dolorem omnis omnis. Aut dolore sint nisi odio rerum doloribus. Et aut explicabo ullam modi vel facere non. Ut alias porro mollitia et consequatur. Vitae fugiat et tempore assumenda eius iusto esse. Aut neque consequuntur perspiciatis eos omnis non. Perspiciatis veniam natus error magni nisi autem. Et amet tempore animi omnis consequatur quos beatae. Repellendus et sint similique pariatur fuga est sed excepturi. Soluta cupiditate tempora voluptatibus et nostrum rerum. Vero rerum laboriosam architecto ut perferendis. Quaerat beatae consequatur fugit quibusdam. Aliquid molestias neque cumque omnis cupiditate aperiam.<p><br/><img src=\"https://picsum.photos/640/360.webp\" style=\"width: 100%; float: none;\"></p><br/>Id rerum perferendis voluptatem et sunt nostrum ratione iste. Qui qui dolor nulla reiciendis consequatur dolore. Minima nihil temporibus molestias alias ut reprehenderit. Officiis repudiandae et laboriosam neque reiciendis temporibus iste commodi. Quo quia veniam ut qui est repellat quibusdam. Alias sint aut quo sunt cumque. Fuga aut molestiae hic est at aut et. Aut possimus voluptas ea voluptatem ipsa quae aut. Ut facilis dolore maiores. Porro maxime et ut repellendus voluptate architecto. Eaque vitae dolor consequatur veritatis quidem natus iste consequuntur.', 0.000000, NULL, 48, 0, 1, NULL, 'quod-aut-voluptatum-amet-ea-assumenda-tempora-voluptates', 8, 1, NULL, '2022-07-19 13:57:45', '2022-07-27 13:57:45', 1),
(14, NULL, 12, 'inventore', 'Aliquid in dolores odio quibusdam praesentium.', 'incidunt hz261', '6', '4752781506597', 'ITF', 'Quia esse ducimus sed accusantium quos. Quae et vero sed dolorem quas veritatis delectus. Enim praesentium eum hic sunt temporibus at vel. Ut ea maxime deleniti hic quis eveniet debitis. Corrupti et quo mollitia neque velit. Consequatur nemo quo sequi vel nam ut sapiente eius. Ut earum facere repellat ducimus delectus commodi. Dignissimos ipsa pariatur et sunt qui. Voluptatem aliquid tempora ad natus. Quas officiis assumenda voluptate. Facilis praesentium provident praesentium ex iure autem.<p><br/><iframe frameborder=\"0\" src=\"//www.youtube.com/embed/eEzD-Y97ges\" class=\"note-video-clip\" style=\"width: 100%; height: 475px; float: none;\"></iframe></p><br/>Labore commodi sed sint earum. Est aut voluptate et corrupti. Et id aut beatae. Aut numquam sed accusamus aliquid optio omnis. Atque atque similique qui et. Ipsa id nam occaecati. Voluptatum rerum occaecati eligendi quo et. Excepturi suscipit accusamus dolore est tenetur ea quisquam. Et ut dolores aperiam voluptatem. Beatae unde est modi repellat. Praesentium quas ut voluptas a enim et aliquam.<img src=\"http://placeimg.com/640/360/any\" style=\"width: 50%; float: right; margin: 20px 0 20px 20px;\">Enim voluptas ullam nihil culpa. Qui officiis reiciendis aut facilis asperiores libero natus. Impedit asperiores reiciendis sed natus deleniti temporibus. Impedit est enim tenetur dolore ipsam. Reiciendis aliquid perferendis dolorem enim esse. Quaerat voluptate ab ipsum est architecto atque. Quia tempore quam vitae dolorem iusto officia dolorem velit. Et et et architecto nobis sed. Cumque nihil quos vel veritatis quisquam fugiat sequi aut. Ad unde aperiam sequi accusamus id. Labore nihil et eum provident a. Quaerat impedit voluptate reiciendis commodi. Rerum ad culpa repudiandae id amet aut. Aut fugit magnam repudiandae tempore alias et perferendis. Cupiditate quae amet nihil qui quae ut. Distinctio ut quia neque qui illo sequi voluptas. Itaque ut quo magnam. Odio autem ipsa impedit nihil quas. Est quos nostrum dolor distinctio et est vitae. Quibusdam nulla eos qui similique repellat minima sint. Enim omnis qui labore illum excepturi molestias. Reprehenderit laborum perferendis omnis dolorem ad voluptatibus. Voluptatem ipsam incidunt ea officia qui. Aut est repellendus dignissimos ut. Est hic temporibus inventore nobis fugit dolor.<p><br/><img src=\"http://placeimg.com/640/360/any\" style=\"width: 100%; float: none;\"></p><br/>Dignissimos tenetur ut quas fuga. Corrupti autem qui assumenda. Et quae qui est assumenda et eaque harum. Vel et id id aliquid. Est aspernatur temporibus corporis adipisci impedit nulla. Accusamus repellat in nesciunt assumenda quaerat ipsum. Non et perferendis ad aut. Alias doloremque sequi sit. Iusto vel modi quos aut dolor in ipsa. Libero esse perspiciatis autem. Et et praesentium nemo sed veritatis similique. Necessitatibus maxime architecto eius corrupti sunt.', 0.000000, NULL, 408, 0, 1, NULL, 'et-sit-illum-consequatur', 8, 1, NULL, '2022-07-19 13:57:45', '2022-07-22 13:57:45', 1),
(15, 5, 12, 'unde', 'Aspernatur aliquid numquam repellendus soluta soluta magnam doloribus.', 'est ae929', '7200', '1376068312164', 'EAN', 'Vero animi dolore laboriosam. Et accusamus corrupti repellat deleniti nemo illo et. Nisi minus est adipisci aut. Aut et eius quia quidem. Voluptatibus nostrum laborum aut expedita. Consectetur sapiente maiores assumenda eum consequatur officia. Nihil ipsa et in non et. Consequatur mollitia eveniet ad vel eius nulla dolorem odit. Cupiditate soluta et fuga ratione ipsam aliquam voluptatem. Dicta ex sit enim sit adipisci. Et et est voluptas.<p><br/><iframe frameborder=\"0\" src=\"//www.youtube.com/embed/AVpcxtH8hWg\" class=\"note-video-clip\" style=\"width: 100%; height: 475px; float: none;\"></iframe></p><br/>Quisquam harum harum corrupti. Numquam non sed sit suscipit dicta rerum. Porro iure saepe maxime. Praesentium quasi laboriosam officiis explicabo non. Modi aut saepe magni aut. Architecto nihil praesentium aut consequatur molestias. Id animi aut cum harum. Laboriosam est delectus aliquam enim.<img src=\"https://picsum.photos/640/360.webp\" style=\"width: 50%; float: right; margin: 20px 0 20px 20px;\">Nulla accusamus maxime officia assumenda recusandae quis officiis. Mollitia dolorem commodi et est eos. Sequi officia saepe nemo sit. Et dicta minima aut distinctio. Aperiam quis aliquam sed laborum voluptas voluptatem. Omnis saepe suscipit et aut ipsam ipsa. Amet totam sapiente sunt vel labore sed vero voluptate. Eveniet dicta accusantium ducimus qui et dolorum enim explicabo. Inventore quasi corrupti quia quis. Dolor iusto doloribus nemo laudantium reprehenderit enim culpa. Ab possimus neque animi id pariatur dolores explicabo. Quasi voluptatem voluptatem veritatis eveniet qui quam. Eveniet minus odio quo laboriosam quia voluptatem. Culpa iure tempora id repellendus. Cupiditate repellat soluta rerum ea hic. Fuga deserunt nemo qui officiis aut fuga voluptatem. Corporis explicabo amet nihil ex. Error voluptas esse ipsum consectetur qui sed maxime consequatur. Saepe quasi voluptatem omnis mollitia. Fugiat ducimus molestias dolorem ut. Ut distinctio dolorum non in voluptas qui. Exercitationem ut sint cupiditate debitis. Assumenda dolor mollitia expedita suscipit vel. Et officia occaecati tenetur. Iure eum amet velit officia cum est. Dicta et aperiam ut aut.<p><br/><img src=\"https://loremflickr.com/640/360\" style=\"width: 100%; float: none;\"></p><br/>Autem dolor temporibus enim corrupti quia. Ut quia eaque sit eos distinctio dignissimos harum. Aut natus quod error non aut sed. Enim dolorem expedita itaque deleniti ex. Ratione ea voluptas voluptate minima. Quidem assumenda nam expedita quos vitae sapiente. Aperiam molestiae totam magni vel molestiae. Omnis et qui possimus sed. Ea cupiditate similique blanditiis voluptas doloribus quia dolore. Ut sint soluta sed iure. Libero dolorem aliquam velit impedit cumque soluta officiis. Accusantium voluptates et nisi sapiente ipsa. Vel et et magnam occaecati vitae. Sed nostrum qui quaerat nesciunt.', 0.000000, NULL, 70, 0, 1, NULL, 'dolorum-ullam-laboriosam-reiciendis-nam', 5, 1, NULL, '2022-07-29 13:57:45', '2022-08-01 13:57:45', 1);
INSERT INTO `products` (`id`, `shop_id`, `manufacturer_id`, `brand`, `name`, `model_number`, `mpn`, `gtin`, `gtin_type`, `description`, `min_price`, `max_price`, `origin_country`, `has_variant`, `requires_shipping`, `downloadable`, `slug`, `sale_count`, `active`, `deleted_at`, `created_at`, `updated_at`, `inspection_status`) VALUES
(16, NULL, 15, 'eveniet', 'In sunt animi sit quas nam ullam dolor.', 'nam ic367', '95279', '6604440407791', 'EAN', 'Cum illo nisi repudiandae vel ad sit sint. Et maiores aspernatur et minima sequi qui deserunt. Eveniet numquam sed eos aliquid nostrum. Et nihil iusto perferendis aspernatur possimus. In similique dolorum sequi hic. Doloremque quis illum veniam rerum laudantium. Consequatur vel corrupti eos ea. Magnam quidem rerum eos soluta consequuntur voluptates. Dolores aut et alias blanditiis sint excepturi unde. Earum dolore quis et vel facere. Sunt aut dolore natus natus veniam. A qui recusandae velit quae. Odit non et corporis ratione aperiam et odit.<p><br/><iframe frameborder=\"0\" src=\"//www.youtube.com/embed/eEzD-Y97ges\" class=\"note-video-clip\" style=\"width: 100%; height: 475px; float: none;\"></iframe></p><br/>Quos et amet sit quis. Repudiandae magnam dignissimos non ex sint non consequuntur est. Vitae eaque animi repellendus quia quo quia et. Alias repellendus voluptatem quos assumenda odio eos. Laboriosam mollitia sint reiciendis sapiente. Consequatur sit exercitationem tempora ut non laboriosam. Qui molestiae nihil ab ut.<img src=\"https://picsum.photos/640/360.webp\" style=\"width: 50%; float: right; margin: 20px 0 20px 20px;\">In sit aperiam ducimus rerum voluptate. Explicabo autem suscipit unde dolorem sed. Saepe incidunt quas iste odio laboriosam repellat ut quas. Ab nulla voluptatum quia quis iste. Odit ut quas animi est assumenda consectetur. Rerum molestiae est est sit doloribus. Vel inventore ab dolorem repellat doloribus. Aliquid omnis sint eius possimus. Placeat autem ea enim aut similique sit. Necessitatibus voluptatem quisquam voluptas provident in. A aut minus non molestiae possimus dignissimos. Voluptatem id quos minima veniam laudantium quia. Vero sit temporibus aut odit qui nam quis. Vitae laboriosam qui aut et officiis aut. Dolorum id non non repudiandae voluptatem. Ut ad dolore provident eos. Est reprehenderit saepe occaecati eius dolore quasi aut. Consequuntur ipsam ea ullam soluta sed. Quia qui non voluptas suscipit voluptatibus repellendus. Eaque aliquam voluptatibus eius qui voluptas fugiat. Dolor fugit pariatur incidunt dolores. Placeat totam odio debitis labore officia. Minima necessitatibus ut et omnis. Non quisquam impedit et alias at amet. Tempore corrupti est et sed illum enim.<p><br/><img src=\"http://placeimg.com/640/360/any\" style=\"width: 100%; float: none;\"></p><br/>Quo eaque perspiciatis alias perspiciatis. Eos iure deleniti qui odit fuga asperiores. Commodi nam et est sit blanditiis. Laborum nemo nemo omnis suscipit et sit. Enim ut doloribus sit modi quis assumenda fugit. Eos reprehenderit doloremque sapiente placeat non asperiores voluptas sed. Consequuntur sapiente est culpa possimus deserunt sit. Quia quisquam soluta odio in. Laudantium debitis omnis tempora consequatur et. Nihil inventore explicabo error sequi. Et nobis porro officiis ducimus quaerat. Beatae aut nostrum rerum non temporibus eum quaerat.', 0.000000, NULL, 748, 0, 1, NULL, 'reprehenderit-vel-cum-qui-sunt-nihil', 2, 1, NULL, '2022-07-24 13:57:45', '2022-07-18 13:57:45', 1),
(17, NULL, 16, 'perferendis', 'Quasi illum voluptates dolorum fugit nihil praesentium odit.', 'delectus lu123', '6042', '9953746879526', 'ISBN', 'Necessitatibus quis saepe sed quos sit ipsa culpa. Ipsam non voluptatum rem possimus laborum. Odio voluptatem aut illum quas assumenda. Eveniet voluptatem earum debitis eveniet nostrum dignissimos possimus. Nihil ducimus rerum optio hic omnis ut. Qui voluptatem assumenda facilis consectetur. Ipsam aut maxime maxime perferendis quia. Ab ex magni aut rem culpa voluptate veritatis.<p><br/><iframe frameborder=\"0\" src=\"//www.youtube.com/embed/tJlzIJaokVY\" class=\"note-video-clip\" style=\"width: 100%; height: 475px; float: none;\"></iframe></p><br/>Qui veritatis officia voluptas. Consequatur nisi pariatur illo eos. Non quia et qui numquam. Doloribus minima et rerum sunt velit nisi libero est. Repellendus nihil sapiente velit veritatis illo tempore. Qui hic accusamus quis recusandae voluptas sed ut. Accusamus exercitationem voluptatem in excepturi magnam praesentium odio. Voluptas qui similique debitis nostrum.<img src=\"http://placeimg.com/640/360/any\" style=\"width: 50%; float: right; margin: 20px 0 20px 20px;\">Necessitatibus voluptas repellendus autem consequatur enim repudiandae consequatur. Explicabo repellat quas veritatis. Soluta corrupti quasi corporis. Cumque tenetur et quis eos voluptatem in. Et distinctio tenetur doloremque nam sed. Laboriosam assumenda molestias a consectetur repudiandae facere. Ipsa in rerum necessitatibus dolores. Cupiditate consequatur illum eius recusandae odio fuga nesciunt pariatur. Aliquam consequatur ut aut exercitationem non consequatur. Ipsam et sit amet omnis. Facilis sint quaerat odio culpa. Cumque doloremque et tenetur mollitia hic. Tenetur libero aspernatur quis maiores magni. Neque aliquam ut optio ea consequatur. Ut sit repellat magnam et velit vel adipisci ut. Numquam est velit aut quia eaque at sit. Suscipit velit qui iste accusamus natus id. Magnam consequuntur quasi delectus dolor ea. Iusto minima ut omnis quia cumque quae non. Consequatur odio veniam quisquam. Aliquam facilis ipsum in ullam quidem. Neque illum nisi voluptatem quod. Molestiae doloribus placeat aut saepe doloribus quia eaque. Aut rem non consequatur quia voluptatum. Labore veniam quae sed nihil et dolor est dolorum.<p><br/><img src=\"https://loremflickr.com/640/360\" style=\"width: 100%; float: none;\"></p><br/>Sed alias earum vel est. Repellendus et iure enim eveniet itaque aut. At sapiente itaque nostrum maiores sequi ratione quo. Et sint saepe sed qui. Molestiae eos nemo aut soluta. Aut occaecati dolorum sunt aut. Qui hic exercitationem rerum commodi. Rem praesentium et temporibus voluptatibus nisi non. Autem quam consequuntur voluptas magni voluptatibus et labore dolores. Magnam repellat voluptatem exercitationem eos tenetur. Nobis quae quo vitae dicta aut. Impedit laudantium quo autem suscipit suscipit. Praesentium accusamus id dolorem.', 0.000000, NULL, 352, 0, 1, NULL, 'dolorem-ut-eos-et-nihil-expedita-quia-corporis', 7, 1, NULL, '2022-07-28 13:57:45', '2022-07-26 13:57:45', 1),
(18, NULL, 15, 'debitis', 'Quasi earum sint et sit autem.', 'qui tx038', '72', '2905414096640', 'JAN', 'Sunt asperiores velit sunt alias maxime reprehenderit incidunt ipsum. Ut qui et veritatis veniam voluptatibus in. Perspiciatis ut earum inventore velit sapiente fuga. Voluptas voluptatem et blanditiis quo. Et exercitationem adipisci veniam debitis sit assumenda. Totam esse molestiae minus qui magni voluptatem iusto. A velit molestiae provident corrupti tenetur doloremque. Deserunt non qui voluptatum aut.<p><br/><iframe frameborder=\"0\" src=\"//www.youtube.com/embed/7abGwVjXSY4\" class=\"note-video-clip\" style=\"width: 100%; height: 475px; float: none;\"></iframe></p><br/>Ipsum suscipit in libero minus ratione quo. Itaque qui voluptatibus excepturi esse sint perferendis. Maiores in eius omnis error ad earum. Quia qui quae consequatur et rerum. Ut ut ullam quibusdam earum provident qui consequuntur consequuntur. Odit placeat maxime deleniti nesciunt. Officiis ipsa ad ipsa voluptatibus.<img src=\"http://placeimg.com/640/360/any\" style=\"width: 50%; float: right; margin: 20px 0 20px 20px;\">Rerum quas ipsum recusandae ex repellat eius dignissimos adipisci. Dolor voluptas veniam quidem sequi minima tempora. Repellat eveniet animi qui illum est in. Et illo officia est libero ex ab doloremque. Quia ut recusandae labore. Natus impedit sit occaecati possimus et. Aspernatur sit odio ipsam ut numquam. Quae quod atque vel. Nesciunt neque voluptatem a vero aspernatur deleniti. Quae iure velit pariatur. Velit voluptas ut optio totam mollitia sit asperiores corrupti. Eum quia sunt sit architecto eaque. Voluptas voluptas inventore facilis ut temporibus pariatur autem. Mollitia distinctio dolores ducimus iusto quaerat. Dolor qui numquam delectus eum odio vero harum. Hic ea quas praesentium quo similique nobis et. Molestias aspernatur cumque consequatur consequatur et. Modi magni doloremque deleniti in ipsam. Ab alias debitis eaque itaque excepturi quia nobis magni. Possimus et explicabo vero incidunt aperiam optio. Dolorem nam est numquam non suscipit. Dolore consequuntur labore et velit. Harum fuga minus qui omnis accusamus doloremque. Dolorem soluta quae beatae ducimus non eum vel.<p><br/><img src=\"http://placeimg.com/640/360/any\" style=\"width: 100%; float: none;\"></p><br/>Voluptas facilis qui enim aut omnis totam non deserunt. Et dolor dignissimos magnam mollitia hic et. Minus placeat consectetur ea est voluptatem. Excepturi qui nostrum id voluptatem nostrum sunt. Aut voluptatem ut illum voluptates. Eos accusantium voluptatem corporis accusantium dolorem odio. Qui quia voluptatem recusandae voluptate eligendi. Tenetur incidunt in itaque sed autem. Rerum ratione neque beatae esse illo. Neque et sunt aut perferendis. Fuga laudantium tempore qui quod. Minima aperiam perferendis vel illo. Doloremque ut minus vel qui fugiat quidem.', 0.000000, NULL, 612, 1, 1, NULL, 'libero-iste-cupiditate-ad-et-quo-suscipit-nihil-molestias', 2, 1, NULL, '2022-07-23 13:57:45', '2022-07-23 13:57:45', 1),
(19, NULL, 1, 'et', 'Aperiam ad eveniet sequi velit suscipit beatae.', 'tenetur gw428', '2749', '8187024473606', 'ITF', 'Fugit veniam consequuntur accusantium. Qui sequi possimus nesciunt asperiores. Quo ipsa animi dolor fugit facilis tempora. Est repellat qui nam non autem aut et porro. Fugiat natus quaerat mollitia doloremque eos. Ut quibusdam esse dicta nihil. Amet totam quia ut consequuntur. Necessitatibus aspernatur eaque quia qui sit reiciendis quibusdam est. Quia voluptatem labore sed quibusdam aut in et. Veniam hic et veniam maiores sed.<p><br/><iframe frameborder=\"0\" src=\"//www.youtube.com/embed/tJlzIJaokVY\" class=\"note-video-clip\" style=\"width: 100%; height: 475px; float: none;\"></iframe></p><br/>Molestiae amet debitis ab facilis totam molestiae quis. Vel corrupti corporis ut facere est facilis recusandae. Consequatur repellat vitae consequatur atque veritatis minus. Cumque voluptatem non aliquid eos debitis. Quidem iste quos non. Pariatur et iste in eos. Dolorem natus non et et blanditiis ex. Qui quia quia libero debitis sapiente corrupti beatae.<img src=\"https://loremflickr.com/640/360\" style=\"width: 50%; float: right; margin: 20px 0 20px 20px;\">Et commodi doloribus beatae earum itaque. Incidunt et quae rem odit ab. Consequatur et recusandae qui tempora quibusdam molestiae. Quibusdam recusandae eius dolore vero praesentium fugiat. Soluta ipsum omnis accusantium voluptate quia similique. In voluptas voluptatibus temporibus illum tempora deleniti sunt. Nostrum minus expedita ut excepturi mollitia est molestias sunt. Repudiandae ipsam aut voluptatem animi dolore. Harum harum quas qui quaerat. Est non aut fugiat consequuntur in. Commodi asperiores vero at totam. Consectetur perspiciatis quos nobis rerum id explicabo dolorem. Totam iure repudiandae dolor amet. Quos sit est voluptatibus iste cum et. Iure aut error sed dolores consectetur consequuntur. Omnis perferendis quam ullam incidunt possimus. Ea sed eos deserunt nihil sint eveniet et. Quam dolores eligendi quis qui. Aut pariatur velit quos quasi. Odio sed repellendus rerum fuga odio. Quas corrupti vitae voluptatum adipisci. Quia voluptas perferendis eum enim quae. Voluptas dolor tempora culpa nihil facilis. Et doloremque voluptatibus saepe ex a rerum veritatis alias. Corporis rerum in dolores sit aut velit.<p><br/><img src=\"http://placeimg.com/640/360/any\" style=\"width: 100%; float: none;\"></p><br/>Sint ducimus excepturi repellendus ipsum cupiditate nulla autem. Ad dolorem expedita qui. Non commodi sed eum. Incidunt sapiente error voluptas quo amet. Et dolores accusantium qui qui nam dolorum. Aut illum nemo enim id perferendis. Et sequi aut voluptas voluptatem. Error error qui soluta ut et voluptate expedita. Aut vitae eligendi ex consequatur inventore. Eveniet labore necessitatibus iure. Blanditiis quod qui placeat quia quisquam maxime porro placeat. Quae sunt hic tempore recusandae sequi ut. Necessitatibus nihil et aliquam. Minus qui architecto quis sed.', 0.000000, NULL, 340, 0, 1, NULL, 'praesentium-et-libero-aliquid-soluta', 7, 1, NULL, '2022-07-27 13:57:45', '2022-07-30 13:57:45', 1),
(20, NULL, 2, 'voluptatem', 'Debitis minus delectus maxime neque.', 'consequatur je716', '5031', '0938868953063', 'JAN', 'Consequatur asperiores blanditiis voluptatem et. Repudiandae mollitia rem et. Aut sit atque omnis perspiciatis est harum. Eveniet ipsum cum ullam magnam vel asperiores et quisquam. Culpa consequatur fugit inventore vel. Eligendi dicta repellendus nam enim libero quia. Nesciunt ut voluptas repellendus saepe quaerat quisquam. Accusantium et cum debitis sit ut itaque. Rerum sed aliquam sunt ullam molestiae quaerat a.<p><br/><iframe frameborder=\"0\" src=\"//www.youtube.com/embed/MLpWrANjFbI\" class=\"note-video-clip\" style=\"width: 100%; height: 475px; float: none;\"></iframe></p><br/>Laborum repudiandae nisi maxime laboriosam veniam dolores eos. Temporibus voluptatem vel sint corporis quo minima sint adipisci. Sunt quis non omnis vel illum nulla repellat. Vel ipsam aliquid laborum commodi eum omnis aut. Deserunt omnis est et molestiae quo repellendus asperiores qui.<img src=\"http://placeimg.com/640/360/any\" style=\"width: 50%; float: right; margin: 20px 0 20px 20px;\">Accusantium nihil excepturi sit est ut. Sunt autem quis eum est quia laboriosam quod et. Sit ut est esse nulla et porro. Reiciendis et excepturi illum qui distinctio iure qui. Ipsum distinctio iste officia et eos minima. Corrupti possimus maxime quisquam ea. Distinctio ipsum ea quo et est iste. Aut harum sapiente illo facere. In tempora sit eum nobis nihil quo veritatis. Aliquid modi ipsa rem fugiat. Dolores magnam itaque est doloribus exercitationem. Doloremque est aut non sapiente repellendus. Excepturi eaque eum illum veritatis voluptatem consequuntur. Cupiditate minima est magnam nesciunt. Rerum ullam qui veritatis harum ad. Numquam dolore rem ut officia aut voluptas. Sequi explicabo sint quam dolores dolorem. Ad architecto incidunt corrupti molestiae aut cumque qui eos. Distinctio enim veritatis corporis consequatur. Non accusantium hic expedita praesentium. Eligendi molestiae error tempora maxime. Distinctio amet dolor quas saepe ut impedit velit. Consequatur est exercitationem aut soluta aut inventore et. Et perferendis voluptatum veniam consequatur dolores ea quis velit. Est inventore quae ipsum voluptatum architecto similique.<p><br/><img src=\"https://loremflickr.com/640/360\" style=\"width: 100%; float: none;\"></p><br/>Autem aut nihil qui. Debitis nemo vel voluptatem et impedit. Cum ipsum natus aut voluptatum ut perferendis. Natus quos eius quo perspiciatis. Sequi eum animi unde placeat illum et nulla tempore. Voluptas et eligendi quo praesentium. Quis hic quo quia dolor culpa veritatis doloribus eaque. Voluptas illum aliquam ad accusantium beatae nostrum assumenda. Voluptatem nesciunt ut et necessitatibus. Aspernatur aut dolor dolore.', 0.000000, NULL, 320, 1, 1, NULL, 'quisquam-enim-dicta-id-eos-quis', 8, 1, NULL, '2022-08-02 13:57:45', '2022-07-19 13:57:45', 1),
(21, 1, 6, 'officia', 'Veritatis rem ea itaque a fugit rerum eum.', 'dicta dn226', '8', '5916224216699', 'ISBN', 'Quibusdam et quaerat delectus omnis ut totam. Ut atque cum aut vero. Deserunt et natus aliquid qui. Eius qui expedita reprehenderit illo odit. Doloribus est ab aut aut laboriosam enim. Dolor sit quo quia sed et. Assumenda quis et est laboriosam et aut aspernatur doloremque. Rerum repudiandae consequatur illo. Et deleniti rerum ratione nulla eos numquam maxime. Ipsam perspiciatis corporis consequatur recusandae fugiat et doloribus. Adipisci consequatur debitis eos id hic. Eveniet assumenda dolores est. Qui dolor velit suscipit rerum ipsa ea.<p><br/><iframe frameborder=\"0\" src=\"//www.youtube.com/embed/7abGwVjXSY4\" class=\"note-video-clip\" style=\"width: 100%; height: 475px; float: none;\"></iframe></p><br/>Et illum vero ut in mollitia ratione. Quo ex ducimus autem eos quasi enim. Consectetur nesciunt dignissimos mollitia inventore voluptatum provident molestiae. Itaque aliquid nesciunt non animi. Excepturi aut assumenda nesciunt culpa iusto. Quidem sit accusamus aut. Cumque qui provident tempore vero. Illo sed id laborum et. Est dicta velit reprehenderit eum.<img src=\"https://loremflickr.com/640/360\" style=\"width: 50%; float: right; margin: 20px 0 20px 20px;\">In tempora quasi pariatur consequatur. Ea voluptatem voluptatum voluptas quisquam dolores. Inventore quaerat sint atque natus aut error. Ut laborum id consequatur. Molestiae ad non nemo omnis numquam quis nisi. Eaque tenetur molestias praesentium. Et molestiae et impedit rerum quis voluptates. Omnis doloremque ullam omnis numquam. Molestiae laboriosam necessitatibus quo dolore aspernatur. Consectetur optio ea vero sit. Id sint nihil animi id labore aut et. Ipsam autem consequatur quod iusto et. Libero hic accusamus facere eos impedit velit. Inventore alias quia ab impedit molestiae nulla sapiente. Quibusdam hic maiores beatae deserunt quia cum impedit. Recusandae et sequi porro est consequuntur. Perspiciatis adipisci et sit molestiae. Quidem consequatur ut pariatur quas. Iusto veritatis sit in. Id minima cupiditate consequatur cumque vero. Earum sapiente dolores quidem. Placeat placeat perspiciatis nobis veniam ut debitis non exercitationem. Expedita modi recusandae sit. Dolore assumenda iure sequi rem. Hic et voluptas hic. Rerum quibusdam voluptates et facere accusantium libero exercitationem debitis. Amet et mollitia voluptatibus sint perspiciatis ut est est.<p><br/><img src=\"https://loremflickr.com/640/360\" style=\"width: 100%; float: none;\"></p><br/>Reprehenderit pariatur velit eum minus ipsum mollitia. Ratione sint minus id ut nihil. Et consectetur reprehenderit molestiae velit qui. Blanditiis quae odio qui reprehenderit. Et alias voluptatem sint rem quos libero. Odit facere deserunt odio reprehenderit et molestias. In et repudiandae sed dolor aut magnam. Sit laboriosam voluptatem quia sit odit accusamus quisquam ut. Accusantium dignissimos eius dicta voluptatem. Et officiis quia est sed natus. Impedit vitae modi fugiat quia debitis et possimus. Molestias deserunt sed voluptatem ipsam voluptas saepe.', 0.000000, NULL, 508, 1, 1, NULL, 'est-libero-aliquid-qui-accusantium-ipsam', 0, 1, NULL, '2022-07-24 13:57:45', '2022-07-27 13:57:45', 1),
(22, NULL, 13, 'illum', 'Consequatur omnis eos at aliquid.', 'fugiat hu478', '10953', '0700241688660', 'ISBN', 'Sint accusamus enim consectetur laboriosam assumenda. Voluptatem est eligendi ad. Qui molestias ea nam qui iste nisi dolor. Labore dolorem quidem voluptatem deserunt. Voluptate rem dolore sint. Quia id autem quam deserunt atque voluptatem autem. Soluta porro beatae nemo ducimus quisquam. Hic eaque quia iusto aut animi. Dolorem ipsum unde est fuga sapiente rerum dolorum. Tempore provident et consequatur reiciendis perspiciatis eligendi. Libero quasi nihil odio eum distinctio. Culpa adipisci sunt recusandae expedita.<p><br/><iframe frameborder=\"0\" src=\"//www.youtube.com/embed/MLpWrANjFbI\" class=\"note-video-clip\" style=\"width: 100%; height: 475px; float: none;\"></iframe></p><br/>Eos reiciendis enim reiciendis molestias reprehenderit non assumenda. Eos nisi consequuntur et suscipit minima quia est. Repudiandae enim perferendis eligendi. A ipsa tenetur perspiciatis repudiandae iure. Minima et ex nam. In amet fugiat velit temporibus. Ad dicta nihil ut dolor. Nam tempora cum qui dolorem quisquam deserunt consequatur.<img src=\"https://picsum.photos/640/360.webp\" style=\"width: 50%; float: right; margin: 20px 0 20px 20px;\">Saepe inventore fugit dolorem sed. Saepe velit itaque repellat aliquid. Maiores eum et pariatur enim ea nostrum qui. Delectus ut aut est quas. Reiciendis eveniet magnam explicabo sed numquam veniam fuga. Possimus ipsa beatae iure et dolores totam. Accusantium vel est qui quia et. Dolor cum alias error laudantium. Quia exercitationem voluptatem maiores perferendis aspernatur iusto impedit sed. Aut labore tenetur quisquam voluptatem rerum et rerum. Labore distinctio voluptatibus qui sit laborum consequatur qui. Et cum aliquid provident aut sunt nostrum ullam ea. Labore non fugit unde maiores qui. Et non labore aut consequatur. Quae ipsum qui consequatur cumque magnam ab quae. In praesentium commodi doloribus enim officiis rem repellendus. Dolor omnis neque veritatis porro et quaerat occaecati. Est ut quasi et et sit. Nihil esse vero porro natus. Labore earum vel eligendi debitis sit qui pariatur pariatur. Tempore nam officia beatae est est minima nihil. Ut unde enim nihil ut. Mollitia unde voluptas dolor dicta molestiae est. Est est qui cum maiores aspernatur maiores sunt et.<p><br/><img src=\"https://picsum.photos/640/360.webp\" style=\"width: 100%; float: none;\"></p><br/>Eos atque alias quaerat odit laboriosam nihil quis. Ut qui ipsa culpa. Iste est dolor impedit velit placeat. Numquam est dolorem accusamus vel excepturi nobis quos. Modi aut est odio architecto nemo earum. Occaecati quas ad sed explicabo ut. Occaecati omnis repellendus cum dolor et sed aperiam. Eum est qui quo eaque voluptatum cupiditate veniam. Laboriosam perspiciatis ut sint qui rerum itaque magnam. Et sunt voluptas non repellendus totam quae. Cum praesentium officiis neque deserunt. Et dolore ex sapiente ut saepe officiis. Eos labore hic odio.', 0.000000, NULL, 504, 1, 1, NULL, 'eius-optio-explicabo-aut-consequatur', 8, 1, NULL, '2022-08-01 13:57:45', '2022-07-18 13:57:45', 1),
(23, 2, 12, 'nesciunt', 'Ducimus rerum unde reiciendis quisquam quo doloremque nostrum.', 'recusandae zi185', '14564787', '6453128448232', 'ITF', 'Voluptatem occaecati et nesciunt assumenda aperiam provident nam. Ut aliquam et quam ea illo rerum qui. Soluta consequatur rerum quo delectus qui dolor recusandae. Ea ut magnam hic exercitationem dignissimos delectus tempore. Suscipit est aut amet accusamus voluptatem. Quia ut delectus quia perspiciatis et eos. Laudantium sit illum velit unde autem ut.<p><br/><iframe frameborder=\"0\" src=\"//www.youtube.com/embed/SKbHHcdLGKw\" class=\"note-video-clip\" style=\"width: 100%; height: 475px; float: none;\"></iframe></p><br/>Hic corporis non et. Quis placeat nulla sint qui voluptatem. Placeat harum dolor voluptas sunt sunt asperiores repellendus. Ipsam doloribus aliquam fugiat consequuntur magni fugiat vel. Sapiente adipisci quia ab alias repellat sed culpa. Dolores exercitationem quia quae nesciunt. Qui voluptatem et autem et eos. Sed mollitia maxime consectetur aspernatur omnis.<img src=\"https://picsum.photos/640/360.webp\" style=\"width: 50%; float: right; margin: 20px 0 20px 20px;\">At et incidunt eum eum aperiam facere cum. Enim ullam natus qui qui veniam. Tempore quis a et cumque. Maiores dolorem corporis quo et voluptatibus. Earum perspiciatis aspernatur enim incidunt atque sunt omnis. Ad autem doloremque aut neque est. Iure optio libero ut labore eligendi cupiditate laboriosam. Laboriosam aperiam quia et dolores aut sequi dignissimos. Velit qui eum porro qui consequuntur facere. Officia alias molestiae qui cupiditate impedit. Perferendis sint ut perferendis atque inventore et. Rerum eius dolore in sit a recusandae voluptatem. Ut labore molestiae officiis ducimus et laudantium pariatur similique. Sint quibusdam omnis quia incidunt. Tempore rerum et dolor eaque. Fugit accusamus delectus accusamus accusamus itaque. Ipsam voluptas sit et ut aut architecto. Enim perferendis ea qui ea. Et voluptatibus quia labore quia et. Recusandae excepturi tempora voluptas qui officiis. Alias voluptatem doloribus quibusdam omnis maxime harum aut. Iste et minima et voluptas. Placeat sapiente velit quo aliquam culpa nulla.<p><br/><img src=\"http://placeimg.com/640/360/any\" style=\"width: 100%; float: none;\"></p><br/>Totam sequi in in. Voluptas animi qui et id nihil est. Dolorum explicabo ut maxime fuga id. Aliquid quos minima aut earum doloribus. Totam maxime eos hic explicabo repudiandae unde ratione. Ipsam impedit unde consequatur tenetur placeat. Repellat id velit totam quis veniam. Ducimus nesciunt iste doloribus iste voluptatem voluptatem recusandae. Doloremque corporis sequi placeat sequi aut rerum saepe. Est quae accusantium adipisci. Dolores adipisci cupiditate perspiciatis numquam est molestias.', 0.000000, NULL, 60, 0, 1, NULL, 'reiciendis-tempora-ad-maiores-rerum-qui', 5, 1, NULL, '2022-07-29 13:57:45', '2022-07-30 13:57:45', 1),
(24, NULL, 7, 'tenetur', 'Nisi nesciunt voluptate qui non.', 'in gv699', '6703', '2388108308340', 'EAN', 'Sapiente rerum quo et molestias odio temporibus sit. Harum at iusto rerum. Consequuntur omnis fuga aut minus incidunt voluptates doloribus. Amet aspernatur sapiente qui libero et soluta magni. Odio minima excepturi laborum est. Sequi commodi sunt et quo quaerat. Eligendi magnam qui similique. Dolores quis eligendi eligendi nemo excepturi dolorem.<p><br/><iframe frameborder=\"0\" src=\"//www.youtube.com/embed/7abGwVjXSY4\" class=\"note-video-clip\" style=\"width: 100%; height: 475px; float: none;\"></iframe></p><br/>Voluptates illum voluptates quos unde. Fugiat quidem rerum soluta delectus quis. Deleniti eos excepturi aliquam natus dolorem et. Rerum consequatur earum est quod aut. Ab sunt qui quos libero. Est nulla error et aut nihil. Reprehenderit qui expedita aut aut sed quaerat voluptatem. Et nesciunt quia architecto rerum aut quos.<img src=\"http://placeimg.com/640/360/any\" style=\"width: 50%; float: right; margin: 20px 0 20px 20px;\">Officiis neque ullam molestiae nisi explicabo aut. Laudantium incidunt nesciunt enim tenetur. Numquam fugiat ea aperiam. Quis facere debitis sapiente voluptatum. Est ex dolor a a nisi. Eius consequatur et suscipit et consequatur eligendi autem. Soluta id veniam pariatur maxime expedita. Et error nihil maiores nobis. Sunt repellat dolorem veniam est non. Possimus provident laudantium est quia voluptatem. Odio aut vitae at deserunt voluptate ratione animi eaque. Ex architecto aut distinctio aliquid dolores debitis. Et quod dolorem consequuntur ut ut aspernatur voluptatem. Iure culpa facilis delectus blanditiis et ex ut. Accusantium ipsam qui explicabo praesentium consectetur. Quaerat rerum nisi dolorem ut. Et error in dolor autem. Consequatur aliquid eligendi dolorum vitae et possimus repellat voluptatem. Suscipit incidunt iusto qui voluptates. A quisquam harum sit alias adipisci dolores reiciendis nisi. Eum velit ducimus animi quo sint quibusdam doloremque. Quasi iste beatae hic in similique assumenda quam. Rerum aut cum harum mollitia. Assumenda qui atque ratione quisquam aspernatur consequatur accusamus. Ut voluptatem voluptatem sit numquam quibusdam accusamus.<p><br/><img src=\"http://placeimg.com/640/360/any\" style=\"width: 100%; float: none;\"></p><br/>Iusto quia dolorem dolorem quia. Sint a aut nihil aperiam animi sed. Error quidem est soluta veniam ut et et. Tempore quaerat non blanditiis adipisci consequatur ullam quibusdam. Expedita vero temporibus ut. Dolor ratione aut temporibus aut iste nesciunt at. Voluptatibus nesciunt aliquam totam nulla. Ipsa eius aliquam nobis. Odit cupiditate sunt possimus ratione sint exercitationem veniam. Possimus et ut ea voluptas et et.', 0.000000, NULL, 524, 0, 1, NULL, 'et-et-earum-necessitatibus-facilis-eveniet-expedita', 1, 1, NULL, '2022-07-18 13:57:45', '2022-07-29 13:57:45', 1),
(25, 4, 2, 'earum', 'Nisi tempora modi ut sit consequatur labore.', 'qui yq920', '317973853', '8157749151158', 'ISBN', 'Iusto doloremque et omnis esse repellat iure. Quia et modi atque iste nostrum occaecati. Asperiores quisquam autem cumque in accusamus. Deleniti iusto voluptatem doloremque dolores dolorem officia rerum fuga. Veniam optio ducimus velit repudiandae in amet. Quia illo voluptatem cumque sed molestias rem. Labore placeat cum et quam magnam. Suscipit occaecati dolorem ipsum sit nihil.<p><br/><iframe frameborder=\"0\" src=\"//www.youtube.com/embed/eEzD-Y97ges\" class=\"note-video-clip\" style=\"width: 100%; height: 475px; float: none;\"></iframe></p><br/>Aliquam dolor eos magnam aliquam quo. Praesentium qui voluptatum fugiat id ut. Cupiditate recusandae atque consequatur est. Iusto soluta et impedit sunt non. Suscipit quidem quisquam nemo itaque sunt officia ipsam. Et cum beatae sunt quod molestias recusandae. Quam aut molestias officiis illo maxime.<img src=\"http://placeimg.com/640/360/any\" style=\"width: 50%; float: right; margin: 20px 0 20px 20px;\">Tenetur voluptatem quo odio nemo dolores dolores quia. Voluptatum magnam numquam esse qui iure illum. Quis illo est accusantium sed et nihil vel. Ut eaque veniam dolores. Nesciunt libero quis magnam repellat et autem non. Quia nobis aut dolores. Sint quisquam et fugit necessitatibus doloremque. Dolores cum eos ut sed natus eveniet error. Ut nemo odio et quia. Laudantium dolorem illo ab fugit enim. Rerum dolores at fugit. Veritatis enim neque fugit perspiciatis dolorem odio ducimus ex. Rem maiores in cum expedita et. Qui sed temporibus ex sapiente qui voluptatum recusandae. Aut sequi hic natus commodi sit consequatur. Fuga dolores praesentium accusamus porro. Fugiat aut earum et a rerum. Voluptas et culpa sunt et aspernatur. Autem qui deleniti veniam perferendis. Nam nulla qui cupiditate enim minima voluptatem tempora. Est et nostrum et mollitia doloremque. Animi ipsum qui assumenda delectus. Perspiciatis laborum non ipsam dolorem fugiat atque. Saepe totam ut aut reiciendis. Laborum blanditiis error et et atque. Ipsum maxime incidunt dolores temporibus sed laborum aut. Maiores eligendi ipsum optio sint quis quasi qui.<p><br/><img src=\"https://picsum.photos/640/360.webp\" style=\"width: 100%; float: none;\"></p><br/>Culpa adipisci consequatur est voluptatibus labore rerum facere. Vitae sapiente laudantium eum et debitis fugit. Harum quasi repellat perspiciatis harum harum ut fugiat. Repudiandae officiis totam explicabo et et et. Aut possimus voluptas velit aliquid natus aut ipsa. Dolorum eum occaecati consectetur in suscipit rerum architecto. Iusto iusto nemo temporibus sapiente. Aut rerum laboriosam aliquid tempora voluptatem laudantium. Odio ratione iure ut dolores omnis officia. Sint sint ut fuga itaque libero nam sequi natus.', 0.000000, NULL, 214, 0, 1, NULL, 'et-dolores-voluptas-soluta-quisquam-delectus-magnam-enim', 1, 1, NULL, '2022-07-23 13:57:45', '2022-08-01 13:57:45', 1),
(26, 3, 6, 'eius', 'Aut exercitationem quas cupiditate reprehenderit.', 'iure xm502', '5998066', '4087691747083', 'ITF', 'Impedit vero soluta blanditiis suscipit sed et. Debitis mollitia illum ut iure. Non modi et totam illo nemo. Doloribus qui eum aut vel suscipit aut quia architecto. Sint et qui consequatur harum eaque. Tenetur voluptatem velit quos. Debitis quo explicabo doloribus quia unde officia. In commodi eum reiciendis. Unde repellat nesciunt accusamus quod qui. Aliquid animi dolorem minima alias et ex non. Corrupti non mollitia maxime ratione.<p><br/><iframe frameborder=\"0\" src=\"//www.youtube.com/embed/7abGwVjXSY4\" class=\"note-video-clip\" style=\"width: 100%; height: 475px; float: none;\"></iframe></p><br/>Sit quia voluptatem voluptatum provident consequatur eos ipsum. Assumenda perferendis reprehenderit blanditiis sint nemo aut debitis voluptas. Quae dolorum velit vero quos ea blanditiis. Placeat consequatur aut et id facere quae alias ducimus.<img src=\"http://placeimg.com/640/360/any\" style=\"width: 50%; float: right; margin: 20px 0 20px 20px;\">Modi pariatur omnis quisquam suscipit ut. Optio magnam explicabo qui. Ipsam qui doloremque enim ipsa eius natus esse tempore. Corrupti sint est enim magnam. Accusantium quasi totam rerum eveniet velit et. Mollitia minus et est est ad laborum ut. Aspernatur laudantium voluptas ut dignissimos atque dignissimos consectetur. Eum dolorum nihil non ex architecto modi mollitia. Non accusantium incidunt error et iure. Doloremque occaecati aut dolor dolor. Id molestias dolores veniam cumque. Repellat saepe totam repellat est. Animi aut earum pariatur voluptas. Quam ad et perferendis accusamus culpa ea voluptas. Sed voluptas aliquid ea id molestias. Dolorem dolore fugit necessitatibus. Excepturi dignissimos sapiente provident dignissimos. Consequatur at sed dignissimos corporis. Distinctio vitae non officiis ut ipsam. Id sequi provident asperiores fugiat quia quo. Eum error voluptatem debitis ad vel alias facilis. Et aut qui iure autem hic voluptas. Dolor non a facere officia nisi. Aut repellat qui vitae quae quia. Consequuntur accusantium nesciunt quas magni exercitationem laborum.<p><br/><img src=\"https://picsum.photos/640/360.webp\" style=\"width: 100%; float: none;\"></p><br/>Qui eum dolorum fuga voluptatum ullam dolore. Qui velit rerum ratione dignissimos reiciendis dolorem. Culpa earum ratione ullam facilis sit illo amet. Nesciunt soluta dolor harum recusandae. Laborum et et error blanditiis reprehenderit impedit soluta. Numquam quas sapiente eos magnam enim non unde. Voluptas rerum illo quas eaque. Perferendis adipisci dolor doloremque facilis architecto aliquam corporis. Saepe eius nisi nesciunt labore velit.', 0.000000, NULL, 340, 1, 1, NULL, 'porro-in-sint-quas-est', 7, 1, NULL, '2022-08-02 13:57:45', '2022-08-01 13:57:45', 1),
(27, NULL, 6, 'harum', 'Quia veritatis aut amet illo quasi commodi fugit.', 'itaque ff073', '46', '7465436997035', 'EAN', 'Numquam deleniti praesentium iusto dolor ut nemo porro. Quos nulla cumque repellendus sunt voluptatem sequi officia. Velit praesentium beatae recusandae. Non natus autem nihil iure modi. Impedit optio et quia ipsum quis ut. Similique consequatur debitis rerum neque at. Facere aut ipsam aliquam consectetur quaerat. Debitis atque laborum ut. Ut nostrum in qui dolorem temporibus quo. Quas numquam et voluptatem voluptatem. Et explicabo voluptas numquam veritatis perferendis at repudiandae eaque. Aut sit aliquid libero aut quia.<p><br/><iframe frameborder=\"0\" src=\"//www.youtube.com/embed/eEzD-Y97ges\" class=\"note-video-clip\" style=\"width: 100%; height: 475px; float: none;\"></iframe></p><br/>Modi et earum recusandae. Dolores pariatur labore laborum sunt ut qui. Vel sit voluptas est earum illo temporibus vitae. Beatae nemo in omnis tempora aut. Ratione aut blanditiis quo pariatur perspiciatis tempora. Reprehenderit et a autem ratione dolorum. Facilis accusamus voluptas nisi voluptas ullam accusamus. Non et ea quia. Repudiandae fugit excepturi asperiores ut.<img src=\"http://placeimg.com/640/360/any\" style=\"width: 50%; float: right; margin: 20px 0 20px 20px;\">Repellat nesciunt alias aspernatur saepe et quia. Placeat excepturi alias est ut dolor officiis. Quia omnis cupiditate eaque aut officia ea dolor. Perferendis consequuntur ut consequatur quia unde adipisci. Quo beatae deleniti necessitatibus. Possimus et repellat quisquam eos sed consequatur deleniti. Consequatur et eos nihil harum. Voluptatem tenetur nihil reprehenderit animi necessitatibus aut voluptatibus voluptatum. Quo vel qui perspiciatis est accusamus. Fugiat sunt culpa qui error deleniti debitis. Suscipit laborum itaque voluptatem et ex. Dolorum suscipit quo est. Iusto omnis ducimus non quam dolorum fugit. Dolore temporibus placeat explicabo possimus. Quae eos assumenda veniam cupiditate laboriosam laboriosam id odit. Fugiat hic repudiandae saepe sed natus nulla provident. Odit delectus labore ut minus cupiditate non ut. Doloribus eaque non rerum praesentium praesentium minus veniam. Magni aut voluptate sint nesciunt necessitatibus. Doloribus ea ex vitae pariatur odit officiis. Nisi modi nesciunt accusamus soluta enim harum. Aliquid quidem necessitatibus architecto et in et necessitatibus. Iusto distinctio eum sed odio distinctio unde.<p><br/><img src=\"https://loremflickr.com/640/360\" style=\"width: 100%; float: none;\"></p><br/>Ipsam eos voluptatibus qui incidunt voluptatem nisi. Voluptatem pariatur culpa saepe eaque quisquam. Praesentium quis totam assumenda delectus. Soluta est assumenda soluta in suscipit et. Illum aliquam minus voluptates est impedit voluptates. Vero reprehenderit reiciendis aut eius quod. Dolorem ut debitis nesciunt repellat. Nihil aperiam tenetur dolorem ipsa fugit ut dolorem. Sint reiciendis minus in et aut laboriosam alias. Neque blanditiis ad reiciendis recusandae et. Dolor laboriosam vitae nihil provident.', 0.000000, NULL, 776, 0, 1, NULL, 'optio-sit-itaque-ad-nemo-fugiat', 3, 1, NULL, '2022-08-02 13:57:45', '2022-08-01 13:57:45', 1),
(28, 4, 12, 'fugiat', 'Laboriosam molestiae voluptas atque nostrum quo consectetur et error.', 'inventore yi968', '15', '7600281074146', 'ITF', 'Voluptatem vitae consectetur enim at ut omnis. Aliquam laborum incidunt quis aut molestiae. Alias ut quae ipsa omnis alias velit soluta. Voluptate deserunt quia id. Sit voluptas amet delectus sequi eos nobis. Perferendis id cupiditate vel numquam sit provident quam. Esse facere voluptas eligendi quia optio non qui. Eligendi quod eius voluptas. Recusandae est explicabo quia eos eveniet hic minima.<p><br/><iframe frameborder=\"0\" src=\"//www.youtube.com/embed/TGbUpEJ1z-k\" class=\"note-video-clip\" style=\"width: 100%; height: 475px; float: none;\"></iframe></p><br/>Ut eligendi asperiores commodi. Officia id atque commodi eos nesciunt laudantium et. Ducimus quo cum quis velit facere. Odio similique aut molestiae. Et et a fugiat mollitia. Neque laudantium alias magni est. Unde ut praesentium temporibus reiciendis similique.<img src=\"https://loremflickr.com/640/360\" style=\"width: 50%; float: right; margin: 20px 0 20px 20px;\">Delectus sequi esse omnis voluptate quia autem ipsum. Amet et quibusdam necessitatibus commodi. Omnis beatae dicta reiciendis et. Sed commodi cumque eaque explicabo voluptates qui voluptas. Distinctio nemo ipsa expedita beatae ducimus perspiciatis. Ab nulla odit est exercitationem deserunt aut. Cum quia at accusamus enim. Sit rerum voluptas repudiandae porro est. Quia et velit doloribus molestiae repellat. Rem veritatis dolor rerum aut odio architecto et. Porro quis incidunt fuga ratione velit. Odio doloribus voluptate cum ipsa consequatur. Debitis saepe incidunt inventore consequatur et. Quia velit deserunt rerum officiis dolorem. Vel enim et dolores ab quidem eum deserunt. Laudantium ducimus accusantium odit iste rerum facere facere consequatur. Magnam tempora placeat iste quod quo vel incidunt similique. Cumque omnis unde repellendus id eum illo. Soluta ullam corporis quasi voluptatibus earum velit. Temporibus corrupti veritatis quis itaque et architecto at. Qui excepturi voluptatem fugiat et qui. Veniam omnis nemo rerum minima suscipit ab aspernatur. Necessitatibus saepe accusantium modi sint. Id optio et fuga laboriosam aut fugiat.<p><br/><img src=\"http://placeimg.com/640/360/any\" style=\"width: 100%; float: none;\"></p><br/>Atque adipisci sed sunt quam sit suscipit enim. Facere autem reiciendis aut magnam expedita est. Soluta culpa tempore optio asperiores id molestiae cupiditate. Autem ut sequi rerum dolores voluptatem quod illum pariatur. Dignissimos voluptatibus accusantium qui modi ut repellendus. Eius quo voluptas voluptate numquam. Mollitia id accusantium est quo. Eum et sequi nihil velit voluptatem eius exercitationem. Autem possimus quibusdam magnam eos minus eos. Cupiditate laudantium ea eos dolorem qui ex. Dolores vero ut quo quaerat quis cupiditate.', 0.000000, NULL, 800, 0, 1, NULL, 'rerum-et-quia-aut-quia-explicabo-nihil', 4, 1, NULL, '2022-08-01 13:57:45', '2022-08-01 13:57:45', 1),
(29, 5, 8, 'quis', 'Sed dolorem molestias est provident excepturi dolores porro.', 'hic da797', '22867846', '1365161158977', 'ITF', 'Minus eum dolorem rerum quisquam et quis. Modi quia quis et. Veritatis accusantium sint quis. Quis molestias cupiditate et dignissimos aut. Et id et dolore eligendi veritatis. Velit magni assumenda non omnis cupiditate. Veniam neque omnis quod ratione quia quisquam pariatur. Fugit suscipit ut mollitia molestiae quidem temporibus vel. Dolor numquam et libero aperiam quis eos fugiat. Sunt excepturi dolores quibusdam. Veniam laudantium voluptatem labore recusandae. Ullam perspiciatis mollitia eum ut nam architecto.<p><br/><iframe frameborder=\"0\" src=\"//www.youtube.com/embed/AVpcxtH8hWg\" class=\"note-video-clip\" style=\"width: 100%; height: 475px; float: none;\"></iframe></p><br/>Quaerat saepe deleniti commodi aliquam. Itaque magni atque fuga eveniet. Ipsum architecto sed pariatur. Odio iure aperiam et fugit. Debitis suscipit itaque ipsa nihil magnam. Et tenetur sunt repudiandae et nihil molestiae qui. Aspernatur sint nihil eveniet ea ea consequatur maxime.<img src=\"http://placeimg.com/640/360/any\" style=\"width: 50%; float: right; margin: 20px 0 20px 20px;\">Ut reiciendis dolore rem quae modi consequatur vel quo. Sed labore autem deleniti est qui blanditiis. Praesentium sed minus nemo quis. Natus et iste occaecati nemo sapiente. Aliquam non rem ut quo dolore possimus magni. Rerum dolor nobis nam doloremque. Harum eum rerum qui laudantium neque praesentium. Cumque dolore laudantium nam debitis corporis quam doloribus vitae. Ullam aliquid dolores nulla corrupti voluptates non aut. Dolor ut quidem voluptas et voluptatem excepturi. Architecto perferendis vitae eveniet officiis. Dolores facilis harum provident architecto eius consequatur. Minus et nisi maiores sapiente. Et sed modi aut vero non. Dolore dolore omnis minima culpa culpa autem. Reprehenderit et enim fugiat sapiente omnis. Qui voluptatem voluptas sit sit maiores. Esse quisquam dolor nemo voluptatem nostrum dolores dolores quia. Perferendis numquam numquam dignissimos sed qui sed cumque harum. Nostrum sint ea nobis est voluptates cum temporibus placeat. Cupiditate sit sunt maxime impedit nostrum voluptatem quia. Dolorem eum asperiores est consequatur occaecati.<p><br/><img src=\"https://loremflickr.com/640/360\" style=\"width: 100%; float: none;\"></p><br/>Voluptatum et cum deserunt inventore nulla omnis error. Doloremque quis recusandae quisquam ea ut. Non perferendis vel eligendi quos iste aut facilis. Quae asperiores voluptatum labore voluptatem quis. Rerum et laborum perspiciatis doloremque dolor. Eaque omnis ut fuga consectetur officia. Reprehenderit aut amet quia totam tempore eos. Error optio illo voluptas sequi itaque at maiores. Facere id voluptatum repellat et voluptatem. Aut dolor tempora et ab. Cupiditate numquam ut expedita tenetur assumenda quo.', 0.000000, NULL, 222, 1, 1, NULL, 'repudiandae-exercitationem-autem-eum-qui', 0, 1, NULL, '2022-07-20 13:57:45', '2022-07-23 13:57:45', 1),
(30, 3, 8, 'autem', 'Harum illo impedit blanditiis omnis quod.', 'omnis sp369', '67722', '7458110222233', 'EAN', 'Quae sunt non saepe est. Eos culpa aliquam consequuntur et tempora aliquid ipsa porro. Recusandae quia aperiam magni eum aut. Et ipsam iusto ducimus corrupti at necessitatibus officiis. Praesentium iste assumenda earum atque atque et. Ut vel eum reprehenderit dolores voluptatem. Vero voluptas odit unde consequatur. Maxime id quibusdam illum fugiat. Sed nobis corrupti deserunt. Quo fugiat quis praesentium minima ducimus. Incidunt qui corrupti eos veritatis distinctio tempora dolor.<p><br/><iframe frameborder=\"0\" src=\"//www.youtube.com/embed/tJlzIJaokVY\" class=\"note-video-clip\" style=\"width: 100%; height: 475px; float: none;\"></iframe></p><br/>Dolor amet voluptas dolore aut commodi aut tempore. Consequuntur in consequuntur alias corrupti enim velit atque. Quis omnis cum corporis consequatur reprehenderit tempora maxime. Ab dolorem ducimus fugiat veniam qui quod sed. Eius deleniti distinctio quidem itaque harum sunt ut quia. Illo magnam aut quia ut fugit dolor.<img src=\"http://placeimg.com/640/360/any\" style=\"width: 50%; float: right; margin: 20px 0 20px 20px;\">Velit qui ipsam inventore rerum nulla. Aliquam aliquid laudantium suscipit alias sunt tempore. Quo culpa nostrum veritatis vero amet ea. Aliquid facilis eius ut numquam ut. Laboriosam exercitationem et tempore ab delectus. Mollitia esse temporibus dolorem eum quasi quam et ea. Dolores recusandae aut mollitia occaecati. Rerum delectus porro est ut a optio non aliquam. Explicabo voluptate consequatur sapiente. Et est alias et nulla amet. Veniam iste vel magni assumenda dolores ut. Cumque ab est quidem qui. Voluptatem et sed ratione asperiores dolorem a aut. Corporis quisquam vel assumenda fugit odit et maxime. Minus sint est possimus. Quaerat voluptatem consectetur odio iure eum optio. Temporibus numquam praesentium eligendi ea provident. Sed ex dolorum maxime fugiat autem aut saepe. Sunt quis atque est. Ipsam repellendus temporibus ratione ipsum at esse suscipit. Corrupti vitae laborum quasi dolores aliquid aut. Id impedit atque aspernatur rerum. Facilis facere quia omnis omnis. Officia dolor voluptatem est non laudantium.<p><br/><img src=\"http://placeimg.com/640/360/any\" style=\"width: 100%; float: none;\"></p><br/>Sequi natus vel non. Ipsam sit porro temporibus est nihil asperiores. Tenetur ut perferendis tenetur cupiditate. Magnam error illo rerum non perferendis fuga voluptatem. Labore qui magni architecto sed omnis velit dolores. Esse error voluptatibus similique eum. Tempore blanditiis eaque sed et id voluptates et. Omnis maxime aut eaque dolorem corporis corrupti. Totam necessitatibus accusantium sed unde accusantium officiis natus.', 0.000000, NULL, 380, 1, 1, NULL, 'est-amet-delectus-similique-doloribus-sint', 9, 1, NULL, '2022-07-20 13:57:45', '2022-08-02 13:57:45', 1),
(31, 3, 9, 'eveniet', 'Fugit dolor blanditiis labore velit.', 'officia cw270', '128954982', '5861347336475', 'ISBN', 'Qui laboriosam repellat rerum molestiae iure dolores. Quia maiores debitis qui. Sed sunt nihil et fuga veritatis itaque illo. Voluptatem distinctio vero aut. Aspernatur id nemo inventore incidunt non eius quis ut. Odit excepturi iure dolore. Aut eum corporis veniam inventore veritatis nemo dolorum. Voluptates placeat recusandae eligendi dolor voluptatem odio iste eaque. Voluptas eveniet animi sint voluptate nesciunt esse quo. Et quibusdam similique rerum asperiores minima sapiente. Tempora et illum aspernatur fugiat iure.<p><br/><iframe frameborder=\"0\" src=\"//www.youtube.com/embed/MLpWrANjFbI\" class=\"note-video-clip\" style=\"width: 100%; height: 475px; float: none;\"></iframe></p><br/>Ut et velit est maxime. Quasi velit dolorem ea eveniet molestiae architecto. Doloremque dolorum repudiandae tempore quas in. Non numquam cumque aut eveniet nihil. Harum qui illo laudantium omnis fuga. Eos possimus necessitatibus dicta. Incidunt non consequatur reiciendis enim tempore.<img src=\"https://loremflickr.com/640/360\" style=\"width: 50%; float: right; margin: 20px 0 20px 20px;\">Harum natus fugit repudiandae omnis ut odio eos. Rerum occaecati explicabo quia eum quaerat. Similique sapiente rerum aut minima eos animi. Dolor et veritatis est doloribus ex. Qui adipisci veritatis nesciunt occaecati vel quis. Velit tempore et quidem in et voluptatum cumque voluptatum. Iure sed dolorem molestiae asperiores et molestiae rerum. Voluptates iure eligendi et quibusdam velit ratione. Suscipit est inventore ut asperiores ea quod. Deserunt perspiciatis culpa perspiciatis nihil consectetur. Aut et rem quis. Sunt eveniet repellendus quia porro qui nisi. Repellat accusamus ipsum dolorem explicabo in quasi quas. Quos voluptatem maxime ullam nemo suscipit. Culpa hic quidem molestias doloribus ut eligendi error. Itaque iure consequuntur quo culpa sit eveniet. Vitae omnis enim aut facilis omnis similique. Occaecati et rerum nulla eaque officia magnam enim. Et officia in veniam quia rerum quia quae. Tempore vel id est libero repellat occaecati est. Nam illo blanditiis placeat id dolorem et reiciendis. Et ut molestias eaque. Eos ea accusantium libero officiis sit maiores. Fugit sunt accusantium sunt aliquid iure deleniti voluptatibus.<p><br/><img src=\"http://placeimg.com/640/360/any\" style=\"width: 100%; float: none;\"></p><br/>Molestiae adipisci veniam nulla inventore dignissimos soluta. Soluta accusamus ea nulla et quo. Vel consectetur hic et et. Similique optio velit neque dignissimos recusandae repellat ratione. Sequi sunt deleniti quod exercitationem enim porro cumque. Ut rerum possimus debitis magnam facilis saepe aut incidunt. Aperiam delectus maiores eligendi deserunt aut quo quo. Non nobis dolores ipsam. Dolores odio est accusantium sunt libero. Quibusdam sed nostrum deleniti corrupti et quasi. Laboriosam soluta nihil sunt cumque accusantium.', 0.000000, NULL, 398, 0, 1, NULL, 'itaque-voluptatem-sit-error-aliquid-porro-nemo', 4, 1, NULL, '2022-07-20 13:57:45', '2022-07-31 13:57:45', 1);
INSERT INTO `products` (`id`, `shop_id`, `manufacturer_id`, `brand`, `name`, `model_number`, `mpn`, `gtin`, `gtin_type`, `description`, `min_price`, `max_price`, `origin_country`, `has_variant`, `requires_shipping`, `downloadable`, `slug`, `sale_count`, `active`, `deleted_at`, `created_at`, `updated_at`, `inspection_status`) VALUES
(32, NULL, 10, 'aliquid', 'Ex minima voluptas sint incidunt deleniti adipisci nam sit.', 'dolores kp014', '13', '2402201567555', 'JAN', 'Nisi atque qui inventore non hic aspernatur nulla odit. Impedit assumenda et ut enim quis aspernatur. Ut qui modi quae dolores molestias quaerat. Cumque molestias autem labore voluptas et. Vel ut rerum omnis ab. Ratione veniam nihil impedit autem modi ipsa quae. At et eveniet maiores eveniet laudantium reprehenderit enim. Voluptatibus impedit eius recusandae. Earum ut magni fuga et et enim. Et sapiente nemo aut corporis. Natus dolorem quos earum qui aut qui. Id est qui dolores voluptatem omnis.<p><br/><iframe frameborder=\"0\" src=\"//www.youtube.com/embed/7abGwVjXSY4\" class=\"note-video-clip\" style=\"width: 100%; height: 475px; float: none;\"></iframe></p><br/>Consectetur modi aut perferendis quia. Id quo natus dolor voluptatibus animi. Voluptas fugiat quia veritatis. Provident sit qui rem et nihil cumque. Voluptas est porro necessitatibus necessitatibus praesentium. Velit quo consequuntur dolor eaque. Aspernatur nostrum voluptatem fugiat in aut velit. Rem voluptatem facere harum distinctio minus blanditiis laudantium. Quia nam quisquam eum aperiam.<img src=\"https://picsum.photos/640/360.webp\" style=\"width: 50%; float: right; margin: 20px 0 20px 20px;\">Sunt qui sed qui aliquam delectus. Quia delectus iste corporis sed. Architecto asperiores aut omnis natus saepe repudiandae nulla. Enim consequatur ducimus hic sed facere nobis placeat. Facilis enim rerum iure voluptatem facere. Aliquam repellat quia quas deleniti quidem repellat est. At qui rem eligendi reiciendis. Voluptate incidunt sed dolore. In qui voluptas consequatur laudantium. Voluptatem et labore praesentium vero. Enim quae distinctio vel nostrum vel. Tenetur facere pariatur repellendus sunt quis sit ipsa. Omnis voluptate sed ut blanditiis beatae voluptatum. Iste voluptate non nihil sunt. Nemo quod sit id. Tempore distinctio eius esse earum enim iste nisi a. Necessitatibus ut rerum repellat quisquam libero. Rem mollitia non earum ea omnis maxime. Deleniti quo et omnis ipsam. Vero dolore et dolorem doloremque. Consectetur ut occaecati deleniti saepe. Laboriosam blanditiis aut quas. Enim distinctio rem est quod voluptas sapiente doloremque. Quia quo voluptatem illum sed ex ut. Qui necessitatibus impedit unde quis eligendi asperiores. Doloremque in explicabo molestiae reprehenderit officia nobis occaecati.<p><br/><img src=\"https://loremflickr.com/640/360\" style=\"width: 100%; float: none;\"></p><br/>Magnam odio suscipit veniam non ut. Sit nobis aut distinctio error accusantium. Corporis pariatur et minus exercitationem. Quisquam vitae iste quo asperiores sed porro. Mollitia fuga omnis magnam libero. Ducimus ut corporis ut provident temporibus eum. Eos maxime nam molestias deserunt non omnis. Voluptatem illo repudiandae enim assumenda quidem. Iste possimus commodi porro ipsam provident. Error blanditiis dolor ab. Quasi ipsum dolorem omnis nam. Nihil cum error et. Voluptatibus dicta est est fugit deserunt minus. Est vel magni velit magnam et perspiciatis saepe in.', 0.000000, NULL, 792, 0, 1, NULL, 'consectetur-alias-est-molestias-in-laudantium-quasi', 4, 1, NULL, '2022-07-30 13:57:45', '2022-07-19 13:57:45', 1),
(33, 4, 10, 'aut', 'Ullam assumenda et ut totam.', 'debitis jq192', '957656633', '8603671468128', 'JAN', 'Dicta amet dignissimos neque. Hic labore est sed blanditiis. Quos et et reprehenderit laborum laboriosam exercitationem omnis laudantium. Maiores dolores voluptas voluptatem impedit. Id fugit velit tempora enim culpa perspiciatis. Provident et laborum non quibusdam ea velit. Optio voluptate quia quibusdam nihil. Modi repudiandae incidunt voluptas. Id magni sunt voluptas et nemo sit libero. Illum minima perspiciatis molestiae. Eum dolores eos doloribus temporibus commodi. Ut quas quo quo est expedita impedit ut.<p><br/><iframe frameborder=\"0\" src=\"//www.youtube.com/embed/eEzD-Y97ges\" class=\"note-video-clip\" style=\"width: 100%; height: 475px; float: none;\"></iframe></p><br/>Deleniti id repellendus laboriosam dolor. Odio quaerat maxime et nemo doloremque dignissimos sed. Quia porro deserunt inventore vero qui delectus quibusdam. Error nobis atque maiores facere impedit vel dolore. Dolorem praesentium exercitationem voluptates accusantium culpa dolore enim. In consequatur possimus sit.<img src=\"https://picsum.photos/640/360.webp\" style=\"width: 50%; float: right; margin: 20px 0 20px 20px;\">Ut provident ipsa quia porro quod voluptate. Esse cupiditate quasi eaque nobis natus fuga. Ut magnam fugiat et facere fuga. Atque aliquam suscipit aut. Doloremque vel voluptate quam error. Itaque rerum molestiae hic accusamus. Quia doloribus veritatis perferendis maxime aut vel. Tempore natus error dolorem aliquid voluptatem magnam. Libero adipisci facere nobis vitae nemo exercitationem magnam. Repellendus velit omnis est sit eius enim. Repellat consectetur quasi nulla. Ipsa qui reiciendis sunt deleniti vel esse. Nesciunt impedit ullam iure aut repellendus iure. Illum et nostrum enim soluta. Commodi qui autem enim laudantium quae aspernatur. Itaque minus fugiat et ducimus. Hic nihil ea unde. Quos velit dolores praesentium. Qui et mollitia ad tempora nulla sapiente quo. Ab non sit modi. Corporis id consectetur corrupti. Et quia aspernatur sequi sed porro itaque. Adipisci enim aut in modi. Est deserunt aut neque expedita voluptas necessitatibus eum. Error iste quis a tempora totam rerum.<p><br/><img src=\"http://placeimg.com/640/360/any\" style=\"width: 100%; float: none;\"></p><br/>Omnis iusto molestiae necessitatibus aut qui optio. Unde aut ut quia quia id. Eos quibusdam nulla consequatur totam. Et vero fugit qui ut. Est blanditiis accusamus aliquid totam omnis vel ut. Nam aut repellat eius consequuntur quaerat. Dolorem asperiores et dolores consectetur aut. Et quam dicta quisquam. Perspiciatis sapiente maxime odio voluptas. Ut est quas modi autem id accusantium. Accusamus quis rerum accusamus quibusdam. Ab repudiandae est dolor in quasi aut. Delectus repellendus ullam molestiae ipsa sit. Et beatae omnis consequuntur quo. Est veritatis suscipit et.', 0.000000, NULL, 434, 1, 1, NULL, 'sunt-fuga-delectus-ratione-ipsa-totam-libero', 9, 1, NULL, '2022-08-01 13:57:45', '2022-07-25 13:57:45', 1),
(34, 5, 1, 'temporibus', 'Ipsam magni excepturi dicta et enim.', 'odio pa063', '4', '8335695830031', 'JAN', 'Culpa ut laborum eius maiores. Enim sint porro aspernatur accusamus temporibus minus voluptates voluptatem. Et id voluptatem quia assumenda nulla et. Voluptatum voluptatibus dolore enim adipisci sapiente aliquam aliquid. Sed et eius adipisci voluptatem ab dolore possimus. Sunt minus eius id ipsum. Ut nesciunt omnis aut eius ab sint. Aut sed ad fugiat fuga soluta repudiandae et. Et aut aut non reiciendis perferendis qui. Dignissimos rem voluptatum enim ipsum ab officia quis.<p><br/><iframe frameborder=\"0\" src=\"//www.youtube.com/embed/AVpcxtH8hWg\" class=\"note-video-clip\" style=\"width: 100%; height: 475px; float: none;\"></iframe></p><br/>Animi asperiores ad fuga quo et. Odit sed vero qui ut molestias. Nemo soluta molestiae tempora temporibus fugit ab tenetur. Adipisci qui eum laboriosam rem.<img src=\"https://loremflickr.com/640/360\" style=\"width: 50%; float: right; margin: 20px 0 20px 20px;\">Voluptatibus harum rem aperiam iure quam. Magnam eos maxime dolorum soluta a. Optio ipsum eius dignissimos magnam et. Sit eos provident corrupti facilis. Quo adipisci et id reiciendis voluptatem vero dolorem. Vel nam eius corrupti vero ut porro. Est eum tenetur voluptatem dolores possimus eligendi molestias. Nobis doloremque perspiciatis ipsum ut harum dolorem esse. Sint sit quidem itaque reprehenderit. Similique cumque omnis ut quis iusto saepe. Earum sunt facilis voluptatem eaque quis commodi. Est id harum qui adipisci praesentium fuga. Magnam enim dolorem sit distinctio eos tempore. Voluptatem aut quia quis repudiandae. Eos doloremque qui qui ipsum. Laborum voluptatem et doloremque sit et. Mollitia omnis necessitatibus illum aut est ipsa quia. Quo labore molestiae eos rerum qui et consequatur. Consequuntur excepturi fugiat voluptas ratione assumenda qui. Illum et consequuntur hic enim voluptate. Assumenda neque eos est perspiciatis modi velit. Non pariatur expedita maiores architecto culpa ut. Aut voluptas sunt omnis modi. Iusto velit eaque mollitia quam enim. Soluta eligendi ut fugiat dolor impedit. Ea ipsa eum qui molestiae et similique sequi.<p><br/><img src=\"https://picsum.photos/640/360.webp\" style=\"width: 100%; float: none;\"></p><br/>Et at voluptates accusantium deserunt porro alias eius. Totam voluptatem esse hic cum. Architecto sequi libero provident cum reprehenderit sunt. Quisquam tenetur et doloribus ab enim eligendi. Quos nisi numquam nemo illo excepturi facere vel. Ratione consequatur mollitia culpa odio accusamus iure ut culpa. Ipsam ut praesentium hic omnis mollitia. Sit aspernatur velit optio accusamus ullam. Tenetur velit ut a fugit ratione. Minima similique nam consequatur ratione. Sed autem quia nisi et consequatur.', 0.000000, NULL, 10, 1, 1, NULL, 'pariatur-veritatis-molestias-dolorum-aliquid-nisi-vel-fuga', 2, 1, NULL, '2022-07-31 13:57:45', '2022-07-26 13:57:45', 1),
(35, NULL, 4, 'aut', 'Non illum qui est minima.', 'itaque rn367', '895', '9641625662573', 'ITF', 'Vel minus voluptatem deserunt consequuntur exercitationem. Amet odit dolores natus eos impedit maxime consequuntur. Nobis et et pariatur ab. Dolore neque ratione sunt ipsam. Sit explicabo dignissimos nulla dignissimos. Enim voluptas maiores repellendus quis. Voluptatum asperiores quo ut ducimus. Dolorem iure esse fugiat consectetur pariatur. Veniam cupiditate impedit ut nobis ea ut autem dolor. Quas qui quia saepe deserunt consectetur temporibus velit. Omnis ut occaecati consequatur a modi et eos.<p><br/><iframe frameborder=\"0\" src=\"//www.youtube.com/embed/tJlzIJaokVY\" class=\"note-video-clip\" style=\"width: 100%; height: 475px; float: none;\"></iframe></p><br/>Ipsa ipsum iusto consectetur facilis labore voluptas velit dolores. Quasi laboriosam dolores nobis rerum qui voluptatem. Aut velit commodi facere ea nulla ratione perspiciatis. Sit aut eveniet distinctio. At qui et ea sit aut eum. Natus rem ut occaecati in eos aut. Officiis laudantium ut odit necessitatibus. Officia error qui magni et maxime facilis omnis nostrum.<img src=\"https://loremflickr.com/640/360\" style=\"width: 50%; float: right; margin: 20px 0 20px 20px;\">Totam id dolores exercitationem quo incidunt deleniti quam. Doloremque animi cum qui ea temporibus hic sed. Odit minus et corrupti expedita. Necessitatibus facilis labore nihil sunt dolor accusamus provident. Laudantium reprehenderit est perferendis laboriosam. Voluptates autem et quos aut delectus consequuntur sed. Sunt dolores molestiae repellendus. Quibusdam aliquam non perspiciatis rerum nesciunt sed fuga. Dicta aut voluptas maiores nemo. A sit cum necessitatibus debitis ipsam omnis exercitationem. Rem voluptates aut dolores dignissimos at. Sed odio nam reiciendis non. Soluta enim quo animi aut assumenda est. Nobis ipsam ut ratione eum voluptatum. Voluptatem dolorem dolores quia repellendus. Culpa sed saepe possimus consequatur. Itaque repellendus quia pariatur consequatur velit id. Sequi non natus corrupti vitae velit officia. Nesciunt est vitae officia corrupti. Quis doloribus atque assumenda autem reprehenderit. Reprehenderit at unde aut omnis et aliquid expedita quisquam. Unde aut repellendus at omnis praesentium itaque sunt. Doloribus nemo dolores quia esse velit nisi autem. Vel quis blanditiis omnis.<p><br/><img src=\"http://placeimg.com/640/360/any\" style=\"width: 100%; float: none;\"></p><br/>Numquam molestiae voluptatem quo quis rerum praesentium. Officiis voluptas molestias fuga cum doloremque sint. Fugit vel aut voluptatem cupiditate. Sed illum soluta asperiores aut neque perferendis. Perferendis non necessitatibus quo molestiae repudiandae qui autem. Qui perferendis eum perspiciatis et. Nihil ipsa voluptatem illo ipsum nesciunt. Dolorem nostrum voluptas non perspiciatis dolores cupiditate. Ut quae pariatur quod perspiciatis nulla. Praesentium minima et provident voluptatem vitae necessitatibus. Unde maiores fugiat magnam minima.', 0.000000, NULL, 508, 0, 1, NULL, 'voluptatibus-illum-deleniti-corporis-corrupti-deserunt', 3, 1, NULL, '2022-07-24 13:57:45', '2022-07-24 13:57:45', 1),
(36, 4, 4, 'tempore', 'Eum soluta eos et ex ad.', 'quisquam ma616', '704798', '1096840913852', 'EAN', 'Quos mollitia quis enim vel nisi debitis. Totam temporibus qui sapiente repellat debitis. Neque doloribus corporis nemo quis. Quibusdam deleniti hic itaque saepe. Pariatur alias est voluptatibus aut. Aperiam enim ducimus molestiae adipisci exercitationem dignissimos modi. Rerum cum facere enim nisi repudiandae sint eum ex. Dolor quibusdam qui et est eligendi sed temporibus. Et rerum veritatis qui officia non expedita facilis.<p><br/><iframe frameborder=\"0\" src=\"//www.youtube.com/embed/eEzD-Y97ges\" class=\"note-video-clip\" style=\"width: 100%; height: 475px; float: none;\"></iframe></p><br/>Dolorum totam et necessitatibus aut quo distinctio. Quos sequi voluptatem dignissimos sint recusandae. Molestiae ut neque nam facere. Et tempore saepe nulla. Beatae delectus id ducimus.<img src=\"http://placeimg.com/640/360/any\" style=\"width: 50%; float: right; margin: 20px 0 20px 20px;\">Iusto accusantium esse quia impedit aliquid consequatur dignissimos at. Assumenda voluptatem voluptas voluptatem recusandae non expedita. Quasi maxime laboriosam voluptas molestias quia maxime voluptatibus. Magnam est dolorum sit blanditiis ab ratione at. Modi expedita placeat iusto recusandae. Vel quia consequatur dolorum quasi vitae ut et quibusdam. Sed sequi provident aliquid ad iure reiciendis laborum sit. Saepe ut ut veniam quia ad similique. Alias similique sed adipisci qui dignissimos consectetur. Qui molestiae labore sequi. Qui officiis vel eos est laudantium qui. Fugit nobis voluptates quis architecto. Praesentium aut debitis consectetur molestiae. Est explicabo optio maxime quasi eius qui culpa. Iusto fugiat sint eveniet dolor quaerat magnam autem. Voluptas quis tempore neque ut reprehenderit non. Labore alias natus at fuga qui ut. Perferendis tenetur quae quod sit nihil. Exercitationem blanditiis delectus numquam quia placeat mollitia illo et. Recusandae rerum qui id blanditiis quia et. Et esse suscipit atque modi mollitia quaerat qui. Aliquam similique et voluptas laudantium. Veniam natus non quia. Qui quos est porro quod.<p><br/><img src=\"http://placeimg.com/640/360/any\" style=\"width: 100%; float: none;\"></p><br/>Voluptatum molestiae dolores amet dolorem debitis sit aut. Perspiciatis reprehenderit enim nobis illo et eligendi. Adipisci dolorum expedita dolorum sunt nam et magni earum. Voluptatem distinctio reprehenderit quia et omnis laborum. Asperiores ipsum et necessitatibus assumenda cupiditate. Corporis velit est impedit dolore et illum reiciendis. Quae nisi consequatur nisi natus minima praesentium in. Illo ab a commodi sunt exercitationem unde voluptas. Non odit eum aspernatur consequatur libero est qui.', 0.000000, NULL, 188, 1, 1, NULL, 'voluptatem-eos-aut-voluptates-eum-animi-minima-quis', 0, 1, NULL, '2022-07-27 13:57:45', '2022-07-24 13:57:45', 1),
(37, NULL, 10, 'vero', 'Quia corporis modi quae saepe quis fugiat adipisci.', 'nesciunt ml295', '4', '8059311371523', 'ITF', 'A cupiditate qui ad hic. Necessitatibus tempora illo autem suscipit praesentium qui dolorum. Quia unde ut quas modi. Nulla pariatur itaque et est laborum. Ut incidunt qui est inventore molestiae. Praesentium nulla rerum magnam odit praesentium. Recusandae eveniet eveniet libero aut. Tenetur libero earum temporibus illo. Voluptate nobis recusandae placeat magnam. Deserunt sint eaque qui culpa qui dolore. Ullam ab et dolore hic.<p><br/><iframe frameborder=\"0\" src=\"//www.youtube.com/embed/7abGwVjXSY4\" class=\"note-video-clip\" style=\"width: 100%; height: 475px; float: none;\"></iframe></p><br/>Nesciunt ipsam maxime eos. Velit quae dicta laboriosam voluptas. Vel autem maxime blanditiis aliquid. Dolor est nihil deleniti culpa non aut quis. Dolores voluptate fuga autem in doloribus dolorem aut ex. Sapiente sequi ipsa animi dolores tempore exercitationem voluptatem. Odit voluptates est commodi quia earum impedit. Eos ullam fugit doloribus voluptas itaque beatae.<img src=\"http://placeimg.com/640/360/any\" style=\"width: 50%; float: right; margin: 20px 0 20px 20px;\">Deserunt est numquam velit vel nostrum qui. Blanditiis nobis expedita sapiente. Amet expedita quod magni qui et quo in alias. Quo perferendis eos aliquid adipisci nemo cum esse. Ratione inventore quae animi dolor impedit dolor. Quo aliquid corporis tempore dolore iste cum et. Est odit earum eum est quibusdam. Iure eligendi quo fugiat voluptatem nobis ducimus. Et dicta illum quidem vitae. Unde ut maxime perspiciatis ut. Iure distinctio incidunt aut nesciunt magnam eum non. Enim nihil cupiditate quas voluptatem. Dolore quo ratione vero eaque voluptas officiis. Quia labore consequuntur quas a eos dignissimos alias et. Atque sit tempore eius quas ut. Aut cumque officia amet minus. Eaque minus nisi et fugit dolorum quam. Facere rerum odit dolorum et. Dolores reprehenderit ex repellat odit earum iure. Et vel molestiae qui. Perferendis vero ex porro sit dolore. Eum est libero ullam ea dolorum adipisci. Aut adipisci qui minus nostrum. Iusto veniam soluta sint quibusdam necessitatibus odio. Dicta id quae esse harum in consequatur adipisci sit. Provident laudantium et id voluptas non. Voluptatem et autem doloribus.<p><br/><img src=\"https://loremflickr.com/640/360\" style=\"width: 100%; float: none;\"></p><br/>Repellendus hic quia inventore illum. Quis et inventore et qui ipsam. Atque pariatur officia non ad laborum nihil. Et sint cum velit ut saepe cum fuga. Est enim deleniti suscipit modi. Qui et culpa voluptatem quis. Autem eius quis omnis excepturi ratione. Cumque totam eos ipsam ut. Et itaque tempora magnam et eos vero dolorem et. Officiis in voluptas ut et in est. Et rerum animi ullam. Accusantium similique soluta inventore aut.', 0.000000, NULL, 234, 0, 1, NULL, 'maiores-voluptatem-quod-dolore-sit-quisquam-aliquam-commodi-assumenda', 9, 1, NULL, '2022-07-18 13:57:45', '2022-08-02 13:57:45', 1),
(38, NULL, 7, 'enim', 'Soluta quos aut recusandae exercitationem itaque.', 'commodi sw417', '7', '7257212699574', 'ISBN', 'Quibusdam excepturi omnis rerum. Tempora repellendus ut in et et eveniet. Tempore commodi aut necessitatibus in. Facilis blanditiis consectetur in temporibus. Autem blanditiis quos aut qui vero perferendis sed et. Sapiente illum aut in nihil. Eligendi ut ut voluptatem ipsa sint mollitia. Omnis vitae optio architecto eaque voluptas. Repudiandae sed voluptate rerum reiciendis quibusdam temporibus nisi incidunt. Sint odio expedita fugiat est. Itaque officia dolorem delectus sit impedit est. Et sed atque mollitia sit et.<p><br/><iframe frameborder=\"0\" src=\"//www.youtube.com/embed/eEzD-Y97ges\" class=\"note-video-clip\" style=\"width: 100%; height: 475px; float: none;\"></iframe></p><br/>Temporibus fuga dolores iure doloremque saepe et sit. Iusto accusamus quis quia fugit ipsam velit quis. Et aliquam quisquam fugiat sapiente doloremque porro quaerat error. Veniam adipisci et cum numquam et. Vel soluta qui quis quidem id. Sit temporibus ratione asperiores impedit. Unde accusantium aut saepe saepe exercitationem dolor. Recusandae iste omnis libero.<img src=\"https://loremflickr.com/640/360\" style=\"width: 50%; float: right; margin: 20px 0 20px 20px;\">Nemo et quaerat sunt perferendis. Voluptatem aut perferendis tempore numquam et omnis dolore perspiciatis. Nulla et itaque hic. Soluta inventore eius reiciendis eius. Et eos fugit voluptatibus. Aut veritatis praesentium ea hic. Numquam velit autem eius sit eos et. Tempora et est aliquam ad et expedita officia eligendi. Suscipit animi numquam debitis eos nulla saepe sed. Mollitia sed et doloribus optio. Delectus sequi praesentium aut ex rerum doloribus aut quam. Molestiae rem vel saepe fugiat accusantium libero enim. Velit sed dicta esse sed. Non accusantium in maiores ut rem eveniet mollitia. Possimus iste consequatur aperiam aperiam. Odio et occaecati aut officia fugit. Laudantium fugiat quod aut officia. Aliquid eveniet et voluptates. Corrupti qui consectetur optio soluta. Ratione veniam quas vero non aspernatur et et id. Vitae voluptas nihil enim quas quasi id. Consectetur eum molestias necessitatibus sed ea reiciendis. Quo dolor necessitatibus et accusamus voluptate in. Provident sapiente est error cumque quibusdam iure qui. Pariatur voluptatem quae necessitatibus ut.<p><br/><img src=\"https://loremflickr.com/640/360\" style=\"width: 100%; float: none;\"></p><br/>Expedita ut eos explicabo voluptate ut illo. Voluptatem est ratione iure enim. Ratione dolorem itaque eos magni. Qui repudiandae aliquid laboriosam. Dolore nemo sed ad aut quaerat. Provident eum eos distinctio quod. Quisquam ducimus in odit eum. Est et voluptatem veritatis aut expedita vitae. Aperiam voluptatum autem velit hic. Quia officiis dignissimos quo. Pariatur vero voluptatem vitae. Dignissimos occaecati explicabo velit ut voluptas. Vitae veritatis placeat omnis et reiciendis quisquam animi. Et est eum enim officiis ut. Nam dolores iusto iure architecto expedita accusamus.', 0.000000, NULL, 792, 1, 1, NULL, 'qui-est-voluptas-aut-magni-sed-velit', 2, 1, NULL, '2022-07-31 13:57:45', '2022-07-29 13:57:45', 1),
(39, NULL, 6, 'culpa', 'Velit vero quae sit quos sunt.', 'recusandae uy294', '58904033', '3289461770890', 'ITF', 'Sit perferendis ducimus molestias quis et. Ut ipsum quod aut ducimus officia ut culpa qui. Doloribus commodi accusamus itaque maxime alias esse. Alias omnis est voluptatum et iste voluptas. Eaque omnis iste qui sunt nulla omnis nesciunt qui. Voluptates quidem totam soluta. Dolores ea reprehenderit iste cumque quibusdam et. Quia voluptas molestias rerum ad et laborum natus maiores. Aut asperiores tempore excepturi rem voluptatum aut. Voluptas nihil iure quia vel reiciendis qui.<p><br/><iframe frameborder=\"0\" src=\"//www.youtube.com/embed/mATMpaPBBFI\" class=\"note-video-clip\" style=\"width: 100%; height: 475px; float: none;\"></iframe></p><br/>Dolorem dolorum et ad suscipit pariatur reprehenderit magni qui. Aut consectetur molestiae adipisci officia. Quis quod et nisi. Quis quam voluptas distinctio praesentium earum ut. Ad et voluptatem rerum voluptas repellendus necessitatibus. Recusandae placeat exercitationem quis veniam aut.<img src=\"https://picsum.photos/640/360.webp\" style=\"width: 50%; float: right; margin: 20px 0 20px 20px;\">Quidem deleniti sint maxime voluptatem aut. Magni et asperiores voluptatum. Temporibus rerum quo facere ipsum occaecati provident aperiam. Quos dignissimos natus nihil odio id. Quasi quo autem id voluptatem. Quam in praesentium vitae. Ipsa ut animi sint ipsa nihil sunt. Fugiat et odio deleniti molestiae laboriosam dolor minus voluptas. Vero quae velit ex doloremque deserunt est. Est quaerat ipsa dolor minus facilis. Reprehenderit repudiandae dolores ut ea autem. Necessitatibus tempora cumque corporis ipsum. Nulla omnis aut labore vel saepe. Qui officiis ipsa a delectus corrupti et rerum. Aut eum reprehenderit minus non natus dignissimos. Repellat temporibus cumque qui dolorem aut est in. Voluptatum eum qui quo deserunt perspiciatis. Alias ut nihil quae assumenda facere. Est dolorem perspiciatis est minus amet. Ut adipisci aspernatur ab quam similique. Architecto accusantium qui quis est voluptas. Asperiores nam quos odit quae magnam. Voluptas molestiae rerum quia dolore alias. Ut quisquam unde perspiciatis dolorem facere. Sunt similique tempore inventore et iste ut.<p><br/><img src=\"https://picsum.photos/640/360.webp\" style=\"width: 100%; float: none;\"></p><br/>Ea sed mollitia consequatur est et. Ipsa voluptatem voluptatem tempore fuga deleniti et. Assumenda voluptas qui dolorem ab. Aut amet enim vitae sit odio voluptatem. Eius accusamus quidem ut. Asperiores a id accusantium accusantium aspernatur. Aut qui amet aut possimus ipsam. Maxime nesciunt nihil ut maiores. Voluptas consequatur nihil aut minus pariatur nihil. Quis vitae consequatur aut atque tenetur. Non non doloribus maiores ea corporis harum. Exercitationem et et in est et ab. Aspernatur illo ratione illum eum culpa odit expedita.', 0.000000, NULL, 56, 1, 1, NULL, 'sapiente-dolor-autem-veniam', 8, 1, NULL, '2022-07-31 13:57:45', '2022-07-27 13:57:45', 1),
(40, NULL, 16, 'non', 'Incidunt aut repellendus aut facere.', 'voluptates sf447', '2220365', '6671444376927', 'EAN', 'Repellendus et porro itaque. Cupiditate maxime nihil modi. In et qui amet quo suscipit. Debitis magnam minus dolores et quos. Voluptatem soluta assumenda autem saepe. Laudantium cupiditate neque quas ullam. Neque exercitationem ex sit quas. Eos est deserunt rem quis. Ut consectetur sunt quam dolor aut et. Culpa quisquam voluptatem quis aut et. In quos laborum ullam expedita. Quae quam totam voluptatibus natus aut. Vel eveniet voluptatem facere. Labore blanditiis illum natus nobis. Et dolore fuga aut expedita aspernatur expedita eius magnam.<p><br/><iframe frameborder=\"0\" src=\"//www.youtube.com/embed/eEzD-Y97ges\" class=\"note-video-clip\" style=\"width: 100%; height: 475px; float: none;\"></iframe></p><br/>Qui quibusdam quos ea dolores dolor quasi. Molestias praesentium minus dolor aut qui quia est. Eum mollitia labore dolor quas beatae laboriosam at. Quasi ut praesentium vero dignissimos dolores error mollitia voluptatem. Non adipisci in aut velit veniam laudantium. Dignissimos reprehenderit laboriosam nulla est perspiciatis. Excepturi deleniti aut eum dolorum.<img src=\"https://picsum.photos/640/360.webp\" style=\"width: 50%; float: right; margin: 20px 0 20px 20px;\">Reiciendis expedita autem quo dolore ducimus animi numquam. Saepe error molestiae et saepe accusamus iure minus natus. Saepe non doloremque odit ut eum. Sit eos iste dolorum. Autem qui adipisci blanditiis et. Voluptatum molestiae ducimus recusandae omnis et ea. Ratione alias libero tenetur deleniti. Accusamus veritatis at laboriosam esse. Sequi possimus amet impedit fuga eaque. Blanditiis et ipsa vero consectetur perferendis molestias. Quis aperiam vel ut. Magni eum necessitatibus ut rerum eaque aut. Blanditiis alias eum hic quia id consequatur. Quo deserunt repudiandae ea et aperiam sed debitis. Et dolor voluptatem aut et ut. Eum quia voluptatum et sit mollitia. Iste maxime ut pariatur iusto nobis nam. Magni ut occaecati voluptas quo est. Omnis eum architecto laboriosam id. Possimus quo nihil vel sit qui. Tempore nemo voluptatum ut totam et. Sint qui nostrum error expedita consectetur animi. Fugiat voluptatum praesentium facere ullam impedit. Expedita distinctio voluptatem temporibus minus perferendis.<p><br/><img src=\"https://picsum.photos/640/360.webp\" style=\"width: 100%; float: none;\"></p><br/>Quia alias mollitia dicta sed dolor quos incidunt expedita. Est assumenda dolore voluptas et repudiandae. Ab dolorem eos sint et. Reiciendis nihil ut et saepe omnis perferendis accusamus. Non qui aliquam qui non error et deserunt. Et vero sunt odit quam est. Eius qui rem aperiam. Dolores inventore non voluptas distinctio voluptas rerum. Atque dolor fuga nostrum sed adipisci. Tenetur rerum aut minima sit totam hic. Voluptatem qui sit in quod nesciunt.', 0.000000, NULL, 756, 0, 1, NULL, 'ratione-nemo-suscipit-est-cupiditate', 9, 1, NULL, '2022-07-25 13:57:45', '2022-07-23 13:57:45', 1),
(41, 1, 11, 'ut', 'Eum eos hic saepe non ea sed esse rerum.', 'quas rr638', '398619451', '2849094443724', 'ISBN', 'Voluptatem adipisci vero corporis dolorem voluptate. Asperiores eius et distinctio omnis voluptas qui atque. Est doloribus occaecati cupiditate qui aperiam. Dolor aliquam iusto sunt sint ea dicta. Non repellat quas tempora sint est ipsa quisquam. Pariatur labore excepturi eius iusto. Modi aut perferendis sunt qui reiciendis deleniti. Tenetur illo sit officiis incidunt nihil. Dolor fugiat nam et reiciendis in ratione. Asperiores pariatur dolorem non odio eos sint molestiae. Quia aperiam qui itaque nemo.<p><br/><iframe frameborder=\"0\" src=\"//www.youtube.com/embed/eEzD-Y97ges\" class=\"note-video-clip\" style=\"width: 100%; height: 475px; float: none;\"></iframe></p><br/>Incidunt rem odio officia. Autem voluptas earum ex odio pariatur praesentium sed consectetur. Rerum ipsum blanditiis quibusdam dolores aut vitae. Sapiente et odio illum tempora in distinctio. Iusto et ea vel. Nihil voluptates eos eveniet veniam sunt.<img src=\"https://loremflickr.com/640/360\" style=\"width: 50%; float: right; margin: 20px 0 20px 20px;\">Dicta et eligendi doloremque similique rerum. Tempora esse quia et et omnis unde ut. Repellat dolor voluptas ut provident unde id et. Autem consequatur vitae eum voluptatem ut quisquam assumenda. Quasi quaerat tenetur sed eveniet a fugiat fugit. Vel dolores dolores aperiam quasi nemo praesentium facilis. Officia molestiae eaque tempora in aspernatur. Illo nesciunt doloribus in dolorum in quia. Voluptas nostrum est est nemo. Repudiandae ut et et quibusdam ut unde natus. Aut labore error nemo et est et voluptas at. Commodi voluptatem nostrum aut labore ut autem. Quia et et cupiditate quam. Reiciendis qui architecto quasi ab velit unde et. Vel autem temporibus doloremque deleniti reiciendis. Officiis ipsum et et asperiores delectus. Et sit fugit atque modi autem. Sint quis et distinctio praesentium. Accusantium aut inventore beatae quam et voluptate non. Magni voluptatum vitae vero. Dolorem rerum minus rerum et ut. Maiores soluta sed ab voluptatem mollitia. Et aspernatur repellat tempora distinctio quia veniam. Dolores inventore sit vel consectetur sit excepturi. Aspernatur ullam optio ipsum architecto labore voluptatem. Fugit illo modi quia cupiditate sit.<p><br/><img src=\"https://loremflickr.com/640/360\" style=\"width: 100%; float: none;\"></p><br/>At ullam quas deleniti porro voluptatibus. Ab rem et magnam est rerum dolorem. Nulla vel qui et officia et. Non nihil nesciunt sint unde. Cum pariatur et ipsum culpa quia aliquam aperiam. Nemo voluptatem voluptatem aspernatur alias. Hic possimus commodi ab et sit iusto. Qui quia aut maxime quia. Facere repudiandae illo omnis suscipit qui minus. Quis qui eius autem mollitia est. Est labore maxime quia dolorem. Molestias est iste sapiente rerum recusandae itaque sit exercitationem. Laboriosam harum veritatis accusamus quae aspernatur ut.', 0.000000, NULL, 690, 0, 1, NULL, 'fuga-quis-tenetur-nesciunt-quibusdam-ut-quas', 4, 1, NULL, '2022-07-27 13:57:45', '2022-07-20 13:57:45', 1),
(42, NULL, 10, 'accusantium', 'Vero accusamus odit nulla quia dolorem rerum.', 'non zd585', '275', '4765710212599', 'ISBN', 'Autem deserunt neque qui inventore laudantium consequuntur. Omnis eum modi eum nam amet. Vero velit velit ut quia totam eos. Ea consequatur beatae iste quaerat ab ut. Provident quisquam corrupti natus nisi fuga nesciunt asperiores reprehenderit. Laudantium quae aut et reiciendis omnis ea ipsam sed. Iure pariatur modi veritatis mollitia aut amet perspiciatis voluptatem. Et odio rerum omnis dolorem. Quas dolor quod voluptatem explicabo. Ratione pariatur ut voluptatum consequatur repellat.<p><br/><iframe frameborder=\"0\" src=\"//www.youtube.com/embed/SKbHHcdLGKw\" class=\"note-video-clip\" style=\"width: 100%; height: 475px; float: none;\"></iframe></p><br/>Minima consequatur repellat et et dolorum et. Quos adipisci dolorem quasi est et rerum. Vel necessitatibus tempore est aperiam recusandae accusamus exercitationem eligendi. Voluptas assumenda voluptas sapiente aut dolorem. Maiores molestiae error ut occaecati est dolores quo at. Autem ut numquam dolorem quaerat non qui itaque. Laudantium sed expedita est repellendus.<img src=\"https://picsum.photos/640/360.webp\" style=\"width: 50%; float: right; margin: 20px 0 20px 20px;\">Sunt ullam ea omnis nihil mollitia molestias voluptate. Totam nulla et asperiores. Voluptas dolorum et doloribus quia. Libero facere deleniti dolores. Illum et possimus et dolores optio. Et aut dolorem et molestias voluptatum molestiae pariatur. Voluptas tempora vel quod qui molestiae. Commodi aspernatur modi sit officiis iure animi sed quam. Sapiente est illo dolor qui dolorum nemo numquam. A similique cum nam. Aliquam sed enim ut. A fuga aliquam consequuntur delectus doloremque. Ea qui alias provident ut fugiat. Veritatis quis optio voluptatibus laborum fuga. Nam facilis ex nostrum rerum. Vero suscipit esse laborum sed. Sunt quis quisquam esse adipisci eos. Ut eligendi minus est labore quo similique id. Quia id doloribus id ex quasi voluptatem. Occaecati exercitationem nulla aut voluptas. Mollitia voluptatem ex minus. Omnis atque dolor cumque et odit ex. Tenetur vitae assumenda maiores assumenda. Rem sit amet occaecati nihil possimus omnis laboriosam. Iste nulla est necessitatibus necessitatibus facilis rem aspernatur. Quisquam non sed necessitatibus voluptatem ducimus.<p><br/><img src=\"https://picsum.photos/640/360.webp\" style=\"width: 100%; float: none;\"></p><br/>Reprehenderit modi ea minima minima aut sed saepe. Temporibus occaecati ut dolorum. Minima hic consectetur harum cum adipisci. Dignissimos reiciendis ullam veritatis aliquid maiores voluptatem est hic. Soluta necessitatibus et repellendus dolorum reprehenderit porro eius nostrum. Voluptas quia ea perferendis unde aut quae non. Molestiae soluta qui sapiente aut quam et quo. Exercitationem nostrum eius blanditiis ut adipisci neque molestias. Et id quaerat molestiae debitis. Odit voluptatem rerum aut. Sit esse enim dolorem ullam harum. Nesciunt ea corrupti in sit saepe.', 0.000000, NULL, 562, 0, 1, NULL, 'est-consequuntur-cupiditate-pariatur-nobis-eveniet', 1, 1, NULL, '2022-08-01 13:57:45', '2022-07-20 13:57:45', 1),
(43, 5, 15, 'ut', 'Veritatis voluptatum est amet mollitia.', 'nobis cg515', '636829918', '4107701284312', 'JAN', 'Dolor deserunt aliquid molestiae est eos id. Aut aut sapiente suscipit. Dolorum rerum est voluptatum iure fuga rerum. Autem aut modi odio quia est aliquam sequi. Repellendus quia id beatae magnam explicabo. Enim commodi commodi quia quod id. Qui aut accusantium dolores. Dolore omnis nulla est et sint. Laborum eum fugiat itaque omnis suscipit sit eligendi possimus. Voluptas modi molestiae ut impedit eaque ut quod.<p><br/><iframe frameborder=\"0\" src=\"//www.youtube.com/embed/mATMpaPBBFI\" class=\"note-video-clip\" style=\"width: 100%; height: 475px; float: none;\"></iframe></p><br/>Nam et quas quisquam ea. Facere distinctio sit nisi et. Soluta consectetur architecto qui repellendus unde. Et suscipit debitis velit. Est sint ea voluptatibus et ipsum ex. Accusantium architecto ut atque quas recusandae esse ipsum. Voluptatibus quia qui voluptatem aspernatur. Quasi id rem veritatis qui odio. Qui nihil iste nihil eligendi. Provident voluptatem ea eos ullam est est quam.<img src=\"https://picsum.photos/640/360.webp\" style=\"width: 50%; float: right; margin: 20px 0 20px 20px;\">Consequatur id voluptas consequuntur pariatur laudantium iste. Et accusamus distinctio culpa porro. Dolorem nihil corporis quia molestias sit. Sapiente nihil reprehenderit debitis tempore. Voluptas consectetur voluptas similique aut numquam. Quia adipisci et qui iusto qui. Sint et repudiandae at vero. Dolorem cum rerum rem. Est quisquam labore facere velit deleniti eos explicabo. Amet ut occaecati dolor. Numquam et et modi voluptatem ut voluptas nobis. Molestiae non magni hic ullam id. Exercitationem quia eligendi eveniet quam minus deleniti assumenda. Quam dolor autem eligendi dolorem sed unde qui recusandae. Incidunt repellat officiis ea. Dolor qui maxime tempora vel. At iusto quibusdam pariatur reprehenderit. Saepe facere optio ea et. Qui culpa deserunt voluptatem vel repellendus pariatur molestiae. Assumenda iusto dolorum error nobis. Aspernatur aut et iure. Officiis rerum vero nihil voluptatibus nihil quo facilis non. Qui fuga enim qui aut laborum qui. Aut accusantium aliquid quisquam fugiat sit dolorum ab. Accusantium quidem id recusandae rerum voluptates quasi voluptatibus et.<p><br/><img src=\"https://picsum.photos/640/360.webp\" style=\"width: 100%; float: none;\"></p><br/>Dolore quo autem quia atque libero porro. Harum tempore quas cupiditate. Libero explicabo iusto totam ipsum nihil officiis qui. Suscipit exercitationem sed qui qui voluptatem repellat velit delectus. Aut suscipit tempora eum quos nihil sit id. Rerum accusamus consequatur quia qui sint ex. Autem enim dolore explicabo ratione. Nobis fugit saepe est et aut non libero. Ipsa nulla sit eos. Odio voluptatem consequatur dolores enim. Deserunt dolore maiores non natus id laudantium consequuntur.', 0.000000, NULL, 188, 0, 1, NULL, 'culpa-et-aut-debitis-cum-quo', 9, 1, NULL, '2022-07-23 13:57:45', '2022-07-27 13:57:45', 1),
(44, 3, 11, 'voluptatem', 'Sint molestiae ab totam sapiente explicabo voluptas et.', 'facilis hd654', '2', '0193186181721', 'JAN', 'Et et distinctio rerum autem quo cum qui nobis. Ea recusandae assumenda aut. Cupiditate numquam necessitatibus voluptatem non et. Quasi itaque qui quis labore aspernatur enim qui. Et dolore tempora occaecati velit velit atque et. Iusto ex perferendis et aut. Adipisci molestiae ad et. Distinctio asperiores sunt maxime veritatis qui rerum. Qui aliquid dolorem sit vel porro et. Qui placeat ut enim dolorem cum temporibus dolorem et. Est rerum consequuntur consequatur ipsum sunt minus.<p><br/><iframe frameborder=\"0\" src=\"//www.youtube.com/embed/MLpWrANjFbI\" class=\"note-video-clip\" style=\"width: 100%; height: 475px; float: none;\"></iframe></p><br/>Repellendus dolores nisi ipsum et neque voluptatem architecto. Id optio aut explicabo perspiciatis quia aliquid pariatur. Quod aut dolores occaecati et non et quia. Quia exercitationem fuga deleniti amet non deleniti iure. Sunt sequi enim numquam. Omnis officiis consequatur ea veniam ducimus quas temporibus. Sed praesentium quaerat aut earum sunt. Neque omnis voluptas inventore natus vel.<img src=\"https://picsum.photos/640/360.webp\" style=\"width: 50%; float: right; margin: 20px 0 20px 20px;\">Sapiente non dolorem eligendi voluptas. Corporis sed facere mollitia pariatur. Qui aut ullam dicta voluptates natus est culpa. Earum nobis explicabo et. Nulla itaque provident beatae cum delectus iste qui. Aut voluptas ut dolores harum aperiam asperiores atque. Consequatur aperiam ratione a reiciendis quam. Sit consequatur porro hic. Minima expedita ab iste voluptatem. Eveniet qui sed laborum dolore repellendus et dolores. Quia accusamus aperiam molestiae. Eos cupiditate dicta vel veritatis. Eos corporis vero beatae cumque quos distinctio ut deleniti. Et vel fuga cum soluta deserunt voluptas fugiat. Et et repellendus enim velit voluptatum excepturi possimus ad. Quos necessitatibus qui tempora aut dolores tempora. Harum tempore quia sit consequatur est consequatur vero quas. Error beatae commodi quo neque aut. Odio beatae debitis debitis voluptatem. Neque libero labore et quia soluta placeat sit. Natus tenetur tenetur nobis ut ducimus voluptatem. Excepturi corporis doloribus aliquam porro nihil corporis. Culpa delectus occaecati minus quo at. Rem dolores voluptatem in dolor iusto quia. Accusamus porro a omnis. Et rem ea aliquid repudiandae eveniet qui.<p><br/><img src=\"https://picsum.photos/640/360.webp\" style=\"width: 100%; float: none;\"></p><br/>Officiis quaerat aliquam animi. Vitae quis et porro quos. Eligendi est voluptatem similique rem est qui corporis. Quidem soluta consequatur consequatur libero error quaerat. Aspernatur voluptas omnis sed vero facere accusamus sed. Illo rerum nemo explicabo. Ea voluptatem natus magnam molestiae officia sit. Ipsam minus debitis similique nihil velit et aut. Id excepturi accusantium quia voluptate et quisquam debitis. Maxime delectus expedita doloremque optio. Enim sunt iste commodi sit.', 0.000000, NULL, 24, 0, 1, NULL, 'dolores-exercitationem-necessitatibus-eveniet-suscipit-perferendis', 6, 1, NULL, '2022-07-24 13:57:45', '2022-07-23 13:57:45', 1),
(45, NULL, 2, 'cupiditate', 'Consequatur natus illo qui voluptas ipsam.', 'rerum ni687', '466', '5633359179650', 'ISBN', 'Possimus qui fuga molestiae ipsum laborum. Iure dolorum consequatur ut facilis sed et qui. Nam sunt ea rerum inventore quis enim commodi. Sunt fugit dolor placeat eveniet. Ut excepturi aut mollitia magnam architecto est. Cum quia rem fugit quo. Unde eos alias debitis inventore. Quo pariatur dicta velit quibusdam sed quisquam hic. Non provident autem amet dolorem ab quia. Incidunt perferendis eum quas. Voluptatem vel qui voluptatem aliquid quaerat dolorem vero itaque.<p><br/><iframe frameborder=\"0\" src=\"//www.youtube.com/embed/7abGwVjXSY4\" class=\"note-video-clip\" style=\"width: 100%; height: 475px; float: none;\"></iframe></p><br/>Laboriosam maxime quaerat quaerat eos deleniti. Nobis odio voluptas minus numquam. Tempore fugit magnam doloribus amet similique. Est fuga et officia. Rerum rerum qui recusandae enim suscipit sapiente corrupti. Blanditiis ullam molestiae ipsum minus minima rerum quisquam. Asperiores modi aut eos cupiditate aperiam quia. A aperiam voluptatum architecto quia.<img src=\"https://loremflickr.com/640/360\" style=\"width: 50%; float: right; margin: 20px 0 20px 20px;\">Quis adipisci cumque et facere. Quasi exercitationem quia magnam ad sapiente exercitationem. Et harum numquam qui consectetur sint. Debitis laudantium ab voluptatibus optio. Facere consectetur nisi nesciunt voluptas. Est sunt dolor non. In eum dolore sunt numquam. Repudiandae id sunt molestiae perspiciatis minus fuga. Debitis ut id incidunt. Doloremque qui eos ut in. Cum saepe quibusdam eos voluptatum. Aut et officia sunt ipsam necessitatibus ut. In eos sit sit magnam qui eos aut. Quas veritatis fugit vero. Perferendis qui id sed. Illum deserunt accusantium sapiente vitae voluptas. Quae fugit eum tenetur et sed. Nihil accusamus cumque debitis qui. Fugiat cum officiis nam laborum. Dolor minus maiores tempora omnis ut qui. Adipisci et sapiente assumenda ex. Sed et est est delectus qui pariatur. Eos a distinctio laudantium magni soluta sit ab velit. Ea maiores necessitatibus libero. Voluptates ea repudiandae perspiciatis ea facilis eius ea. Doloremque et aut facilis sed optio et sunt voluptas. Qui quas sed voluptatem ab eligendi nemo rerum. Eveniet quis ut ad quo.<p><br/><img src=\"https://loremflickr.com/640/360\" style=\"width: 100%; float: none;\"></p><br/>Et ad et maiores iure. Voluptatem ducimus odio magnam et ipsum ut qui. Ut quaerat qui et et. Accusamus est sequi alias sapiente aut provident dolores. Autem dignissimos quisquam corporis quibusdam voluptatem vitae voluptatem. Id architecto in eum fugiat deserunt illo. Itaque ducimus perspiciatis sunt voluptate assumenda. Aspernatur incidunt sequi corrupti rerum. Qui accusamus eveniet est fuga. Mollitia harum beatae aut deserunt distinctio. Vitae voluptatem sint culpa aut inventore sit.', 0.000000, NULL, 760, 1, 1, NULL, 'qui-aut-amet-assumenda-quidem-autem-fuga-fugit-quod', 9, 1, NULL, '2022-08-01 13:57:45', '2022-07-25 13:57:45', 1),
(46, 1, 4, 'quibusdam', 'Voluptatum et in magni dolore autem iure culpa.', 'temporibus ac479', '86', '0459257438317', 'ITF', 'Aspernatur pariatur molestiae iure. Quam non ut et voluptas officia distinctio qui provident. Illo rem dolorem vel ipsam. Explicabo qui odio aspernatur est sed. Quis rem non odit aut officia quia. Ea aspernatur omnis eaque modi in iure rerum sint. Dolor cumque quas ducimus eum repellat. Labore consectetur quaerat neque beatae molestiae. A eligendi ad magnam aut ut nesciunt laudantium. Impedit autem non iusto facere sequi.<p><br/><iframe frameborder=\"0\" src=\"//www.youtube.com/embed/eEzD-Y97ges\" class=\"note-video-clip\" style=\"width: 100%; height: 475px; float: none;\"></iframe></p><br/>Commodi qui excepturi veritatis expedita. Inventore voluptatem voluptatibus et sunt alias. Iure debitis illum veritatis ipsa saepe. Voluptates voluptas at et asperiores quisquam fugit. Iste itaque unde asperiores.<img src=\"https://loremflickr.com/640/360\" style=\"width: 50%; float: right; margin: 20px 0 20px 20px;\">Vitae quis quos odio. Repellendus at fugit qui ut rerum ut. Sint soluta tempora quo. At at nemo numquam esse quo rerum eaque. Nulla recusandae dolorem facilis et. Alias dolorem consequatur sint molestias. Et quia error ut omnis. Nam dolores omnis laborum id reiciendis accusantium et. Sapiente natus atque aliquam aliquid. A voluptatem enim quia ut eaque qui atque. Vitae soluta qui et est laudantium cumque. Sunt optio adipisci ut explicabo nihil est nulla. Non eaque et culpa labore iste vitae. Repudiandae omnis neque provident est magnam vero ipsa. Cumque quo magni vel. Laboriosam deleniti omnis voluptatem ea. Praesentium cupiditate accusantium et in inventore ut provident. Earum aut deleniti ex. Sint aut soluta rerum accusamus eos mollitia corporis. Sed repellat molestias consequatur hic atque et consequatur. Quo nesciunt dolor cum sit et ab. Totam veritatis qui facere et placeat. Ex deserunt aperiam veritatis alias. Earum doloremque quibusdam cupiditate. Accusamus quod et eum saepe alias quia. Id error quidem est. Minus sit omnis maiores quis fuga eum. Dolorem ut voluptatem at sint eaque esse assumenda.<p><br/><img src=\"http://placeimg.com/640/360/any\" style=\"width: 100%; float: none;\"></p><br/>Aut et blanditiis voluptatem et voluptas voluptas voluptas et. Nemo facilis rem provident nesciunt omnis et. Dolores quis nemo ab reiciendis reiciendis voluptatem aperiam cupiditate. Consequuntur et ipsum eveniet vero. Et cum vitae in. Vel corporis voluptatem fugiat. Occaecati est quam omnis quisquam aliquid voluptatem ut. Atque quam perspiciatis ab. Consequuntur molestias beatae maiores quis similique corrupti adipisci. Vero eos incidunt eligendi. Temporibus omnis temporibus ipsum omnis. Eius aut maiores ut tempore est harum fugit et.', 0.000000, NULL, 48, 0, 1, NULL, 'voluptas-iure-eaque-occaecati-corporis-vero', 0, 1, NULL, '2022-08-01 13:57:45', '2022-07-26 13:57:45', 1),
(47, 2, 9, 'consequuntur', 'Veniam odit molestiae voluptatem aut vitae id.', 'asperiores ie806', '477161122', '3575337519299', 'JAN', 'Occaecati quidem voluptatem similique qui. Laboriosam dolorem voluptatem eos voluptatem omnis. Numquam et minus consequatur alias ut sit rerum. Et quas earum eos molestiae ducimus iusto. Quia et impedit nemo quas vero. Totam eum nisi soluta distinctio. Qui unde expedita id necessitatibus laborum. Amet quidem temporibus alias laudantium qui at. Consequatur quia nihil sint laboriosam. Sed nemo error dignissimos quia soluta voluptatem.<p><br/><iframe frameborder=\"0\" src=\"//www.youtube.com/embed/SKbHHcdLGKw\" class=\"note-video-clip\" style=\"width: 100%; height: 475px; float: none;\"></iframe></p><br/>Qui possimus nihil voluptatibus possimus et. Impedit sint doloremque consectetur corporis vitae qui molestias illo. Quasi iste accusantium ab recusandae. Harum a voluptates consequuntur ullam. Blanditiis dolorum velit et tenetur eaque ipsam quibusdam. Omnis quod quia saepe illum autem. Est facilis consectetur suscipit quae. Quibusdam quis numquam commodi qui et.<img src=\"https://loremflickr.com/640/360\" style=\"width: 50%; float: right; margin: 20px 0 20px 20px;\">Dicta nemo magni sunt consectetur. Provident qui odio placeat quo similique qui minus. Qui vitae repellendus sint. Qui qui non sed necessitatibus architecto facere. Nihil itaque nam dolorum reprehenderit. Sint tenetur corrupti laboriosam eaque repellat eos distinctio. Rem qui quae aut illum. Unde beatae iure voluptas voluptatem. In quo voluptatem consequuntur dolores minima sunt. Et illum aut aliquid. Deserunt iste dignissimos rem aut aut iusto. Blanditiis aut natus magnam animi atque non pariatur dicta. Nobis facere sint rerum numquam commodi ut atque. Et corrupti consectetur aut in. Omnis a voluptatem officia repellendus distinctio et dolorum. Voluptatem accusamus alias rerum illum non. Ut voluptatem unde beatae sunt consequatur ut voluptatem. Quis omnis deleniti perferendis blanditiis molestias fugit tenetur. At et maxime molestiae aut. Corporis sit consequuntur non ex debitis vel dolore rerum. Sit incidunt quibusdam aliquid nihil architecto corrupti accusamus veritatis. Inventore velit doloribus pariatur. Est eos eos assumenda quos. Molestiae et similique hic ut. Adipisci facilis voluptas ullam est consequatur numquam quibusdam. Voluptatem dolorem quis aut eligendi.<p><br/><img src=\"https://loremflickr.com/640/360\" style=\"width: 100%; float: none;\"></p><br/>Ipsum eos nostrum aliquid aspernatur. Quis sit magni quisquam ex veritatis similique ea. Debitis soluta consequatur quis eius repudiandae quibusdam dolorem. Excepturi quis illo veritatis similique. Voluptatem dignissimos quia omnis minima repellendus voluptatem et. Ipsam esse quibusdam nostrum sed. Quod et non ratione id. Quo laboriosam velit quia accusantium voluptatem sit facere. Voluptas ipsa voluptas velit sint. Dolorem vitae est ratione tenetur qui eligendi laudantium. Sit recusandae necessitatibus nisi voluptas.', 0.000000, NULL, 666, 1, 1, NULL, 'aperiam-corrupti-officiis-et-perferendis', 6, 1, NULL, '2022-07-29 13:57:45', '2022-07-26 13:57:45', 1);
INSERT INTO `products` (`id`, `shop_id`, `manufacturer_id`, `brand`, `name`, `model_number`, `mpn`, `gtin`, `gtin_type`, `description`, `min_price`, `max_price`, `origin_country`, `has_variant`, `requires_shipping`, `downloadable`, `slug`, `sale_count`, `active`, `deleted_at`, `created_at`, `updated_at`, `inspection_status`) VALUES
(48, 1, 9, 'molestiae', 'Consequatur voluptates voilent nude nudesmaxime a.', 'voluptatem kd905', '763', '8945830628562', 'UPC', 'Dolorum corporis voluptatum velit tenetur quam ullam voluptatem esse. Ut et eligendi repellat aut non provident dolorem. Aliquam enim doloribus officiis similique enim iste vero. Adipisci nobis consequuntur molestias quis vel. Aperiam inventore culpa laboriosam similique id cupiditate at. Repellendus nihil voluptas natus explicabo odio. Quibusdam deleniti veniam rem expedita animi. Esse voluptatem adipisci assumenda quasi aut aut. Architecto fugiat tempora magnam labore voluptatem. Voluptatem tempore libero exercitationem quia sit in dolor.<p><br/><iframe frameborder=\"0\" src=\"//www.youtube.com/embed/TGbUpEJ1z-k\" class=\"note-video-clip\" style=\"width: 100%; height: 475px; float: none;\"></iframe></p><br/>Ea alias fugit et eos voluptatem qui impedit. Eum earum voluptatum commodi consectetur nihil. Numquam molestiae et iste laudantium eum voluptate vero. Reiciendis sit similique similique eos error vero et. Voluptatem et deserunt quidem. Assumenda omnis magni magni modi. Qui eaque rerum eius et.<img src=\"https://loremflickr.com/640/360\" style=\"width: 50%; float: right; margin: 20px 0 20px 20px;\">Qui ipsam aut molestias architecto quidem. Tenetur reiciendis voluptatum totam ratione et reprehenderit adipisci. Temporibus voluptate voluptas dolor eaque ut. Rerum odit omnis in impedit. Nulla error qui vel sapiente est. Quod necessitatibus sed vitae magni voluptas impedit et. Est est et est architecto est eum delectus qui. Dolorem voluptatem cum magni facere. Porro doloribus quisquam at magni dolores. Quisquam repudiandae in quia non incidunt tempore. Mollitia voluptas molestiae vel odit repellendus. Ut rerum nulla eum dolor ipsum quo quia. Rerum magni eos rerum blanditiis dignissimos accusantium laboriosam. Aut ut sapiente et rerum dolorem repellat adipisci. Facilis dolor aspernatur eaque iusto sit nesciunt alias. Est qui explicabo corrupti eum vel hic unde. Tempora fugiat provident voluptatem cum. Ea nihil magni earum ullam et. Repellat a est optio. Voluptas velit quia ut rerum. Laborum quis similique neque ea quo nihil perferendis. Aliquam cumque asperiores similique soluta. Voluptatem quae ipsam laboriosam sit unde tempore veritatis. Perspiciatis corrupti omnis eligendi nihil iste inventore. Est amet ut excepturi ipsa. Ut repudiandae esse ducimus soluta.<p><br/><img src=\"https://picsum.photos/640/360.webp\" style=\"width: 100%; float: none;\"></p><br/>Voluptas et dolorum et possimus placeat. Aperiam minima iure ut hic soluta aliquam. Perspiciatis ex ut voluptatem minus in. Alias culpa voluptas tempore fugiat aut quae. Officia nulla assumenda omnis molestiae blanditiis voluptas. Et fugiat voluptatibus vitae. Saepe accusamus neque consequatur ab molestiae esse id maxime. Soluta ut rem voluptate possimus. Totam at blanditiis enim dolor in libero qui. Consequatur quaerat et voluptas et. Ad autem est aut saepe aut et. Rerum eum ut deserunt architecto qui. Ea culpa eius dolore.', 0.000000, NULL, 74, 1, 1, NULL, 'tenetur-debitis-quibusdam-quia', 1, 0, NULL, '2022-07-24 13:57:45', '2022-12-13 05:51:24', 2),
(49, NULL, 12, 'quo', 'Voluptas sint fugiat voluptas aut quasi deserunt.', 'laudantium hp545', '9585676', '7644074269876', 'UPC', 'Molestias quo tenetur recusandae et velit est tenetur. Quia error reiciendis harum. Odit sunt beatae laborum libero perspiciatis velit. Dolores dolores libero quas possimus officia. Soluta sapiente natus sint vel sint et. Eum eos minima ab asperiores. Beatae omnis ullam exercitationem quis adipisci modi in. Veniam odio suscipit at ut adipisci. A in quis tempore deleniti vel quia quam at. Debitis incidunt vel aut a inventore voluptatum. Deleniti omnis rerum consequuntur.<p><br/><iframe frameborder=\"0\" src=\"//www.youtube.com/embed/mATMpaPBBFI\" class=\"note-video-clip\" style=\"width: 100%; height: 475px; float: none;\"></iframe></p><br/>Dicta eum dolores ut amet qui minima. Iste iusto quis necessitatibus itaque voluptas. Nam non ea provident sapiente. Eum quam aut nam mollitia. Commodi dignissimos quis et quidem voluptas. Magnam rerum quos culpa distinctio id unde autem. Nisi et velit earum et.<img src=\"https://loremflickr.com/640/360\" style=\"width: 50%; float: right; margin: 20px 0 20px 20px;\">Officiis hic optio aut. Ex et necessitatibus maiores velit explicabo. Laboriosam labore asperiores qui impedit. Ut dolore quas hic dolore. Ut architecto asperiores unde. Ex et eum quia facilis. Neque id vero et quidem inventore tempore quibusdam. Ullam earum deserunt necessitatibus sunt nesciunt. Voluptate quia eum eum placeat sunt. Cumque quos repellat aut et aut deserunt soluta. Corporis ut eligendi molestiae iusto eum aliquid. Qui velit et sint nobis officia rerum nulla. Est sunt eius rerum quasi. Sequi autem placeat soluta quia itaque eveniet. Explicabo necessitatibus et eligendi in nesciunt nihil. Et architecto doloribus qui quo eos et. Debitis ut neque aut itaque. Voluptatibus corporis omnis provident rem omnis aut consequatur voluptatem. Consequatur dolorem nostrum laborum ea nesciunt quam et aut. Nihil deserunt et non deleniti. Porro dolor eligendi qui atque. Mollitia perferendis beatae eius eveniet nihil blanditiis. Unde cumque voluptatum est odit maxime. Quis eius est dolore officiis et dolorem.<p><br/><img src=\"https://loremflickr.com/640/360\" style=\"width: 100%; float: none;\"></p><br/>Quod et ducimus doloribus neque. Aliquam qui eaque nulla doloremque. Est debitis a voluptas incidunt illo iure minima qui. Debitis quas ipsum id molestiae. Placeat ipsum qui sit nesciunt dolores consequuntur rerum corporis. Rerum quis non molestias. Eligendi molestias distinctio praesentium. Corporis animi quas et odit perferendis ut aut non. Et ducimus deleniti minima voluptatem qui sint consequuntur. Fugiat est molestias aliquam saepe. Commodi ad sit et eum.', 0.000000, NULL, 678, 0, 1, NULL, 'nostrum-sint-voluptas-non-saepe-ratione-aut', 8, 1, NULL, '2022-07-29 13:57:45', '2022-07-21 13:57:45', 1),
(50, NULL, 5, 'neque', 'Vero iure blanditiis ut animi fugiat quos.', 'itaque je846', '48663565', '4201006224254', 'UPC', 'Ipsa veniam dignissimos exercitationem nesciunt architecto ea occaecati sit. Consequatur a et commodi in. Rerum excepturi nisi quo magni animi numquam laboriosam. Aut est dolor et deleniti. Qui laboriosam excepturi aut qui ipsum vero. Architecto distinctio ut illo mollitia quo doloribus consectetur illo. Ad esse animi architecto minus. Optio provident et qui culpa sit exercitationem accusantium.<p><br/><iframe frameborder=\"0\" src=\"//www.youtube.com/embed/eEzD-Y97ges\" class=\"note-video-clip\" style=\"width: 100%; height: 475px; float: none;\"></iframe></p><br/>Mollitia occaecati tenetur consequatur dicta nisi cumque. Similique eligendi aliquid est accusantium harum et magni. Omnis libero omnis dolor est ullam. Est quisquam ab ad nam. Aperiam autem accusantium vitae similique dignissimos sed quo. Deserunt culpa ut tenetur voluptatibus itaque veritatis et eaque. Culpa quis vitae accusantium magni omnis aspernatur ut.<img src=\"https://loremflickr.com/640/360\" style=\"width: 50%; float: right; margin: 20px 0 20px 20px;\">Occaecati earum eos qui ad. Voluptas expedita suscipit rerum quia aspernatur ipsam repellat. Numquam laudantium porro aut quod quia ut deleniti. Harum delectus nihil possimus et error earum est. Eius quia sapiente amet accusantium. Dicta quia doloribus qui impedit voluptatem qui quia nisi. Rerum vitae illo qui quis. Labore dolorem praesentium dolores fugiat eos aliquam ab. Aliquid doloribus accusamus ipsa assumenda. Nostrum esse esse soluta pariatur cupiditate. Alias et omnis quia cumque nulla occaecati beatae consequuntur. Quasi cum veniam quas quas. Odit placeat accusantium explicabo aliquam vero laborum voluptas. Vel laborum excepturi facere autem atque rem dolore unde. Odio vitae aut et vel. Quae quo id architecto commodi. Illum perspiciatis numquam error id earum facilis sunt. Aliquid est asperiores illum eveniet quis corporis. Autem tempora rerum est unde autem est voluptas. Quo veniam nesciunt eos voluptatum. Architecto ea tenetur iste sit repellat. Praesentium consequuntur natus delectus eos exercitationem temporibus aut. Ratione qui corporis esse earum. Et nemo atque sapiente quo.<p><br/><img src=\"https://loremflickr.com/640/360\" style=\"width: 100%; float: none;\"></p><br/>Et provident quis rem non. Quas sit illum quis laboriosam. Nostrum suscipit minima neque impedit quia laboriosam. Et quod qui voluptatum aperiam quia. Ut quis aut accusantium inventore. Rerum quibusdam minus veritatis eum. Quae necessitatibus ducimus omnis voluptas aut. Magni aliquam nihil ut aliquid cupiditate ut commodi. A ab maxime eaque et. Rerum non dolorem modi. Explicabo qui impedit quas officia id.', 0.000000, NULL, 876, 1, 1, NULL, 'exercitationem-eos-velit-perspiciatis-alias-qui-numquam-corporis', 2, 1, NULL, '2022-07-26 13:57:45', '2022-07-30 13:57:45', 1),
(51, 5, 15, 'corrupti', 'Veritatis eos fuga doloremque placeat ipsam corrupti aliquam cumque.', 'voluptas wg900', '70823987', '4729127929396', 'UPC', 'Molestias nostrum dignissimos quisquam nulla quia similique. Magni fuga et aut unde. Sint dignissimos nulla cum consequatur soluta. Nisi voluptates itaque expedita neque reiciendis ut ratione consectetur. Qui ut eius ut nemo asperiores quae. Placeat dignissimos pariatur delectus dolores alias quis pariatur. Aut possimus sit aliquam perspiciatis voluptatibus distinctio. Ratione iste consequatur optio atque a et sint. Reprehenderit quisquam quod eveniet explicabo sit. Sit error non quia explicabo. Inventore repellat autem qui voluptas.<p><br/><iframe frameborder=\"0\" src=\"//www.youtube.com/embed/mATMpaPBBFI\" class=\"note-video-clip\" style=\"width: 100%; height: 475px; float: none;\"></iframe></p><br/>Laboriosam quia maiores laudantium totam neque enim. Maiores numquam voluptates odio sed. Numquam tempore id eaque. Sint quis ut alias ullam. Harum dolor nulla laborum totam dolores aut. Exercitationem excepturi error maxime magni. Fugit expedita quam sint voluptate inventore consequatur quo consequuntur.<img src=\"http://placeimg.com/640/360/any\" style=\"width: 50%; float: right; margin: 20px 0 20px 20px;\">Modi quod accusamus repellat unde error voluptatem. Similique in ut adipisci sed ut quis. Id eum atque laborum occaecati. Non et voluptates illo aut accusantium explicabo. Ad eius quisquam exercitationem et. Fugit reprehenderit vel illo iste. Sed sapiente a officiis alias. Quis nulla in adipisci iste esse hic et et. Sed adipisci cupiditate iure nulla ea molestiae tenetur. Expedita nihil officia est temporibus. Nobis aspernatur voluptatem possimus blanditiis. Cupiditate rem ut debitis in saepe et. A impedit ipsam cupiditate ullam iure suscipit. Id est ducimus praesentium quod aut ut. Fugit consequuntur optio odit sapiente ut. Sit veritatis voluptates accusamus. Qui qui sint et illo enim. Molestias fugiat odit vel facere. Dolor quaerat sit et fugiat. Sit omnis qui quasi est. Delectus atque expedita ut quia corporis blanditiis. Quaerat sapiente temporibus quia fugit magnam. Id maiores esse eligendi est est vitae quo. Qui laborum eos aut qui explicabo. Sint amet et laboriosam ut aut.<p><br/><img src=\"http://placeimg.com/640/360/any\" style=\"width: 100%; float: none;\"></p><br/>Id nostrum error expedita possimus ullam quidem. Aperiam aperiam soluta quod deleniti doloremque maiores qui. Modi aut aliquam qui. Molestiae quibusdam repellendus a dolores velit aut maiores. Tempora sed velit debitis modi. Sit molestiae ad possimus. Omnis molestias itaque inventore rerum cumque dolore sed. Repellat at qui eligendi tempore voluptas. Ex nisi possimus impedit nisi fuga expedita. Vero ipsum atque laborum sunt pariatur et minima. Alias aliquam sed voluptates omnis iure.', 0.000000, NULL, 170, 1, 1, NULL, 'magnam-id-explicabo-molestiae-suscipit-et', 9, 1, NULL, '2022-07-25 13:57:45', '2022-08-01 13:57:45', 1),
(52, NULL, 1, 'Gucci', 'Bisley Women Watches with Shiny Starry Sky Dial Watch Stainless Steel', 'ltf878-msd', '246526534', '4339143466003', 'EAN', '<div id=\"availability_feature_div\" class=\"celwidget\" data-feature-name=\"availability\" data-csa-c-type=\"widget\" data-csa-c-content-id=\"availability\" data-csa-c-slot-id=\"availability_feature_div\" data-csa-c-asin=\"\" data-csa-c-is-in-initial-active-row=\"false\" data-csa-c-id=\"eokhct-z4ksrz-9rams2-rf5yma\" data-cel-widget=\"availability_feature_div\" style=\"color: rgb(15, 17, 17); font-family: \"Amazon Ember\", Arial, sans-serif;\"><div id=\"availability\" class=\"a-section a-spacing-base a-spacing-top-micro }\" style=\"margin-bottom: 22px; padding-top: 4px; margin-top: 0px !important;\"><span class=\"a-size-medium a-color-price\" style=\"text-rendering: optimizelegibility; font-size: 18px !important; line-height: 24px !important; color: rgb(177, 39, 4) !important;\">Currently unavailable.</span><br>We don\'t know when or if this item will be back in stock.</div><div class=\"a-section a-spacing-none\" style=\"margin-bottom: 22px;\"></div><div class=\"a-section a-spacing-mini\" style=\"margin-bottom: 22px;\"></div></div><div id=\"globalStoreBadgePopover_feature_div\" class=\"celwidget\" data-feature-name=\"globalStoreBadgePopover\" data-csa-c-type=\"widget\" data-csa-c-content-id=\"globalStoreBadgePopover\" data-csa-c-slot-id=\"globalStoreBadgePopover_feature_div\" data-csa-c-asin=\"\" data-csa-c-is-in-initial-active-row=\"false\" data-csa-c-id=\"ipz3lo-91fev8-amb0qz-ki1jz7\" data-cel-widget=\"globalStoreBadgePopover_feature_div\" style=\"color: rgb(15, 17, 17); font-family: \"Amazon Ember\", Arial, sans-serif;\"></div><div id=\"dpFastTrack_feature_div\" class=\"celwidget\" data-feature-name=\"dpFastTrack\" data-csa-c-type=\"widget\" data-csa-c-content-id=\"dpFastTrack\" data-csa-c-slot-id=\"dpFastTrack_feature_div\" data-csa-c-asin=\"\" data-csa-c-is-in-initial-active-row=\"false\" data-csa-c-id=\"4x3chx-hafgst-mb1hq6-lh20ft\" data-cel-widget=\"dpFastTrack_feature_div\" style=\"color: rgb(15, 17, 17); font-family: \"Amazon Ember\", Arial, sans-serif;\"></div><div id=\"shipsFromSoldBy_feature_div\" class=\"celwidget\" data-feature-name=\"shipsFromSoldBy\" data-csa-c-type=\"widget\" data-csa-c-content-id=\"shipsFromSoldBy\" data-csa-c-slot-id=\"shipsFromSoldBy_feature_div\" data-csa-c-asin=\"\" data-csa-c-is-in-initial-active-row=\"false\" data-csa-c-id=\"m02750-lskuqg-9w7why-r8q1gj\" data-cel-widget=\"shipsFromSoldBy_feature_div\" style=\"color: rgb(15, 17, 17); font-family: \"Amazon Ember\", Arial, sans-serif;\"><div id=\"merchant-info\" class=\"a-section a-spacing-base\" style=\"margin-bottom: 0px;\"><span class=\"\"></span></div></div><div id=\"businessPricing_feature_div\" class=\"celwidget\" data-feature-name=\"businessPricing\" data-csa-c-type=\"widget\" data-csa-c-content-id=\"businessPricing\" data-csa-c-slot-id=\"businessPricing_feature_div\" data-csa-c-asin=\"\" data-csa-c-is-in-initial-active-row=\"false\" data-csa-c-id=\"x3pobx-rv26o-mk3xhn-cjowsk\" data-cel-widget=\"businessPricing_feature_div\" style=\"color: rgb(15, 17, 17); font-family: \"Amazon Ember\", Arial, sans-serif;\"></div><div id=\"smileEligibility_feature_div\" class=\"celwidget\" data-feature-name=\"smileEligibility\" data-csa-c-type=\"widget\" data-csa-c-content-id=\"smileEligibility\" data-csa-c-slot-id=\"smileEligibility_feature_div\" data-csa-c-asin=\"\" data-csa-c-is-in-initial-active-row=\"false\" data-csa-c-id=\"nwr87o-cmj9p-c8xzbd-jhgbhm\" data-cel-widget=\"smileEligibility_feature_div\" style=\"color: rgb(15, 17, 17); font-family: \"Amazon Ember\", Arial, sans-serif;\"></div><div id=\"holidayAvailabilityMessage_feature_div\" class=\"celwidget\" data-feature-name=\"holidayAvailabilityMessage\" data-csa-c-type=\"widget\" data-csa-c-content-id=\"holidayAvailabilityMessage\" data-csa-c-slot-id=\"holidayAvailabilityMessage_feature_div\" data-csa-c-asin=\"\" data-csa-c-is-in-initial-active-row=\"false\" data-csa-c-id=\"t1bqik-y8ib3f-ri94in-5ouhuw\" data-cel-widget=\"holidayAvailabilityMessage_feature_div\" style=\"color: rgb(15, 17, 17); font-family: \"Amazon Ember\", Arial, sans-serif;\"></div><div id=\"giftcard-holiday-availability-messaging_feature_div\" class=\"celwidget\" data-feature-name=\"giftCardHolidayAvailabilityMessaging\" data-csa-c-type=\"widget\" data-csa-c-content-id=\"giftCardHolidayAvailabilityMessaging\" data-csa-c-slot-id=\"giftcard-holiday-availability-messaging_feature_div\" data-csa-c-asin=\"\" data-csa-c-is-in-initial-active-row=\"false\" data-csa-c-id=\"n6tphm-1mwd51-2sya15-jap6ju\" data-cel-widget=\"giftcard-holiday-availability-messaging_feature_div\" style=\"color: rgb(15, 17, 17); font-family: \"Amazon Ember\", Arial, sans-serif;\"></div><div id=\"andonCord_feature_div\" class=\"celwidget\" data-feature-name=\"andonCord\" data-csa-c-type=\"widget\" data-csa-c-content-id=\"andonCord\" data-csa-c-slot-id=\"andonCord_feature_div\" data-csa-c-asin=\"\" data-csa-c-is-in-initial-active-row=\"false\" data-csa-c-id=\"laj46z-4jhq6l-l4lj34-r7uvsy\" data-cel-widget=\"andonCord_feature_div\" style=\"color: rgb(15, 17, 17); font-family: \"Amazon Ember\", Arial, sans-serif;\"></div><div id=\"clickToContact_feature_div\" class=\"celwidget\" data-feature-name=\"clickToContact\" data-csa-c-type=\"widget\" data-csa-c-content-id=\"clickToContact\" data-csa-c-slot-id=\"clickToContact_feature_div\" data-csa-c-asin=\"\" data-csa-c-is-in-initial-active-row=\"false\" data-csa-c-id=\"61g5mv-jxn1i9-b6c9vv-gc7zh0\" data-cel-widget=\"clickToContact_feature_div\" style=\"color: rgb(15, 17, 17); font-family: \"Amazon Ember\", Arial, sans-serif;\"></div><div id=\"twisterPlusWWDesktop\" class=\"celwidget\" data-feature-name=\"twisterPlusWWDesktop\" data-csa-c-type=\"widget\" data-csa-c-content-id=\"twisterPlusWWDesktop\" data-csa-c-slot-id=\"twisterPlusWWDesktop\" data-csa-c-asin=\"\" data-csa-c-is-in-initial-active-row=\"false\" data-csa-c-id=\"twvr3m-l2r8l1-k8mor7-vsqo7w\" data-cel-widget=\"twisterPlusWWDesktop\" style=\"color: rgb(15, 17, 17); font-family: \"Amazon Ember\", Arial, sans-serif;\"></div><div id=\"productOverview_feature_div\" class=\"celwidget\" data-feature-name=\"productOverview\" data-csa-c-type=\"widget\" data-csa-c-content-id=\"productOverview\" data-csa-c-slot-id=\"productOverview_feature_div\" data-csa-c-asin=\"\" data-csa-c-is-in-initial-active-row=\"false\" data-csa-c-id=\"i6z3m1-uq8lza-o631m8-7f1by1\" data-cel-widget=\"productOverview_feature_div\" style=\"color: rgb(15, 17, 17); font-family: \"Amazon Ember\", Arial, sans-serif;\"></div><div id=\"sizeChartV2Data_feature_div\" class=\"celwidget\" data-feature-name=\"sizeChartV2Data\" data-csa-c-type=\"widget\" data-csa-c-content-id=\"sizeChartV2Data\" data-csa-c-slot-id=\"sizeChartV2Data_feature_div\" data-csa-c-asin=\"\" data-csa-c-is-in-initial-active-row=\"false\" data-csa-c-id=\"mh4qwo-m4yako-76fqxc-ij0rtk\" data-cel-widget=\"sizeChartV2Data_feature_div\" style=\"color: rgb(15, 17, 17); font-family: \"Amazon Ember\", Arial, sans-serif;\"></div><div id=\"featurebullets_feature_div\" class=\"celwidget\" data-feature-name=\"featurebullets\" data-csa-c-type=\"widget\" data-csa-c-content-id=\"featurebullets\" data-csa-c-slot-id=\"featurebullets_feature_div\" data-csa-c-asin=\"\" data-csa-c-is-in-initial-active-row=\"false\" data-csa-c-id=\"f22nhb-tzrbph-5b5biq-rdlb22\" data-cel-widget=\"featurebullets_feature_div\" style=\"color: rgb(15, 17, 17); font-family: \"Amazon Ember\", Arial, sans-serif;\"><div id=\"feature-bullets\" class=\"a-section a-spacing-medium a-spacing-top-small\" style=\"margin-bottom: 0px; margin-top: 8px !important;\"><ul class=\"a-unordered-list a-vertical a-spacing-mini\" style=\"margin-right: 0px; margin-bottom: 0px; margin-left: 18px; padding: 0px;\"><li style=\"list-style: disc; overflow-wrap: break-word; margin: 0px;\"><span class=\"a-list-item\" style=\"overflow-wrap: break-word; display: block;\">????【Stars Shine Sky Dial Ladies Watch】????Elegant women\'s watch uses easy to read starry sky dial with diamond–cut lens,slim watch hands.the shimmering powder in the dial will change colors under the different lights and views, as twinkle twinkle little star.</span></li><li style=\"list-style: disc; overflow-wrap: break-word; margin: 0px;\"><span class=\"a-list-item\" style=\"overflow-wrap: break-word; display: block;\">????【Women Watch Specification】????Fashion quartz ladies watch-Japanese quartz movement,Luxury women watch diameter 36mm (1.4in), Simple ladies watch case thickness 10mm (0.39in),Navy blue stainless steel lady wristwatch Length:23.5cm (9.25in),Width 16mm (0.62 inch),Navy blue dial woman watch weigth:47.9g((1.68oz)</span></li><li style=\"list-style: disc; overflow-wrap: break-word; margin: 0px;\"><span class=\"a-list-item\" style=\"overflow-wrap: break-word; display: block;\">????【Creative Unique Design】????Scratch-resistant mineral hardlex glass dial, stainless steel bottom.The watch mirror has 8 mirror cuts,Very stylish and beautiful.This watch is a pin buckle strap design. We fixed the hole buckle so that it won\'t slip off when worn.</span></li><li style=\"list-style: disc; overflow-wrap: break-word; margin: 0px;\"><span class=\"a-list-item\" style=\"overflow-wrap: break-word; display: block;\">????【Romantic Gift for Women】????This watches is great for daily wear,Its simple and elegant appearance makes it an ideal gift for your loved ones, and it is suitable to be given as a gift on any holiday or occasion, such as Christmas, Thanksgiving, birthday, anniversary, Mother\'s Day, graduation, Valentine\'s Day, etc.</span></li><li style=\"list-style: disc; overflow-wrap: break-word; margin: 0px;\"><span class=\"a-list-item\" style=\"overflow-wrap: break-word; display: block;\">????【Warm Tips】????Water resistant to 30m (100ft) in general, withstands splashes or brief immersion in water, but not suitable for swimming or bathing.We provide you with 90 days free return and 1 year warranty service. If you have any questions after purchase, please contact us promptly and we will handle it for you within 24 hours until you are satisfied.</span></li></ul></div></div>', 30.000000, 35.000000, 826, NULL, 1, NULL, 'bisley-women-watches-with-shiny-starry-sky-dial-watch-stainless-steel', NULL, 1, NULL, '2022-12-14 01:37:44', '2022-12-14 01:47:53', 1);

-- --------------------------------------------------------

--
-- Table structure for table `razorpay_wallet_transection`
--

CREATE TABLE `razorpay_wallet_transection` (
  `id` bigint UNSIGNED NOT NULL,
  `amount` int NOT NULL,
  `razorpay_order_id` text CHARACTER SET utf8mb3 COLLATE utf8mb3_unicode_ci NOT NULL
) ENGINE=InnoDB DEFAULT CHARSET=utf8mb3 COLLATE=utf8mb3_unicode_ci;

-- --------------------------------------------------------

--
-- Table structure for table `refunds`
--

CREATE TABLE `refunds` (
  `id` bigint UNSIGNED NOT NULL,
  `shop_id` int UNSIGNED DEFAULT NULL,
  `order_id` bigint UNSIGNED NOT NULL,
  `order_fulfilled` tinyint(1) DEFAULT NULL,
  `return_goods` tinyint(1) DEFAULT NULL,
  `amount` decimal(20,6) NOT NULL DEFAULT '0.000000',
  `description` longtext CHARACTER SET utf8mb3 COLLATE utf8mb3_unicode_ci,
  `status` int UNSIGNED NOT NULL DEFAULT '1',
  `created_at` timestamp NULL DEFAULT NULL,
  `updated_at` timestamp NULL DEFAULT NULL
) ENGINE=InnoDB DEFAULT CHARSET=utf8mb3 COLLATE=utf8mb3_unicode_ci;

--
-- Dumping data for table `refunds`
--

INSERT INTO `refunds` (`id`, `shop_id`, `order_id`, `order_fulfilled`, `return_goods`, `amount`, `description`, `status`, `created_at`, `updated_at`) VALUES
(1, 3, 23, 1, 0, 100.000000, NULL, 2, '2022-12-12 04:50:25', '2022-12-12 04:50:25'),
(2, 5, 24, 0, 0, 5.000000, NULL, 2, '2022-12-12 04:54:02', '2022-12-12 04:54:02'),
(3, 1, 25, 1, 0, 200.000000, '<p>Sorry for this.</p>', 2, '2022-12-13 05:26:33', '2022-12-13 05:26:33'),
(4, 1, 26, 0, 1, 100.000000, '<p>sorry for the experience.</p>', 2, '2022-12-13 05:34:05', '2022-12-13 05:34:05'),
(5, 1, 27, 1, 1, 50.000000, NULL, 2, '2022-12-13 05:42:15', '2022-12-13 05:42:15'),
(6, 5, 39, 0, 1, 150.000000, NULL, 1, '2022-12-14 06:34:17', '2022-12-14 06:34:17'),
(7, 1, 38, 0, 0, 100.000000, NULL, 1, '2022-12-14 06:49:15', '2022-12-14 06:49:15'),
(8, 1, 30, 1, 0, 120.000000, NULL, 1, '2022-12-14 06:50:18', '2022-12-14 06:50:18'),
(9, 1, 11, 0, 0, 200.000000, NULL, 2, '2022-12-14 06:51:23', '2022-12-14 06:51:23'),
(10, 1, 11, 0, 0, 1400.000000, NULL, 2, '2022-12-14 06:51:53', '2022-12-14 06:51:53'),
(11, 1, 15, 1, 0, 250.000000, NULL, 2, '2022-12-14 06:52:31', '2022-12-14 06:52:31'),
(12, 5, 33, 1, 0, 218.000000, NULL, 2, '2022-12-14 06:53:45', '2022-12-14 06:53:45'),
(13, 5, 33, 1, 0, 219.000000, NULL, 1, '2022-12-14 06:54:42', '2022-12-14 06:54:42'),
(14, 3, 14, 0, 0, 150.000000, NULL, 1, '2022-12-14 06:55:57', '2022-12-14 06:55:57'),
(15, 4, 13, 0, 0, 150.000000, NULL, 1, '2022-12-14 06:56:31', '2022-12-14 06:56:31');

-- --------------------------------------------------------

--
-- Table structure for table `replies`
--

CREATE TABLE `replies` (
  `id` bigint UNSIGNED NOT NULL,
  `reply` longtext CHARACTER SET utf8mb3 COLLATE utf8mb3_unicode_ci,
  `user_id` bigint UNSIGNED DEFAULT NULL,
  `customer_id` bigint UNSIGNED DEFAULT NULL,
  `read` tinyint(1) DEFAULT NULL,
  `repliable_id` bigint UNSIGNED NOT NULL,
  `repliable_type` varchar(255) CHARACTER SET utf8mb3 COLLATE utf8mb3_unicode_ci NOT NULL,
  `created_at` timestamp NULL DEFAULT NULL,
  `updated_at` timestamp NULL DEFAULT NULL
) ENGINE=InnoDB DEFAULT CHARSET=utf8mb3 COLLATE=utf8mb3_unicode_ci;

--
-- Dumping data for table `replies`
--

INSERT INTO `replies` (`id`, `reply`, `user_id`, `customer_id`, `read`, `repliable_id`, `repliable_type`, `created_at`, `updated_at`) VALUES
(1, 'Explicabo molestias consequatur accusamus illum. Nemo quo et autem dolorem vero. Accusamus optio deleniti dolore repudiandae voluptatem rerum temporibus. Perspiciatis repellendus ea blanditiis hic qui accusantium in tempore.', 2, NULL, 1, 4, 'App\\Models\\Ticket', '2022-07-31 13:57:50', '2022-07-28 13:57:50'),
(2, 'Cupiditate rem quam error in labore dolore sequi. Accusantium deserunt aut soluta fuga et voluptas.', 5, NULL, 0, 5, 'App\\Models\\Ticket', '2022-07-20 13:57:50', '2022-07-28 13:57:50'),
(3, 'Sit non quaerat et aliquam. Beatae qui voluptas cumque vel iusto. Deleniti occaecati officia veritatis delectus nemo.', 1, NULL, 1, 3, 'App\\Models\\Message', '2022-07-24 13:57:50', '2022-07-20 13:57:50'),
(4, 'Quam molestiae dolorem suscipit. Dolorem blanditiis voluptatem sit et. Corrupti vel voluptates omnis ut nihil. Aut ut vel deserunt eaque sed rem magnam.', 1, NULL, 0, 2, 'App\\Models\\Ticket', '2022-08-02 13:57:50', '2022-07-19 13:57:50'),
(5, 'Velit aut incidunt est necessitatibus autem tenetur sint. Fuga veniam quam quo qui. Eveniet adipisci est atque corporis ut nostrum.', 5, NULL, 1, 5, 'App\\Models\\Message', '2022-07-20 13:57:50', '2022-07-25 13:57:50'),
(6, 'A quasi enim eaque. Aut natus dolor nobis dolorem et quidem delectus. Deleniti eum molestiae voluptas dolor aut.', 6, NULL, 1, 5, 'App\\Models\\Message', '2022-07-30 13:57:50', '2022-07-29 13:57:50'),
(7, 'Aut minus at blanditiis nobis. Cum aut accusantium voluptas quaerat ratione at illum iure. Ut nam et vel qui sint enim hic soluta. Consequatur atque soluta enim possimus dolorem necessitatibus harum.', 7, NULL, 0, 1, 'App\\Models\\Message', '2022-07-28 13:57:50', '2022-07-25 13:57:50'),
(8, 'Ad est quis qui deserunt id ut et. Non reprehenderit repellendus velit minus earum et rerum aperiam. Ipsum nesciunt molestias voluptas excepturi veritatis.', 4, NULL, 1, 4, 'App\\Models\\Ticket', '2022-07-28 13:57:50', '2022-07-28 13:57:50'),
(9, 'Consectetur aperiam dolore voluptate harum laboriosam rerum. Maiores sit voluptatem consequatur expedita ratione et dolore. Minus blanditiis facere nesciunt ab iure veritatis magnam. Quidem ut alias itaque necessitatibus aspernatur rerum.', 1, NULL, 1, 3, 'App\\Models\\Message', '2022-07-19 13:57:50', '2022-07-22 13:57:50'),
(10, 'Et veritatis inventore debitis. Quibusdam modi eum sapiente et quis dolore velit quia. Sunt minima necessitatibus ut quia dolorem assumenda.', 2, NULL, 0, 4, 'App\\Models\\Message', '2022-07-23 13:57:50', '2022-07-26 13:57:50'),
(11, 'Sapiente provident provident itaque assumenda eveniet. Expedita possimus autem doloremque qui architecto corporis consequatur. Non nulla provident amet asperiores harum temporibus nam est.', 6, NULL, 1, 1, 'App\\Models\\Message', '2022-07-29 13:57:50', '2022-07-25 13:57:50'),
(12, 'Debitis ad illum qui modi. Et accusantium quia ratione molestias.', 3, NULL, 0, 2, 'App\\Models\\Message', '2022-07-29 13:57:50', '2022-07-31 13:57:50'),
(13, 'Et nihil qui temporibus laudantium commodi suscipit. Inventore aperiam ipsam distinctio illo voluptatum porro quod iusto. Ad dolores modi odio consequatur quam nulla.', 1, NULL, 0, 5, 'App\\Models\\Ticket', '2022-07-22 13:57:50', '2022-07-28 13:57:50'),
(14, 'Omnis aut voluptas delectus sunt ut. Tenetur tempora fuga hic deleniti molestiae occaecati. Ab unde commodi mollitia quasi eum aut sint.', 2, NULL, 0, 4, 'App\\Models\\Ticket', '2022-08-02 13:57:50', '2022-08-01 13:57:50'),
(15, 'Aut ut aut velit. Praesentium rerum ex hic quisquam. Exercitationem neque reprehenderit beatae voluptas et praesentium laboriosam. Quo suscipit dolores ut dolorem aliquid.', 1, NULL, 0, 5, 'App\\Models\\Message', '2022-07-20 13:57:50', '2022-07-24 13:57:50'),
(16, 'Est consequatur in aut et. Molestiae sint temporibus maxime quas adipisci. Unde similique rerum quo ut dignissimos doloremque sed. Et quas nostrum ut.', 6, NULL, 0, 5, 'App\\Models\\Message', '2022-08-02 13:57:50', '2022-07-24 13:57:50'),
(17, 'Nihil et nulla est aliquam. Tempore totam maiores nisi ad dignissimos. Qui rerum modi quae necessitatibus sed ea cum.', 4, NULL, 1, 2, 'App\\Models\\Ticket', '2022-07-29 13:57:50', '2022-07-23 13:57:50'),
(18, 'Voluptatem sit voluptate enim accusantium quia atque. Ducimus odit ullam atque consequuntur deserunt dolore quis.', 4, NULL, 1, 5, 'App\\Models\\Ticket', '2022-07-25 13:57:50', '2022-07-20 13:57:50'),
(19, 'Dolores asperiores aut sit omnis sed et. Molestiae corporis qui error quidem repudiandae explicabo vitae. Et eum animi reprehenderit veniam qui.', 1, NULL, 1, 4, 'App\\Models\\Ticket', '2022-07-31 13:57:50', '2022-07-22 13:57:50'),
(20, 'Consequatur ab harum aut pariatur reiciendis fugit aut. Harum porro repudiandae eos quia dolorem quo nesciunt eos. Quo doloremque aliquam eaque repudiandae.', 3, NULL, 1, 5, 'App\\Models\\Ticket', '2022-07-31 13:57:50', '2022-07-27 13:57:50'),
(21, 'Corrupti et earum voluptatibus voluptas laudantium in. Facilis hic voluptatum culpa eum quaerat. Nisi nam omnis saepe.', 6, NULL, 0, 5, 'App\\Models\\Ticket', '2022-07-26 13:57:50', '2022-07-18 13:57:50'),
(22, 'Enim tempora consectetur est sit laborum debitis. Reiciendis illo eum hic voluptas quia. Nulla eius ut reprehenderit beatae. Aliquam ad dolore iste placeat occaecati in explicabo aut.', 2, NULL, 0, 4, 'App\\Models\\Ticket', '2022-07-29 13:57:50', '2022-07-23 13:57:50'),
(23, 'Possimus deserunt voluptatibus corporis error. Ad quasi porro vitae et est ex.', 3, NULL, 1, 1, 'App\\Models\\Ticket', '2022-07-28 13:57:50', '2022-07-20 13:57:50'),
(24, 'Tempore velit perspiciatis aut minus. Omnis et molestiae fugit reiciendis tempora. Error culpa fuga dignissimos cupiditate officia illo.', 3, NULL, 0, 1, 'App\\Models\\Message', '2022-07-20 13:57:50', '2022-07-31 13:57:50'),
(25, 'Repellat natus laudantium est. Perspiciatis corrupti ut reprehenderit odio reprehenderit nam non. Molestiae fugit non qui blanditiis aut. Voluptatem sit et enim quae.', 3, NULL, 0, 5, 'App\\Models\\Message', '2022-07-27 13:57:50', '2022-07-29 13:57:50'),
(26, 'Et veritatis reprehenderit et praesentium aut. Quia laudantium consequuntur qui deleniti. Qui esse esse a itaque illo asperiores.', 5, NULL, 1, 5, 'App\\Models\\Message', '2022-07-20 13:57:50', '2022-07-27 13:57:50'),
(27, 'Velit tempore explicabo esse corrupti. Itaque deserunt minima illum sapiente quia distinctio praesentium. Placeat non in animi impedit.', 7, NULL, 0, 4, 'App\\Models\\Message', '2022-07-26 13:57:50', '2022-07-22 13:57:50'),
(28, 'Quia sed et in illum molestiae vitae minima. Ut nobis fugit mollitia quod sapiente blanditiis. Temporibus reprehenderit voluptatem ad sed est.', 3, NULL, 0, 2, 'App\\Models\\Ticket', '2022-07-24 13:57:50', '2022-07-18 13:57:50'),
(29, 'Est officiis cum incidunt aut repellendus veritatis vel. Voluptatem voluptatem rerum est assumenda. Facere reprehenderit quia ducimus quia sunt unde. Placeat et at praesentium qui et ea vitae.', 5, NULL, 1, 4, 'App\\Models\\Ticket', '2022-07-30 13:57:50', '2022-07-19 13:57:50'),
(30, 'Saepe est aperiam minus ipsum rem. Iure ullam cumque necessitatibus voluptas. Consequatur quam rerum nesciunt fugit et.', 4, NULL, 1, 4, 'App\\Models\\Ticket', '2022-07-31 13:57:50', '2022-07-28 13:57:50'),
(31, 'Are you there.', NULL, 18, NULL, 1, 'Incevio\\Package\\LiveChat\\Models\\ChatConversation', '2022-12-12 03:58:29', '2022-12-12 03:58:29'),
(32, 'we beg appology for the issue.', 3, NULL, NULL, 6, 'App\\Models\\Dispute', '2022-12-12 04:18:46', '2022-12-12 04:18:46'),
(33, 'I need full money back.', NULL, 18, NULL, 9, 'App\\Models\\Dispute', '2022-12-12 04:51:28', '2022-12-12 04:51:28'),
(34, 'I am not hpy.', NULL, 20, NULL, 12, 'App\\Models\\Dispute', '2022-12-13 05:36:57', '2022-12-13 05:36:57'),
(35, 'Thanks. It\'s made my day.', NULL, 20, NULL, 18, 'App\\Models\\Message', '2022-12-13 06:13:51', '2022-12-13 06:13:51'),
(36, 'How do I can receive that?', NULL, 20, NULL, 18, 'App\\Models\\Message', '2022-12-13 06:14:36', '2022-12-13 06:14:36'),
(37, 'Thank you very much.', NULL, 21, NULL, 20, 'App\\Models\\Message', '2022-12-14 05:02:41', '2022-12-14 05:02:41'),
(38, 'Thank you very much.', NULL, 22, NULL, 23, 'App\\Models\\Message', '2022-12-14 05:25:44', '2022-12-14 05:25:44'),
(39, 'Hope I can enjoy my online shopping.', NULL, 22, NULL, 23, 'App\\Models\\Message', '2022-12-14 05:26:44', '2022-12-14 05:26:44');

-- --------------------------------------------------------

--
-- Table structure for table `roles`
--

CREATE TABLE `roles` (
  `id` int UNSIGNED NOT NULL,
  `shop_id` int UNSIGNED DEFAULT NULL,
  `name` varchar(255) CHARACTER SET utf8mb3 COLLATE utf8mb3_unicode_ci NOT NULL,
  `description` text CHARACTER SET utf8mb3 COLLATE utf8mb3_unicode_ci,
  `public` tinyint(1) DEFAULT NULL,
  `level` int UNSIGNED DEFAULT NULL,
  `deleted_at` timestamp NULL DEFAULT NULL,
  `created_at` timestamp NULL DEFAULT NULL,
  `updated_at` timestamp NULL DEFAULT NULL
) ENGINE=InnoDB DEFAULT CHARSET=utf8mb3 COLLATE=utf8mb3_unicode_ci;

--
-- Dumping data for table `roles`
--

INSERT INTO `roles` (`id`, `shop_id`, `name`, `description`, `public`, `level`, `deleted_at`, `created_at`, `updated_at`) VALUES
(1, NULL, 'Super Admin', 'Super Admin can do anything over the application.', 0, 1, NULL, '2022-08-02 13:57:42', '2022-08-02 13:57:42'),
(2, NULL, 'Admin', 'Admins can do anything over the application. Just cant access Super Admin and other Admins information.', 0, 2, NULL, '2022-08-02 13:57:42', '2022-08-02 13:57:42'),
(3, NULL, 'Merchant', 'The owner of a shop. A merchant can control all contents under his/her shop.', 0, 3, NULL, '2022-08-02 13:57:42', '2022-08-02 13:57:42'),
(4, NULL, 'Modaretor', 'Can access all information except the shop settings in under his/her shop.', 1, 4, NULL, '2022-08-02 13:57:42', '2022-08-02 13:57:42'),
(5, NULL, 'Order Handler', 'Only can access order information under his/her shop.', 1, 5, NULL, '2022-08-02 13:57:42', '2022-08-02 13:57:42');

-- --------------------------------------------------------

--
-- Table structure for table `shipping_rates`
--

CREATE TABLE `shipping_rates` (
  `id` int UNSIGNED NOT NULL,
  `name` varchar(255) CHARACTER SET utf8mb3 COLLATE utf8mb3_unicode_ci NOT NULL,
  `shipping_zone_id` int UNSIGNED NOT NULL,
  `carrier_id` int UNSIGNED DEFAULT NULL,
  `based_on` enum('price','weight') CHARACTER SET utf8mb3 COLLATE utf8mb3_unicode_ci NOT NULL DEFAULT 'price',
  `minimum` decimal(20,6) DEFAULT NULL,
  `maximum` decimal(20,6) DEFAULT NULL,
  `rate` decimal(20,6) DEFAULT NULL,
  `delivery_takes` varchar(255) CHARACTER SET utf8mb3 COLLATE utf8mb3_unicode_ci DEFAULT NULL,
  `created_at` timestamp NULL DEFAULT NULL,
  `updated_at` timestamp NULL DEFAULT NULL
) ENGINE=InnoDB DEFAULT CHARSET=utf8mb3 COLLATE=utf8mb3_unicode_ci;

--
-- Dumping data for table `shipping_rates`
--

INSERT INTO `shipping_rates` (`id`, `name`, `shipping_zone_id`, `carrier_id`, `based_on`, `minimum`, `maximum`, `rate`, `delivery_takes`, `created_at`, `updated_at`) VALUES
(1, 'itaque', 1, 4, 'weight', 0.000000, 2000.000000, 5.000000, '9-21 days', '2022-08-02 13:57:47', '2022-08-02 13:57:47'),
(2, 'impedit', 1, 3, 'price', 0.000000, NULL, 14.000000, '9-26 days', '2022-08-02 13:57:47', '2022-08-02 13:57:47'),
(3, 'repudiandae', 1, 5, 'weight', 0.000000, 2000.000000, 13.000000, '20-21 days', '2022-08-02 13:57:47', '2022-08-02 13:57:47'),
(4, 'est', 1, 3, 'price', 0.000000, NULL, 6.000000, '3-7 days', '2022-08-02 13:57:47', '2022-08-02 13:57:47'),
(5, 'ea', 1, 3, 'weight', 0.000000, 2000.000000, 4.000000, '4-11 days', '2022-08-02 13:57:47', '2022-08-02 13:57:47'),
(6, 'facilis', 2, 1, 'price', 0.000000, NULL, 10.000000, '20-40 days', '2022-08-02 13:57:47', '2022-08-02 13:57:47'),
(7, 'adipisci', 2, 2, 'price', 0.000000, NULL, 9.000000, '7-19 days', '2022-08-02 13:57:47', '2022-08-02 13:57:47'),
(8, 'libero', 2, 4, 'weight', 0.000000, 2000.000000, 9.000000, '13-32 days', '2022-08-02 13:57:47', '2022-08-02 13:57:47'),
(9, 'dolore', 2, 5, 'weight', 0.000000, 2000.000000, 13.000000, '8-19 days', '2022-08-02 13:57:47', '2022-08-02 13:57:47'),
(10, 'nam', 2, 4, 'price', 0.000000, NULL, 14.000000, '2-22 days', '2022-08-02 13:57:47', '2022-08-02 13:57:47'),
(11, 'voluptatibus', 3, 4, 'weight', 0.000000, 2000.000000, 3.000000, '9-17 days', '2022-08-02 13:57:47', '2022-08-02 13:57:47'),
(12, 'perspiciatis', 3, 1, 'price', 0.000000, NULL, 1.000000, '17-24 days', '2022-08-02 13:57:47', '2022-08-02 13:57:47'),
(13, 'dolore', 3, 3, 'weight', 0.000000, 2000.000000, 16.000000, '16-33 days', '2022-08-02 13:57:47', '2022-08-02 13:57:47'),
(14, 'nemo', 3, 5, 'price', 0.000000, NULL, 9.000000, '10-16 days', '2022-08-02 13:57:47', '2022-08-02 13:57:47'),
(15, 'eum', 3, 5, 'weight', 0.000000, 2000.000000, 0.000000, '16-28 days', '2022-08-02 13:57:47', '2022-08-02 13:57:47'),
(16, 'qui', 4, 2, 'weight', 0.000000, 2000.000000, 9.000000, '1-5 days', '2022-08-02 13:57:47', '2022-08-02 13:57:47'),
(17, 'modi', 4, 5, 'price', 0.000000, NULL, 15.000000, '15-28 days', '2022-08-02 13:57:47', '2022-08-02 13:57:47'),
(18, 'nam', 4, 5, 'price', 0.000000, NULL, 1.000000, '16-17 days', '2022-08-02 13:57:47', '2022-08-02 13:57:47'),
(19, 'rerum', 4, 4, 'price', 0.000000, NULL, 5.000000, '16-30 days', '2022-08-02 13:57:47', '2022-08-02 13:57:47'),
(20, 'facere', 4, 4, 'price', 0.000000, NULL, 17.000000, '15-30 days', '2022-08-02 13:57:47', '2022-08-02 13:57:47'),
(21, 'eum', 5, 1, 'weight', 0.000000, 2000.000000, 15.000000, '14-25 days', '2022-08-02 13:57:47', '2022-08-02 13:57:47'),
(22, 'vel', 5, 2, 'price', 0.000000, NULL, 4.000000, '3-6 days', '2022-08-02 13:57:47', '2022-08-02 13:57:47'),
(23, 'commodi', 5, 3, 'price', 0.000000, NULL, 16.000000, '1-6 days', '2022-08-02 13:57:47', '2022-08-02 13:57:47'),
(24, 'doloribus', 5, 2, 'price', 0.000000, NULL, 19.000000, '8-18 days', '2022-08-02 13:57:47', '2022-08-02 13:57:47'),
(25, 'sed', 5, 1, 'price', 0.000000, NULL, 20.000000, '4-16 days', '2022-08-02 13:57:47', '2022-08-02 13:57:47'),
(26, 'quod', 6, 1, 'price', 0.000000, NULL, 2.000000, '10-22 days', '2022-08-02 13:57:47', '2022-08-02 13:57:47'),
(27, 'quos', 6, 3, 'price', 0.000000, NULL, 3.000000, '20-35 days', '2022-08-02 13:57:47', '2022-08-02 13:57:47'),
(28, 'quisquam', 6, 4, 'price', 0.000000, NULL, 2.000000, '8-28 days', '2022-08-02 13:57:47', '2022-08-02 13:57:47'),
(29, 'et', 6, 1, 'price', 0.000000, NULL, 2.000000, '17-35 days', '2022-08-02 13:57:47', '2022-08-02 13:57:47'),
(30, 'aut', 6, 3, 'price', 0.000000, NULL, 11.000000, '3-4 days', '2022-08-02 13:57:47', '2022-08-02 13:57:47'),
(31, 'nobis', 7, 4, 'price', 0.000000, NULL, 16.000000, '12-21 days', '2022-08-02 13:57:47', '2022-08-02 13:57:47'),
(32, 'minus', 7, 3, 'price', 0.000000, NULL, 17.000000, '2-22 days', '2022-08-02 13:57:47', '2022-08-02 13:57:47'),
(33, 'qui', 7, 1, 'price', 0.000000, NULL, 19.000000, '2-15 days', '2022-08-02 13:57:47', '2022-08-02 13:57:47'),
(34, 'porro', 7, 1, 'price', 0.000000, NULL, 14.000000, '8-19 days', '2022-08-02 13:57:47', '2022-08-02 13:57:47'),
(35, 'quasi', 7, 4, 'price', 0.000000, NULL, 11.000000, '9-12 days', '2022-08-02 13:57:47', '2022-08-02 13:57:47'),
(36, 'magni', 8, 4, 'weight', 0.000000, 2000.000000, 9.000000, '11-25 days', '2022-08-02 13:57:47', '2022-08-02 13:57:47'),
(37, 'aliquid', 8, 5, 'weight', 0.000000, 2000.000000, 1.000000, '19-36 days', '2022-08-02 13:57:47', '2022-08-02 13:57:47'),
(38, 'pariatur', 8, 2, 'price', 0.000000, NULL, 19.000000, '12-26 days', '2022-08-02 13:57:47', '2022-08-02 13:57:47'),
(39, 'sit', 8, 5, 'price', 0.000000, NULL, 17.000000, '1-8 days', '2022-08-02 13:57:47', '2022-08-02 13:57:47'),
(40, 'distinctio', 8, 1, 'price', 0.000000, NULL, 20.000000, '10-18 days', '2022-08-02 13:57:47', '2022-08-02 13:57:47'),
(41, 'modi', 9, 4, 'weight', 0.000000, 2000.000000, 14.000000, '3-8 days', '2022-08-02 13:57:47', '2022-08-02 13:57:47'),
(42, 'commodi', 9, 4, 'price', 0.000000, NULL, 8.000000, '20-24 days', '2022-08-02 13:57:47', '2022-08-02 13:57:47'),
(43, 'et', 9, 3, 'price', 0.000000, NULL, 4.000000, '1-13 days', '2022-08-02 13:57:47', '2022-08-02 13:57:47'),
(44, 'ad', 9, 1, 'price', 0.000000, NULL, 2.000000, '11-22 days', '2022-08-02 13:57:47', '2022-08-02 13:57:47'),
(45, 'voluptatem', 9, 3, 'price', 0.000000, NULL, 6.000000, '11-23 days', '2022-08-02 13:57:47', '2022-08-02 13:57:47'),
(46, 'veritatis', 10, 4, 'price', 0.000000, NULL, 0.000000, '19-34 days', '2022-08-02 13:57:47', '2022-08-02 13:57:47'),
(47, 'qui', 10, 3, 'price', 0.000000, NULL, 20.000000, '20-39 days', '2022-08-02 13:57:47', '2022-08-02 13:57:47'),
(48, 'dolores', 10, 5, 'weight', 0.000000, 2000.000000, 4.000000, '7-26 days', '2022-08-02 13:57:47', '2022-08-02 13:57:47'),
(49, 'labore', 10, 4, 'price', 0.000000, NULL, 14.000000, '10-28 days', '2022-08-02 13:57:47', '2022-08-02 13:57:47'),
(50, 'aspernatur', 10, 5, 'weight', 0.000000, 2000.000000, 8.000000, '10-11 days', '2022-08-02 13:57:47', '2022-08-02 13:57:47');

-- --------------------------------------------------------

--
-- Table structure for table `shipping_zones`
--

CREATE TABLE `shipping_zones` (
  `id` int UNSIGNED NOT NULL,
  `shop_id` int UNSIGNED DEFAULT NULL,
  `name` varchar(255) CHARACTER SET utf8mb3 COLLATE utf8mb3_unicode_ci NOT NULL,
  `tax_id` int UNSIGNED DEFAULT NULL,
  `country_ids` text CHARACTER SET utf8mb3 COLLATE utf8mb3_unicode_ci,
  `state_ids` longtext CHARACTER SET utf8mb3 COLLATE utf8mb3_unicode_ci,
  `rest_of_the_world` tinyint(1) NOT NULL DEFAULT '0',
  `active` tinyint(1) NOT NULL DEFAULT '1',
  `created_at` timestamp NULL DEFAULT NULL,
  `updated_at` timestamp NULL DEFAULT NULL
) ENGINE=InnoDB DEFAULT CHARSET=utf8mb3 COLLATE=utf8mb3_unicode_ci;

--
-- Dumping data for table `shipping_zones`
--

INSERT INTO `shipping_zones` (`id`, `shop_id`, `name`, `tax_id`, `country_ids`, `state_ids`, `rest_of_the_world`, `active`, `created_at`, `updated_at`) VALUES
(1, 1, 'Domestic', 1, 'a:2:{i:0;i:50;i:1;i:840;}', 'a:67:{i:0;i:64;i:1;i:65;i:2;i:66;i:3;i:67;i:4;i:68;i:5;i:69;i:6;i:70;i:7;i:71;i:8;i:1322;i:9;i:1323;i:10;i:1324;i:11;i:1325;i:12;i:1326;i:13;i:1327;i:14;i:1328;i:15;i:1329;i:16;i:1330;i:17;i:1331;i:18;i:1332;i:19;i:1333;i:20;i:1334;i:21;i:1335;i:22;i:1336;i:23;i:1337;i:24;i:1338;i:25;i:1339;i:26;i:1340;i:27;i:1341;i:28;i:1342;i:29;i:1343;i:30;i:1344;i:31;i:1345;i:32;i:1346;i:33;i:1347;i:34;i:1348;i:35;i:1349;i:36;i:1350;i:37;i:1351;i:38;i:1352;i:39;i:1353;i:40;i:1354;i:41;i:1355;i:42;i:1356;i:43;i:1357;i:44;i:1358;i:45;i:1359;i:46;i:1360;i:47;i:1361;i:48;i:1362;i:49;i:1363;i:50;i:1364;i:51;i:1365;i:52;i:1366;i:53;i:1367;i:54;i:1368;i:55;i:1369;i:56;i:1370;i:57;i:1371;i:58;i:1372;i:59;i:1373;i:60;i:1374;i:61;i:1375;i:62;i:1376;i:63;i:1377;i:64;i:1378;i:65;i:1379;i:66;i:1380;}', 0, 1, '2022-08-15 13:57:43', '2022-08-15 13:57:43'),
(2, 1, 'Worldwide', 1, NULL, NULL, 1, 1, '2022-08-15 13:57:43', '2022-08-15 13:57:43'),
(3, 2, 'Domestic', 1, 'a:2:{i:0;i:50;i:1;i:840;}', 'a:67:{i:0;i:64;i:1;i:65;i:2;i:66;i:3;i:67;i:4;i:68;i:5;i:69;i:6;i:70;i:7;i:71;i:8;i:1322;i:9;i:1323;i:10;i:1324;i:11;i:1325;i:12;i:1326;i:13;i:1327;i:14;i:1328;i:15;i:1329;i:16;i:1330;i:17;i:1331;i:18;i:1332;i:19;i:1333;i:20;i:1334;i:21;i:1335;i:22;i:1336;i:23;i:1337;i:24;i:1338;i:25;i:1339;i:26;i:1340;i:27;i:1341;i:28;i:1342;i:29;i:1343;i:30;i:1344;i:31;i:1345;i:32;i:1346;i:33;i:1347;i:34;i:1348;i:35;i:1349;i:36;i:1350;i:37;i:1351;i:38;i:1352;i:39;i:1353;i:40;i:1354;i:41;i:1355;i:42;i:1356;i:43;i:1357;i:44;i:1358;i:45;i:1359;i:46;i:1360;i:47;i:1361;i:48;i:1362;i:49;i:1363;i:50;i:1364;i:51;i:1365;i:52;i:1366;i:53;i:1367;i:54;i:1368;i:55;i:1369;i:56;i:1370;i:57;i:1371;i:58;i:1372;i:59;i:1373;i:60;i:1374;i:61;i:1375;i:62;i:1376;i:63;i:1377;i:64;i:1378;i:65;i:1379;i:66;i:1380;}', 0, 1, '2022-08-15 13:57:43', '2022-08-15 13:57:43'),
(4, 2, 'Worldwide', 1, NULL, NULL, 1, 1, '2022-08-15 13:57:43', '2022-08-15 13:57:43'),
(5, 3, 'Domestic', 1, 'a:2:{i:0;i:50;i:1;i:840;}', 'a:67:{i:0;i:64;i:1;i:65;i:2;i:66;i:3;i:67;i:4;i:68;i:5;i:69;i:6;i:70;i:7;i:71;i:8;i:1322;i:9;i:1323;i:10;i:1324;i:11;i:1325;i:12;i:1326;i:13;i:1327;i:14;i:1328;i:15;i:1329;i:16;i:1330;i:17;i:1331;i:18;i:1332;i:19;i:1333;i:20;i:1334;i:21;i:1335;i:22;i:1336;i:23;i:1337;i:24;i:1338;i:25;i:1339;i:26;i:1340;i:27;i:1341;i:28;i:1342;i:29;i:1343;i:30;i:1344;i:31;i:1345;i:32;i:1346;i:33;i:1347;i:34;i:1348;i:35;i:1349;i:36;i:1350;i:37;i:1351;i:38;i:1352;i:39;i:1353;i:40;i:1354;i:41;i:1355;i:42;i:1356;i:43;i:1357;i:44;i:1358;i:45;i:1359;i:46;i:1360;i:47;i:1361;i:48;i:1362;i:49;i:1363;i:50;i:1364;i:51;i:1365;i:52;i:1366;i:53;i:1367;i:54;i:1368;i:55;i:1369;i:56;i:1370;i:57;i:1371;i:58;i:1372;i:59;i:1373;i:60;i:1374;i:61;i:1375;i:62;i:1376;i:63;i:1377;i:64;i:1378;i:65;i:1379;i:66;i:1380;}', 0, 1, '2022-08-15 13:57:43', '2022-08-15 13:57:43'),
(6, 3, 'Worldwide', 1, NULL, NULL, 1, 1, '2022-08-15 13:57:43', '2022-08-15 13:57:43'),
(7, 4, 'Domestic', 1, 'a:2:{i:0;i:50;i:1;i:840;}', 'a:67:{i:0;i:64;i:1;i:65;i:2;i:66;i:3;i:67;i:4;i:68;i:5;i:69;i:6;i:70;i:7;i:71;i:8;i:1322;i:9;i:1323;i:10;i:1324;i:11;i:1325;i:12;i:1326;i:13;i:1327;i:14;i:1328;i:15;i:1329;i:16;i:1330;i:17;i:1331;i:18;i:1332;i:19;i:1333;i:20;i:1334;i:21;i:1335;i:22;i:1336;i:23;i:1337;i:24;i:1338;i:25;i:1339;i:26;i:1340;i:27;i:1341;i:28;i:1342;i:29;i:1343;i:30;i:1344;i:31;i:1345;i:32;i:1346;i:33;i:1347;i:34;i:1348;i:35;i:1349;i:36;i:1350;i:37;i:1351;i:38;i:1352;i:39;i:1353;i:40;i:1354;i:41;i:1355;i:42;i:1356;i:43;i:1357;i:44;i:1358;i:45;i:1359;i:46;i:1360;i:47;i:1361;i:48;i:1362;i:49;i:1363;i:50;i:1364;i:51;i:1365;i:52;i:1366;i:53;i:1367;i:54;i:1368;i:55;i:1369;i:56;i:1370;i:57;i:1371;i:58;i:1372;i:59;i:1373;i:60;i:1374;i:61;i:1375;i:62;i:1376;i:63;i:1377;i:64;i:1378;i:65;i:1379;i:66;i:1380;}', 0, 1, '2022-08-15 13:57:43', '2022-08-15 13:57:43'),
(8, 4, 'Worldwide', 1, NULL, NULL, 1, 1, '2022-08-15 13:57:43', '2022-08-15 13:57:43'),
(9, 5, 'Domestic', 1, 'a:2:{i:0;i:50;i:1;i:840;}', 'a:67:{i:0;i:64;i:1;i:65;i:2;i:66;i:3;i:67;i:4;i:68;i:5;i:69;i:6;i:70;i:7;i:71;i:8;i:1322;i:9;i:1323;i:10;i:1324;i:11;i:1325;i:12;i:1326;i:13;i:1327;i:14;i:1328;i:15;i:1329;i:16;i:1330;i:17;i:1331;i:18;i:1332;i:19;i:1333;i:20;i:1334;i:21;i:1335;i:22;i:1336;i:23;i:1337;i:24;i:1338;i:25;i:1339;i:26;i:1340;i:27;i:1341;i:28;i:1342;i:29;i:1343;i:30;i:1344;i:31;i:1345;i:32;i:1346;i:33;i:1347;i:34;i:1348;i:35;i:1349;i:36;i:1350;i:37;i:1351;i:38;i:1352;i:39;i:1353;i:40;i:1354;i:41;i:1355;i:42;i:1356;i:43;i:1357;i:44;i:1358;i:45;i:1359;i:46;i:1360;i:47;i:1361;i:48;i:1362;i:49;i:1363;i:50;i:1364;i:51;i:1365;i:52;i:1366;i:53;i:1367;i:54;i:1368;i:55;i:1369;i:56;i:1370;i:57;i:1371;i:58;i:1372;i:59;i:1373;i:60;i:1374;i:61;i:1375;i:62;i:1376;i:63;i:1377;i:64;i:1378;i:65;i:1379;i:66;i:1380;}', 0, 1, '2022-08-15 13:57:43', '2022-08-15 13:57:43'),
(10, 5, 'Worldwide', 1, NULL, NULL, 1, 1, '2022-08-15 13:57:43', '2022-08-15 13:57:43'),
(11, 6, 'Worldwide', 1, 'a:0:{}', 'a:0:{}', 1, 1, '2022-12-14 05:37:25', '2022-12-14 05:37:25'),
(12, 7, 'Worldwide', 1, 'a:0:{}', 'a:0:{}', 1, 1, '2022-12-14 05:51:39', '2022-12-14 05:51:39');

-- --------------------------------------------------------

--
-- Table structure for table `shops`
--

CREATE TABLE `shops` (
  `id` int UNSIGNED NOT NULL,
  `owner_id` bigint UNSIGNED NOT NULL,
  `name` text CHARACTER SET utf8mb3 COLLATE utf8mb3_unicode_ci,
  `legal_name` text CHARACTER SET utf8mb3 COLLATE utf8mb3_unicode_ci,
  `slug` varchar(200) CHARACTER SET utf8mb3 COLLATE utf8mb3_unicode_ci NOT NULL,
  `email` varchar(255) CHARACTER SET utf8mb3 COLLATE utf8mb3_unicode_ci NOT NULL,
  `description` longtext CHARACTER SET utf8mb3 COLLATE utf8mb3_unicode_ci,
  `external_url` varchar(255) CHARACTER SET utf8mb3 COLLATE utf8mb3_unicode_ci DEFAULT NULL,
  `timezone_id` int DEFAULT NULL,
  `current_billing_plan` varchar(255) CHARACTER SET utf8mb3 COLLATE utf8mb3_unicode_ci DEFAULT NULL,
  `stripe_id` varchar(255) CHARACTER SET utf8mb3 COLLATE utf8mb3_unicode_ci DEFAULT NULL,
  `card_holder_name` text CHARACTER SET utf8mb3 COLLATE utf8mb3_unicode_ci,
  `pm_type` varchar(255) CHARACTER SET utf8mb3 COLLATE utf8mb3_unicode_ci DEFAULT NULL,
  `pm_last_four` varchar(255) CHARACTER SET utf8mb3 COLLATE utf8mb3_unicode_ci DEFAULT NULL,
  `trial_ends_at` timestamp NULL DEFAULT NULL,
  `custom_subscription_fee` decimal(8,2) DEFAULT NULL,
  `hide_trial_notice` tinyint(1) DEFAULT NULL,
  `active` tinyint(1) DEFAULT '0',
  `current_sale_amount` decimal(64,6) NOT NULL DEFAULT '0.000000',
  `payment_verified` tinyint(1) DEFAULT NULL,
  `id_verified` tinyint(1) DEFAULT NULL,
  `phone_verified` tinyint(1) DEFAULT NULL,
  `address_verified` tinyint(1) DEFAULT NULL,
  `periodic_sold_amount` decimal(20,6) NOT NULL DEFAULT '0.000000',
  `commission_rate` decimal(8,2) DEFAULT NULL,
  `deleted_at` timestamp NULL DEFAULT NULL,
  `created_at` timestamp NULL DEFAULT NULL,
  `updated_at` timestamp NULL DEFAULT NULL
) ENGINE=InnoDB DEFAULT CHARSET=utf8mb3 COLLATE=utf8mb3_unicode_ci;

--
-- Dumping data for table `shops`
--

INSERT INTO `shops` (`id`, `owner_id`, `name`, `legal_name`, `slug`, `email`, `description`, `external_url`, `timezone_id`, `current_billing_plan`, `stripe_id`, `card_holder_name`, `pm_type`, `pm_last_four`, `trial_ends_at`, `custom_subscription_fee`, `hide_trial_notice`, `active`, `current_sale_amount`, `payment_verified`, `id_verified`, `phone_verified`, `address_verified`, `periodic_sold_amount`, `commission_rate`, `deleted_at`, `created_at`, `updated_at`) VALUES
(1, 3, 'Big Shop', 'Big Shop Ltd.', 'big-shop', 'shop3@demo.com', 'Lorem ipsum dolor sit amet, consectetur adipisicing elit, sed do eiusmod tempor incididunt ut labore et dolore magna aliqua. Ut enim ad minim veniam, quis nostrud exercitation ullamco laboris nisi ut aliquip ex ea commodo consequat. Duis aute irure dolor in reprehenderit in voluptate velit esse cillum dolore eu fugiat nulla pariatur. Excepteur sint occaecat cupidatat non proident, sunt in culpa qui officia deserunt mollit anim id est laborum.', NULL, 73, 'price_1KBAXaG09em6dIPhblIucipd', NULL, NULL, NULL, NULL, '2023-04-10 08:55:06', NULL, NULL, 1, 0.000000, 1, 1, 1, 1, 8950.025048, NULL, NULL, '2022-08-15 13:57:43', '2023-03-29 08:55:06'),
(2, 4, 'Amz Mart', 'Amz Mart Ltd.', 'amz-mart', 'shop4@demo.com', 'Lorem ipsum dolor sit amet, consectetur adipisicing elit, sed do eiusmod tempor incididunt ut labore et dolore magna aliqua. Ut enim ad minim veniam, quis nostrud exercitation ullamco laboris nisi ut aliquip ex ea commodo consequat. Duis aute irure dolor in reprehenderit in voluptate velit esse cillum dolore eu fugiat nulla pariatur. Excepteur sint occaecat cupidatat non proident, sunt in culpa qui officia deserunt mollit anim id est laborum.', NULL, 73, 'price_1KBAXaG09em6dIPhf2VWWIXO', NULL, NULL, NULL, NULL, '2023-04-09 08:51:27', NULL, NULL, 1, 0.000000, 1, 1, 1, 1, 0.000000, NULL, NULL, '2022-08-15 13:57:43', '2023-03-29 08:51:27'),
(3, 5, 'Peda Ting Ting', 'Peda Ting Ting Ltd.', 'peda-ting-ting', 'shop5@demo.com', 'Lorem ipsum dolor sit amet, consectetur adipisicing elit, sed do eiusmod tempor incididunt ut labore et dolore magna aliqua. Ut enim ad minim veniam, quis nostrud exercitation ullamco laboris nisi ut aliquip ex ea commodo consequat. Duis aute irure dolor in reprehenderit in voluptate velit esse cillum dolore eu fugiat nulla pariatur. Excepteur sint occaecat cupidatat non proident, sunt in culpa qui officia deserunt mollit anim id est laborum.', NULL, 73, 'price_1KBAXaG09em6dIPhf2VWWIXO', NULL, NULL, NULL, NULL, '2023-04-10 08:55:31', NULL, NULL, 1, 0.000000, 1, 1, 1, 1, 2206.001141, NULL, NULL, '2022-08-15 13:57:43', '2023-03-29 08:55:31'),
(4, 6, 'Phuket Retailer', 'Phuket Retailer Ltd.', 'phuket-retailer', 'shop6@demo.com', 'Lorem ipsum dolor sit amet, consectetur adipisicing elit, sed do eiusmod tempor incididunt ut labore et dolore magna aliqua. Ut enim ad minim veniam, quis nostrud exercitation ullamco laboris nisi ut aliquip ex ea commodo consequat. Duis aute irure dolor in reprehenderit in voluptate velit esse cillum dolore eu fugiat nulla pariatur. Excepteur sint occaecat cupidatat non proident, sunt in culpa qui officia deserunt mollit anim id est laborum.', NULL, 73, 'price_1KBAXaG09em6dIPhHvdGFbcD', NULL, NULL, NULL, NULL, '2023-04-10 08:56:02', NULL, NULL, 1, 0.000000, 1, 1, 1, 1, 1501.022009, NULL, NULL, '2022-08-15 13:57:43', '2023-03-29 08:56:02'),
(5, 7, 'Tindu Gears', 'Tindu Gears Ltd.', 'tindu-gears', 'shop7@demo.com', 'Lorem ipsum dolor sit amet, consectetur adipisicing elit, sed do eiusmod tempor incididunt ut labore et dolore magna aliqua. Ut enim ad minim veniam, quis nostrud exercitation ullamco laboris nisi ut aliquip ex ea commodo consequat. Duis aute irure dolor in reprehenderit in voluptate velit esse cillum dolore eu fugiat nulla pariatur. Excepteur sint occaecat cupidatat non proident, sunt in culpa qui officia deserunt mollit anim id est laborum.', NULL, 73, 'price_1KBAXaG09em6dIPhblIucipd', NULL, NULL, NULL, NULL, '2023-04-10 08:55:50', NULL, NULL, 1, 0.000000, 1, 1, 1, 1, 693.900000, NULL, NULL, '2022-08-15 13:57:43', '2023-03-29 08:55:50');

-- --------------------------------------------------------

--
-- Table structure for table `shop_payment_methods`
--

CREATE TABLE `shop_payment_methods` (
  `payment_method_id` int UNSIGNED NOT NULL,
  `shop_id` int UNSIGNED NOT NULL,
  `created_at` timestamp NULL DEFAULT NULL,
  `updated_at` timestamp NULL DEFAULT NULL
) ENGINE=InnoDB DEFAULT CHARSET=utf8mb3 COLLATE=utf8mb3_unicode_ci;

--
-- Dumping data for table `shop_payment_methods`
--

INSERT INTO `shop_payment_methods` (`payment_method_id`, `shop_id`, `created_at`, `updated_at`) VALUES
(3, 1, '2022-08-02 13:57:43', '2022-08-02 13:57:43'),
(4, 1, '2022-08-02 13:57:43', '2022-08-02 13:57:43'),
(3, 2, '2022-08-02 13:57:43', '2022-08-02 13:57:43'),
(4, 2, '2022-08-02 13:57:43', '2022-08-02 13:57:43'),
(3, 3, '2022-08-02 13:57:43', '2022-08-02 13:57:43'),
(4, 3, '2022-08-02 13:57:43', '2022-08-02 13:57:43'),
(3, 4, '2022-08-02 13:57:43', '2022-08-02 13:57:43'),
(4, 4, '2022-08-02 13:57:43', '2022-08-02 13:57:43'),
(3, 5, '2022-08-02 13:57:43', '2022-08-02 13:57:43'),
(4, 5, '2022-08-02 13:57:43', '2022-08-02 13:57:43');

-- --------------------------------------------------------

--
-- Table structure for table `sliders`
--

CREATE TABLE `sliders` (
  `id` int UNSIGNED NOT NULL,
  `title` varchar(255) CHARACTER SET utf8mb3 COLLATE utf8mb3_unicode_ci DEFAULT NULL,
  `title_color` varchar(20) CHARACTER SET utf8mb3 COLLATE utf8mb3_unicode_ci DEFAULT '#333E48',
  `sub_title` varchar(255) CHARACTER SET utf8mb3 COLLATE utf8mb3_unicode_ci DEFAULT NULL,
  `sub_title_color` varchar(20) CHARACTER SET utf8mb3 COLLATE utf8mb3_unicode_ci DEFAULT '#333E48',
  `description` varchar(255) CHARACTER SET utf8mb3 COLLATE utf8mb3_unicode_ci DEFAULT NULL,
  `description_color` varchar(20) CHARACTER SET utf8mb3 COLLATE utf8mb3_unicode_ci NOT NULL DEFAULT '#868E8E',
  `alt_color` varchar(20) CHARACTER SET utf8mb3 COLLATE utf8mb3_unicode_ci NOT NULL DEFAULT '#FED700',
  `link` text CHARACTER SET utf8mb3 COLLATE utf8mb3_unicode_ci,
  `order` int NOT NULL DEFAULT '100',
  `text_position` varchar(10) CHARACTER SET utf8mb3 COLLATE utf8mb3_unicode_ci NOT NULL DEFAULT 'right',
  `created_at` timestamp NULL DEFAULT NULL,
  `updated_at` timestamp NULL DEFAULT NULL
) ENGINE=InnoDB DEFAULT CHARSET=utf8mb3 COLLATE=utf8mb3_unicode_ci;

--
-- Dumping data for table `sliders`
--

INSERT INTO `sliders` (`id`, `title`, `title_color`, `sub_title`, `sub_title_color`, `description`, `description_color`, `alt_color`, `link`, `order`, `text_position`, `created_at`, `updated_at`) VALUES
(1, NULL, '#333d48', NULL, '#333d48', NULL, '#868e8e', '#fed300', '/category/reiciendis-qui-voluptatem-numquam-quia-aliquid-laudantium-autem', 1, 'left', '2022-08-02 13:57:51', '2023-03-29 03:58:55'),
(2, NULL, '#333d48', NULL, '#333d48', NULL, '#868e8e', '#fecd00', '/category/architecto-consequatur-est-aut-ducimus-velit-nostrum', 2, 'right', '2022-08-02 13:57:51', '2023-03-29 04:10:56'),
(3, 'Shop in this <span>Monday</span>', '#333d48', 'Without span subtitle', '#333d48', 'Description with <span>span</span> and color', '#868e8e', '#fed300', '/category/et-aut-quae-et-quia-molestias-ratione', 3, 'left', '2022-08-02 13:57:51', '2023-03-29 04:10:22'),
(4, NULL, '#333d48', NULL, '#333d48', NULL, '#868e8e', '#fecb00', NULL, 4, 'right', '2022-08-02 13:57:51', '2023-03-29 04:12:02');

-- --------------------------------------------------------

--
-- Table structure for table `ssl_orders`
--

CREATE TABLE `ssl_orders` (
  `id` bigint UNSIGNED NOT NULL,
  `name` varchar(255) CHARACTER SET utf8mb3 COLLATE utf8mb3_unicode_ci DEFAULT NULL,
  `email` varchar(255) CHARACTER SET utf8mb3 COLLATE utf8mb3_unicode_ci DEFAULT NULL,
  `phone` varchar(255) CHARACTER SET utf8mb3 COLLATE utf8mb3_unicode_ci DEFAULT NULL,
  `amount` double DEFAULT NULL,
  `address` longtext CHARACTER SET utf8mb3 COLLATE utf8mb3_unicode_ci,
  `status` varchar(255) CHARACTER SET utf8mb3 COLLATE utf8mb3_unicode_ci DEFAULT NULL,
  `transaction_id` varchar(255) CHARACTER SET utf8mb3 COLLATE utf8mb3_unicode_ci DEFAULT NULL,
  `currency` varchar(255) CHARACTER SET utf8mb3 COLLATE utf8mb3_unicode_ci DEFAULT NULL,
  `created_at` timestamp NULL DEFAULT NULL,
  `updated_at` timestamp NULL DEFAULT NULL
) ENGINE=InnoDB DEFAULT CHARSET=utf8mb3 COLLATE=utf8mb3_unicode_ci;

-- --------------------------------------------------------

--
-- Table structure for table `states`
--

CREATE TABLE `states` (
  `id` int UNSIGNED NOT NULL,
  `country_id` int UNSIGNED NOT NULL,
  `iso_code` varchar(255) CHARACTER SET utf8mb3 COLLATE utf8mb3_unicode_ci NOT NULL,
  `iso_numeric` varchar(255) CHARACTER SET utf8mb3 COLLATE utf8mb3_unicode_ci DEFAULT NULL,
  `name` varchar(255) CHARACTER SET utf8mb3 COLLATE utf8mb3_unicode_ci DEFAULT NULL,
  `calling_code` varchar(5) CHARACTER SET utf8mb3 COLLATE utf8mb3_unicode_ci DEFAULT NULL,
  `active` tinyint(1) DEFAULT '1',
  `created_at` timestamp NULL DEFAULT NULL,
  `updated_at` timestamp NULL DEFAULT NULL
) ENGINE=InnoDB DEFAULT CHARSET=utf8mb3 COLLATE=utf8mb3_unicode_ci;

--
-- Dumping data for table `states`
--

INSERT INTO `states` (`id`, `country_id`, `iso_code`, `iso_numeric`, `name`, `calling_code`, `active`, `created_at`, `updated_at`) VALUES
(1, 784, 'AZ', NULL, 'Abū Ȥaby[Abu Dhabi]', NULL, 1, '2022-08-02 13:57:41', '2022-08-02 13:57:41'),
(2, 784, 'AJ', NULL, 'Ajman', NULL, 1, '2022-08-02 13:57:41', '2022-08-02 13:57:41'),
(3, 784, 'FU', NULL, 'Al Fujayrah', NULL, 1, '2022-08-02 13:57:41', '2022-08-02 13:57:41'),
(4, 784, 'SH', NULL, 'Ash ShÄriqah [Sharjah]', NULL, 1, '2022-08-02 13:57:41', '2022-08-02 13:57:41'),
(5, 784, 'DU', NULL, 'Dubayy [Dubai]', NULL, 1, '2022-08-02 13:57:41', '2022-08-02 13:57:41'),
(6, 784, 'RK', NULL, 'RÄ\'s al Khaymah', NULL, 1, '2022-08-02 13:57:41', '2022-08-02 13:57:41'),
(7, 784, 'UQ', NULL, 'Umm al Qaywayn', NULL, 1, '2022-08-02 13:57:41', '2022-08-02 13:57:41'),
(8, 51, 'AG', NULL, 'Aragaçotn', NULL, 1, '2022-08-02 13:57:41', '2022-08-02 13:57:41'),
(9, 51, 'AR', NULL, 'Ararat', NULL, 1, '2022-08-02 13:57:41', '2022-08-02 13:57:41'),
(10, 51, 'AV', NULL, 'Armavir', NULL, 1, '2022-08-02 13:57:41', '2022-08-02 13:57:41'),
(11, 51, 'ER', NULL, 'Erevan', NULL, 1, '2022-08-02 13:57:41', '2022-08-02 13:57:41'),
(12, 51, 'GR', NULL, 'Geġark\'unik\'', NULL, 1, '2022-08-02 13:57:41', '2022-08-02 13:57:41'),
(13, 51, 'KT', NULL, 'Kotayk\'', NULL, 1, '2022-08-02 13:57:41', '2022-08-02 13:57:41'),
(14, 51, 'LO', NULL, 'Loṙy', NULL, 1, '2022-08-02 13:57:41', '2022-08-02 13:57:41'),
(15, 51, 'SU', NULL, 'Syunik\'', NULL, 1, '2022-08-02 13:57:41', '2022-08-02 13:57:41'),
(16, 51, 'TV', NULL, 'Tavuš', NULL, 1, '2022-08-02 13:57:41', '2022-08-02 13:57:41'),
(17, 51, 'VD', NULL, 'Vayoć Jor', NULL, 1, '2022-08-02 13:57:41', '2022-08-02 13:57:41'),
(18, 51, 'SH', NULL, 'Å irak', NULL, 1, '2022-08-02 13:57:41', '2022-08-02 13:57:41'),
(19, 32, 'B', NULL, 'Buenos Aires', NULL, 1, '2022-08-02 13:57:41', '2022-08-02 13:57:41'),
(20, 32, 'K', NULL, 'Catamarca ', NULL, 1, '2022-08-02 13:57:41', '2022-08-02 13:57:41'),
(21, 32, 'H', NULL, 'Chaco ', NULL, 1, '2022-08-02 13:57:41', '2022-08-02 13:57:41'),
(22, 32, 'U', NULL, 'Chubut', NULL, 1, '2022-08-02 13:57:41', '2022-08-02 13:57:41'),
(23, 32, 'C', NULL, 'Ciudad Autónoma de Buenos Aires', NULL, 1, '2022-08-02 13:57:41', '2022-08-02 13:57:41'),
(24, 32, 'W', NULL, 'Corrientes', NULL, 1, '2022-08-02 13:57:41', '2022-08-02 13:57:41'),
(25, 32, 'X', NULL, 'Córdoba ', NULL, 1, '2022-08-02 13:57:41', '2022-08-02 13:57:41'),
(26, 32, 'E', NULL, 'Entre Ríos', NULL, 1, '2022-08-02 13:57:41', '2022-08-02 13:57:41'),
(27, 32, 'P', NULL, 'Formosa ', NULL, 1, '2022-08-02 13:57:41', '2022-08-02 13:57:41'),
(28, 32, 'Y', NULL, 'Jujuy ', NULL, 1, '2022-08-02 13:57:41', '2022-08-02 13:57:41'),
(29, 32, 'L', NULL, 'La Pampa', NULL, 1, '2022-08-02 13:57:41', '2022-08-02 13:57:41'),
(30, 32, 'F', NULL, 'La Rioja', NULL, 1, '2022-08-02 13:57:41', '2022-08-02 13:57:41'),
(31, 32, 'M', NULL, 'Mendoza ', NULL, 1, '2022-08-02 13:57:41', '2022-08-02 13:57:41'),
(32, 32, 'N', NULL, 'Misiones', NULL, 1, '2022-08-02 13:57:41', '2022-08-02 13:57:41'),
(33, 32, 'Q', NULL, 'Neuquén ', NULL, 1, '2022-08-02 13:57:41', '2022-08-02 13:57:41'),
(34, 32, 'R', NULL, 'Río Negro ', NULL, 1, '2022-08-02 13:57:41', '2022-08-02 13:57:41'),
(35, 32, 'A', NULL, 'Salta ', NULL, 1, '2022-08-02 13:57:41', '2022-08-02 13:57:41'),
(36, 32, 'J', NULL, 'San Juan', NULL, 1, '2022-08-02 13:57:41', '2022-08-02 13:57:41'),
(37, 32, 'D', NULL, 'San Luis', NULL, 1, '2022-08-02 13:57:41', '2022-08-02 13:57:41'),
(38, 32, 'Z', NULL, 'Santa Cruz', NULL, 1, '2022-08-02 13:57:41', '2022-08-02 13:57:41'),
(39, 32, 'S', NULL, 'Santa Fe', NULL, 1, '2022-08-02 13:57:41', '2022-08-02 13:57:41'),
(40, 32, 'G', NULL, 'Santiago del Estero ', NULL, 1, '2022-08-02 13:57:41', '2022-08-02 13:57:41'),
(41, 32, 'V', NULL, 'Tierra del Fuego', NULL, 1, '2022-08-02 13:57:41', '2022-08-02 13:57:41'),
(42, 32, 'T', NULL, 'Tucumán ', NULL, 1, '2022-08-02 13:57:41', '2022-08-02 13:57:41'),
(43, 40, '1', NULL, 'Burgenland', NULL, 1, '2022-08-02 13:57:41', '2022-08-02 13:57:41'),
(44, 40, '2', NULL, 'Kärnten', NULL, 1, '2022-08-02 13:57:41', '2022-08-02 13:57:41'),
(45, 40, '3', NULL, 'Niederösterreich', NULL, 1, '2022-08-02 13:57:41', '2022-08-02 13:57:41'),
(46, 40, '4', NULL, 'Oberösterreich', NULL, 1, '2022-08-02 13:57:41', '2022-08-02 13:57:41'),
(47, 40, '5', NULL, 'Salzburg', NULL, 1, '2022-08-02 13:57:41', '2022-08-02 13:57:41'),
(48, 40, '6', NULL, 'Steiermark', NULL, 1, '2022-08-02 13:57:41', '2022-08-02 13:57:41'),
(49, 40, '7', NULL, 'Tirol', NULL, 1, '2022-08-02 13:57:41', '2022-08-02 13:57:41'),
(50, 40, '8', NULL, 'Vorarlberg', NULL, 1, '2022-08-02 13:57:41', '2022-08-02 13:57:41'),
(51, 40, '9', NULL, 'Wien', NULL, 1, '2022-08-02 13:57:41', '2022-08-02 13:57:41'),
(52, 36, 'ACT', NULL, 'Australian Capital Territory', NULL, 1, '2022-08-02 13:57:41', '2022-08-02 13:57:41'),
(53, 36, 'CX', NULL, 'Christmas Island', NULL, 1, '2022-08-02 13:57:41', '2022-08-02 13:57:41'),
(54, 36, 'CC', NULL, 'Cocos Islands', NULL, 1, '2022-08-02 13:57:41', '2022-08-02 13:57:41'),
(55, 36, 'HM', NULL, 'Heard Island and McDonald Islands', NULL, 1, '2022-08-02 13:57:41', '2022-08-02 13:57:41'),
(56, 36, 'NSW', NULL, 'New South Wales', NULL, 1, '2022-08-02 13:57:41', '2022-08-02 13:57:41'),
(57, 36, 'NF', NULL, 'Norfolk Island', NULL, 1, '2022-08-02 13:57:41', '2022-08-02 13:57:41'),
(58, 36, 'NT', NULL, 'Northern Territory', NULL, 1, '2022-08-02 13:57:41', '2022-08-02 13:57:41'),
(59, 36, 'QLD', NULL, 'Queensland', NULL, 1, '2022-08-02 13:57:41', '2022-08-02 13:57:41'),
(60, 36, 'SA', NULL, 'South Australia', NULL, 1, '2022-08-02 13:57:41', '2022-08-02 13:57:41'),
(61, 36, 'TAS', NULL, 'Tasmania', NULL, 1, '2022-08-02 13:57:41', '2022-08-02 13:57:41'),
(62, 36, 'VIC', NULL, 'Victoria', NULL, 1, '2022-08-02 13:57:41', '2022-08-02 13:57:41'),
(63, 36, 'WA', NULL, 'Western Australia', NULL, 1, '2022-08-02 13:57:41', '2022-08-02 13:57:41'),
(64, 50, 'A', NULL, 'Barisal', NULL, 1, '2022-08-02 13:57:41', '2022-08-02 13:57:41'),
(65, 50, 'B', NULL, 'Chittagong', NULL, 1, '2022-08-02 13:57:41', '2022-08-02 13:57:41'),
(66, 50, 'C', NULL, 'Dhaka', NULL, 1, '2022-08-02 13:57:41', '2022-08-02 13:57:41'),
(67, 50, 'D', NULL, 'Khulna', NULL, 1, '2022-08-02 13:57:41', '2022-08-02 13:57:41'),
(68, 50, 'H', NULL, 'Mymensingh', NULL, 1, '2022-08-02 13:57:41', '2022-08-02 13:57:41'),
(69, 50, 'E', NULL, 'Rajshahi', NULL, 1, '2022-08-02 13:57:41', '2022-08-02 13:57:41'),
(70, 50, 'F', NULL, 'Rangpur', NULL, 1, '2022-08-02 13:57:41', '2022-08-02 13:57:41'),
(71, 50, 'G', NULL, 'Sylhet', NULL, 1, '2022-08-02 13:57:41', '2022-08-02 13:57:41'),
(72, 56, 'VAN', NULL, 'Antwerpen', NULL, 1, '2022-08-02 13:57:41', '2022-08-02 13:57:41'),
(73, 56, 'WBR', NULL, 'Brabant wallon', NULL, 1, '2022-08-02 13:57:41', '2022-08-02 13:57:41'),
(74, 56, 'WHT', NULL, 'Hainaut', NULL, 1, '2022-08-02 13:57:41', '2022-08-02 13:57:41'),
(75, 56, 'VLI', NULL, 'Limburg', NULL, 1, '2022-08-02 13:57:41', '2022-08-02 13:57:41'),
(76, 56, 'WLG', NULL, 'Luik', NULL, 1, '2022-08-02 13:57:41', '2022-08-02 13:57:41'),
(77, 56, 'WLX', NULL, 'Luxemburg', NULL, 1, '2022-08-02 13:57:41', '2022-08-02 13:57:41'),
(78, 56, 'WNA', NULL, 'Namur', NULL, 1, '2022-08-02 13:57:41', '2022-08-02 13:57:41'),
(79, 56, 'VOV', NULL, 'Oost-Vlaanderen', NULL, 1, '2022-08-02 13:57:41', '2022-08-02 13:57:41'),
(80, 56, 'VBR', NULL, 'Vlaams-Brabant', NULL, 1, '2022-08-02 13:57:41', '2022-08-02 13:57:41'),
(81, 56, 'VWV', NULL, 'West-Vlaanderen', NULL, 1, '2022-08-02 13:57:41', '2022-08-02 13:57:41'),
(82, 48, '14', NULL, 'Al Janūbīyah', NULL, 1, '2022-08-02 13:57:41', '2022-08-02 13:57:41'),
(83, 48, '13', NULL, 'Al ManÄmah', NULL, 1, '2022-08-02 13:57:41', '2022-08-02 13:57:41'),
(84, 48, '15', NULL, 'Al Muḩarraq', NULL, 1, '2022-08-02 13:57:41', '2022-08-02 13:57:41'),
(85, 48, '16', NULL, 'Al Wusţá', NULL, 1, '2022-08-02 13:57:41', '2022-08-02 13:57:41'),
(86, 48, '17', NULL, 'Ash ShamÄlīyah ', NULL, 1, '2022-08-02 13:57:41', '2022-08-02 13:57:41'),
(87, 204, 'AL', NULL, 'Alibori', NULL, 1, '2022-08-02 13:57:41', '2022-08-02 13:57:41'),
(88, 204, 'AK', NULL, 'Atakora', NULL, 1, '2022-08-02 13:57:41', '2022-08-02 13:57:41'),
(89, 204, 'AQ', NULL, 'Atlantique', NULL, 1, '2022-08-02 13:57:41', '2022-08-02 13:57:41'),
(90, 204, 'BO', NULL, 'Borgou', NULL, 1, '2022-08-02 13:57:41', '2022-08-02 13:57:41'),
(91, 204, 'CO', NULL, 'Collines', NULL, 1, '2022-08-02 13:57:41', '2022-08-02 13:57:41'),
(92, 204, 'DO', NULL, 'Donga', NULL, 1, '2022-08-02 13:57:41', '2022-08-02 13:57:41'),
(93, 204, 'KO', NULL, 'Kouffo', NULL, 1, '2022-08-02 13:57:41', '2022-08-02 13:57:41'),
(94, 204, 'LI', NULL, 'Littoral', NULL, 1, '2022-08-02 13:57:41', '2022-08-02 13:57:41'),
(95, 204, 'MO', NULL, 'Mono', NULL, 1, '2022-08-02 13:57:41', '2022-08-02 13:57:41'),
(96, 204, 'OU', NULL, 'Ouémé', NULL, 1, '2022-08-02 13:57:41', '2022-08-02 13:57:41'),
(97, 204, 'PL', NULL, 'Plateau', NULL, 1, '2022-08-02 13:57:41', '2022-08-02 13:57:41'),
(98, 204, 'ZO', NULL, 'Zou', NULL, 1, '2022-08-02 13:57:41', '2022-08-02 13:57:41'),
(99, 68, 'H', NULL, 'Chuquisaca', NULL, 1, '2022-08-02 13:57:41', '2022-08-02 13:57:41'),
(100, 68, 'C', NULL, 'Cochabamba', NULL, 1, '2022-08-02 13:57:41', '2022-08-02 13:57:41'),
(101, 68, 'B', NULL, 'El Beni', NULL, 1, '2022-08-02 13:57:41', '2022-08-02 13:57:41'),
(102, 68, 'L', NULL, 'La Paz', NULL, 1, '2022-08-02 13:57:41', '2022-08-02 13:57:41'),
(103, 68, 'O', NULL, 'Oruro', NULL, 1, '2022-08-02 13:57:41', '2022-08-02 13:57:41'),
(104, 68, 'N', NULL, 'Pando', NULL, 1, '2022-08-02 13:57:41', '2022-08-02 13:57:41'),
(105, 68, 'P', NULL, 'Potosí', NULL, 1, '2022-08-02 13:57:41', '2022-08-02 13:57:41'),
(106, 68, 'S', NULL, 'Santa Cruz', NULL, 1, '2022-08-02 13:57:41', '2022-08-02 13:57:41'),
(107, 68, 'T', NULL, 'Tarija', NULL, 1, '2022-08-02 13:57:41', '2022-08-02 13:57:41'),
(108, 76, 'AC', NULL, 'Acre', NULL, 1, '2022-08-02 13:57:41', '2022-08-02 13:57:41'),
(109, 76, 'AL', NULL, 'Alagoas', NULL, 1, '2022-08-02 13:57:41', '2022-08-02 13:57:41'),
(110, 76, 'AP', NULL, 'Amapá', NULL, 1, '2022-08-02 13:57:41', '2022-08-02 13:57:41'),
(111, 76, 'AM', NULL, 'Amazonas', NULL, 1, '2022-08-02 13:57:41', '2022-08-02 13:57:41'),
(112, 76, 'BA', NULL, 'Bahia', NULL, 1, '2022-08-02 13:57:41', '2022-08-02 13:57:41'),
(113, 76, 'CE', NULL, 'Ceará', NULL, 1, '2022-08-02 13:57:41', '2022-08-02 13:57:41'),
(114, 76, 'DF', NULL, 'Distrito Federal', NULL, 1, '2022-08-02 13:57:41', '2022-08-02 13:57:41'),
(115, 76, 'ES', NULL, 'Espírito Santo', NULL, 1, '2022-08-02 13:57:41', '2022-08-02 13:57:41'),
(116, 76, 'GO', NULL, 'Goiás', NULL, 1, '2022-08-02 13:57:41', '2022-08-02 13:57:41'),
(117, 76, 'MA', NULL, 'Maranhão', NULL, 1, '2022-08-02 13:57:41', '2022-08-02 13:57:41'),
(118, 76, 'MT', NULL, 'Mato Grosso', NULL, 1, '2022-08-02 13:57:41', '2022-08-02 13:57:41'),
(119, 76, 'MS', NULL, 'Mato Grosso do Sul', NULL, 1, '2022-08-02 13:57:41', '2022-08-02 13:57:41'),
(120, 76, 'MG', NULL, 'Minas Gerais', NULL, 1, '2022-08-02 13:57:41', '2022-08-02 13:57:41'),
(121, 76, 'PR', NULL, 'Paraná', NULL, 1, '2022-08-02 13:57:41', '2022-08-02 13:57:41'),
(122, 76, 'PB', NULL, 'Paraíba', NULL, 1, '2022-08-02 13:57:41', '2022-08-02 13:57:41'),
(123, 76, 'PA', NULL, 'Pará', NULL, 1, '2022-08-02 13:57:41', '2022-08-02 13:57:41'),
(124, 76, 'PE', NULL, 'Pernambuco', NULL, 1, '2022-08-02 13:57:41', '2022-08-02 13:57:41'),
(125, 76, 'PI', NULL, 'Piauí', NULL, 1, '2022-08-02 13:57:41', '2022-08-02 13:57:41'),
(126, 76, 'RN', NULL, 'Rio Grande do Norte', NULL, 1, '2022-08-02 13:57:41', '2022-08-02 13:57:41'),
(127, 76, 'RS', NULL, 'Rio Grande do Sul', NULL, 1, '2022-08-02 13:57:41', '2022-08-02 13:57:41'),
(128, 76, 'RJ', NULL, 'Rio de Janeiro', NULL, 1, '2022-08-02 13:57:41', '2022-08-02 13:57:41'),
(129, 76, 'RO', NULL, 'Rondônia', NULL, 1, '2022-08-02 13:57:41', '2022-08-02 13:57:41'),
(130, 76, 'RR', NULL, 'Roraima', NULL, 1, '2022-08-02 13:57:41', '2022-08-02 13:57:41'),
(131, 76, 'SC', NULL, 'Santa Catarina', NULL, 1, '2022-08-02 13:57:41', '2022-08-02 13:57:41'),
(132, 76, 'SE', NULL, 'Sergipe', NULL, 1, '2022-08-02 13:57:41', '2022-08-02 13:57:41'),
(133, 76, 'SP', NULL, 'São Paulo', NULL, 1, '2022-08-02 13:57:41', '2022-08-02 13:57:41'),
(134, 76, 'TO', NULL, 'Tocantins', NULL, 1, '2022-08-02 13:57:41', '2022-08-02 13:57:41'),
(135, 124, 'AB', NULL, 'Alberta', NULL, 1, '2022-08-02 13:57:41', '2022-08-02 13:57:41'),
(136, 124, 'BC', NULL, 'British Columbia', NULL, 1, '2022-08-02 13:57:41', '2022-08-02 13:57:41'),
(137, 124, 'MB', NULL, 'Manitoba', NULL, 1, '2022-08-02 13:57:41', '2022-08-02 13:57:41'),
(138, 124, 'NB', NULL, 'New Brunswick', NULL, 1, '2022-08-02 13:57:41', '2022-08-02 13:57:41'),
(139, 124, 'NL', NULL, 'Newfoundland and Labrador', NULL, 1, '2022-08-02 13:57:41', '2022-08-02 13:57:41'),
(140, 124, 'NT', NULL, 'Northwest Territories', NULL, 1, '2022-08-02 13:57:41', '2022-08-02 13:57:41'),
(141, 124, 'NS', NULL, 'Nova Scotia', NULL, 1, '2022-08-02 13:57:41', '2022-08-02 13:57:41'),
(142, 124, 'NU', NULL, 'Nunavut', NULL, 1, '2022-08-02 13:57:41', '2022-08-02 13:57:41'),
(143, 124, 'ON', NULL, 'Ontario', NULL, 1, '2022-08-02 13:57:41', '2022-08-02 13:57:41'),
(144, 124, 'PE', NULL, 'Prince Edward Island', NULL, 1, '2022-08-02 13:57:41', '2022-08-02 13:57:41'),
(145, 124, 'QC', NULL, 'Quebec', NULL, 1, '2022-08-02 13:57:41', '2022-08-02 13:57:41'),
(146, 124, 'SK', NULL, 'Saskatchewan', NULL, 1, '2022-08-02 13:57:41', '2022-08-02 13:57:41'),
(147, 124, 'YT', NULL, 'Yukon', NULL, 1, '2022-08-02 13:57:41', '2022-08-02 13:57:41'),
(148, 152, 'AI', NULL, 'Aisén del General Carlos Ibáñez del Campo', NULL, 1, '2022-08-02 13:57:41', '2022-08-02 13:57:41'),
(149, 152, 'AN', NULL, 'Antofagasta', NULL, 1, '2022-08-02 13:57:41', '2022-08-02 13:57:41'),
(150, 152, 'AR', NULL, 'Araucanía', NULL, 1, '2022-08-02 13:57:41', '2022-08-02 13:57:41'),
(151, 152, 'AP', NULL, 'Arica y Parinacota', NULL, 1, '2022-08-02 13:57:41', '2022-08-02 13:57:41'),
(152, 152, 'AT', NULL, 'Atacama', NULL, 1, '2022-08-02 13:57:41', '2022-08-02 13:57:41'),
(153, 152, 'BI', NULL, 'Bío-Bío', NULL, 1, '2022-08-02 13:57:41', '2022-08-02 13:57:41'),
(154, 152, 'CO', NULL, 'Coquimbo', NULL, 1, '2022-08-02 13:57:41', '2022-08-02 13:57:41'),
(155, 152, 'LI', NULL, 'Libertador General Bernardo O\'Higgins', NULL, 1, '2022-08-02 13:57:41', '2022-08-02 13:57:41'),
(156, 152, 'LL', NULL, 'Los Lagos', NULL, 1, '2022-08-02 13:57:41', '2022-08-02 13:57:41'),
(157, 152, 'LR', NULL, 'Los Ríos', NULL, 1, '2022-08-02 13:57:41', '2022-08-02 13:57:41'),
(158, 152, 'MA', NULL, 'Magallanes', NULL, 1, '2022-08-02 13:57:41', '2022-08-02 13:57:41'),
(159, 152, 'ML', NULL, 'Maule', NULL, 1, '2022-08-02 13:57:41', '2022-08-02 13:57:41'),
(160, 152, 'RM', NULL, 'Región Metropolitana de Santiago', NULL, 1, '2022-08-02 13:57:41', '2022-08-02 13:57:41'),
(161, 152, 'TA', NULL, 'Tarapacá', NULL, 1, '2022-08-02 13:57:41', '2022-08-02 13:57:41'),
(162, 152, 'VS', NULL, 'Valparaíso', NULL, 1, '2022-08-02 13:57:41', '2022-08-02 13:57:41'),
(163, 120, 'AD', NULL, 'Adamaoua', NULL, 1, '2022-08-02 13:57:41', '2022-08-02 13:57:41'),
(164, 120, 'CE', NULL, 'Centre', NULL, 1, '2022-08-02 13:57:41', '2022-08-02 13:57:41'),
(165, 120, 'ES', NULL, 'East', NULL, 1, '2022-08-02 13:57:41', '2022-08-02 13:57:41'),
(166, 120, 'EN', NULL, 'Far North', NULL, 1, '2022-08-02 13:57:41', '2022-08-02 13:57:41'),
(167, 120, 'LT', NULL, 'Littoral', NULL, 1, '2022-08-02 13:57:41', '2022-08-02 13:57:41'),
(168, 120, 'NO', NULL, 'North', NULL, 1, '2022-08-02 13:57:41', '2022-08-02 13:57:41'),
(169, 120, 'NW', NULL, 'North-West', NULL, 1, '2022-08-02 13:57:41', '2022-08-02 13:57:41'),
(170, 120, 'SU', NULL, 'South', NULL, 1, '2022-08-02 13:57:41', '2022-08-02 13:57:41'),
(171, 120, 'SW', NULL, 'South-West', NULL, 1, '2022-08-02 13:57:41', '2022-08-02 13:57:41'),
(172, 120, 'OU', NULL, 'West', NULL, 1, '2022-08-02 13:57:41', '2022-08-02 13:57:41'),
(173, 156, '沪', NULL, '上海', NULL, 1, '2022-08-02 13:57:41', '2022-08-02 13:57:41'),
(174, 156, '滇', NULL, '云å—', NULL, 1, '2022-08-02 13:57:41', '2022-08-02 13:57:41'),
(175, 156, '蒙', NULL, '内蒙å¤', NULL, 1, '2022-08-02 13:57:41', '2022-08-02 13:57:41'),
(176, 156, '京', NULL, '北京', NULL, 1, '2022-08-02 13:57:41', '2022-08-02 13:57:41'),
(177, 156, 'å°', NULL, 'å°湾', NULL, 1, '2022-08-02 13:57:41', '2022-08-02 13:57:41'),
(178, 156, 'å‰', NULL, 'å‰林', NULL, 1, '2022-08-02 13:57:41', '2022-08-02 13:57:41'),
(179, 156, 'å·', NULL, '四å·', NULL, 1, '2022-08-02 13:57:41', '2022-08-02 13:57:41'),
(180, 156, '津', NULL, '天津', NULL, 1, '2022-08-02 13:57:41', '2022-08-02 13:57:41'),
(181, 156, 'å®', NULL, 'å®å¤', NULL, 1, '2022-08-02 13:57:41', '2022-08-02 13:57:41'),
(182, 156, '皖', NULL, '安徽', NULL, 1, '2022-08-02 13:57:41', '2022-08-02 13:57:41'),
(183, 156, 'é²', NULL, '山东', NULL, 1, '2022-08-02 13:57:41', '2022-08-02 13:57:41'),
(184, 156, '晋', NULL, '山西', NULL, 1, '2022-08-02 13:57:41', '2022-08-02 13:57:41'),
(185, 156, '粤', NULL, '广东', NULL, 1, '2022-08-02 13:57:41', '2022-08-02 13:57:41'),
(186, 156, '桂', NULL, '广西', NULL, 1, '2022-08-02 13:57:41', '2022-08-02 13:57:41'),
(187, 156, '新', NULL, '新疆', NULL, 1, '2022-08-02 13:57:41', '2022-08-02 13:57:41'),
(188, 156, 'è‹', NULL, '江è‹', NULL, 1, '2022-08-02 13:57:41', '2022-08-02 13:57:41'),
(189, 156, '赣', NULL, '江西', NULL, 1, '2022-08-02 13:57:41', '2022-08-02 13:57:41'),
(190, 156, '冀', NULL, '河北', NULL, 1, '2022-08-02 13:57:41', '2022-08-02 13:57:41'),
(191, 156, '豫', NULL, '河å—', NULL, 1, '2022-08-02 13:57:41', '2022-08-02 13:57:41'),
(192, 156, '浙', NULL, '浙江', NULL, 1, '2022-08-02 13:57:41', '2022-08-02 13:57:41'),
(193, 156, 'ç¼', NULL, '海å—', NULL, 1, '2022-08-02 13:57:41', '2022-08-02 13:57:41'),
(194, 156, '鄂', NULL, '湖北', NULL, 1, '2022-08-02 13:57:41', '2022-08-02 13:57:41'),
(195, 156, '湘', NULL, '湖å—', NULL, 1, '2022-08-02 13:57:41', '2022-08-02 13:57:41'),
(196, 156, '澳', NULL, '澳门', NULL, 1, '2022-08-02 13:57:41', '2022-08-02 13:57:41'),
(197, 156, '甘', NULL, '甘肃', NULL, 1, '2022-08-02 13:57:41', '2022-08-02 13:57:41'),
(198, 156, '闽', NULL, 'ç¦建', NULL, 1, '2022-08-02 13:57:41', '2022-08-02 13:57:41'),
(199, 156, 'è—', NULL, '西è—', NULL, 1, '2022-08-02 13:57:41', '2022-08-02 13:57:41'),
(200, 156, '黔', NULL, '贵州', NULL, 1, '2022-08-02 13:57:41', '2022-08-02 13:57:41'),
(201, 156, '辽', NULL, '辽å®', NULL, 1, '2022-08-02 13:57:41', '2022-08-02 13:57:41'),
(202, 156, 'æ¸', NULL, 'é‡庆', NULL, 1, '2022-08-02 13:57:41', '2022-08-02 13:57:41'),
(203, 156, '陕', NULL, '陕西', NULL, 1, '2022-08-02 13:57:41', '2022-08-02 13:57:41'),
(204, 156, 'é’', NULL, 'é’海', NULL, 1, '2022-08-02 13:57:41', '2022-08-02 13:57:41'),
(205, 156, '港', NULL, '香港', NULL, 1, '2022-08-02 13:57:41', '2022-08-02 13:57:41'),
(206, 156, '黑', NULL, '黑龙江', NULL, 1, '2022-08-02 13:57:41', '2022-08-02 13:57:41'),
(207, 188, 'A', NULL, 'Alajuela Province', NULL, 1, '2022-08-02 13:57:41', '2022-08-02 13:57:41'),
(208, 188, 'C', NULL, 'Cartago Province', NULL, 1, '2022-08-02 13:57:41', '2022-08-02 13:57:41'),
(209, 188, 'G', NULL, 'Guanacaste Province', NULL, 1, '2022-08-02 13:57:41', '2022-08-02 13:57:41'),
(210, 188, 'H', NULL, 'Heredia Province', NULL, 1, '2022-08-02 13:57:41', '2022-08-02 13:57:41'),
(211, 188, 'L', NULL, 'Limón Province', NULL, 1, '2022-08-02 13:57:41', '2022-08-02 13:57:41'),
(212, 188, 'P', NULL, 'Puntarenas Province', NULL, 1, '2022-08-02 13:57:41', '2022-08-02 13:57:41'),
(213, 188, 'SJ', NULL, 'San José', NULL, 1, '2022-08-02 13:57:41', '2022-08-02 13:57:41'),
(214, 276, 'BW', NULL, 'Baden-Württemberg', NULL, 1, '2022-08-02 13:57:41', '2022-08-02 13:57:41'),
(215, 276, 'BY', NULL, 'Bayern', NULL, 1, '2022-08-02 13:57:41', '2022-08-02 13:57:41'),
(216, 276, 'BE', NULL, 'Berlin', NULL, 1, '2022-08-02 13:57:41', '2022-08-02 13:57:41'),
(217, 276, 'BB', NULL, 'Brandenburg', NULL, 1, '2022-08-02 13:57:41', '2022-08-02 13:57:41'),
(218, 276, 'HB', NULL, 'Bremen', NULL, 1, '2022-08-02 13:57:41', '2022-08-02 13:57:41'),
(219, 276, 'HH', NULL, 'Hamburg', NULL, 1, '2022-08-02 13:57:41', '2022-08-02 13:57:41'),
(220, 276, 'HE', NULL, 'Hessen', NULL, 1, '2022-08-02 13:57:41', '2022-08-02 13:57:41'),
(221, 276, 'MV', NULL, 'Mecklenburg-Vorpommern', NULL, 1, '2022-08-02 13:57:41', '2022-08-02 13:57:41'),
(222, 276, 'NI', NULL, 'Niedersachsen', NULL, 1, '2022-08-02 13:57:41', '2022-08-02 13:57:41'),
(223, 276, 'NW', NULL, 'Nordrhein-Westfalen', NULL, 1, '2022-08-02 13:57:41', '2022-08-02 13:57:41'),
(224, 276, 'RP', NULL, 'Rheinland-Pfalz', NULL, 1, '2022-08-02 13:57:41', '2022-08-02 13:57:41'),
(225, 276, 'SL', NULL, 'Saarland', NULL, 1, '2022-08-02 13:57:41', '2022-08-02 13:57:41'),
(226, 276, 'SN', NULL, 'Sachsen', NULL, 1, '2022-08-02 13:57:41', '2022-08-02 13:57:41'),
(227, 276, 'ST', NULL, 'Sachsen-Anhalt', NULL, 1, '2022-08-02 13:57:41', '2022-08-02 13:57:41'),
(228, 276, 'SH', NULL, 'Schleswig-Holstein', NULL, 1, '2022-08-02 13:57:41', '2022-08-02 13:57:41'),
(229, 276, 'TH', NULL, 'Thüringen', NULL, 1, '2022-08-02 13:57:41', '2022-08-02 13:57:41'),
(230, 208, '84', NULL, 'Hovedstaden', NULL, 1, '2022-08-02 13:57:41', '2022-08-02 13:57:41'),
(231, 208, '82', NULL, 'Midtjylland', NULL, 1, '2022-08-02 13:57:41', '2022-08-02 13:57:41'),
(232, 208, '81', NULL, 'Nordjylland', NULL, 1, '2022-08-02 13:57:41', '2022-08-02 13:57:41'),
(233, 208, '85', NULL, 'Sjælland', NULL, 1, '2022-08-02 13:57:41', '2022-08-02 13:57:41'),
(234, 208, '83', NULL, 'Syddanmark', NULL, 1, '2022-08-02 13:57:41', '2022-08-02 13:57:41'),
(235, 818, 'DK', NULL, 'Ad Daqahlīyah', NULL, 1, '2022-08-02 13:57:41', '2022-08-02 13:57:41'),
(236, 818, 'BA', NULL, 'Al Baḩr al Aḩmar', NULL, 1, '2022-08-02 13:57:41', '2022-08-02 13:57:41'),
(237, 818, 'BH', NULL, 'Al Buḩayrah', NULL, 1, '2022-08-02 13:57:41', '2022-08-02 13:57:41'),
(238, 818, 'FYM', NULL, 'Al Fayyūm', NULL, 1, '2022-08-02 13:57:41', '2022-08-02 13:57:41'),
(239, 818, 'GH', NULL, 'Al Gharbīyah', NULL, 1, '2022-08-02 13:57:41', '2022-08-02 13:57:41'),
(240, 818, 'ALX', NULL, 'Al Iskandarīyah', NULL, 1, '2022-08-02 13:57:41', '2022-08-02 13:57:41'),
(241, 818, 'IS', NULL, 'Al IsmÄ\'īlīyah', NULL, 1, '2022-08-02 13:57:41', '2022-08-02 13:57:41'),
(242, 818, 'GZ', NULL, 'Al Jīzah', NULL, 1, '2022-08-02 13:57:41', '2022-08-02 13:57:41'),
(243, 818, 'MN', NULL, 'Al MinyÄ', NULL, 1, '2022-08-02 13:57:41', '2022-08-02 13:57:41'),
(244, 818, 'MNF', NULL, 'Al Minūfīyah', NULL, 1, '2022-08-02 13:57:41', '2022-08-02 13:57:41'),
(245, 818, 'KB', NULL, 'Al Qalyūbīyah', NULL, 1, '2022-08-02 13:57:41', '2022-08-02 13:57:41'),
(246, 818, 'C', NULL, 'Al QÄhirah', NULL, 1, '2022-08-02 13:57:41', '2022-08-02 13:57:41'),
(247, 818, 'LX', NULL, 'Al Uqşur', NULL, 1, '2022-08-02 13:57:41', '2022-08-02 13:57:41'),
(248, 818, 'WAD', NULL, 'Al WÄdī al Jadīd', NULL, 1, '2022-08-02 13:57:41', '2022-08-02 13:57:41'),
(249, 818, 'SUZ ', NULL, 'As Suways', NULL, 1, '2022-08-02 13:57:41', '2022-08-02 13:57:41'),
(250, 818, 'SU', NULL, 'As SÄdis min Uktūbar', NULL, 1, '2022-08-02 13:57:41', '2022-08-02 13:57:41'),
(251, 818, 'SHR', NULL, 'Ash Sharqīyah', NULL, 1, '2022-08-02 13:57:41', '2022-08-02 13:57:41'),
(252, 818, 'ASN', NULL, 'AswÄn', NULL, 1, '2022-08-02 13:57:41', '2022-08-02 13:57:41'),
(253, 818, 'AST', NULL, 'Asyūţ', NULL, 1, '2022-08-02 13:57:41', '2022-08-02 13:57:41'),
(254, 818, 'BNS', NULL, 'Banī Suwayf', NULL, 1, '2022-08-02 13:57:41', '2022-08-02 13:57:41'),
(255, 818, 'PTS', NULL, 'Būr Sa‘īd', NULL, 1, '2022-08-02 13:57:41', '2022-08-02 13:57:41'),
(256, 818, 'DT', NULL, 'DumyÄţ', NULL, 1, '2022-08-02 13:57:41', '2022-08-02 13:57:41'),
(257, 818, 'JS', NULL, 'Janūb SīnÄ\'', NULL, 1, '2022-08-02 13:57:41', '2022-08-02 13:57:41'),
(258, 818, 'KFS', NULL, 'Kafr ash Shaykh', NULL, 1, '2022-08-02 13:57:41', '2022-08-02 13:57:41'),
(259, 818, 'MT', NULL, 'Maţrūḩ', NULL, 1, '2022-08-02 13:57:41', '2022-08-02 13:57:41'),
(260, 818, 'KN', NULL, 'QinÄ', NULL, 1, '2022-08-02 13:57:41', '2022-08-02 13:57:41'),
(261, 818, 'SIN', NULL, 'ShamÄl SīnÄ\'', NULL, 1, '2022-08-02 13:57:41', '2022-08-02 13:57:41'),
(262, 818, 'SHG', NULL, 'SūhÄj', NULL, 1, '2022-08-02 13:57:41', '2022-08-02 13:57:41'),
(263, 818, 'HU', NULL, 'ḨulwÄn', NULL, 1, '2022-08-02 13:57:41', '2022-08-02 13:57:41'),
(264, 724, 'AB', NULL, 'Albacete', NULL, 1, '2022-08-02 13:57:41', '2022-08-02 13:57:41'),
(265, 724, 'A', NULL, 'Alicante', NULL, 1, '2022-08-02 13:57:41', '2022-08-02 13:57:41'),
(266, 724, 'AL', NULL, 'Almeria', NULL, 1, '2022-08-02 13:57:41', '2022-08-02 13:57:41'),
(267, 724, 'BA', NULL, 'Badajoz', NULL, 1, '2022-08-02 13:57:41', '2022-08-02 13:57:41'),
(268, 724, 'B', NULL, 'Barcelona', NULL, 1, '2022-08-02 13:57:41', '2022-08-02 13:57:41'),
(269, 724, 'BU', NULL, 'Burgos', NULL, 1, '2022-08-02 13:57:41', '2022-08-02 13:57:41'),
(270, 724, 'CS', NULL, 'Castellón', NULL, 1, '2022-08-02 13:57:41', '2022-08-02 13:57:41'),
(271, 724, 'CR', NULL, 'Ciudad Real', NULL, 1, '2022-08-02 13:57:41', '2022-08-02 13:57:41'),
(272, 724, 'CU', NULL, 'Cuenca', NULL, 1, '2022-08-02 13:57:41', '2022-08-02 13:57:41'),
(273, 724, 'CC', NULL, 'Cáceres', NULL, 1, '2022-08-02 13:57:41', '2022-08-02 13:57:41'),
(274, 724, 'CA', NULL, 'Cádiz', NULL, 1, '2022-08-02 13:57:41', '2022-08-02 13:57:41'),
(275, 724, 'CO', NULL, 'Córdoba', NULL, 1, '2022-08-02 13:57:41', '2022-08-02 13:57:41'),
(276, 724, 'GI', NULL, 'Gerona', NULL, 1, '2022-08-02 13:57:41', '2022-08-02 13:57:41'),
(277, 724, 'GR', NULL, 'Granada', NULL, 1, '2022-08-02 13:57:41', '2022-08-02 13:57:41'),
(278, 724, 'GU', NULL, 'Guadalajara', NULL, 1, '2022-08-02 13:57:41', '2022-08-02 13:57:41'),
(279, 724, 'SS', NULL, 'Guipúzcoa', NULL, 1, '2022-08-02 13:57:41', '2022-08-02 13:57:41'),
(280, 724, 'H', NULL, 'Huelva', NULL, 1, '2022-08-02 13:57:41', '2022-08-02 13:57:41'),
(281, 724, 'HU', NULL, 'Huesca', NULL, 1, '2022-08-02 13:57:41', '2022-08-02 13:57:41'),
(282, 724, 'J', NULL, 'Jaén', NULL, 1, '2022-08-02 13:57:41', '2022-08-02 13:57:41'),
(283, 724, 'C', NULL, 'La Coruña', NULL, 1, '2022-08-02 13:57:41', '2022-08-02 13:57:41'),
(284, 724, 'LO', NULL, 'La Rioja', NULL, 1, '2022-08-02 13:57:41', '2022-08-02 13:57:41'),
(285, 724, 'GC', NULL, 'Las Palmas', NULL, 1, '2022-08-02 13:57:41', '2022-08-02 13:57:41'),
(286, 724, 'LE', NULL, 'León', NULL, 1, '2022-08-02 13:57:41', '2022-08-02 13:57:41'),
(287, 724, 'LU', NULL, 'Lugo', NULL, 1, '2022-08-02 13:57:41', '2022-08-02 13:57:41'),
(288, 724, 'L', NULL, 'Lérida', NULL, 1, '2022-08-02 13:57:41', '2022-08-02 13:57:41'),
(289, 724, 'M', NULL, 'Madrid', NULL, 1, '2022-08-02 13:57:41', '2022-08-02 13:57:41'),
(290, 724, 'MU', NULL, 'Murcia', NULL, 1, '2022-08-02 13:57:41', '2022-08-02 13:57:41'),
(291, 724, 'MA', NULL, 'Málaga', NULL, 1, '2022-08-02 13:57:41', '2022-08-02 13:57:41'),
(292, 724, 'OU', NULL, 'Orense', NULL, 1, '2022-08-02 13:57:41', '2022-08-02 13:57:41'),
(293, 724, 'P', NULL, 'Palencia', NULL, 1, '2022-08-02 13:57:41', '2022-08-02 13:57:41'),
(294, 724, 'PO', NULL, 'Pontevedra', NULL, 1, '2022-08-02 13:57:41', '2022-08-02 13:57:41'),
(295, 724, 'SA', NULL, 'Salamanca', NULL, 1, '2022-08-02 13:57:41', '2022-08-02 13:57:41'),
(296, 724, 'SG', NULL, 'Segovia', NULL, 1, '2022-08-02 13:57:41', '2022-08-02 13:57:41'),
(297, 724, 'SE', NULL, 'Sevilla', NULL, 1, '2022-08-02 13:57:41', '2022-08-02 13:57:41'),
(298, 724, 'SO', NULL, 'Soria', NULL, 1, '2022-08-02 13:57:41', '2022-08-02 13:57:41'),
(299, 724, 'T', NULL, 'Tarragona', NULL, 1, '2022-08-02 13:57:41', '2022-08-02 13:57:41'),
(300, 724, 'TF', NULL, 'Tenerife', NULL, 1, '2022-08-02 13:57:41', '2022-08-02 13:57:41'),
(301, 724, 'TE', NULL, 'Teruel', NULL, 1, '2022-08-02 13:57:41', '2022-08-02 13:57:41'),
(302, 724, 'TO', NULL, 'Toledo', NULL, 1, '2022-08-02 13:57:41', '2022-08-02 13:57:41'),
(303, 724, 'V', NULL, 'Valencia', NULL, 1, '2022-08-02 13:57:41', '2022-08-02 13:57:41'),
(304, 724, 'VA', NULL, 'Valladolid', NULL, 1, '2022-08-02 13:57:41', '2022-08-02 13:57:41'),
(305, 724, 'BI', NULL, 'Vizcaya', NULL, 1, '2022-08-02 13:57:41', '2022-08-02 13:57:41'),
(306, 724, 'ZA', NULL, 'Zamora', NULL, 1, '2022-08-02 13:57:41', '2022-08-02 13:57:41'),
(307, 724, 'Z', NULL, 'Zaragoza', NULL, 1, '2022-08-02 13:57:41', '2022-08-02 13:57:41'),
(308, 724, 'VI', NULL, 'Ãlava', NULL, 1, '2022-08-02 13:57:41', '2022-08-02 13:57:41'),
(309, 724, 'AV', NULL, 'Ãvila', NULL, 1, '2022-08-02 13:57:41', '2022-08-02 13:57:41'),
(310, 250, 'ARA', NULL, 'Auvergne-Rhône-Alpes', NULL, 1, '2022-08-02 13:57:41', '2022-08-02 13:57:41'),
(311, 250, 'BFC', NULL, 'Bourgogne-Franche-Comté', NULL, 1, '2022-08-02 13:57:41', '2022-08-02 13:57:41'),
(312, 250, 'BRE', NULL, 'Bretagne', NULL, 1, '2022-08-02 13:57:41', '2022-08-02 13:57:41'),
(313, 250, 'CVL', NULL, 'Centre-Val de Loire', NULL, 1, '2022-08-02 13:57:41', '2022-08-02 13:57:41'),
(314, 250, 'COR', NULL, 'Corse', NULL, 1, '2022-08-02 13:57:41', '2022-08-02 13:57:41'),
(315, 250, 'GES', NULL, 'Grand-Est', NULL, 1, '2022-08-02 13:57:41', '2022-08-02 13:57:41'),
(316, 250, 'GUA', NULL, 'Guadeloupe', NULL, 1, '2022-08-02 13:57:41', '2022-08-02 13:57:41'),
(317, 250, 'HDF', NULL, 'Hauts-de-France', NULL, 1, '2022-08-02 13:57:41', '2022-08-02 13:57:41'),
(318, 250, 'LRE', NULL, 'La Réunion', NULL, 1, '2022-08-02 13:57:41', '2022-08-02 13:57:41'),
(319, 250, 'MAY', NULL, 'Mayotte', NULL, 1, '2022-08-02 13:57:41', '2022-08-02 13:57:41'),
(320, 250, 'NOR', NULL, 'Normandie', NULL, 1, '2022-08-02 13:57:41', '2022-08-02 13:57:41'),
(321, 250, 'NAQ', NULL, 'Nouvelle-Aquitaine', NULL, 1, '2022-08-02 13:57:41', '2022-08-02 13:57:41'),
(322, 250, 'OCC', NULL, 'Occitanie', NULL, 1, '2022-08-02 13:57:41', '2022-08-02 13:57:41'),
(323, 250, 'PDL', NULL, 'Pays-de-la-Loire', NULL, 1, '2022-08-02 13:57:41', '2022-08-02 13:57:41'),
(324, 250, 'PAC', NULL, 'Provence-Alpes-Côte-d’Azur', NULL, 1, '2022-08-02 13:57:41', '2022-08-02 13:57:41'),
(325, 250, 'IDF', NULL, 'Île-de-France', NULL, 1, '2022-08-02 13:57:41', '2022-08-02 13:57:41'),
(326, 826, 'ABE', NULL, 'Aberdeen City', NULL, 1, '2022-08-02 13:57:41', '2022-08-02 13:57:41'),
(327, 826, 'ABD', NULL, 'Aberdeenshire', NULL, 1, '2022-08-02 13:57:41', '2022-08-02 13:57:41'),
(328, 826, 'ANS', NULL, 'Angus', NULL, 1, '2022-08-02 13:57:41', '2022-08-02 13:57:41'),
(329, 826, 'ANT', NULL, 'Antrim', NULL, 1, '2022-08-02 13:57:41', '2022-08-02 13:57:41'),
(330, 826, 'ARD', NULL, 'Ards', NULL, 1, '2022-08-02 13:57:41', '2022-08-02 13:57:41'),
(331, 826, 'AGB', NULL, 'Argyll and Bute', NULL, 1, '2022-08-02 13:57:41', '2022-08-02 13:57:41'),
(332, 826, 'ARM', NULL, 'Armagh', NULL, 1, '2022-08-02 13:57:41', '2022-08-02 13:57:41'),
(333, 826, 'BLA', NULL, 'Ballymena', NULL, 1, '2022-08-02 13:57:41', '2022-08-02 13:57:41'),
(334, 826, 'BLY', NULL, 'Ballymoney', NULL, 1, '2022-08-02 13:57:41', '2022-08-02 13:57:41'),
(335, 826, 'BNB', NULL, 'Banbridge', NULL, 1, '2022-08-02 13:57:41', '2022-08-02 13:57:41'),
(336, 826, 'BDG', NULL, 'Barking and Dagenham', NULL, 1, '2022-08-02 13:57:41', '2022-08-02 13:57:41'),
(337, 826, 'BNE', NULL, 'Barnet', NULL, 1, '2022-08-02 13:57:41', '2022-08-02 13:57:41'),
(338, 826, 'BNS', NULL, 'Barnsley', NULL, 1, '2022-08-02 13:57:41', '2022-08-02 13:57:41'),
(339, 826, 'BAS', NULL, 'Bath and North East Somerset', NULL, 1, '2022-08-02 13:57:41', '2022-08-02 13:57:41'),
(340, 826, 'BDF', NULL, 'Bedfordshire', NULL, 1, '2022-08-02 13:57:41', '2022-08-02 13:57:41'),
(341, 826, 'BFS', NULL, 'Belfast', NULL, 1, '2022-08-02 13:57:41', '2022-08-02 13:57:41'),
(342, 826, 'BEX', NULL, 'Bexley', NULL, 1, '2022-08-02 13:57:41', '2022-08-02 13:57:41'),
(343, 826, 'BIR', NULL, 'Birmingham', NULL, 1, '2022-08-02 13:57:41', '2022-08-02 13:57:41'),
(344, 826, 'BBD', NULL, 'Blackburn with Darwen', NULL, 1, '2022-08-02 13:57:41', '2022-08-02 13:57:41'),
(345, 826, 'BPL', NULL, 'Blackpool', NULL, 1, '2022-08-02 13:57:41', '2022-08-02 13:57:41'),
(346, 826, 'BGW', NULL, 'Blaenau Gwent', NULL, 1, '2022-08-02 13:57:41', '2022-08-02 13:57:41'),
(347, 826, 'BOL', NULL, 'Bolton', NULL, 1, '2022-08-02 13:57:41', '2022-08-02 13:57:41'),
(348, 826, 'BMH', NULL, 'Bournemouth', NULL, 1, '2022-08-02 13:57:41', '2022-08-02 13:57:41'),
(349, 826, 'BRC', NULL, 'Bracknell Forest', NULL, 1, '2022-08-02 13:57:41', '2022-08-02 13:57:41'),
(350, 826, 'BRD', NULL, 'Bradford', NULL, 1, '2022-08-02 13:57:41', '2022-08-02 13:57:41'),
(351, 826, 'BEN', NULL, 'Brent', NULL, 1, '2022-08-02 13:57:41', '2022-08-02 13:57:41'),
(352, 826, 'BGE', NULL, 'Bridgend [Pen-y-bont ar Ogwr GB-POG]', NULL, 1, '2022-08-02 13:57:41', '2022-08-02 13:57:41'),
(353, 826, 'BNH', NULL, 'Brighton and Hove', NULL, 1, '2022-08-02 13:57:41', '2022-08-02 13:57:41'),
(354, 826, 'BST', NULL, 'Bristol, City of', NULL, 1, '2022-08-02 13:57:41', '2022-08-02 13:57:41'),
(355, 826, 'BRY', NULL, 'Bromley', NULL, 1, '2022-08-02 13:57:41', '2022-08-02 13:57:41'),
(356, 826, 'BKM', NULL, 'Buckinghamshire', NULL, 1, '2022-08-02 13:57:41', '2022-08-02 13:57:41'),
(357, 826, 'BUR', NULL, 'Bury', NULL, 1, '2022-08-02 13:57:41', '2022-08-02 13:57:41'),
(358, 826, 'CAY', NULL, 'Caerphilly [Caerffili GB-CAF]', NULL, 1, '2022-08-02 13:57:41', '2022-08-02 13:57:41'),
(359, 826, 'CLD', NULL, 'Calderdale', NULL, 1, '2022-08-02 13:57:41', '2022-08-02 13:57:41'),
(360, 826, 'CAM', NULL, 'Cambridgeshire', NULL, 1, '2022-08-02 13:57:41', '2022-08-02 13:57:41'),
(361, 826, 'CMD', NULL, 'Camden', NULL, 1, '2022-08-02 13:57:41', '2022-08-02 13:57:41'),
(362, 826, 'CRF', NULL, 'Cardiff [Caerdydd GB-CRD]', NULL, 1, '2022-08-02 13:57:41', '2022-08-02 13:57:41'),
(363, 826, 'CMN', NULL, 'Carmarthenshire [Sir Gaerfyrddin GB-GFY]', NULL, 1, '2022-08-02 13:57:41', '2022-08-02 13:57:41'),
(364, 826, 'CKF', NULL, 'Carrickfergus', NULL, 1, '2022-08-02 13:57:41', '2022-08-02 13:57:41'),
(365, 826, 'CSR', NULL, 'Castlereagh', NULL, 1, '2022-08-02 13:57:41', '2022-08-02 13:57:41'),
(366, 826, 'CBF', NULL, 'Central Bedfordshire', NULL, 1, '2022-08-02 13:57:41', '2022-08-02 13:57:41'),
(367, 826, 'CGN', NULL, 'Ceredigion [Sir Ceredigion]', NULL, 1, '2022-08-02 13:57:41', '2022-08-02 13:57:41'),
(368, 826, 'CHE', NULL, 'Cheshire East', NULL, 1, '2022-08-02 13:57:41', '2022-08-02 13:57:41'),
(369, 826, 'CHW', NULL, 'Cheshire West and Chester', NULL, 1, '2022-08-02 13:57:41', '2022-08-02 13:57:41'),
(370, 826, 'CLK', NULL, 'Clackmannanshire', NULL, 1, '2022-08-02 13:57:41', '2022-08-02 13:57:41'),
(371, 826, 'CLR', NULL, 'Coleraine', NULL, 1, '2022-08-02 13:57:41', '2022-08-02 13:57:41'),
(372, 826, 'CWY', NULL, 'Conwy', NULL, 1, '2022-08-02 13:57:41', '2022-08-02 13:57:41'),
(373, 826, 'CKT', NULL, 'Cookstown', NULL, 1, '2022-08-02 13:57:41', '2022-08-02 13:57:41'),
(374, 826, 'CON', NULL, 'Cornwall', NULL, 1, '2022-08-02 13:57:41', '2022-08-02 13:57:41'),
(375, 826, 'COV', NULL, 'Coventry', NULL, 1, '2022-08-02 13:57:41', '2022-08-02 13:57:41'),
(376, 826, 'CGV', NULL, 'Craigavon', NULL, 1, '2022-08-02 13:57:41', '2022-08-02 13:57:41'),
(377, 826, 'CRY', NULL, 'Croydon', NULL, 1, '2022-08-02 13:57:41', '2022-08-02 13:57:41'),
(378, 826, 'CMA', NULL, 'Cumbria', NULL, 1, '2022-08-02 13:57:41', '2022-08-02 13:57:41'),
(379, 826, 'DAL', NULL, 'Darlington', NULL, 1, '2022-08-02 13:57:41', '2022-08-02 13:57:41'),
(380, 826, 'DEN', NULL, 'Denbighshire [Sir Ddinbych GB-DDB]', NULL, 1, '2022-08-02 13:57:41', '2022-08-02 13:57:41'),
(381, 826, 'DER', NULL, 'Derby', NULL, 1, '2022-08-02 13:57:41', '2022-08-02 13:57:41'),
(382, 826, 'DBY', NULL, 'Derbyshire', NULL, 1, '2022-08-02 13:57:41', '2022-08-02 13:57:41'),
(383, 826, 'DRY', NULL, 'Derry', NULL, 1, '2022-08-02 13:57:41', '2022-08-02 13:57:41'),
(384, 826, 'DEV', NULL, 'Devon', NULL, 1, '2022-08-02 13:57:41', '2022-08-02 13:57:41'),
(385, 826, 'DNC', NULL, 'Doncaster', NULL, 1, '2022-08-02 13:57:41', '2022-08-02 13:57:41'),
(386, 826, 'DOR', NULL, 'Dorset', NULL, 1, '2022-08-02 13:57:41', '2022-08-02 13:57:41'),
(387, 826, 'DOW', NULL, 'Down', NULL, 1, '2022-08-02 13:57:41', '2022-08-02 13:57:41'),
(388, 826, 'DUD', NULL, 'Dudley', NULL, 1, '2022-08-02 13:57:41', '2022-08-02 13:57:41'),
(389, 826, 'DGY', NULL, 'Dumfries and Galloway', NULL, 1, '2022-08-02 13:57:41', '2022-08-02 13:57:41'),
(390, 826, 'DND', NULL, 'Dundee City', NULL, 1, '2022-08-02 13:57:41', '2022-08-02 13:57:41'),
(391, 826, 'DGN', NULL, 'Dungannon', NULL, 1, '2022-08-02 13:57:41', '2022-08-02 13:57:41'),
(392, 826, 'DUR', NULL, 'Durham', NULL, 1, '2022-08-02 13:57:41', '2022-08-02 13:57:41'),
(393, 826, 'EAL', NULL, 'Ealing', NULL, 1, '2022-08-02 13:57:41', '2022-08-02 13:57:41'),
(394, 826, 'EAY', NULL, 'East Ayrshire', NULL, 1, '2022-08-02 13:57:41', '2022-08-02 13:57:41'),
(395, 826, 'EDU', NULL, 'East Dunbartonshire', NULL, 1, '2022-08-02 13:57:41', '2022-08-02 13:57:41'),
(396, 826, 'ELN', NULL, 'East Lothian', NULL, 1, '2022-08-02 13:57:41', '2022-08-02 13:57:41'),
(397, 826, 'ERW', NULL, 'East Renfrewshire', NULL, 1, '2022-08-02 13:57:41', '2022-08-02 13:57:41'),
(398, 826, 'ERY', NULL, 'East Riding of Yorkshire', NULL, 1, '2022-08-02 13:57:41', '2022-08-02 13:57:41'),
(399, 826, 'ESX', NULL, 'East Sussex', NULL, 1, '2022-08-02 13:57:41', '2022-08-02 13:57:41'),
(400, 826, 'EDH', NULL, 'Edinburgh, City of', NULL, 1, '2022-08-02 13:57:41', '2022-08-02 13:57:41'),
(401, 826, 'ELS', NULL, 'Eilean Siar', NULL, 1, '2022-08-02 13:57:41', '2022-08-02 13:57:41'),
(402, 826, 'ENF', NULL, 'Enfield', NULL, 1, '2022-08-02 13:57:41', '2022-08-02 13:57:41'),
(403, 826, 'ESS', NULL, 'Essex', NULL, 1, '2022-08-02 13:57:41', '2022-08-02 13:57:41'),
(404, 826, 'FAL', NULL, 'Falkirk', NULL, 1, '2022-08-02 13:57:41', '2022-08-02 13:57:41'),
(405, 826, 'FER', NULL, 'Fermanagh', NULL, 1, '2022-08-02 13:57:41', '2022-08-02 13:57:41'),
(406, 826, 'FIF', NULL, 'Fife', NULL, 1, '2022-08-02 13:57:41', '2022-08-02 13:57:41'),
(407, 826, 'FLN', NULL, 'Flintshire [Sir y Fflint GB-FFL]', NULL, 1, '2022-08-02 13:57:41', '2022-08-02 13:57:41'),
(408, 826, 'GAT', NULL, 'Gateshead', NULL, 1, '2022-08-02 13:57:41', '2022-08-02 13:57:41'),
(409, 826, 'GLG', NULL, 'Glasgow City', NULL, 1, '2022-08-02 13:57:41', '2022-08-02 13:57:41'),
(410, 826, 'GLS', NULL, 'Gloucestershire', NULL, 1, '2022-08-02 13:57:41', '2022-08-02 13:57:41'),
(411, 826, 'GRE', NULL, 'Greenwich', NULL, 1, '2022-08-02 13:57:41', '2022-08-02 13:57:41'),
(412, 826, 'GWN', NULL, 'Gwynedd', NULL, 1, '2022-08-02 13:57:41', '2022-08-02 13:57:41'),
(413, 826, 'HCK', NULL, 'Hackney', NULL, 1, '2022-08-02 13:57:41', '2022-08-02 13:57:41'),
(414, 826, 'HAL', NULL, 'Halton', NULL, 1, '2022-08-02 13:57:41', '2022-08-02 13:57:41'),
(415, 826, 'HMF', NULL, 'Hammersmith and Fulham', NULL, 1, '2022-08-02 13:57:41', '2022-08-02 13:57:41'),
(416, 826, 'HAM', NULL, 'Hampshire', NULL, 1, '2022-08-02 13:57:41', '2022-08-02 13:57:41'),
(417, 826, 'HRY', NULL, 'Haringey', NULL, 1, '2022-08-02 13:57:41', '2022-08-02 13:57:41'),
(418, 826, 'HRW', NULL, 'Harrow', NULL, 1, '2022-08-02 13:57:41', '2022-08-02 13:57:41'),
(419, 826, 'HPL', NULL, 'Hartlepool', NULL, 1, '2022-08-02 13:57:41', '2022-08-02 13:57:41'),
(420, 826, 'HAV', NULL, 'Havering', NULL, 1, '2022-08-02 13:57:41', '2022-08-02 13:57:41'),
(421, 826, 'HEF', NULL, 'Herefordshire, County of', NULL, 1, '2022-08-02 13:57:41', '2022-08-02 13:57:41'),
(422, 826, 'HRT', NULL, 'Hertfordshire', NULL, 1, '2022-08-02 13:57:41', '2022-08-02 13:57:41'),
(423, 826, 'HLD', NULL, 'Highland', NULL, 1, '2022-08-02 13:57:41', '2022-08-02 13:57:41'),
(424, 826, 'HIL', NULL, 'Hillingdon', NULL, 1, '2022-08-02 13:57:41', '2022-08-02 13:57:41'),
(425, 826, 'HNS', NULL, 'Hounslow', NULL, 1, '2022-08-02 13:57:41', '2022-08-02 13:57:41'),
(426, 826, 'IVC', NULL, 'Inverclyde', NULL, 1, '2022-08-02 13:57:41', '2022-08-02 13:57:41'),
(427, 826, 'AGY', NULL, 'Isle of Anglesey [Sir Ynys Môn GB-YNM]', NULL, 1, '2022-08-02 13:57:41', '2022-08-02 13:57:41'),
(428, 826, 'IOW', NULL, 'Isle of Wight', NULL, 1, '2022-08-02 13:57:41', '2022-08-02 13:57:41'),
(429, 826, 'ISL', NULL, 'Islington', NULL, 1, '2022-08-02 13:57:41', '2022-08-02 13:57:41'),
(430, 826, 'KEC', NULL, 'Kensington and Chelsea', NULL, 1, '2022-08-02 13:57:41', '2022-08-02 13:57:41'),
(431, 826, 'KEN', NULL, 'Kent', NULL, 1, '2022-08-02 13:57:41', '2022-08-02 13:57:41'),
(432, 826, 'KHL', NULL, 'Kingston upon Hull, City of', NULL, 1, '2022-08-02 13:57:41', '2022-08-02 13:57:41'),
(433, 826, 'KTT', NULL, 'Kingston upon Thames', NULL, 1, '2022-08-02 13:57:41', '2022-08-02 13:57:41'),
(434, 826, 'KIR', NULL, 'Kirklees', NULL, 1, '2022-08-02 13:57:41', '2022-08-02 13:57:41'),
(435, 826, 'KWL', NULL, 'Knowsley', NULL, 1, '2022-08-02 13:57:41', '2022-08-02 13:57:41'),
(436, 826, 'LBH', NULL, 'Lambeth', NULL, 1, '2022-08-02 13:57:41', '2022-08-02 13:57:41'),
(437, 826, 'LAN', NULL, 'Lancashire', NULL, 1, '2022-08-02 13:57:41', '2022-08-02 13:57:41'),
(438, 826, 'LRN', NULL, 'Larne', NULL, 1, '2022-08-02 13:57:41', '2022-08-02 13:57:41'),
(439, 826, 'LDS', NULL, 'Leeds', NULL, 1, '2022-08-02 13:57:41', '2022-08-02 13:57:41'),
(440, 826, 'LCE', NULL, 'Leicester', NULL, 1, '2022-08-02 13:57:41', '2022-08-02 13:57:41'),
(441, 826, 'LEC', NULL, 'Leicestershire', NULL, 1, '2022-08-02 13:57:41', '2022-08-02 13:57:41'),
(442, 826, 'LEW', NULL, 'Lewisham', NULL, 1, '2022-08-02 13:57:41', '2022-08-02 13:57:41'),
(443, 826, 'LMV', NULL, 'Limavady', NULL, 1, '2022-08-02 13:57:41', '2022-08-02 13:57:41'),
(444, 826, 'LIN', NULL, 'Lincolnshire', NULL, 1, '2022-08-02 13:57:41', '2022-08-02 13:57:41'),
(445, 826, 'LSB', NULL, 'Lisburn', NULL, 1, '2022-08-02 13:57:41', '2022-08-02 13:57:41'),
(446, 826, 'LIV', NULL, 'Liverpool', NULL, 1, '2022-08-02 13:57:41', '2022-08-02 13:57:41'),
(447, 826, 'LND', NULL, 'London, City of', NULL, 1, '2022-08-02 13:57:41', '2022-08-02 13:57:41'),
(448, 826, 'LUT', NULL, 'Luton', NULL, 1, '2022-08-02 13:57:41', '2022-08-02 13:57:41'),
(449, 826, 'MFT', NULL, 'Magherafelt', NULL, 1, '2022-08-02 13:57:41', '2022-08-02 13:57:41'),
(450, 826, 'MAN', NULL, 'Manchester', NULL, 1, '2022-08-02 13:57:41', '2022-08-02 13:57:41'),
(451, 826, 'MDW', NULL, 'Medway', NULL, 1, '2022-08-02 13:57:41', '2022-08-02 13:57:41'),
(452, 826, 'MTY', NULL, 'Merthyr Tydfil [Merthyr Tudful GB-MTU]', NULL, 1, '2022-08-02 13:57:41', '2022-08-02 13:57:41'),
(453, 826, 'MRT', NULL, 'Merton', NULL, 1, '2022-08-02 13:57:41', '2022-08-02 13:57:41'),
(454, 826, 'MDB', NULL, 'Middlesbrough', NULL, 1, '2022-08-02 13:57:41', '2022-08-02 13:57:41'),
(455, 826, 'MLN', NULL, 'Midlothian', NULL, 1, '2022-08-02 13:57:41', '2022-08-02 13:57:41'),
(456, 826, 'MIK', NULL, 'Milton Keynes', NULL, 1, '2022-08-02 13:57:41', '2022-08-02 13:57:41'),
(457, 826, 'MON', NULL, 'Monmouthshire [Sir Fynwy GB-FYN]', NULL, 1, '2022-08-02 13:57:41', '2022-08-02 13:57:41'),
(458, 826, 'MRY', NULL, 'Moray', NULL, 1, '2022-08-02 13:57:41', '2022-08-02 13:57:41'),
(459, 826, 'MYL', NULL, 'Moyle', NULL, 1, '2022-08-02 13:57:41', '2022-08-02 13:57:41'),
(460, 826, 'NTL', NULL, 'Neath Port Talbot [Castell-nedd Port Talbot GB-CTL]', NULL, 1, '2022-08-02 13:57:41', '2022-08-02 13:57:41'),
(461, 826, 'NET', NULL, 'Newcastle upon Tyne', NULL, 1, '2022-08-02 13:57:41', '2022-08-02 13:57:41'),
(462, 826, 'NWM', NULL, 'Newham', NULL, 1, '2022-08-02 13:57:41', '2022-08-02 13:57:41'),
(463, 826, 'NWP', NULL, 'Newport [Casnewydd GB-CNW]', NULL, 1, '2022-08-02 13:57:41', '2022-08-02 13:57:41'),
(464, 826, 'NYM', NULL, 'Newry and Mourne', NULL, 1, '2022-08-02 13:57:41', '2022-08-02 13:57:41'),
(465, 826, 'NTA', NULL, 'Newtownabbey', NULL, 1, '2022-08-02 13:57:41', '2022-08-02 13:57:41'),
(466, 826, 'NFK', NULL, 'Norfolk', NULL, 1, '2022-08-02 13:57:41', '2022-08-02 13:57:41'),
(467, 826, 'NAY', NULL, 'North Ayrshire', NULL, 1, '2022-08-02 13:57:41', '2022-08-02 13:57:41'),
(468, 826, 'NDN', NULL, 'North Down', NULL, 1, '2022-08-02 13:57:41', '2022-08-02 13:57:41'),
(469, 826, 'NEL', NULL, 'North East Lincolnshire', NULL, 1, '2022-08-02 13:57:41', '2022-08-02 13:57:41'),
(470, 826, 'NLK', NULL, 'North Lanarkshire', NULL, 1, '2022-08-02 13:57:41', '2022-08-02 13:57:41'),
(471, 826, 'NLN', NULL, 'North Lincolnshire', NULL, 1, '2022-08-02 13:57:41', '2022-08-02 13:57:41'),
(472, 826, 'NSM', NULL, 'North Somerset', NULL, 1, '2022-08-02 13:57:41', '2022-08-02 13:57:41'),
(473, 826, 'NTY', NULL, 'North Tyneside', NULL, 1, '2022-08-02 13:57:41', '2022-08-02 13:57:41'),
(474, 826, 'NYK', NULL, 'North Yorkshire', NULL, 1, '2022-08-02 13:57:41', '2022-08-02 13:57:41'),
(475, 826, 'NTH', NULL, 'Northamptonshire', NULL, 1, '2022-08-02 13:57:41', '2022-08-02 13:57:41'),
(476, 826, 'NBL', NULL, 'Northumberland', NULL, 1, '2022-08-02 13:57:41', '2022-08-02 13:57:41'),
(477, 826, 'NGM', NULL, 'Nottingham', NULL, 1, '2022-08-02 13:57:41', '2022-08-02 13:57:41'),
(478, 826, 'NTT', NULL, 'Nottinghamshire', NULL, 1, '2022-08-02 13:57:41', '2022-08-02 13:57:41'),
(479, 826, 'OLD', NULL, 'Oldham', NULL, 1, '2022-08-02 13:57:41', '2022-08-02 13:57:41'),
(480, 826, 'OMH', NULL, 'Omagh', NULL, 1, '2022-08-02 13:57:41', '2022-08-02 13:57:41'),
(481, 826, 'ORK', NULL, 'Orkney Islands', NULL, 1, '2022-08-02 13:57:41', '2022-08-02 13:57:41'),
(482, 826, 'OXF', NULL, 'Oxfordshire', NULL, 1, '2022-08-02 13:57:41', '2022-08-02 13:57:41'),
(483, 826, 'PEM', NULL, 'Pembrokeshire [Sir Benfro GB-BNF]', NULL, 1, '2022-08-02 13:57:41', '2022-08-02 13:57:41'),
(484, 826, 'PKN', NULL, 'Perth and Kinross', NULL, 1, '2022-08-02 13:57:41', '2022-08-02 13:57:41'),
(485, 826, 'PTE', NULL, 'Peterborough', NULL, 1, '2022-08-02 13:57:41', '2022-08-02 13:57:41'),
(486, 826, 'PLY', NULL, 'Plymouth', NULL, 1, '2022-08-02 13:57:41', '2022-08-02 13:57:41'),
(487, 826, 'POL', NULL, 'Poole', NULL, 1, '2022-08-02 13:57:41', '2022-08-02 13:57:41'),
(488, 826, 'POR', NULL, 'Portsmouth', NULL, 1, '2022-08-02 13:57:41', '2022-08-02 13:57:41'),
(489, 826, 'POW', NULL, 'Powys', NULL, 1, '2022-08-02 13:57:41', '2022-08-02 13:57:41'),
(490, 826, 'RDG', NULL, 'Reading', NULL, 1, '2022-08-02 13:57:41', '2022-08-02 13:57:41'),
(491, 826, 'RDB', NULL, 'Redbridge', NULL, 1, '2022-08-02 13:57:41', '2022-08-02 13:57:41'),
(492, 826, 'RCC', NULL, 'Redcar and Cleveland', NULL, 1, '2022-08-02 13:57:41', '2022-08-02 13:57:41'),
(493, 826, 'RFW', NULL, 'Renfrewshire', NULL, 1, '2022-08-02 13:57:41', '2022-08-02 13:57:41'),
(494, 826, 'RCT', NULL, 'Rhondda, Cynon, Taff [Rhondda, Cynon,Taf]', NULL, 1, '2022-08-02 13:57:41', '2022-08-02 13:57:41'),
(495, 826, 'RIC', NULL, 'Richmond upon Thames', NULL, 1, '2022-08-02 13:57:41', '2022-08-02 13:57:41'),
(496, 826, 'RCH', NULL, 'Rochdale', NULL, 1, '2022-08-02 13:57:41', '2022-08-02 13:57:41'),
(497, 826, 'ROT', NULL, 'Rotherham', NULL, 1, '2022-08-02 13:57:41', '2022-08-02 13:57:41'),
(498, 826, 'RUT', NULL, 'Rutland', NULL, 1, '2022-08-02 13:57:41', '2022-08-02 13:57:41'),
(499, 826, 'SLF', NULL, 'Salford', NULL, 1, '2022-08-02 13:57:41', '2022-08-02 13:57:41'),
(500, 826, 'SAW', NULL, 'Sandwell', NULL, 1, '2022-08-02 13:57:41', '2022-08-02 13:57:41'),
(501, 826, 'SCB', NULL, 'Scottish Borders, The', NULL, 1, '2022-08-02 13:57:41', '2022-08-02 13:57:41'),
(502, 826, 'SFT', NULL, 'Sefton', NULL, 1, '2022-08-02 13:57:41', '2022-08-02 13:57:41'),
(503, 826, 'SHF', NULL, 'Sheffield', NULL, 1, '2022-08-02 13:57:41', '2022-08-02 13:57:41'),
(504, 826, 'ZET', NULL, 'Shetland Islands', NULL, 1, '2022-08-02 13:57:41', '2022-08-02 13:57:41'),
(505, 826, 'SHR', NULL, 'Shropshire', NULL, 1, '2022-08-02 13:57:41', '2022-08-02 13:57:41'),
(506, 826, 'SLG', NULL, 'Slough', NULL, 1, '2022-08-02 13:57:41', '2022-08-02 13:57:41'),
(507, 826, 'SOL', NULL, 'Solihull', NULL, 1, '2022-08-02 13:57:41', '2022-08-02 13:57:41'),
(508, 826, 'SOM', NULL, 'Somerset', NULL, 1, '2022-08-02 13:57:41', '2022-08-02 13:57:41'),
(509, 826, 'SAY', NULL, 'South Ayrshire', NULL, 1, '2022-08-02 13:57:41', '2022-08-02 13:57:41'),
(510, 826, 'SGC', NULL, 'South Gloucestershire', NULL, 1, '2022-08-02 13:57:41', '2022-08-02 13:57:41'),
(511, 826, 'SLK', NULL, 'South Lanarkshire', NULL, 1, '2022-08-02 13:57:41', '2022-08-02 13:57:41'),
(512, 826, 'STY', NULL, 'South Tyneside', NULL, 1, '2022-08-02 13:57:41', '2022-08-02 13:57:41'),
(513, 826, 'STH', NULL, 'Southampton', NULL, 1, '2022-08-02 13:57:41', '2022-08-02 13:57:41'),
(514, 826, 'SOS', NULL, 'Southend-on-Sea', NULL, 1, '2022-08-02 13:57:41', '2022-08-02 13:57:41'),
(515, 826, 'SWK', NULL, 'Southwark', NULL, 1, '2022-08-02 13:57:41', '2022-08-02 13:57:41'),
(516, 826, 'SHN', NULL, 'St. Helens', NULL, 1, '2022-08-02 13:57:41', '2022-08-02 13:57:41'),
(517, 826, 'STS', NULL, 'Staffordshire', NULL, 1, '2022-08-02 13:57:41', '2022-08-02 13:57:41'),
(518, 826, 'STG', NULL, 'Stirling', NULL, 1, '2022-08-02 13:57:41', '2022-08-02 13:57:41'),
(519, 826, 'SKP', NULL, 'Stockport', NULL, 1, '2022-08-02 13:57:41', '2022-08-02 13:57:41'),
(520, 826, 'STT', NULL, 'Stockton-on-Tees', NULL, 1, '2022-08-02 13:57:41', '2022-08-02 13:57:41'),
(521, 826, 'STE', NULL, 'Stoke-on-Trent', NULL, 1, '2022-08-02 13:57:41', '2022-08-02 13:57:41'),
(522, 826, 'STB', NULL, 'Strabane', NULL, 1, '2022-08-02 13:57:41', '2022-08-02 13:57:41'),
(523, 826, 'SFK', NULL, 'Suffolk', NULL, 1, '2022-08-02 13:57:41', '2022-08-02 13:57:41'),
(524, 826, 'SND', NULL, 'Sunderland', NULL, 1, '2022-08-02 13:57:41', '2022-08-02 13:57:41'),
(525, 826, 'SRY', NULL, 'Surrey', NULL, 1, '2022-08-02 13:57:41', '2022-08-02 13:57:41'),
(526, 826, 'STN', NULL, 'Sutton', NULL, 1, '2022-08-02 13:57:41', '2022-08-02 13:57:41'),
(527, 826, 'SWA', NULL, 'Swansea [Abertawe GB-ATA]', NULL, 1, '2022-08-02 13:57:41', '2022-08-02 13:57:41'),
(528, 826, 'SWD', NULL, 'Swindon', NULL, 1, '2022-08-02 13:57:41', '2022-08-02 13:57:41'),
(529, 826, 'TAM', NULL, 'Tameside', NULL, 1, '2022-08-02 13:57:41', '2022-08-02 13:57:41'),
(530, 826, 'TFW', NULL, 'Telford and Wrekin', NULL, 1, '2022-08-02 13:57:41', '2022-08-02 13:57:41'),
(531, 826, 'THR', NULL, 'Thurrock', NULL, 1, '2022-08-02 13:57:41', '2022-08-02 13:57:41'),
(532, 826, 'TOB', NULL, 'Torbay', NULL, 1, '2022-08-02 13:57:41', '2022-08-02 13:57:41'),
(533, 826, 'TOF', NULL, 'Torfaen [Tor-faen]', NULL, 1, '2022-08-02 13:57:41', '2022-08-02 13:57:41'),
(534, 826, 'TWH', NULL, 'Tower Hamlets', NULL, 1, '2022-08-02 13:57:41', '2022-08-02 13:57:41'),
(535, 826, 'TRF', NULL, 'Trafford', NULL, 1, '2022-08-02 13:57:41', '2022-08-02 13:57:41'),
(536, 826, 'VGL', NULL, 'Vale of Glamorgan, The [Bro Morgannwg GB-BMG]', NULL, 1, '2022-08-02 13:57:41', '2022-08-02 13:57:41'),
(537, 826, 'WKF', NULL, 'Wakefield', NULL, 1, '2022-08-02 13:57:41', '2022-08-02 13:57:41'),
(538, 826, 'WLL', NULL, 'Walsall', NULL, 1, '2022-08-02 13:57:41', '2022-08-02 13:57:41'),
(539, 826, 'WFT', NULL, 'Waltham Forest', NULL, 1, '2022-08-02 13:57:41', '2022-08-02 13:57:41'),
(540, 826, 'WND', NULL, 'Wandsworth', NULL, 1, '2022-08-02 13:57:41', '2022-08-02 13:57:41'),
(541, 826, 'WRT', NULL, 'Warrington', NULL, 1, '2022-08-02 13:57:41', '2022-08-02 13:57:41');
INSERT INTO `states` (`id`, `country_id`, `iso_code`, `iso_numeric`, `name`, `calling_code`, `active`, `created_at`, `updated_at`) VALUES
(542, 826, 'WAR', NULL, 'Warwickshire', NULL, 1, '2022-08-02 13:57:41', '2022-08-02 13:57:41'),
(543, 826, 'WBK', NULL, 'West Berkshire', NULL, 1, '2022-08-02 13:57:41', '2022-08-02 13:57:41'),
(544, 826, 'WDU', NULL, 'West Dunbartonshire', NULL, 1, '2022-08-02 13:57:41', '2022-08-02 13:57:41'),
(545, 826, 'WLN', NULL, 'West Lothian', NULL, 1, '2022-08-02 13:57:41', '2022-08-02 13:57:41'),
(546, 826, 'WSX', NULL, 'West Sussex', NULL, 1, '2022-08-02 13:57:41', '2022-08-02 13:57:41'),
(547, 826, 'WSM', NULL, 'Westminster', NULL, 1, '2022-08-02 13:57:41', '2022-08-02 13:57:41'),
(548, 826, 'WGN', NULL, 'Wigan', NULL, 1, '2022-08-02 13:57:41', '2022-08-02 13:57:41'),
(549, 826, 'WIL', NULL, 'Wiltshire', NULL, 1, '2022-08-02 13:57:41', '2022-08-02 13:57:41'),
(550, 826, 'WNM', NULL, 'Windsor and Maidenhead', NULL, 1, '2022-08-02 13:57:41', '2022-08-02 13:57:41'),
(551, 826, 'WRL', NULL, 'Wirral', NULL, 1, '2022-08-02 13:57:41', '2022-08-02 13:57:41'),
(552, 826, 'WOK', NULL, 'Wokingham', NULL, 1, '2022-08-02 13:57:41', '2022-08-02 13:57:41'),
(553, 826, 'WLV', NULL, 'Wolverhampton', NULL, 1, '2022-08-02 13:57:41', '2022-08-02 13:57:41'),
(554, 826, 'WOR', NULL, 'Worcestershire', NULL, 1, '2022-08-02 13:57:41', '2022-08-02 13:57:41'),
(555, 826, 'WRX', NULL, 'Wrexham [Wrecsam GB-WRC]', NULL, 1, '2022-08-02 13:57:41', '2022-08-02 13:57:41'),
(556, 826, 'YOR', NULL, 'York', NULL, 1, '2022-08-02 13:57:41', '2022-08-02 13:57:41'),
(557, 268, 'AB', NULL, 'Abkhazia', NULL, 1, '2022-08-02 13:57:41', '2022-08-02 13:57:41'),
(558, 268, 'AJ', NULL, 'Ajaria', NULL, 1, '2022-08-02 13:57:41', '2022-08-02 13:57:41'),
(559, 268, 'GU', NULL, 'Guria', NULL, 1, '2022-08-02 13:57:41', '2022-08-02 13:57:41'),
(560, 268, 'IM', NULL, 'Imeret\'i', NULL, 1, '2022-08-02 13:57:41', '2022-08-02 13:57:41'),
(561, 268, 'KK', NULL, 'K\'vemo K\'art\'li', NULL, 1, '2022-08-02 13:57:41', '2022-08-02 13:57:41'),
(562, 268, 'KA', NULL, 'Kakhet\'i', NULL, 1, '2022-08-02 13:57:41', '2022-08-02 13:57:41'),
(563, 268, 'MM', NULL, 'Mts\'khet\'a-Mt\'ianet\'i', NULL, 1, '2022-08-02 13:57:41', '2022-08-02 13:57:41'),
(564, 268, 'RL', NULL, 'Racha-Lech\'khumi-K\'vemo Svanet\'i', NULL, 1, '2022-08-02 13:57:41', '2022-08-02 13:57:41'),
(565, 268, 'SZ', NULL, 'Samegrelo-Zemo Svanet\'i', NULL, 1, '2022-08-02 13:57:41', '2022-08-02 13:57:41'),
(566, 268, 'SJ', NULL, 'Samts\'khe-Javakhet\'i', NULL, 1, '2022-08-02 13:57:41', '2022-08-02 13:57:41'),
(567, 268, 'SK', NULL, 'Shida K\'art\'li', NULL, 1, '2022-08-02 13:57:41', '2022-08-02 13:57:41'),
(568, 268, 'TB', NULL, 'T\'bilisi', NULL, 1, '2022-08-02 13:57:41', '2022-08-02 13:57:41'),
(569, 288, 'AH', NULL, 'Ashanti', NULL, 1, '2022-08-02 13:57:41', '2022-08-02 13:57:41'),
(570, 288, 'BA', NULL, 'Brong-Ahafo', NULL, 1, '2022-08-02 13:57:41', '2022-08-02 13:57:41'),
(571, 288, 'CP', NULL, 'Central', NULL, 1, '2022-08-02 13:57:41', '2022-08-02 13:57:41'),
(572, 288, 'EP', NULL, 'Eastern', NULL, 1, '2022-08-02 13:57:41', '2022-08-02 13:57:41'),
(573, 288, 'AA', NULL, 'Greater Accra', NULL, 1, '2022-08-02 13:57:41', '2022-08-02 13:57:41'),
(574, 288, 'NP', NULL, 'Northern', NULL, 1, '2022-08-02 13:57:41', '2022-08-02 13:57:41'),
(575, 288, 'UE', NULL, 'Upper East', NULL, 1, '2022-08-02 13:57:41', '2022-08-02 13:57:41'),
(576, 288, 'UW', NULL, 'Upper West', NULL, 1, '2022-08-02 13:57:41', '2022-08-02 13:57:41'),
(577, 288, 'TV', NULL, 'Volta', NULL, 1, '2022-08-02 13:57:41', '2022-08-02 13:57:41'),
(578, 288, 'WP', NULL, 'Western', NULL, 1, '2022-08-02 13:57:41', '2022-08-02 13:57:41'),
(579, 360, 'BA', NULL, 'Bali', NULL, 1, '2022-08-02 13:57:41', '2022-08-02 13:57:41'),
(580, 360, 'BB', NULL, 'Bangka–Belitung Islands', NULL, 1, '2022-08-02 13:57:41', '2022-08-02 13:57:41'),
(581, 360, 'BT', NULL, 'Banten', NULL, 1, '2022-08-02 13:57:41', '2022-08-02 13:57:41'),
(582, 360, 'BE', NULL, 'Bengkulu', NULL, 1, '2022-08-02 13:57:41', '2022-08-02 13:57:41'),
(583, 360, 'JT', NULL, 'Central Java', NULL, 1, '2022-08-02 13:57:41', '2022-08-02 13:57:41'),
(584, 360, 'KT', NULL, 'Central Kalimantan', NULL, 1, '2022-08-02 13:57:41', '2022-08-02 13:57:41'),
(585, 360, 'ST', NULL, 'Central Sulawesi', NULL, 1, '2022-08-02 13:57:41', '2022-08-02 13:57:41'),
(586, 360, 'JI', NULL, 'East Java', NULL, 1, '2022-08-02 13:57:41', '2022-08-02 13:57:41'),
(587, 360, 'KI', NULL, 'East Kalimantan', NULL, 1, '2022-08-02 13:57:41', '2022-08-02 13:57:41'),
(588, 360, 'NT', NULL, 'East Nusa Tenggara', NULL, 1, '2022-08-02 13:57:41', '2022-08-02 13:57:41'),
(589, 360, 'GO', NULL, 'Gorontalo', NULL, 1, '2022-08-02 13:57:41', '2022-08-02 13:57:41'),
(590, 360, 'JK', NULL, 'Jakarta Special Capital Region', NULL, 1, '2022-08-02 13:57:41', '2022-08-02 13:57:41'),
(591, 360, 'JA', NULL, 'Jambi', NULL, 1, '2022-08-02 13:57:41', '2022-08-02 13:57:41'),
(592, 360, 'LA', NULL, 'Lampung', NULL, 1, '2022-08-02 13:57:41', '2022-08-02 13:57:41'),
(593, 360, 'MA', NULL, 'Maluku', NULL, 1, '2022-08-02 13:57:41', '2022-08-02 13:57:41'),
(594, 360, 'KU', NULL, 'North Kalimantan', NULL, 1, '2022-08-02 13:57:41', '2022-08-02 13:57:41'),
(595, 360, 'MU', NULL, 'North Maluku', NULL, 1, '2022-08-02 13:57:41', '2022-08-02 13:57:41'),
(596, 360, 'SA', NULL, 'North Sulawesi', NULL, 1, '2022-08-02 13:57:41', '2022-08-02 13:57:41'),
(597, 360, 'SU', NULL, 'North Sumatra', NULL, 1, '2022-08-02 13:57:41', '2022-08-02 13:57:41'),
(598, 360, 'RI', NULL, 'Riau', NULL, 1, '2022-08-02 13:57:41', '2022-08-02 13:57:41'),
(599, 360, 'KR', NULL, 'Riau Islands', NULL, 1, '2022-08-02 13:57:41', '2022-08-02 13:57:41'),
(600, 360, 'KS', NULL, 'South Kalimantan', NULL, 1, '2022-08-02 13:57:41', '2022-08-02 13:57:41'),
(601, 360, 'SN', NULL, 'South Sulawesi', NULL, 1, '2022-08-02 13:57:41', '2022-08-02 13:57:41'),
(602, 360, 'SS', NULL, 'South Sumatra', NULL, 1, '2022-08-02 13:57:41', '2022-08-02 13:57:41'),
(603, 360, 'SG', NULL, 'Southeast Sulawesi', NULL, 1, '2022-08-02 13:57:41', '2022-08-02 13:57:41'),
(604, 360, 'AC', NULL, 'Special Region of Aceh', NULL, 1, '2022-08-02 13:57:41', '2022-08-02 13:57:41'),
(605, 360, 'PA', NULL, 'Special Region of Papua', NULL, 1, '2022-08-02 13:57:41', '2022-08-02 13:57:41'),
(606, 360, 'PB', NULL, 'Special Region of West Papua', NULL, 1, '2022-08-02 13:57:41', '2022-08-02 13:57:41'),
(607, 360, 'JB', NULL, 'West Java', NULL, 1, '2022-08-02 13:57:41', '2022-08-02 13:57:41'),
(608, 360, 'KB', NULL, 'West Kalimantan', NULL, 1, '2022-08-02 13:57:41', '2022-08-02 13:57:41'),
(609, 360, 'NB', NULL, 'West Nusa Tenggara', NULL, 1, '2022-08-02 13:57:41', '2022-08-02 13:57:41'),
(610, 360, 'SR', NULL, 'West Sulawesi', NULL, 1, '2022-08-02 13:57:41', '2022-08-02 13:57:41'),
(611, 360, 'SB', NULL, 'West Sumatra', NULL, 1, '2022-08-02 13:57:41', '2022-08-02 13:57:41'),
(612, 360, 'YO', NULL, 'Yogyakarta', NULL, 1, '2022-08-02 13:57:41', '2022-08-02 13:57:41'),
(613, 376, 'JM', NULL, 'Al Quds / Yerushalayim', NULL, 1, '2022-08-02 13:57:41', '2022-08-02 13:57:41'),
(614, 376, 'D', NULL, 'El Janūbī / HaDarom', NULL, 1, '2022-08-02 13:57:41', '2022-08-02 13:57:41'),
(615, 376, 'Z', NULL, 'Esh ShamÄlī / Ha Ẕafon', NULL, 1, '2022-08-02 13:57:41', '2022-08-02 13:57:41'),
(616, 376, 'M', NULL, 'HaDarom / HaMerkaz', NULL, 1, '2022-08-02 13:57:41', '2022-08-02 13:57:41'),
(617, 376, 'YOUR', NULL, 'Tell Abīb / Tel Aviv', NULL, 1, '2022-08-02 13:57:41', '2022-08-02 13:57:41'),
(618, 376, 'HA', NULL, 'ḤeifÄ / H̱efa', NULL, 1, '2022-08-02 13:57:41', '2022-08-02 13:57:41'),
(619, 356, 'AN', NULL, 'Andaman and Nicobar Islands', NULL, 1, '2022-08-02 13:57:41', '2022-08-02 13:57:41'),
(620, 356, 'AP', NULL, 'Andhra Pradesh', NULL, 1, '2022-08-02 13:57:41', '2022-08-02 13:57:41'),
(621, 356, 'AR', NULL, 'Arunachal Pradesh', NULL, 1, '2022-08-02 13:57:41', '2022-08-02 13:57:41'),
(622, 356, 'AS', NULL, 'Assam', NULL, 1, '2022-08-02 13:57:41', '2022-08-02 13:57:41'),
(623, 356, 'BR', NULL, 'Bihar', NULL, 1, '2022-08-02 13:57:41', '2022-08-02 13:57:41'),
(624, 356, 'CH', NULL, 'Chandigarh', NULL, 1, '2022-08-02 13:57:41', '2022-08-02 13:57:41'),
(625, 356, 'CT', NULL, 'Chhattisgarh', NULL, 1, '2022-08-02 13:57:41', '2022-08-02 13:57:41'),
(626, 356, 'DN', NULL, 'Dadra and Nagar Haveli', NULL, 1, '2022-08-02 13:57:41', '2022-08-02 13:57:41'),
(627, 356, 'DD', NULL, 'Daman and Diu', NULL, 1, '2022-08-02 13:57:41', '2022-08-02 13:57:41'),
(628, 356, 'GA', NULL, 'Goa', NULL, 1, '2022-08-02 13:57:41', '2022-08-02 13:57:41'),
(629, 356, 'GJ', NULL, 'Gujarat', NULL, 1, '2022-08-02 13:57:41', '2022-08-02 13:57:41'),
(630, 356, 'HR', NULL, 'Haryana', NULL, 1, '2022-08-02 13:57:41', '2022-08-02 13:57:41'),
(631, 356, 'HP', NULL, 'Himachal Pradesh', NULL, 1, '2022-08-02 13:57:41', '2022-08-02 13:57:41'),
(632, 356, 'JK', NULL, 'Jammu and Kashmir', NULL, 1, '2022-08-02 13:57:41', '2022-08-02 13:57:41'),
(633, 356, 'JH', NULL, 'Jharkhand', NULL, 1, '2022-08-02 13:57:41', '2022-08-02 13:57:41'),
(634, 356, 'KA', NULL, 'Karnataka', NULL, 1, '2022-08-02 13:57:41', '2022-08-02 13:57:41'),
(635, 356, 'KL', NULL, 'Kerala', NULL, 1, '2022-08-02 13:57:41', '2022-08-02 13:57:41'),
(636, 356, 'LD', NULL, 'Lakshadweep', NULL, 1, '2022-08-02 13:57:41', '2022-08-02 13:57:41'),
(637, 356, 'MP', NULL, 'Madhya Pradesh', NULL, 1, '2022-08-02 13:57:41', '2022-08-02 13:57:41'),
(638, 356, 'MH', NULL, 'Maharashtra', NULL, 1, '2022-08-02 13:57:41', '2022-08-02 13:57:41'),
(639, 356, 'MN', NULL, 'Manipur', NULL, 1, '2022-08-02 13:57:41', '2022-08-02 13:57:41'),
(640, 356, 'ML', NULL, 'Meghalaya', NULL, 1, '2022-08-02 13:57:41', '2022-08-02 13:57:41'),
(641, 356, 'MZ', NULL, 'Mizoram', NULL, 1, '2022-08-02 13:57:41', '2022-08-02 13:57:41'),
(642, 356, 'NL', NULL, 'Nagaland', NULL, 1, '2022-08-02 13:57:41', '2022-08-02 13:57:41'),
(643, 356, 'DL', NULL, 'National Capital Territory of Delhi', NULL, 1, '2022-08-02 13:57:41', '2022-08-02 13:57:41'),
(644, 356, 'OR', NULL, 'Odisha', NULL, 1, '2022-08-02 13:57:41', '2022-08-02 13:57:41'),
(645, 356, 'PY', NULL, 'Puducherry', NULL, 1, '2022-08-02 13:57:41', '2022-08-02 13:57:41'),
(646, 356, 'PB', NULL, 'Punjab', NULL, 1, '2022-08-02 13:57:41', '2022-08-02 13:57:41'),
(647, 356, 'RJ', NULL, 'Rajasthan', NULL, 1, '2022-08-02 13:57:41', '2022-08-02 13:57:41'),
(648, 356, 'SK', NULL, 'Sikkim', NULL, 1, '2022-08-02 13:57:41', '2022-08-02 13:57:41'),
(649, 356, 'TN', NULL, 'Tamil Nadu', NULL, 1, '2022-08-02 13:57:41', '2022-08-02 13:57:41'),
(650, 356, 'TG', NULL, 'Telangana', NULL, 1, '2022-08-02 13:57:41', '2022-08-02 13:57:41'),
(651, 356, 'TR', NULL, 'Tripura', NULL, 1, '2022-08-02 13:57:41', '2022-08-02 13:57:41'),
(652, 356, 'UP', NULL, 'Uttar Pradesh', NULL, 1, '2022-08-02 13:57:41', '2022-08-02 13:57:41'),
(653, 356, 'UT', NULL, 'Uttarakhand', NULL, 1, '2022-08-02 13:57:41', '2022-08-02 13:57:41'),
(654, 356, 'WB', NULL, 'West Bengal', NULL, 1, '2022-08-02 13:57:41', '2022-08-02 13:57:41'),
(655, 380, '65', NULL, 'Abruzzo', NULL, 1, '2022-08-02 13:57:41', '2022-08-02 13:57:41'),
(656, 380, '23', NULL, 'Aosta Valley', NULL, 1, '2022-08-02 13:57:41', '2022-08-02 13:57:41'),
(657, 380, '75', NULL, 'Apulia', NULL, 1, '2022-08-02 13:57:41', '2022-08-02 13:57:41'),
(658, 380, '77', NULL, 'Basilicata', NULL, 1, '2022-08-02 13:57:41', '2022-08-02 13:57:41'),
(659, 380, '78', NULL, 'Calabria', NULL, 1, '2022-08-02 13:57:41', '2022-08-02 13:57:41'),
(660, 380, '72', NULL, 'Campania', NULL, 1, '2022-08-02 13:57:41', '2022-08-02 13:57:41'),
(661, 380, '45', NULL, 'Emilia-Romagna', NULL, 1, '2022-08-02 13:57:41', '2022-08-02 13:57:41'),
(662, 380, '36', NULL, 'Friuli Venezia Giulia', NULL, 1, '2022-08-02 13:57:41', '2022-08-02 13:57:41'),
(663, 380, '62', NULL, 'Lazio', NULL, 1, '2022-08-02 13:57:41', '2022-08-02 13:57:41'),
(664, 380, '42', NULL, 'Liguria', NULL, 1, '2022-08-02 13:57:41', '2022-08-02 13:57:41'),
(665, 380, '25', NULL, 'Lombardy', NULL, 1, '2022-08-02 13:57:41', '2022-08-02 13:57:41'),
(666, 380, '57', NULL, 'Marche', NULL, 1, '2022-08-02 13:57:41', '2022-08-02 13:57:41'),
(667, 380, '67', NULL, 'Molise', NULL, 1, '2022-08-02 13:57:41', '2022-08-02 13:57:41'),
(668, 380, '21', NULL, 'Piedmont', NULL, 1, '2022-08-02 13:57:41', '2022-08-02 13:57:41'),
(669, 380, '88', NULL, 'Sardinia', NULL, 1, '2022-08-02 13:57:41', '2022-08-02 13:57:41'),
(670, 380, '82', NULL, 'Sicily', NULL, 1, '2022-08-02 13:57:41', '2022-08-02 13:57:41'),
(671, 380, '32', NULL, 'Trentino-South Tyrol', NULL, 1, '2022-08-02 13:57:41', '2022-08-02 13:57:41'),
(672, 380, '52', NULL, 'Tuscany', NULL, 1, '2022-08-02 13:57:41', '2022-08-02 13:57:41'),
(673, 380, '55', NULL, 'Umbria', NULL, 1, '2022-08-02 13:57:41', '2022-08-02 13:57:41'),
(674, 380, '34', NULL, 'Veneto', NULL, 1, '2022-08-02 13:57:41', '2022-08-02 13:57:41'),
(675, 388, '13', NULL, 'Clarendon', NULL, 1, '2022-08-02 13:57:41', '2022-08-02 13:57:41'),
(676, 388, '09', NULL, 'Hanover', NULL, 1, '2022-08-02 13:57:41', '2022-08-02 13:57:41'),
(677, 388, '01', NULL, 'Kingston', NULL, 1, '2022-08-02 13:57:41', '2022-08-02 13:57:41'),
(678, 388, '12', NULL, 'Manchester', NULL, 1, '2022-08-02 13:57:41', '2022-08-02 13:57:41'),
(679, 388, '04', NULL, 'Portland', NULL, 1, '2022-08-02 13:57:41', '2022-08-02 13:57:41'),
(680, 388, '02', NULL, 'Saint Andrew', NULL, 1, '2022-08-02 13:57:41', '2022-08-02 13:57:41'),
(681, 388, '06', NULL, 'Saint Ann', NULL, 1, '2022-08-02 13:57:41', '2022-08-02 13:57:41'),
(682, 388, '14', NULL, 'Saint Catherine', NULL, 1, '2022-08-02 13:57:41', '2022-08-02 13:57:41'),
(683, 388, '11', NULL, 'Saint Elizabeth', NULL, 1, '2022-08-02 13:57:41', '2022-08-02 13:57:41'),
(684, 388, '08', NULL, 'Saint James', NULL, 1, '2022-08-02 13:57:41', '2022-08-02 13:57:41'),
(685, 388, '05', NULL, 'Saint Mary', NULL, 1, '2022-08-02 13:57:41', '2022-08-02 13:57:41'),
(686, 388, '03', NULL, 'Saint Thomas', NULL, 1, '2022-08-02 13:57:41', '2022-08-02 13:57:41'),
(687, 388, '07', NULL, 'Trelawny', NULL, 1, '2022-08-02 13:57:41', '2022-08-02 13:57:41'),
(688, 388, '10', NULL, 'Westmoreland', NULL, 1, '2022-08-02 13:57:41', '2022-08-02 13:57:41'),
(689, 392, '23', NULL, 'Aiti', NULL, 1, '2022-08-02 13:57:41', '2022-08-02 13:57:41'),
(690, 392, '05', NULL, 'Akita', NULL, 1, '2022-08-02 13:57:41', '2022-08-02 13:57:41'),
(691, 392, '02', NULL, 'Aomori', NULL, 1, '2022-08-02 13:57:41', '2022-08-02 13:57:41'),
(692, 392, '38', NULL, 'Ehime', NULL, 1, '2022-08-02 13:57:41', '2022-08-02 13:57:41'),
(693, 392, '21', NULL, 'Gihu', NULL, 1, '2022-08-02 13:57:41', '2022-08-02 13:57:41'),
(694, 392, '10', NULL, 'Gunma', NULL, 1, '2022-08-02 13:57:41', '2022-08-02 13:57:41'),
(695, 392, '34', NULL, 'Hirosima', NULL, 1, '2022-08-02 13:57:41', '2022-08-02 13:57:41'),
(696, 392, '01', NULL, 'Hokkaidô', NULL, 1, '2022-08-02 13:57:41', '2022-08-02 13:57:41'),
(697, 392, '18', NULL, 'Hukui', NULL, 1, '2022-08-02 13:57:41', '2022-08-02 13:57:41'),
(698, 392, '40', NULL, 'Hukuoka', NULL, 1, '2022-08-02 13:57:41', '2022-08-02 13:57:41'),
(699, 392, '07', NULL, 'Hukusima', NULL, 1, '2022-08-02 13:57:41', '2022-08-02 13:57:41'),
(700, 392, '28', NULL, 'Hyôgo', NULL, 1, '2022-08-02 13:57:41', '2022-08-02 13:57:41'),
(701, 392, '08', NULL, 'Ibaraki', NULL, 1, '2022-08-02 13:57:41', '2022-08-02 13:57:41'),
(702, 392, '17', NULL, 'Isikawa', NULL, 1, '2022-08-02 13:57:41', '2022-08-02 13:57:41'),
(703, 392, '03', NULL, 'Iwate', NULL, 1, '2022-08-02 13:57:41', '2022-08-02 13:57:41'),
(704, 392, '37', NULL, 'Kagawa', NULL, 1, '2022-08-02 13:57:41', '2022-08-02 13:57:41'),
(705, 392, '46', NULL, 'Kagosima', NULL, 1, '2022-08-02 13:57:41', '2022-08-02 13:57:41'),
(706, 392, '14', NULL, 'Kanagawa ', NULL, 1, '2022-08-02 13:57:41', '2022-08-02 13:57:41'),
(707, 392, '43', NULL, 'Kumamoto ', NULL, 1, '2022-08-02 13:57:41', '2022-08-02 13:57:41'),
(708, 392, '26', NULL, 'Kyôto', NULL, 1, '2022-08-02 13:57:41', '2022-08-02 13:57:41'),
(709, 392, '39', NULL, 'Kôti', NULL, 1, '2022-08-02 13:57:41', '2022-08-02 13:57:41'),
(710, 392, '24', NULL, 'Mie', NULL, 1, '2022-08-02 13:57:41', '2022-08-02 13:57:41'),
(711, 392, '04', NULL, 'Miyagi', NULL, 1, '2022-08-02 13:57:41', '2022-08-02 13:57:41'),
(712, 392, '45', NULL, 'Miyazaki', NULL, 1, '2022-08-02 13:57:41', '2022-08-02 13:57:41'),
(713, 392, '20', NULL, 'Nagano', NULL, 1, '2022-08-02 13:57:41', '2022-08-02 13:57:41'),
(714, 392, '42', NULL, 'Nagasaki', NULL, 1, '2022-08-02 13:57:41', '2022-08-02 13:57:41'),
(715, 392, '29', NULL, 'Nara', NULL, 1, '2022-08-02 13:57:41', '2022-08-02 13:57:41'),
(716, 392, '15', NULL, 'Niigata', NULL, 1, '2022-08-02 13:57:41', '2022-08-02 13:57:41'),
(717, 392, '33', NULL, 'Okayama', NULL, 1, '2022-08-02 13:57:41', '2022-08-02 13:57:41'),
(718, 392, '47', NULL, 'Okinawa', NULL, 1, '2022-08-02 13:57:41', '2022-08-02 13:57:41'),
(719, 392, '41', NULL, 'Saga', NULL, 1, '2022-08-02 13:57:41', '2022-08-02 13:57:41'),
(720, 392, '11', NULL, 'Saitama', NULL, 1, '2022-08-02 13:57:41', '2022-08-02 13:57:41'),
(721, 392, '25', NULL, 'Siga', NULL, 1, '2022-08-02 13:57:41', '2022-08-02 13:57:41'),
(722, 392, '32', NULL, 'Simane', NULL, 1, '2022-08-02 13:57:41', '2022-08-02 13:57:41'),
(723, 392, '22', NULL, 'Sizuoka', NULL, 1, '2022-08-02 13:57:41', '2022-08-02 13:57:41'),
(724, 392, '12', NULL, 'Tiba', NULL, 1, '2022-08-02 13:57:41', '2022-08-02 13:57:41'),
(725, 392, '36', NULL, 'Tokusima', NULL, 1, '2022-08-02 13:57:41', '2022-08-02 13:57:41'),
(726, 392, '09', NULL, 'Totigi', NULL, 1, '2022-08-02 13:57:41', '2022-08-02 13:57:41'),
(727, 392, '31', NULL, 'Tottori', NULL, 1, '2022-08-02 13:57:41', '2022-08-02 13:57:41'),
(728, 392, '16', NULL, 'Toyama', NULL, 1, '2022-08-02 13:57:41', '2022-08-02 13:57:41'),
(729, 392, '13', NULL, 'Tôkyô', NULL, 1, '2022-08-02 13:57:41', '2022-08-02 13:57:41'),
(730, 392, '30', NULL, 'Wakayama', NULL, 1, '2022-08-02 13:57:41', '2022-08-02 13:57:41'),
(731, 392, '06', NULL, 'Yamagata', NULL, 1, '2022-08-02 13:57:41', '2022-08-02 13:57:41'),
(732, 392, '35', NULL, 'Yamaguti', NULL, 1, '2022-08-02 13:57:41', '2022-08-02 13:57:41'),
(733, 392, '19', NULL, 'Yamanasi', NULL, 1, '2022-08-02 13:57:41', '2022-08-02 13:57:41'),
(734, 392, '44', NULL, 'Ôita', NULL, 1, '2022-08-02 13:57:41', '2022-08-02 13:57:41'),
(735, 392, '27', NULL, 'Ôsaka', NULL, 1, '2022-08-02 13:57:41', '2022-08-02 13:57:41'),
(736, 404, '200', NULL, 'Central', NULL, 1, '2022-08-02 13:57:41', '2022-08-02 13:57:41'),
(737, 404, '300', NULL, 'Coast', NULL, 1, '2022-08-02 13:57:41', '2022-08-02 13:57:41'),
(738, 404, '400', NULL, 'Eastern', NULL, 1, '2022-08-02 13:57:41', '2022-08-02 13:57:41'),
(739, 404, '110', NULL, 'Nairobi', NULL, 1, '2022-08-02 13:57:41', '2022-08-02 13:57:41'),
(740, 404, '500', NULL, 'North-Eastern', NULL, 1, '2022-08-02 13:57:41', '2022-08-02 13:57:41'),
(741, 404, '600', NULL, 'Nyanza', NULL, 1, '2022-08-02 13:57:41', '2022-08-02 13:57:41'),
(742, 404, '700', NULL, 'Rift Valley', NULL, 1, '2022-08-02 13:57:41', '2022-08-02 13:57:41'),
(743, 404, '800', NULL, 'Western', NULL, 1, '2022-08-02 13:57:41', '2022-08-02 13:57:41'),
(744, 116, '2', NULL, 'Baat Dambang', NULL, 1, '2022-08-02 13:57:41', '2022-08-02 13:57:41'),
(745, 116, '1', NULL, 'Banteay Mean Chey', NULL, 1, '2022-08-02 13:57:41', '2022-08-02 13:57:41'),
(746, 116, '3', NULL, 'Kampong Chaam', NULL, 1, '2022-08-02 13:57:41', '2022-08-02 13:57:41'),
(747, 116, '4', NULL, 'Kampong Chhnang', NULL, 1, '2022-08-02 13:57:41', '2022-08-02 13:57:41'),
(748, 116, '5', NULL, 'Kampong Spueu', NULL, 1, '2022-08-02 13:57:41', '2022-08-02 13:57:41'),
(749, 116, '6', NULL, 'Kampong Thum', NULL, 1, '2022-08-02 13:57:41', '2022-08-02 13:57:41'),
(750, 116, '7', NULL, 'Kampot', NULL, 1, '2022-08-02 13:57:41', '2022-08-02 13:57:41'),
(751, 116, '8', NULL, 'Kandaal', NULL, 1, '2022-08-02 13:57:41', '2022-08-02 13:57:41'),
(752, 116, '9', NULL, 'Kaoh Kong', NULL, 1, '2022-08-02 13:57:41', '2022-08-02 13:57:41'),
(753, 116, '10', NULL, 'Kracheh', NULL, 1, '2022-08-02 13:57:41', '2022-08-02 13:57:41'),
(754, 116, '23', NULL, 'Krong Kaeb', NULL, 1, '2022-08-02 13:57:41', '2022-08-02 13:57:41'),
(755, 116, '24', NULL, 'Krong Pailin', NULL, 1, '2022-08-02 13:57:41', '2022-08-02 13:57:41'),
(756, 116, '18', NULL, 'Krong Preah Sihanouk', NULL, 1, '2022-08-02 13:57:41', '2022-08-02 13:57:41'),
(757, 116, '11', NULL, 'Mondol Kiri', NULL, 1, '2022-08-02 13:57:41', '2022-08-02 13:57:41'),
(758, 116, '22', NULL, 'Otdar Mean Chey', NULL, 1, '2022-08-02 13:57:41', '2022-08-02 13:57:41'),
(759, 116, '12', NULL, 'Phnom Penh', NULL, 1, '2022-08-02 13:57:41', '2022-08-02 13:57:41'),
(760, 116, '15', NULL, 'Pousaat', NULL, 1, '2022-08-02 13:57:41', '2022-08-02 13:57:41'),
(761, 116, '13', NULL, 'Preah Vihear', NULL, 1, '2022-08-02 13:57:41', '2022-08-02 13:57:41'),
(762, 116, '14', NULL, 'Prey Veaeng', NULL, 1, '2022-08-02 13:57:41', '2022-08-02 13:57:41'),
(763, 116, '16', NULL, 'Rotanak Kiri', NULL, 1, '2022-08-02 13:57:41', '2022-08-02 13:57:41'),
(764, 116, '17', NULL, 'Siem Reab', NULL, 1, '2022-08-02 13:57:41', '2022-08-02 13:57:41'),
(765, 116, '19', NULL, 'Stueng Traeng', NULL, 1, '2022-08-02 13:57:41', '2022-08-02 13:57:41'),
(766, 116, '20', NULL, 'Svaay Rieng', NULL, 1, '2022-08-02 13:57:41', '2022-08-02 13:57:41'),
(767, 116, '21', NULL, 'Taakaev', NULL, 1, '2022-08-02 13:57:41', '2022-08-02 13:57:41'),
(768, 116, '25', NULL, 'Tbong Khmum', NULL, 1, '2022-08-02 13:57:41', '2022-08-02 13:57:41'),
(769, 414, 'AH', NULL, 'Al Aḩmadī', NULL, 1, '2022-08-02 13:57:41', '2022-08-02 13:57:41'),
(770, 414, 'FA', NULL, 'Al FarwÄnīyah', NULL, 1, '2022-08-02 13:57:41', '2022-08-02 13:57:41'),
(771, 414, 'JA', NULL, 'Al JahrÄ’', NULL, 1, '2022-08-02 13:57:41', '2022-08-02 13:57:41'),
(772, 414, 'KU', NULL, 'Al Kuwayt (Al ‘Āşimah)', NULL, 1, '2022-08-02 13:57:41', '2022-08-02 13:57:41'),
(773, 414, 'MU', NULL, 'MubÄrak al Kabīr', NULL, 1, '2022-08-02 13:57:41', '2022-08-02 13:57:41'),
(774, 414, 'HA', NULL, 'Ḩawallī', NULL, 1, '2022-08-02 13:57:41', '2022-08-02 13:57:41'),
(775, 422, 'AK', NULL, 'Aakkârâli', NULL, 1, '2022-08-02 13:57:41', '2022-08-02 13:57:41'),
(776, 422, 'BH', NULL, 'Baalbek-Hermel', NULL, 1, '2022-08-02 13:57:41', '2022-08-02 13:57:41'),
(777, 422, 'BA', NULL, 'Beyrouth', NULL, 1, '2022-08-02 13:57:41', '2022-08-02 13:57:41'),
(778, 422, 'BI', NULL, 'Béqaa', NULL, 1, '2022-08-02 13:57:41', '2022-08-02 13:57:41'),
(779, 422, 'AS', NULL, 'Liban-Nordâli', NULL, 1, '2022-08-02 13:57:41', '2022-08-02 13:57:41'),
(780, 422, 'JA', NULL, 'Liban-Sudûbi', NULL, 1, '2022-08-02 13:57:41', '2022-08-02 13:57:41'),
(781, 422, 'JL', NULL, 'Mont-Liban', NULL, 1, '2022-08-02 13:57:41', '2022-08-02 13:57:41'),
(782, 422, 'NA', NULL, 'Nabatîyé', NULL, 1, '2022-08-02 13:57:41', '2022-08-02 13:57:41'),
(783, 144, '52', NULL, 'AmpÄra', NULL, 1, '2022-08-02 13:57:41', '2022-08-02 13:57:41'),
(784, 144, '71', NULL, 'AnurÄdhapura', NULL, 1, '2022-08-02 13:57:41', '2022-08-02 13:57:41'),
(785, 144, '81', NULL, 'Badulla', NULL, 1, '2022-08-02 13:57:41', '2022-08-02 13:57:41'),
(786, 144, '1', NULL, 'BasnÄhira paḷÄta', NULL, 1, '2022-08-02 13:57:41', '2022-08-02 13:57:41'),
(787, 144, '3', NULL, 'Dakuṇu paḷÄta', NULL, 1, '2022-08-02 13:57:41', '2022-08-02 13:57:41'),
(788, 144, '12', NULL, 'Gampaha', NULL, 1, '2022-08-02 13:57:41', '2022-08-02 13:57:41'),
(789, 144, '31', NULL, 'GÄlla', NULL, 1, '2022-08-02 13:57:41', '2022-08-02 13:57:41'),
(790, 144, '33', NULL, 'HambantÅṭa', NULL, 1, '2022-08-02 13:57:41', '2022-08-02 13:57:41'),
(791, 144, '13', NULL, 'Kaḷutara', NULL, 1, '2022-08-02 13:57:41', '2022-08-02 13:57:41'),
(792, 144, '42', NULL, 'KilinÅchchi', NULL, 1, '2022-08-02 13:57:41', '2022-08-02 13:57:41'),
(793, 144, '61', NULL, 'Kuruṇægala', NULL, 1, '2022-08-02 13:57:41', '2022-08-02 13:57:41'),
(794, 144, '92', NULL, 'Kægalla', NULL, 1, '2022-08-02 13:57:41', '2022-08-02 13:57:41'),
(795, 144, '11', NULL, 'KÅḷamba', NULL, 1, '2022-08-02 13:57:41', '2022-08-02 13:57:41'),
(796, 144, '2', NULL, 'Madhyama paḷÄta', NULL, 1, '2022-08-02 13:57:41', '2022-08-02 13:57:41'),
(797, 144, '21', NULL, 'Mahanuvara', NULL, 1, '2022-08-02 13:57:41', '2022-08-02 13:57:41'),
(798, 144, '43', NULL, 'MannÄrama', NULL, 1, '2022-08-02 13:57:41', '2022-08-02 13:57:41'),
(799, 144, '51', NULL, 'Maá¸akalapuva', NULL, 1, '2022-08-02 13:57:41', '2022-08-02 13:57:41'),
(800, 144, '45', NULL, 'Mulativ', NULL, 1, '2022-08-02 13:57:41', '2022-08-02 13:57:41'),
(801, 144, '22', NULL, 'MÄtale', NULL, 1, '2022-08-02 13:57:41', '2022-08-02 13:57:41'),
(802, 144, '32', NULL, 'MÄtara', NULL, 1, '2022-08-02 13:57:41', '2022-08-02 13:57:41'),
(803, 144, '82', NULL, 'MÅṇarÄgala', NULL, 1, '2022-08-02 13:57:41', '2022-08-02 13:57:41'),
(804, 144, '23', NULL, 'Nuvara Ĕliya', NULL, 1, '2022-08-02 13:57:41', '2022-08-02 13:57:41'),
(805, 144, '5', NULL, 'Næ̆gĕnahira paḷÄta', NULL, 1, '2022-08-02 13:57:41', '2022-08-02 13:57:41'),
(806, 144, '62', NULL, 'Puttalama', NULL, 1, '2022-08-02 13:57:41', '2022-08-02 13:57:41'),
(807, 144, '72', NULL, 'PÅḷÅnnaruva', NULL, 1, '2022-08-02 13:57:41', '2022-08-02 13:57:41'),
(808, 144, '91', NULL, 'Ratnapura', NULL, 1, '2022-08-02 13:57:41', '2022-08-02 13:57:41'),
(809, 144, '9', NULL, 'Sabaragamuva paḷÄta', NULL, 1, '2022-08-02 13:57:41', '2022-08-02 13:57:41'),
(810, 144, '53', NULL, 'TrikuṇÄmalaya', NULL, 1, '2022-08-02 13:57:41', '2022-08-02 13:57:41'),
(811, 144, '4', NULL, 'Uturu paḷÄta', NULL, 1, '2022-08-02 13:57:41', '2022-08-02 13:57:41'),
(812, 144, '7', NULL, 'Uturumæ̆da paḷÄta', NULL, 1, '2022-08-02 13:57:41', '2022-08-02 13:57:41'),
(813, 144, '44', NULL, 'VavuniyÄva', NULL, 1, '2022-08-02 13:57:41', '2022-08-02 13:57:41'),
(814, 144, '6', NULL, 'Vayamba paḷÄta', NULL, 1, '2022-08-02 13:57:41', '2022-08-02 13:57:41'),
(815, 144, '41', NULL, 'YÄpanaya', NULL, 1, '2022-08-02 13:57:41', '2022-08-02 13:57:41'),
(816, 144, '8', NULL, 'Ūva paḷÄta', NULL, 1, '2022-08-02 13:57:41', '2022-08-02 13:57:41'),
(817, 484, 'AG', NULL, 'Aguascalientes', NULL, 1, '2022-08-02 13:57:41', '2022-08-02 13:57:41'),
(818, 484, 'BC', NULL, 'Baja California', NULL, 1, '2022-08-02 13:57:41', '2022-08-02 13:57:41'),
(819, 484, 'BS', NULL, 'Baja California Sur', NULL, 1, '2022-08-02 13:57:41', '2022-08-02 13:57:41'),
(820, 484, 'CM', NULL, 'Campeche', NULL, 1, '2022-08-02 13:57:41', '2022-08-02 13:57:41'),
(821, 484, 'CS', NULL, 'Chiapas', NULL, 1, '2022-08-02 13:57:41', '2022-08-02 13:57:41'),
(822, 484, 'CH', NULL, 'Chihuahua', NULL, 1, '2022-08-02 13:57:41', '2022-08-02 13:57:41'),
(823, 484, 'MX', NULL, 'Coahuila', NULL, 1, '2022-08-02 13:57:41', '2022-08-02 13:57:41'),
(824, 484, 'CL', NULL, 'Colima', NULL, 1, '2022-08-02 13:57:41', '2022-08-02 13:57:41'),
(825, 484, 'DG', NULL, 'Durango', NULL, 1, '2022-08-02 13:57:41', '2022-08-02 13:57:41'),
(826, 484, 'DF', NULL, 'Federal District', NULL, 1, '2022-08-02 13:57:41', '2022-08-02 13:57:41'),
(827, 484, 'GT', NULL, 'Guanajuato', NULL, 1, '2022-08-02 13:57:41', '2022-08-02 13:57:41'),
(828, 484, 'GR', NULL, 'Guerrero', NULL, 1, '2022-08-02 13:57:41', '2022-08-02 13:57:41'),
(829, 484, 'HG', NULL, 'Hidalgo', NULL, 1, '2022-08-02 13:57:41', '2022-08-02 13:57:41'),
(830, 484, 'JA', NULL, 'Jalisco', NULL, 1, '2022-08-02 13:57:41', '2022-08-02 13:57:41'),
(831, 484, 'ME', NULL, 'Mexico', NULL, 1, '2022-08-02 13:57:41', '2022-08-02 13:57:41'),
(832, 484, 'MI', NULL, 'Michoacán', NULL, 1, '2022-08-02 13:57:41', '2022-08-02 13:57:41'),
(833, 484, 'MO', NULL, 'Morelos', NULL, 1, '2022-08-02 13:57:41', '2022-08-02 13:57:41'),
(834, 484, 'NA', NULL, 'Nayarit', NULL, 1, '2022-08-02 13:57:41', '2022-08-02 13:57:41'),
(835, 484, 'NL', NULL, 'Nuevo León', NULL, 1, '2022-08-02 13:57:41', '2022-08-02 13:57:41'),
(836, 484, 'OA', NULL, 'Oaxaca', NULL, 1, '2022-08-02 13:57:41', '2022-08-02 13:57:41'),
(837, 484, 'PU', NULL, 'Puebla', NULL, 1, '2022-08-02 13:57:41', '2022-08-02 13:57:41'),
(838, 484, 'QE', NULL, 'Querétaro', NULL, 1, '2022-08-02 13:57:41', '2022-08-02 13:57:41'),
(839, 484, 'QR', NULL, 'Quintana Roo', NULL, 1, '2022-08-02 13:57:41', '2022-08-02 13:57:41'),
(840, 484, 'SL', NULL, 'San Luis Potosí', NULL, 1, '2022-08-02 13:57:41', '2022-08-02 13:57:41'),
(841, 484, 'SI', NULL, 'Sinaloa', NULL, 1, '2022-08-02 13:57:41', '2022-08-02 13:57:41'),
(842, 484, 'SO', NULL, 'Sonora', NULL, 1, '2022-08-02 13:57:41', '2022-08-02 13:57:41'),
(843, 484, 'TB', NULL, 'Tabasco', NULL, 1, '2022-08-02 13:57:41', '2022-08-02 13:57:41'),
(844, 484, 'TM', NULL, 'Tamaulipas', NULL, 1, '2022-08-02 13:57:41', '2022-08-02 13:57:41'),
(845, 484, 'TL', NULL, 'Tlaxcala', NULL, 1, '2022-08-02 13:57:41', '2022-08-02 13:57:41'),
(846, 484, 'VE', NULL, 'Veracruz', NULL, 1, '2022-08-02 13:57:41', '2022-08-02 13:57:41'),
(847, 484, 'YU', NULL, 'Yucatán', NULL, 1, '2022-08-02 13:57:41', '2022-08-02 13:57:41'),
(848, 484, 'ZA', NULL, 'Zacatecas', NULL, 1, '2022-08-02 13:57:41', '2022-08-02 13:57:41'),
(849, 458, '01', NULL, 'Johor', NULL, 1, '2022-08-02 13:57:41', '2022-08-02 13:57:41'),
(850, 458, '02', NULL, 'Kedah', NULL, 1, '2022-08-02 13:57:41', '2022-08-02 13:57:41'),
(851, 458, '03', NULL, 'Kelantan', NULL, 1, '2022-08-02 13:57:41', '2022-08-02 13:57:41'),
(852, 458, '04', NULL, 'Melaka', NULL, 1, '2022-08-02 13:57:41', '2022-08-02 13:57:41'),
(853, 458, '05', NULL, 'Negeri Sembilan', NULL, 1, '2022-08-02 13:57:41', '2022-08-02 13:57:41'),
(854, 458, '06', NULL, 'Pahang', NULL, 1, '2022-08-02 13:57:41', '2022-08-02 13:57:41'),
(855, 458, '08', NULL, 'Perak', NULL, 1, '2022-08-02 13:57:41', '2022-08-02 13:57:41'),
(856, 458, '09', NULL, 'Perlis', NULL, 1, '2022-08-02 13:57:41', '2022-08-02 13:57:41'),
(857, 458, '07', NULL, 'Pulau Pinang', NULL, 1, '2022-08-02 13:57:41', '2022-08-02 13:57:41'),
(858, 458, '12', NULL, 'Sabah', NULL, 1, '2022-08-02 13:57:41', '2022-08-02 13:57:41'),
(859, 458, '13', NULL, 'Sarawak', NULL, 1, '2022-08-02 13:57:41', '2022-08-02 13:57:41'),
(860, 458, '10', NULL, 'Selangor', NULL, 1, '2022-08-02 13:57:41', '2022-08-02 13:57:41'),
(861, 458, '11', NULL, 'Terengganu', NULL, 1, '2022-08-02 13:57:41', '2022-08-02 13:57:41'),
(862, 458, '14', NULL, 'Wilayah Persekutuan Kuala Lumpur', NULL, 1, '2022-08-02 13:57:41', '2022-08-02 13:57:41'),
(863, 458, '15', NULL, 'Wilayah Persekutuan Labuan', NULL, 1, '2022-08-02 13:57:41', '2022-08-02 13:57:41'),
(864, 458, '16', NULL, 'Wilayah Persekutuan Putrajaya', NULL, 1, '2022-08-02 13:57:41', '2022-08-02 13:57:41'),
(865, 562, '1', NULL, 'Agadez', NULL, 1, '2022-08-02 13:57:41', '2022-08-02 13:57:41'),
(866, 562, '2', NULL, 'Diffa', NULL, 1, '2022-08-02 13:57:41', '2022-08-02 13:57:41'),
(867, 562, '3', NULL, 'Dosso', NULL, 1, '2022-08-02 13:57:41', '2022-08-02 13:57:41'),
(868, 562, '4', NULL, 'Maradi', NULL, 1, '2022-08-02 13:57:41', '2022-08-02 13:57:41'),
(869, 562, '8', NULL, 'Niamey', NULL, 1, '2022-08-02 13:57:41', '2022-08-02 13:57:41'),
(870, 562, '5', NULL, 'Tahoua', NULL, 1, '2022-08-02 13:57:41', '2022-08-02 13:57:41'),
(871, 562, '6', NULL, 'Tillabéri', NULL, 1, '2022-08-02 13:57:41', '2022-08-02 13:57:41'),
(872, 562, '7', NULL, 'Zinder', NULL, 1, '2022-08-02 13:57:41', '2022-08-02 13:57:41'),
(873, 566, 'AB', NULL, 'Abia', NULL, 1, '2022-08-02 13:57:41', '2022-08-02 13:57:41'),
(874, 566, 'FC', NULL, 'Abuja Capital Territory', NULL, 1, '2022-08-02 13:57:41', '2022-08-02 13:57:41'),
(875, 566, 'AD', NULL, 'Adamawa', NULL, 1, '2022-08-02 13:57:41', '2022-08-02 13:57:41'),
(876, 566, 'AK', NULL, 'Akwa Ibom', NULL, 1, '2022-08-02 13:57:41', '2022-08-02 13:57:41'),
(877, 566, 'AN', NULL, 'Anambra', NULL, 1, '2022-08-02 13:57:41', '2022-08-02 13:57:41'),
(878, 566, 'BA', NULL, 'Bauchi', NULL, 1, '2022-08-02 13:57:41', '2022-08-02 13:57:41'),
(879, 566, 'BY', NULL, 'Bayelsa', NULL, 1, '2022-08-02 13:57:41', '2022-08-02 13:57:41'),
(880, 566, 'BE', NULL, 'Benue', NULL, 1, '2022-08-02 13:57:41', '2022-08-02 13:57:41'),
(881, 566, 'BO', NULL, 'Borno', NULL, 1, '2022-08-02 13:57:41', '2022-08-02 13:57:41'),
(882, 566, 'CR', NULL, 'Cross River', NULL, 1, '2022-08-02 13:57:41', '2022-08-02 13:57:41'),
(883, 566, 'DE', NULL, 'Delta', NULL, 1, '2022-08-02 13:57:41', '2022-08-02 13:57:41'),
(884, 566, 'EB', NULL, 'Ebonyi', NULL, 1, '2022-08-02 13:57:41', '2022-08-02 13:57:41'),
(885, 566, 'ED', NULL, 'Edo', NULL, 1, '2022-08-02 13:57:41', '2022-08-02 13:57:41'),
(886, 566, 'EK', NULL, 'Ekiti', NULL, 1, '2022-08-02 13:57:41', '2022-08-02 13:57:41'),
(887, 566, 'EN', NULL, 'Enugu', NULL, 1, '2022-08-02 13:57:41', '2022-08-02 13:57:41'),
(888, 566, 'GO', NULL, 'Gombe', NULL, 1, '2022-08-02 13:57:41', '2022-08-02 13:57:41'),
(889, 566, 'IM', NULL, 'Imo', NULL, 1, '2022-08-02 13:57:41', '2022-08-02 13:57:41'),
(890, 566, 'JI', NULL, 'Jigawa', NULL, 1, '2022-08-02 13:57:41', '2022-08-02 13:57:41'),
(891, 566, 'KD', NULL, 'Kaduna', NULL, 1, '2022-08-02 13:57:41', '2022-08-02 13:57:41'),
(892, 566, 'KN', NULL, 'Kano', NULL, 1, '2022-08-02 13:57:41', '2022-08-02 13:57:41'),
(893, 566, 'KT', NULL, 'Katsina', NULL, 1, '2022-08-02 13:57:41', '2022-08-02 13:57:41'),
(894, 566, 'KE', NULL, 'Kebbi', NULL, 1, '2022-08-02 13:57:41', '2022-08-02 13:57:41'),
(895, 566, 'KO', NULL, 'Kogi', NULL, 1, '2022-08-02 13:57:41', '2022-08-02 13:57:41'),
(896, 566, 'KW', NULL, 'Kwara', NULL, 1, '2022-08-02 13:57:41', '2022-08-02 13:57:41'),
(897, 566, 'LA', NULL, 'Lagos', NULL, 1, '2022-08-02 13:57:41', '2022-08-02 13:57:41'),
(898, 566, 'NA', NULL, 'Nassarawa', NULL, 1, '2022-08-02 13:57:41', '2022-08-02 13:57:41'),
(899, 566, 'NI', NULL, 'Niger', NULL, 1, '2022-08-02 13:57:41', '2022-08-02 13:57:41'),
(900, 566, 'OG', NULL, 'Ogun', NULL, 1, '2022-08-02 13:57:41', '2022-08-02 13:57:41'),
(901, 566, 'ON', NULL, 'Ondo', NULL, 1, '2022-08-02 13:57:41', '2022-08-02 13:57:41'),
(902, 566, 'OS', NULL, 'Osun', NULL, 1, '2022-08-02 13:57:41', '2022-08-02 13:57:41'),
(903, 566, 'OY', NULL, 'Oyo', NULL, 1, '2022-08-02 13:57:41', '2022-08-02 13:57:41'),
(904, 566, 'PL', NULL, 'Plateau', NULL, 1, '2022-08-02 13:57:41', '2022-08-02 13:57:41'),
(905, 566, 'RI', NULL, 'Rivers', NULL, 1, '2022-08-02 13:57:41', '2022-08-02 13:57:41'),
(906, 566, 'SO', NULL, 'Sokoto', NULL, 1, '2022-08-02 13:57:41', '2022-08-02 13:57:41'),
(907, 566, 'TA', NULL, 'Taraba', NULL, 1, '2022-08-02 13:57:41', '2022-08-02 13:57:41'),
(908, 566, 'YO', NULL, 'Yobe', NULL, 1, '2022-08-02 13:57:41', '2022-08-02 13:57:41'),
(909, 566, 'ZA', NULL, 'Zamfara', NULL, 1, '2022-08-02 13:57:41', '2022-08-02 13:57:41'),
(910, 528, 'AW', NULL, 'Aruba', NULL, 1, '2022-08-02 13:57:41', '2022-08-02 13:57:41'),
(911, 528, 'BQ', NULL, 'Bonaire', NULL, 1, '2022-08-02 13:57:41', '2022-08-02 13:57:41'),
(912, 528, 'CW', NULL, 'Curaçao', NULL, 1, '2022-08-02 13:57:41', '2022-08-02 13:57:41'),
(913, 528, 'DR', NULL, 'Drenthe', NULL, 1, '2022-08-02 13:57:41', '2022-08-02 13:57:41'),
(914, 528, 'FL', NULL, 'Flevoland', NULL, 1, '2022-08-02 13:57:41', '2022-08-02 13:57:41'),
(915, 528, 'FR', NULL, 'Friesland', NULL, 1, '2022-08-02 13:57:41', '2022-08-02 13:57:41'),
(916, 528, 'GD', NULL, 'Gelderland', NULL, 1, '2022-08-02 13:57:41', '2022-08-02 13:57:41'),
(917, 528, 'GR', NULL, 'Groningen', NULL, 1, '2022-08-02 13:57:41', '2022-08-02 13:57:41'),
(918, 528, 'LB', NULL, 'Limburg', NULL, 1, '2022-08-02 13:57:41', '2022-08-02 13:57:41'),
(919, 528, 'NB', NULL, 'Noord-Brabant', NULL, 1, '2022-08-02 13:57:41', '2022-08-02 13:57:41'),
(920, 528, 'NH', NULL, 'Noord-Holland', NULL, 1, '2022-08-02 13:57:41', '2022-08-02 13:57:41'),
(921, 528, 'OV', NULL, 'Overijssel', NULL, 1, '2022-08-02 13:57:41', '2022-08-02 13:57:41'),
(922, 528, 'SX', NULL, 'Sint Maarten', NULL, 1, '2022-08-02 13:57:41', '2022-08-02 13:57:41'),
(923, 528, 'UT', NULL, 'Utrecht', NULL, 1, '2022-08-02 13:57:41', '2022-08-02 13:57:41'),
(924, 528, 'ZL', NULL, 'Zeeland', NULL, 1, '2022-08-02 13:57:41', '2022-08-02 13:57:41'),
(925, 528, 'ZH', NULL, 'Zuid-Holland', NULL, 1, '2022-08-02 13:57:41', '2022-08-02 13:57:41'),
(926, 524, 'BA', NULL, 'Bagmati', NULL, 1, '2022-08-02 13:57:41', '2022-08-02 13:57:41'),
(927, 524, 'BH', NULL, 'Bheri', NULL, 1, '2022-08-02 13:57:41', '2022-08-02 13:57:41'),
(928, 524, 'DH', NULL, 'Dhawalagiri', NULL, 1, '2022-08-02 13:57:41', '2022-08-02 13:57:41'),
(929, 524, 'GA', NULL, 'Gandaki', NULL, 1, '2022-08-02 13:57:41', '2022-08-02 13:57:41'),
(930, 524, 'JA', NULL, 'Janakpur', NULL, 1, '2022-08-02 13:57:41', '2022-08-02 13:57:41'),
(931, 524, 'KA', NULL, 'Karnali', NULL, 1, '2022-08-02 13:57:41', '2022-08-02 13:57:41'),
(932, 524, 'KO', NULL, 'Kosi [Koshi]', NULL, 1, '2022-08-02 13:57:41', '2022-08-02 13:57:41'),
(933, 524, 'LU', NULL, 'Lumbini', NULL, 1, '2022-08-02 13:57:41', '2022-08-02 13:57:41'),
(934, 524, '2', NULL, 'Madhya Pashchimanchal', NULL, 1, '2022-08-02 13:57:41', '2022-08-02 13:57:41'),
(935, 524, '1', NULL, 'Madhyamanchal', NULL, 1, '2022-08-02 13:57:41', '2022-08-02 13:57:41'),
(936, 524, 'MA', NULL, 'Mahakali', NULL, 1, '2022-08-02 13:57:41', '2022-08-02 13:57:41'),
(937, 524, 'ME', NULL, 'Mechi', NULL, 1, '2022-08-02 13:57:41', '2022-08-02 13:57:41'),
(938, 524, 'NA', NULL, 'Narayani', NULL, 1, '2022-08-02 13:57:41', '2022-08-02 13:57:41'),
(939, 524, '3', NULL, 'Pashchimanchal', NULL, 1, '2022-08-02 13:57:41', '2022-08-02 13:57:41'),
(940, 524, '4', NULL, 'Purwanchal', NULL, 1, '2022-08-02 13:57:41', '2022-08-02 13:57:41'),
(941, 524, 'RA', NULL, 'Rapti', NULL, 1, '2022-08-02 13:57:41', '2022-08-02 13:57:41'),
(942, 524, 'SA', NULL, 'Sagarmatha', NULL, 1, '2022-08-02 13:57:41', '2022-08-02 13:57:41'),
(943, 524, 'SE', NULL, 'Seti', NULL, 1, '2022-08-02 13:57:41', '2022-08-02 13:57:41'),
(944, 524, '5', NULL, 'Sudur Pashchimanchal', NULL, 1, '2022-08-02 13:57:41', '2022-08-02 13:57:41'),
(945, 554, 'AUK', NULL, 'Auckland', NULL, 1, '2022-08-02 13:57:41', '2022-08-02 13:57:41'),
(946, 554, 'BOP', NULL, 'Bay of Plenty', NULL, 1, '2022-08-02 13:57:41', '2022-08-02 13:57:41'),
(947, 554, 'CAN', NULL, 'Canterbury', NULL, 1, '2022-08-02 13:57:41', '2022-08-02 13:57:41'),
(948, 554, 'CIT', NULL, 'Chatham Islands Territory', NULL, 1, '2022-08-02 13:57:41', '2022-08-02 13:57:41'),
(949, 554, 'GIS', NULL, 'Gisborne District', NULL, 1, '2022-08-02 13:57:41', '2022-08-02 13:57:41'),
(950, 554, 'HKB', NULL, 'Hawkes\'s Bay', NULL, 1, '2022-08-02 13:57:41', '2022-08-02 13:57:41'),
(951, 554, 'MWT', NULL, 'Manawatu-Wanganui', NULL, 1, '2022-08-02 13:57:41', '2022-08-02 13:57:41'),
(952, 554, 'MBH', NULL, 'Marlborough District', NULL, 1, '2022-08-02 13:57:41', '2022-08-02 13:57:41'),
(953, 554, 'NSN', NULL, 'Nelson City', NULL, 1, '2022-08-02 13:57:41', '2022-08-02 13:57:41'),
(954, 554, 'NTL', NULL, 'Northland', NULL, 1, '2022-08-02 13:57:41', '2022-08-02 13:57:41'),
(955, 554, 'OTA', NULL, 'Otago', NULL, 1, '2022-08-02 13:57:41', '2022-08-02 13:57:41'),
(956, 554, 'STL', NULL, 'Southland', NULL, 1, '2022-08-02 13:57:41', '2022-08-02 13:57:41'),
(957, 554, 'TKI', NULL, 'Taranaki', NULL, 1, '2022-08-02 13:57:41', '2022-08-02 13:57:41'),
(958, 554, 'TAS', NULL, 'Tasman District', NULL, 1, '2022-08-02 13:57:41', '2022-08-02 13:57:41'),
(959, 554, 'WKO', NULL, 'Waikato', NULL, 1, '2022-08-02 13:57:41', '2022-08-02 13:57:41'),
(960, 554, 'WGN', NULL, 'Wellington', NULL, 1, '2022-08-02 13:57:41', '2022-08-02 13:57:41'),
(961, 554, 'WTC', NULL, 'West Coast', NULL, 1, '2022-08-02 13:57:41', '2022-08-02 13:57:41'),
(962, 512, 'DA', NULL, 'Ad DÄkhilīyah', NULL, 1, '2022-08-02 13:57:41', '2022-08-02 13:57:41'),
(963, 512, 'BU', NULL, 'Al Buraymī', NULL, 1, '2022-08-02 13:57:41', '2022-08-02 13:57:41'),
(964, 512, 'BA', NULL, 'Al BÄţinah', NULL, 1, '2022-08-02 13:57:41', '2022-08-02 13:57:41'),
(965, 512, 'WU', NULL, 'Al Wusţá', NULL, 1, '2022-08-02 13:57:41', '2022-08-02 13:57:41'),
(966, 512, 'SH', NULL, 'Ash Sharqīyah', NULL, 1, '2022-08-02 13:57:41', '2022-08-02 13:57:41'),
(967, 512, 'ZA', NULL, 'Aȥ ȤÄhirah', NULL, 1, '2022-08-02 13:57:41', '2022-08-02 13:57:41'),
(968, 512, 'MA', NULL, 'Masqaţ', NULL, 1, '2022-08-02 13:57:41', '2022-08-02 13:57:41'),
(969, 512, 'MU', NULL, 'Musandam', NULL, 1, '2022-08-02 13:57:41', '2022-08-02 13:57:41'),
(970, 512, 'ZU', NULL, 'Z̧ufÄr', NULL, 1, '2022-08-02 13:57:41', '2022-08-02 13:57:41'),
(971, 604, 'AMA', NULL, 'Amazonas', NULL, 1, '2022-08-02 13:57:41', '2022-08-02 13:57:41'),
(972, 604, 'ANC', NULL, 'Ancash', NULL, 1, '2022-08-02 13:57:41', '2022-08-02 13:57:41'),
(973, 604, 'APU', NULL, 'Apurímac', NULL, 1, '2022-08-02 13:57:41', '2022-08-02 13:57:41'),
(974, 604, 'ARE', NULL, 'Arequipa', NULL, 1, '2022-08-02 13:57:41', '2022-08-02 13:57:41'),
(975, 604, 'AYA', NULL, 'Ayacucho', NULL, 1, '2022-08-02 13:57:41', '2022-08-02 13:57:41'),
(976, 604, 'CAJ', NULL, 'Cajamarca', NULL, 1, '2022-08-02 13:57:41', '2022-08-02 13:57:41'),
(977, 604, 'CUS', NULL, 'Cusco', NULL, 1, '2022-08-02 13:57:41', '2022-08-02 13:57:41'),
(978, 604, 'CAL', NULL, 'El Callao', NULL, 1, '2022-08-02 13:57:41', '2022-08-02 13:57:41'),
(979, 604, 'HUV', NULL, 'Huancavelica', NULL, 1, '2022-08-02 13:57:41', '2022-08-02 13:57:41'),
(980, 604, 'HUC', NULL, 'Huánuco', NULL, 1, '2022-08-02 13:57:41', '2022-08-02 13:57:41'),
(981, 604, 'ICA', NULL, 'Ica', NULL, 1, '2022-08-02 13:57:41', '2022-08-02 13:57:41'),
(982, 604, 'JUN', NULL, 'Junín', NULL, 1, '2022-08-02 13:57:41', '2022-08-02 13:57:41'),
(983, 604, 'LAL', NULL, 'La Libertad', NULL, 1, '2022-08-02 13:57:41', '2022-08-02 13:57:41'),
(984, 604, 'LAM', NULL, 'Lambayeque', NULL, 1, '2022-08-02 13:57:41', '2022-08-02 13:57:41'),
(985, 604, 'LIM', NULL, 'Lima', NULL, 1, '2022-08-02 13:57:41', '2022-08-02 13:57:41'),
(986, 604, 'LOR', NULL, 'Loreto', NULL, 1, '2022-08-02 13:57:41', '2022-08-02 13:57:41'),
(987, 604, 'MDD', NULL, 'Madre de Dios', NULL, 1, '2022-08-02 13:57:41', '2022-08-02 13:57:41'),
(988, 604, 'MOQ', NULL, 'Moquegua', NULL, 1, '2022-08-02 13:57:41', '2022-08-02 13:57:41'),
(989, 604, 'LMA', NULL, 'Municipalidad Metropolitana de Lima', NULL, 1, '2022-08-02 13:57:41', '2022-08-02 13:57:41'),
(990, 604, 'PAS', NULL, 'Pasco', NULL, 1, '2022-08-02 13:57:41', '2022-08-02 13:57:41'),
(991, 604, 'PIU', NULL, 'Piura', NULL, 1, '2022-08-02 13:57:41', '2022-08-02 13:57:41'),
(992, 604, 'PUN', NULL, 'Puno', NULL, 1, '2022-08-02 13:57:41', '2022-08-02 13:57:41'),
(993, 604, 'SAM', NULL, 'San Martín', NULL, 1, '2022-08-02 13:57:41', '2022-08-02 13:57:41'),
(994, 604, 'TAC', NULL, 'Tacna', NULL, 1, '2022-08-02 13:57:41', '2022-08-02 13:57:41'),
(995, 604, 'TUM', NULL, 'Tumbes', NULL, 1, '2022-08-02 13:57:41', '2022-08-02 13:57:41'),
(996, 604, 'UCA', NULL, 'Ucayali', NULL, 1, '2022-08-02 13:57:41', '2022-08-02 13:57:41'),
(997, 608, '14', NULL, 'Autonomous Region in Muslim Mindanao', NULL, 1, '2022-08-02 13:57:41', '2022-08-02 13:57:41'),
(998, 608, '05', NULL, 'Bicol', NULL, 1, '2022-08-02 13:57:41', '2022-08-02 13:57:41'),
(999, 608, '02', NULL, 'Cagayan Valley', NULL, 1, '2022-08-02 13:57:41', '2022-08-02 13:57:41'),
(1000, 608, '40', NULL, 'Calabarzon', NULL, 1, '2022-08-02 13:57:41', '2022-08-02 13:57:41'),
(1001, 608, '13', NULL, 'Caraga', NULL, 1, '2022-08-02 13:57:41', '2022-08-02 13:57:41'),
(1002, 608, '03', NULL, 'Central Luzon', NULL, 1, '2022-08-02 13:57:41', '2022-08-02 13:57:41'),
(1003, 608, '07', NULL, 'Central Visayas', NULL, 1, '2022-08-02 13:57:41', '2022-08-02 13:57:41'),
(1004, 608, '15', NULL, 'Cordillera Administrative Region', NULL, 1, '2022-08-02 13:57:41', '2022-08-02 13:57:41'),
(1005, 608, '11', NULL, 'Davao', NULL, 1, '2022-08-02 13:57:41', '2022-08-02 13:57:41'),
(1006, 608, '08', NULL, 'Eastern Visayas', NULL, 1, '2022-08-02 13:57:41', '2022-08-02 13:57:41'),
(1007, 608, '01', NULL, 'Ilocos', NULL, 1, '2022-08-02 13:57:41', '2022-08-02 13:57:41'),
(1008, 608, '41', NULL, 'Mimaropa', NULL, 1, '2022-08-02 13:57:41', '2022-08-02 13:57:41'),
(1009, 608, '00', NULL, 'National Capital', NULL, 1, '2022-08-02 13:57:41', '2022-08-02 13:57:41'),
(1010, 608, '10', NULL, 'Northern Mindanao', NULL, 1, '2022-08-02 13:57:41', '2022-08-02 13:57:41'),
(1011, 608, '12', NULL, 'Soccsksargen', NULL, 1, '2022-08-02 13:57:41', '2022-08-02 13:57:41'),
(1012, 608, '06', NULL, 'Western Visayas', NULL, 1, '2022-08-02 13:57:41', '2022-08-02 13:57:41'),
(1013, 608, '09', NULL, 'Zamboanga Peninsula', NULL, 1, '2022-08-02 13:57:41', '2022-08-02 13:57:41'),
(1014, 586, 'JK', NULL, 'Azad Kashmir', NULL, 1, '2022-08-02 13:57:41', '2022-08-02 13:57:41'),
(1015, 586, 'BA', NULL, 'Baluchistan', NULL, 1, '2022-08-02 13:57:41', '2022-08-02 13:57:41'),
(1016, 586, 'TA', NULL, 'Federally Administered Tribal Area', NULL, 1, '2022-08-02 13:57:41', '2022-08-02 13:57:41'),
(1017, 586, 'GB', NULL, 'Gilgit-Baltistan', NULL, 1, '2022-08-02 13:57:41', '2022-08-02 13:57:41'),
(1018, 586, 'IS', NULL, 'Islamabad', NULL, 1, '2022-08-02 13:57:41', '2022-08-02 13:57:41'),
(1019, 586, 'KP', NULL, 'Khyber Pakhtunkhwa', NULL, 1, '2022-08-02 13:57:41', '2022-08-02 13:57:41'),
(1020, 586, 'PB', NULL, 'Punjab', NULL, 1, '2022-08-02 13:57:41', '2022-08-02 13:57:41'),
(1021, 586, 'SD', NULL, 'Sind', NULL, 1, '2022-08-02 13:57:41', '2022-08-02 13:57:41'),
(1022, 634, 'DA', NULL, 'Ad Dawḩah', NULL, 1, '2022-08-02 13:57:41', '2022-08-02 13:57:41'),
(1023, 634, 'KH', NULL, 'Al Khawr wa adh Dhakhīrah', NULL, 1, '2022-08-02 13:57:41', '2022-08-02 13:57:41'),
(1024, 634, 'WA', NULL, 'Al Wakrah', NULL, 1, '2022-08-02 13:57:41', '2022-08-02 13:57:41'),
(1025, 634, 'RA', NULL, 'Ar RayyÄn', NULL, 1, '2022-08-02 13:57:41', '2022-08-02 13:57:41'),
(1026, 634, 'MS', NULL, 'Ash ShamÄl', NULL, 1, '2022-08-02 13:57:41', '2022-08-02 13:57:41'),
(1027, 634, 'ZA', NULL, 'Az̧ Z̧a‘Äyin', NULL, 1, '2022-08-02 13:57:41', '2022-08-02 13:57:41'),
(1028, 634, 'US', NULL, 'Umm ŞalÄl', NULL, 1, '2022-08-02 13:57:41', '2022-08-02 13:57:41'),
(1029, 643, 'ALT', NULL, 'Altayskiy kray', NULL, 1, '2022-08-02 13:57:41', '2022-08-02 13:57:41'),
(1030, 643, 'AMU', NULL, 'Amurskaya oblast\'', NULL, 1, '2022-08-02 13:57:41', '2022-08-02 13:57:41'),
(1031, 643, 'ARK', NULL, 'Arkhangel\'skaya oblast', NULL, 1, '2022-08-02 13:57:41', '2022-08-02 13:57:41'),
(1032, 643, 'AST', NULL, 'Astrakhanskaya oblast\'', NULL, 1, '2022-08-02 13:57:41', '2022-08-02 13:57:41'),
(1033, 643, 'BEL', NULL, 'Belgorodskaya oblast\'', NULL, 1, '2022-08-02 13:57:41', '2022-08-02 13:57:41'),
(1034, 643, 'BRY', NULL, 'Bryanskaya oblast\'', NULL, 1, '2022-08-02 13:57:41', '2022-08-02 13:57:41'),
(1035, 643, 'CHE', NULL, 'Chelyabinskaya oblast\'', NULL, 1, '2022-08-02 13:57:41', '2022-08-02 13:57:41'),
(1036, 643, 'CHU', NULL, 'Chukotskiy avtonomnyy okrug', NULL, 1, '2022-08-02 13:57:41', '2022-08-02 13:57:41'),
(1037, 643, 'IRK', NULL, 'Irkutskaya oblast\'', NULL, 1, '2022-08-02 13:57:41', '2022-08-02 13:57:41'),
(1038, 643, 'IVA', NULL, 'Ivanovskaya oblast\'', NULL, 1, '2022-08-02 13:57:41', '2022-08-02 13:57:41'),
(1039, 643, 'KGD', NULL, 'Kaliningradskaya oblast', NULL, 1, '2022-08-02 13:57:41', '2022-08-02 13:57:41'),
(1040, 643, 'KLU', NULL, 'Kaluzhskaya oblast\'', NULL, 1, '2022-08-02 13:57:41', '2022-08-02 13:57:41'),
(1041, 643, 'KAM', NULL, 'Kamchatskiy kray', NULL, 1, '2022-08-02 13:57:41', '2022-08-02 13:57:41'),
(1042, 643, 'KEM', NULL, 'Kemerovskaya oblast\'', NULL, 1, '2022-08-02 13:57:41', '2022-08-02 13:57:41'),
(1043, 643, 'KHA', NULL, 'Khabarovskiy kray', NULL, 1, '2022-08-02 13:57:41', '2022-08-02 13:57:41'),
(1044, 643, 'KHM', NULL, 'Khanty-Mansiyskiy avtonomnyy okrug-Yugra', NULL, 1, '2022-08-02 13:57:41', '2022-08-02 13:57:41'),
(1045, 643, 'KIR', NULL, 'Kirovskaya oblast\'', NULL, 1, '2022-08-02 13:57:41', '2022-08-02 13:57:41'),
(1046, 643, 'KOS', NULL, 'Kostromskaya oblast\'', NULL, 1, '2022-08-02 13:57:41', '2022-08-02 13:57:41'),
(1047, 643, 'KDA', NULL, 'Krasnodarskiy kray', NULL, 1, '2022-08-02 13:57:41', '2022-08-02 13:57:41'),
(1048, 643, 'KYA', NULL, 'Krasnoyarskiy kray', NULL, 1, '2022-08-02 13:57:41', '2022-08-02 13:57:41'),
(1049, 643, 'KGN', NULL, 'Kurganskaya oblast\'', NULL, 1, '2022-08-02 13:57:41', '2022-08-02 13:57:41'),
(1050, 643, 'KRS', NULL, 'Kurskaya oblast\'', NULL, 1, '2022-08-02 13:57:41', '2022-08-02 13:57:41'),
(1051, 643, 'LEN', NULL, 'Leningradskaya oblast\'', NULL, 1, '2022-08-02 13:57:41', '2022-08-02 13:57:41'),
(1052, 643, 'LIP', NULL, 'Lipetskaya oblast\'', NULL, 1, '2022-08-02 13:57:41', '2022-08-02 13:57:41'),
(1053, 643, 'MAG', NULL, 'Magadanskaya oblast\'', NULL, 1, '2022-08-02 13:57:41', '2022-08-02 13:57:41'),
(1054, 643, 'MOS', NULL, 'Moskovskaya oblast\'', NULL, 1, '2022-08-02 13:57:41', '2022-08-02 13:57:41'),
(1055, 643, 'MOW', NULL, 'Moskva', NULL, 1, '2022-08-02 13:57:41', '2022-08-02 13:57:41'),
(1056, 643, 'MUR', NULL, 'Murmanskaya oblast\'', NULL, 1, '2022-08-02 13:57:41', '2022-08-02 13:57:41'),
(1057, 643, 'NEN', NULL, 'Nenetskiy avtonomnyy okrug', NULL, 1, '2022-08-02 13:57:41', '2022-08-02 13:57:41'),
(1058, 643, 'NIZ', NULL, 'Nizbegorodskaya oblast', NULL, 1, '2022-08-02 13:57:41', '2022-08-02 13:57:41'),
(1059, 643, 'NGR', NULL, 'Novgorodskaya oblast\'', NULL, 1, '2022-08-02 13:57:41', '2022-08-02 13:57:41'),
(1060, 643, 'NVS', NULL, 'Novosibirskaya oblast\'', NULL, 1, '2022-08-02 13:57:41', '2022-08-02 13:57:41'),
(1061, 643, 'OMS', NULL, 'Omskaya oblast\'', NULL, 1, '2022-08-02 13:57:41', '2022-08-02 13:57:41'),
(1062, 643, 'ORE', NULL, 'Orenburgskaya oblast\'', NULL, 1, '2022-08-02 13:57:41', '2022-08-02 13:57:41'),
(1063, 643, 'ORL', NULL, 'Orlovskaya oblast\'', NULL, 1, '2022-08-02 13:57:41', '2022-08-02 13:57:41'),
(1064, 643, 'PNZ', NULL, 'Penzenskaya oblast\'', NULL, 1, '2022-08-02 13:57:41', '2022-08-02 13:57:41'),
(1065, 643, 'PER', NULL, 'Permskiy kray', NULL, 1, '2022-08-02 13:57:41', '2022-08-02 13:57:41'),
(1066, 643, 'PRI', NULL, 'Primorskiy kray', NULL, 1, '2022-08-02 13:57:41', '2022-08-02 13:57:41'),
(1067, 643, 'PSK', NULL, 'Pskovskaya oblast\'', NULL, 1, '2022-08-02 13:57:41', '2022-08-02 13:57:41'),
(1068, 643, 'ROS', NULL, 'Rostovskaya oblast\'', NULL, 1, '2022-08-02 13:57:41', '2022-08-02 13:57:41'),
(1069, 643, 'RYA', NULL, 'Ryazanskaya oblast\'', NULL, 1, '2022-08-02 13:57:41', '2022-08-02 13:57:41'),
(1070, 643, 'SAK', NULL, 'Sakhalinskaya oblast\'', NULL, 1, '2022-08-02 13:57:41', '2022-08-02 13:57:41'),
(1071, 643, 'SAM', NULL, 'Samarskaya oblast\'', NULL, 1, '2022-08-02 13:57:41', '2022-08-02 13:57:41'),
(1072, 643, 'SPE', NULL, 'Sankt-Peterburg', NULL, 1, '2022-08-02 13:57:41', '2022-08-02 13:57:41'),
(1073, 643, 'SAR', NULL, 'Saratovskaya oblast\'', NULL, 1, '2022-08-02 13:57:41', '2022-08-02 13:57:41'),
(1074, 643, 'SMO', NULL, 'Smolenskaya oblast\'', NULL, 1, '2022-08-02 13:57:41', '2022-08-02 13:57:41'),
(1075, 643, 'STA', NULL, 'Stavropol\'skiy kray', NULL, 1, '2022-08-02 13:57:41', '2022-08-02 13:57:41'),
(1076, 643, 'SVE', NULL, 'Sverdlovskaya oblast\'', NULL, 1, '2022-08-02 13:57:41', '2022-08-02 13:57:41'),
(1077, 643, 'TAM', NULL, 'Tambovskaya oblast\'', NULL, 1, '2022-08-02 13:57:41', '2022-08-02 13:57:41'),
(1078, 643, 'TOM', NULL, 'Tomskaya oblast\'', NULL, 1, '2022-08-02 13:57:41', '2022-08-02 13:57:41'),
(1079, 643, 'TUL', NULL, 'Tul\'skaya oblast\'', NULL, 1, '2022-08-02 13:57:41', '2022-08-02 13:57:41');
INSERT INTO `states` (`id`, `country_id`, `iso_code`, `iso_numeric`, `name`, `calling_code`, `active`, `created_at`, `updated_at`) VALUES
(1080, 643, 'TVE', NULL, 'Tverskaya oblast\'', NULL, 1, '2022-08-02 13:57:41', '2022-08-02 13:57:41'),
(1081, 643, 'TYU', NULL, 'Tyumenskaya oblast\'', NULL, 1, '2022-08-02 13:57:41', '2022-08-02 13:57:41'),
(1082, 643, 'ULY', NULL, 'Ul\'yanovskaya oblast\'', NULL, 1, '2022-08-02 13:57:41', '2022-08-02 13:57:41'),
(1083, 643, 'VLA', NULL, 'Vladimirskaya oblast\'', NULL, 1, '2022-08-02 13:57:41', '2022-08-02 13:57:41'),
(1084, 643, 'VGG', NULL, 'Volgogradskaya oblast\'', NULL, 1, '2022-08-02 13:57:41', '2022-08-02 13:57:41'),
(1085, 643, 'VLG', NULL, 'Vologodskaya oblast\'', NULL, 1, '2022-08-02 13:57:41', '2022-08-02 13:57:41'),
(1086, 643, 'VOR', NULL, 'Voronezhskaya oblast\'', NULL, 1, '2022-08-02 13:57:41', '2022-08-02 13:57:41'),
(1087, 643, 'YAN', NULL, 'Yamalo-Nenetskiy avtonomnyy okrug', NULL, 1, '2022-08-02 13:57:41', '2022-08-02 13:57:41'),
(1088, 643, 'YAR', NULL, 'Yaroslavskaya oblast\'', NULL, 1, '2022-08-02 13:57:41', '2022-08-02 13:57:41'),
(1089, 643, 'YEV', NULL, 'Yevreyskaya avtonomnaya oblast\'ug', NULL, 1, '2022-08-02 13:57:41', '2022-08-02 13:57:41'),
(1090, 643, 'ZAB', NULL, 'Zabaykal\'skiy kray', NULL, 1, '2022-08-02 13:57:41', '2022-08-02 13:57:41'),
(1091, 682, '12', NULL, 'AI Jawf', NULL, 1, '2022-08-02 13:57:41', '2022-08-02 13:57:41'),
(1092, 682, '11', NULL, 'Al BÄḩah', NULL, 1, '2022-08-02 13:57:41', '2022-08-02 13:57:41'),
(1093, 682, '3', NULL, 'Al Madīnah', NULL, 1, '2022-08-02 13:57:41', '2022-08-02 13:57:41'),
(1094, 682, '5', NULL, 'Al Qaşīm', NULL, 1, '2022-08-02 13:57:41', '2022-08-02 13:57:41'),
(1095, 682, '8', NULL, 'Al Ḩudūd ash ShamÄlīyah', NULL, 1, '2022-08-02 13:57:41', '2022-08-02 13:57:41'),
(1096, 682, '1', NULL, 'Ar RiyÄḑ', NULL, 1, '2022-08-02 13:57:41', '2022-08-02 13:57:41'),
(1097, 682, '4', NULL, 'Ash Sharqīyah', NULL, 1, '2022-08-02 13:57:41', '2022-08-02 13:57:41'),
(1098, 682, '14', NULL, 'Asīr', NULL, 1, '2022-08-02 13:57:41', '2022-08-02 13:57:41'),
(1099, 682, '9', NULL, 'JīzÄn', NULL, 1, '2022-08-02 13:57:41', '2022-08-02 13:57:41'),
(1100, 682, '2', NULL, 'Makkah', NULL, 1, '2022-08-02 13:57:41', '2022-08-02 13:57:41'),
(1101, 682, '10', NULL, 'NajrÄn', NULL, 1, '2022-08-02 13:57:41', '2022-08-02 13:57:41'),
(1102, 682, '7', NULL, 'Tabūk', NULL, 1, '2022-08-02 13:57:41', '2022-08-02 13:57:41'),
(1103, 682, '6', NULL, 'ḨÄ\'il', NULL, 1, '2022-08-02 13:57:41', '2022-08-02 13:57:41'),
(1104, 690, '02', NULL, 'Anse Boileau', NULL, 1, '2022-08-02 13:57:41', '2022-08-02 13:57:41'),
(1105, 690, '05', NULL, 'Anse Royale', NULL, 1, '2022-08-02 13:57:41', '2022-08-02 13:57:41'),
(1106, 690, '01', NULL, 'Anse aux Pins', NULL, 1, '2022-08-02 13:57:41', '2022-08-02 13:57:41'),
(1107, 690, '03', NULL, 'Anse Étoile', NULL, 1, '2022-08-02 13:57:41', '2022-08-02 13:57:41'),
(1108, 690, '04', NULL, 'Au Cap', NULL, 1, '2022-08-02 13:57:41', '2022-08-02 13:57:41'),
(1109, 690, '06', NULL, 'Baie Lazare', NULL, 1, '2022-08-02 13:57:41', '2022-08-02 13:57:41'),
(1110, 690, '07', NULL, 'Baie Sainte-Anne', NULL, 1, '2022-08-02 13:57:41', '2022-08-02 13:57:41'),
(1111, 690, '08', NULL, 'Beau Vallon', NULL, 1, '2022-08-02 13:57:41', '2022-08-02 13:57:41'),
(1112, 690, '09', NULL, 'Bel Air', NULL, 1, '2022-08-02 13:57:41', '2022-08-02 13:57:41'),
(1113, 690, '10', NULL, 'Bel Ombre', NULL, 1, '2022-08-02 13:57:41', '2022-08-02 13:57:41'),
(1114, 690, '11', NULL, 'Cascade', NULL, 1, '2022-08-02 13:57:41', '2022-08-02 13:57:41'),
(1115, 690, '12', NULL, 'Glacis', NULL, 1, '2022-08-02 13:57:41', '2022-08-02 13:57:41'),
(1116, 690, '13', NULL, 'Grand\' Anse Mahé', NULL, 1, '2022-08-02 13:57:41', '2022-08-02 13:57:41'),
(1117, 690, '14', NULL, 'Grand\' Anse Praslin', NULL, 1, '2022-08-02 13:57:41', '2022-08-02 13:57:41'),
(1118, 690, '15', NULL, 'La Digue', NULL, 1, '2022-08-02 13:57:41', '2022-08-02 13:57:41'),
(1119, 690, '16', NULL, 'La Rivière Anglaise', NULL, 1, '2022-08-02 13:57:41', '2022-08-02 13:57:41'),
(1120, 690, '24', NULL, 'Les Mamelles', NULL, 1, '2022-08-02 13:57:41', '2022-08-02 13:57:41'),
(1121, 690, '17', NULL, 'Mont Buxton', NULL, 1, '2022-08-02 13:57:41', '2022-08-02 13:57:41'),
(1122, 690, '18', NULL, 'Mont Fleuri', NULL, 1, '2022-08-02 13:57:41', '2022-08-02 13:57:41'),
(1123, 690, '19', NULL, 'Plaisance', NULL, 1, '2022-08-02 13:57:41', '2022-08-02 13:57:41'),
(1124, 690, '20', NULL, 'Pointe La Rue', NULL, 1, '2022-08-02 13:57:41', '2022-08-02 13:57:41'),
(1125, 690, '21', NULL, 'Port Glaud', NULL, 1, '2022-08-02 13:57:41', '2022-08-02 13:57:41'),
(1126, 690, '25', NULL, 'Roche Caïman', NULL, 1, '2022-08-02 13:57:41', '2022-08-02 13:57:41'),
(1127, 690, '22', NULL, 'Saint Louis', NULL, 1, '2022-08-02 13:57:41', '2022-08-02 13:57:41'),
(1128, 690, '23', NULL, 'Takamaka', NULL, 1, '2022-08-02 13:57:41', '2022-08-02 13:57:41'),
(1129, 702, '01', NULL, 'Central Singapore', NULL, 1, '2022-08-02 13:57:41', '2022-08-02 13:57:41'),
(1130, 702, '02', NULL, 'North East', NULL, 1, '2022-08-02 13:57:41', '2022-08-02 13:57:41'),
(1131, 702, '03', NULL, 'North West', NULL, 1, '2022-08-02 13:57:41', '2022-08-02 13:57:41'),
(1132, 702, '04', NULL, 'South East', NULL, 1, '2022-08-02 13:57:41', '2022-08-02 13:57:41'),
(1133, 702, '05', NULL, 'South West', NULL, 1, '2022-08-02 13:57:41', '2022-08-02 13:57:41'),
(1134, 764, '37', NULL, 'Amnat Charoen', NULL, 1, '2022-08-02 13:57:41', '2022-08-02 13:57:41'),
(1135, 764, '15', NULL, 'Ang Thong', NULL, 1, '2022-08-02 13:57:41', '2022-08-02 13:57:41'),
(1136, 764, '38', NULL, 'Bueng Kan', NULL, 1, '2022-08-02 13:57:41', '2022-08-02 13:57:41'),
(1137, 764, '31', NULL, 'Buri Ram', NULL, 1, '2022-08-02 13:57:41', '2022-08-02 13:57:41'),
(1138, 764, '24', NULL, 'Chachoengsao', NULL, 1, '2022-08-02 13:57:41', '2022-08-02 13:57:41'),
(1139, 764, '18', NULL, 'Chai Nat', NULL, 1, '2022-08-02 13:57:41', '2022-08-02 13:57:41'),
(1140, 764, '36', NULL, 'Chaiyaphum', NULL, 1, '2022-08-02 13:57:41', '2022-08-02 13:57:41'),
(1141, 764, '22', NULL, 'Chanthaburi', NULL, 1, '2022-08-02 13:57:41', '2022-08-02 13:57:41'),
(1142, 764, '50', NULL, 'Chiang Mai', NULL, 1, '2022-08-02 13:57:41', '2022-08-02 13:57:41'),
(1143, 764, '57', NULL, 'Chiang Rai', NULL, 1, '2022-08-02 13:57:41', '2022-08-02 13:57:41'),
(1144, 764, '20', NULL, 'Chon Buri', NULL, 1, '2022-08-02 13:57:41', '2022-08-02 13:57:41'),
(1145, 764, '86', NULL, 'Chumphon', NULL, 1, '2022-08-02 13:57:41', '2022-08-02 13:57:41'),
(1146, 764, '46', NULL, 'Kalasin', NULL, 1, '2022-08-02 13:57:41', '2022-08-02 13:57:41'),
(1147, 764, '62', NULL, 'Kamphaeng Phet', NULL, 1, '2022-08-02 13:57:41', '2022-08-02 13:57:41'),
(1148, 764, '71', NULL, 'Kanchanaburi', NULL, 1, '2022-08-02 13:57:41', '2022-08-02 13:57:41'),
(1149, 764, '40', NULL, 'Khon Kaen', NULL, 1, '2022-08-02 13:57:41', '2022-08-02 13:57:41'),
(1150, 764, '81', NULL, 'Krabi', NULL, 1, '2022-08-02 13:57:41', '2022-08-02 13:57:41'),
(1151, 764, '52', NULL, 'Lampang', NULL, 1, '2022-08-02 13:57:41', '2022-08-02 13:57:41'),
(1152, 764, '51', NULL, 'Lamphun', NULL, 1, '2022-08-02 13:57:41', '2022-08-02 13:57:41'),
(1153, 764, '42', NULL, 'Loei', NULL, 1, '2022-08-02 13:57:41', '2022-08-02 13:57:41'),
(1154, 764, '16', NULL, 'Lop Buri', NULL, 1, '2022-08-02 13:57:41', '2022-08-02 13:57:41'),
(1155, 764, '58', NULL, 'Mae Hong Son', NULL, 1, '2022-08-02 13:57:41', '2022-08-02 13:57:41'),
(1156, 764, '44', NULL, 'Maha Sarakham', NULL, 1, '2022-08-02 13:57:41', '2022-08-02 13:57:41'),
(1157, 764, '49', NULL, 'Mukdahan', NULL, 1, '2022-08-02 13:57:41', '2022-08-02 13:57:41'),
(1158, 764, '26', NULL, 'Nakhon Nayok', NULL, 1, '2022-08-02 13:57:41', '2022-08-02 13:57:41'),
(1159, 764, '73', NULL, 'Nakhon Pathom', NULL, 1, '2022-08-02 13:57:41', '2022-08-02 13:57:41'),
(1160, 764, '48', NULL, 'Nakhon Phanom', NULL, 1, '2022-08-02 13:57:41', '2022-08-02 13:57:41'),
(1161, 764, '30', NULL, 'Nakhon Ratchasima', NULL, 1, '2022-08-02 13:57:41', '2022-08-02 13:57:41'),
(1162, 764, '60', NULL, 'Nakhon Sawan', NULL, 1, '2022-08-02 13:57:41', '2022-08-02 13:57:41'),
(1163, 764, '80', NULL, 'Nakhon Si Thammarat', NULL, 1, '2022-08-02 13:57:41', '2022-08-02 13:57:41'),
(1164, 764, '55', NULL, 'Nan', NULL, 1, '2022-08-02 13:57:41', '2022-08-02 13:57:41'),
(1165, 764, '96', NULL, 'Narathiwat', NULL, 1, '2022-08-02 13:57:41', '2022-08-02 13:57:41'),
(1166, 764, '39', NULL, 'Nong Bua Lam Phu', NULL, 1, '2022-08-02 13:57:41', '2022-08-02 13:57:41'),
(1167, 764, '43', NULL, 'Nong Khai', NULL, 1, '2022-08-02 13:57:41', '2022-08-02 13:57:41'),
(1168, 764, '12', NULL, 'Nonthaburi', NULL, 1, '2022-08-02 13:57:41', '2022-08-02 13:57:41'),
(1169, 764, '13', NULL, 'Pathum Thani', NULL, 1, '2022-08-02 13:57:41', '2022-08-02 13:57:41'),
(1170, 764, '94', NULL, 'Pattani', NULL, 1, '2022-08-02 13:57:41', '2022-08-02 13:57:41'),
(1171, 764, '82', NULL, 'Phangnga', NULL, 1, '2022-08-02 13:57:41', '2022-08-02 13:57:41'),
(1172, 764, '93', NULL, 'Phatthalung', NULL, 1, '2022-08-02 13:57:41', '2022-08-02 13:57:41'),
(1173, 764, '56', NULL, 'Phayao', NULL, 1, '2022-08-02 13:57:41', '2022-08-02 13:57:41'),
(1174, 764, '67', NULL, 'Phetchabun', NULL, 1, '2022-08-02 13:57:41', '2022-08-02 13:57:41'),
(1175, 764, '76', NULL, 'Phetchaburi', NULL, 1, '2022-08-02 13:57:41', '2022-08-02 13:57:41'),
(1176, 764, '66', NULL, 'Phichit', NULL, 1, '2022-08-02 13:57:41', '2022-08-02 13:57:41'),
(1177, 764, '65', NULL, 'Phitsanulok', NULL, 1, '2022-08-02 13:57:41', '2022-08-02 13:57:41'),
(1178, 764, '14', NULL, 'Phra Nakhon Si Ayutthaya', NULL, 1, '2022-08-02 13:57:41', '2022-08-02 13:57:41'),
(1179, 764, '54', NULL, 'Phrae', NULL, 1, '2022-08-02 13:57:41', '2022-08-02 13:57:41'),
(1180, 764, '83', NULL, 'Phuket', NULL, 1, '2022-08-02 13:57:41', '2022-08-02 13:57:41'),
(1181, 764, '25', NULL, 'Prachin Buri', NULL, 1, '2022-08-02 13:57:41', '2022-08-02 13:57:41'),
(1182, 764, '77', NULL, 'Prachuap Khiri Khan', NULL, 1, '2022-08-02 13:57:41', '2022-08-02 13:57:41'),
(1183, 764, '85', NULL, 'Ranong', NULL, 1, '2022-08-02 13:57:41', '2022-08-02 13:57:41'),
(1184, 764, '70', NULL, 'Ratchaburi', NULL, 1, '2022-08-02 13:57:41', '2022-08-02 13:57:41'),
(1185, 764, '21', NULL, 'Rayong', NULL, 1, '2022-08-02 13:57:41', '2022-08-02 13:57:41'),
(1186, 764, '45', NULL, 'Roi Et', NULL, 1, '2022-08-02 13:57:41', '2022-08-02 13:57:41'),
(1187, 764, '27', NULL, 'Sa Kaeo', NULL, 1, '2022-08-02 13:57:41', '2022-08-02 13:57:41'),
(1188, 764, '47', NULL, 'Sakon Nakhon', NULL, 1, '2022-08-02 13:57:41', '2022-08-02 13:57:41'),
(1189, 764, '11', NULL, 'Samut Prakan', NULL, 1, '2022-08-02 13:57:41', '2022-08-02 13:57:41'),
(1190, 764, '74', NULL, 'Samut Sakhon', NULL, 1, '2022-08-02 13:57:41', '2022-08-02 13:57:41'),
(1191, 764, '75', NULL, 'Samut Songkhram', NULL, 1, '2022-08-02 13:57:41', '2022-08-02 13:57:41'),
(1192, 764, '19', NULL, 'Saraburi', NULL, 1, '2022-08-02 13:57:41', '2022-08-02 13:57:41'),
(1193, 764, '91', NULL, 'Satun', NULL, 1, '2022-08-02 13:57:41', '2022-08-02 13:57:41'),
(1194, 764, '33', NULL, 'Si Sa Ket', NULL, 1, '2022-08-02 13:57:41', '2022-08-02 13:57:41'),
(1195, 764, '17', NULL, 'Sing Buri', NULL, 1, '2022-08-02 13:57:41', '2022-08-02 13:57:41'),
(1196, 764, '90', NULL, 'Songkhla', NULL, 1, '2022-08-02 13:57:41', '2022-08-02 13:57:41'),
(1197, 764, '64', NULL, 'Sukhothai', NULL, 1, '2022-08-02 13:57:41', '2022-08-02 13:57:41'),
(1198, 764, '72', NULL, 'Suphan Buri', NULL, 1, '2022-08-02 13:57:41', '2022-08-02 13:57:41'),
(1199, 764, '84', NULL, 'Surat Thani', NULL, 1, '2022-08-02 13:57:41', '2022-08-02 13:57:41'),
(1200, 764, '32', NULL, 'Surin', NULL, 1, '2022-08-02 13:57:41', '2022-08-02 13:57:41'),
(1201, 764, '63', NULL, 'Tak', NULL, 1, '2022-08-02 13:57:41', '2022-08-02 13:57:41'),
(1202, 764, '92', NULL, 'Trang', NULL, 1, '2022-08-02 13:57:41', '2022-08-02 13:57:41'),
(1203, 764, '23', NULL, 'Trat', NULL, 1, '2022-08-02 13:57:41', '2022-08-02 13:57:41'),
(1204, 764, '34', NULL, 'Ubon Ratchathani', NULL, 1, '2022-08-02 13:57:41', '2022-08-02 13:57:41'),
(1205, 764, '41', NULL, 'Udon Thani', NULL, 1, '2022-08-02 13:57:41', '2022-08-02 13:57:41'),
(1206, 764, '61', NULL, 'Uthai Thani', NULL, 1, '2022-08-02 13:57:41', '2022-08-02 13:57:41'),
(1207, 764, '53', NULL, 'Uttaradit', NULL, 1, '2022-08-02 13:57:41', '2022-08-02 13:57:41'),
(1208, 764, '95', NULL, 'Yala', NULL, 1, '2022-08-02 13:57:41', '2022-08-02 13:57:41'),
(1209, 764, '35', NULL, 'Yasothon', NULL, 1, '2022-08-02 13:57:41', '2022-08-02 13:57:41'),
(1210, 792, '1', NULL, 'Adana', NULL, 1, '2022-08-02 13:57:41', '2022-08-02 13:57:41'),
(1211, 792, '2', NULL, 'Adiyaman', NULL, 1, '2022-08-02 13:57:41', '2022-08-02 13:57:41'),
(1212, 792, '3', NULL, 'Afyon', NULL, 1, '2022-08-02 13:57:41', '2022-08-02 13:57:41'),
(1213, 792, '68', NULL, 'Aksaray', NULL, 1, '2022-08-02 13:57:41', '2022-08-02 13:57:41'),
(1214, 792, '5', NULL, 'Amasya', NULL, 1, '2022-08-02 13:57:41', '2022-08-02 13:57:41'),
(1215, 792, '6', NULL, 'Ankara', NULL, 1, '2022-08-02 13:57:41', '2022-08-02 13:57:41'),
(1216, 792, '7', NULL, 'Antalya', NULL, 1, '2022-08-02 13:57:41', '2022-08-02 13:57:41'),
(1217, 792, '75', NULL, 'Ardahan', NULL, 1, '2022-08-02 13:57:41', '2022-08-02 13:57:41'),
(1218, 792, '8', NULL, 'Artvin', NULL, 1, '2022-08-02 13:57:41', '2022-08-02 13:57:41'),
(1219, 792, '9', NULL, 'Aydin', NULL, 1, '2022-08-02 13:57:41', '2022-08-02 13:57:41'),
(1220, 792, '4', NULL, 'Ağrı', NULL, 1, '2022-08-02 13:57:41', '2022-08-02 13:57:41'),
(1221, 792, '10', NULL, 'Balikesir', NULL, 1, '2022-08-02 13:57:41', '2022-08-02 13:57:41'),
(1222, 792, '74', NULL, 'Bartin', NULL, 1, '2022-08-02 13:57:41', '2022-08-02 13:57:41'),
(1223, 792, '72', NULL, 'Batman', NULL, 1, '2022-08-02 13:57:41', '2022-08-02 13:57:41'),
(1224, 792, '69', NULL, 'Bayburt', NULL, 1, '2022-08-02 13:57:41', '2022-08-02 13:57:41'),
(1225, 792, '11', NULL, 'Bilecik', NULL, 1, '2022-08-02 13:57:41', '2022-08-02 13:57:41'),
(1226, 792, '12', NULL, 'Bingöl', NULL, 1, '2022-08-02 13:57:41', '2022-08-02 13:57:41'),
(1227, 792, '13', NULL, 'Bitlis', NULL, 1, '2022-08-02 13:57:41', '2022-08-02 13:57:41'),
(1228, 792, '14', NULL, 'Bolu', NULL, 1, '2022-08-02 13:57:41', '2022-08-02 13:57:41'),
(1229, 792, '15', NULL, 'Burdur', NULL, 1, '2022-08-02 13:57:41', '2022-08-02 13:57:41'),
(1230, 792, '16', NULL, 'Bursa', NULL, 1, '2022-08-02 13:57:41', '2022-08-02 13:57:41'),
(1231, 792, '20', NULL, 'Denizli', NULL, 1, '2022-08-02 13:57:41', '2022-08-02 13:57:41'),
(1232, 792, '21', NULL, 'Diyarbakir', NULL, 1, '2022-08-02 13:57:41', '2022-08-02 13:57:41'),
(1233, 792, '81', NULL, 'Düzce', NULL, 1, '2022-08-02 13:57:41', '2022-08-02 13:57:41'),
(1234, 792, '22', NULL, 'Edirne', NULL, 1, '2022-08-02 13:57:41', '2022-08-02 13:57:41'),
(1235, 792, '23', NULL, 'Elazığ', NULL, 1, '2022-08-02 13:57:41', '2022-08-02 13:57:41'),
(1236, 792, '24', NULL, 'Erzincan', NULL, 1, '2022-08-02 13:57:41', '2022-08-02 13:57:41'),
(1237, 792, '25', NULL, 'Erzurum', NULL, 1, '2022-08-02 13:57:41', '2022-08-02 13:57:41'),
(1238, 792, '26', NULL, 'Eskişehir', NULL, 1, '2022-08-02 13:57:41', '2022-08-02 13:57:41'),
(1239, 792, '27', NULL, 'Gaziantep', NULL, 1, '2022-08-02 13:57:41', '2022-08-02 13:57:41'),
(1240, 792, '28', NULL, 'Giresun', NULL, 1, '2022-08-02 13:57:41', '2022-08-02 13:57:41'),
(1241, 792, '29', NULL, 'Gümüşhane', NULL, 1, '2022-08-02 13:57:41', '2022-08-02 13:57:41'),
(1242, 792, '30', NULL, 'Hakkâri', NULL, 1, '2022-08-02 13:57:41', '2022-08-02 13:57:41'),
(1243, 792, '31', NULL, 'Hatay', NULL, 1, '2022-08-02 13:57:41', '2022-08-02 13:57:41'),
(1244, 792, '33', NULL, 'Icel', NULL, 1, '2022-08-02 13:57:41', '2022-08-02 13:57:41'),
(1245, 792, '32', NULL, 'Isparta', NULL, 1, '2022-08-02 13:57:41', '2022-08-02 13:57:41'),
(1246, 792, '34', NULL, 'Istanbul', NULL, 1, '2022-08-02 13:57:41', '2022-08-02 13:57:41'),
(1247, 792, '35', NULL, 'Izmir', NULL, 1, '2022-08-02 13:57:41', '2022-08-02 13:57:41'),
(1248, 792, '76', NULL, 'Iğdır', NULL, 1, '2022-08-02 13:57:41', '2022-08-02 13:57:41'),
(1249, 792, '46', NULL, 'Kahramanmaraş', NULL, 1, '2022-08-02 13:57:41', '2022-08-02 13:57:41'),
(1250, 792, '78', NULL, 'Karabük', NULL, 1, '2022-08-02 13:57:41', '2022-08-02 13:57:41'),
(1251, 792, '70', NULL, 'Karaman', NULL, 1, '2022-08-02 13:57:41', '2022-08-02 13:57:41'),
(1252, 792, '36', NULL, 'Kars', NULL, 1, '2022-08-02 13:57:41', '2022-08-02 13:57:41'),
(1253, 792, '37', NULL, 'Kastamonu', NULL, 1, '2022-08-02 13:57:41', '2022-08-02 13:57:41'),
(1254, 792, '38', NULL, 'Kayseri', NULL, 1, '2022-08-02 13:57:41', '2022-08-02 13:57:41'),
(1255, 792, '79', NULL, 'Kilis', NULL, 1, '2022-08-02 13:57:41', '2022-08-02 13:57:41'),
(1256, 792, '71', NULL, 'Kirkkale', NULL, 1, '2022-08-02 13:57:41', '2022-08-02 13:57:41'),
(1257, 792, '39', NULL, 'Kirklareli', NULL, 1, '2022-08-02 13:57:41', '2022-08-02 13:57:41'),
(1258, 792, '41', NULL, 'Kocaeli', NULL, 1, '2022-08-02 13:57:41', '2022-08-02 13:57:41'),
(1259, 792, '42', NULL, 'Konya', NULL, 1, '2022-08-02 13:57:41', '2022-08-02 13:57:41'),
(1260, 792, '43', NULL, 'Kütahya', NULL, 1, '2022-08-02 13:57:41', '2022-08-02 13:57:41'),
(1261, 792, '40', NULL, 'Kırşehir', NULL, 1, '2022-08-02 13:57:41', '2022-08-02 13:57:41'),
(1262, 792, '44', NULL, 'Malatya', NULL, 1, '2022-08-02 13:57:41', '2022-08-02 13:57:41'),
(1263, 792, '45', NULL, 'Manisa', NULL, 1, '2022-08-02 13:57:41', '2022-08-02 13:57:41'),
(1264, 792, '47', NULL, 'Mardin', NULL, 1, '2022-08-02 13:57:41', '2022-08-02 13:57:41'),
(1265, 792, '48', NULL, 'Muğla', NULL, 1, '2022-08-02 13:57:41', '2022-08-02 13:57:41'),
(1266, 792, '49', NULL, 'Muş', NULL, 1, '2022-08-02 13:57:41', '2022-08-02 13:57:41'),
(1267, 792, '50', NULL, 'Nevşehir', NULL, 1, '2022-08-02 13:57:41', '2022-08-02 13:57:41'),
(1268, 792, '51', NULL, 'Niğde', NULL, 1, '2022-08-02 13:57:41', '2022-08-02 13:57:41'),
(1269, 792, '52', NULL, 'Ordu', NULL, 1, '2022-08-02 13:57:41', '2022-08-02 13:57:41'),
(1270, 792, '80', NULL, 'Osmaniye', NULL, 1, '2022-08-02 13:57:41', '2022-08-02 13:57:41'),
(1271, 792, '53', NULL, 'Rize', NULL, 1, '2022-08-02 13:57:41', '2022-08-02 13:57:41'),
(1272, 792, '54', NULL, 'Sakarya', NULL, 1, '2022-08-02 13:57:41', '2022-08-02 13:57:41'),
(1273, 792, '55', NULL, 'Samsun', NULL, 1, '2022-08-02 13:57:41', '2022-08-02 13:57:41'),
(1274, 792, '56', NULL, 'Siirt', NULL, 1, '2022-08-02 13:57:41', '2022-08-02 13:57:41'),
(1275, 792, '57', NULL, 'Sinop', NULL, 1, '2022-08-02 13:57:41', '2022-08-02 13:57:41'),
(1276, 792, '58', NULL, 'Sivas', NULL, 1, '2022-08-02 13:57:41', '2022-08-02 13:57:41'),
(1277, 792, '59', NULL, 'Tekirdağ', NULL, 1, '2022-08-02 13:57:41', '2022-08-02 13:57:41'),
(1278, 792, '60', NULL, 'Tokat', NULL, 1, '2022-08-02 13:57:41', '2022-08-02 13:57:41'),
(1279, 792, '61', NULL, 'Trabzon', NULL, 1, '2022-08-02 13:57:41', '2022-08-02 13:57:41'),
(1280, 792, '62', NULL, 'Tunceli', NULL, 1, '2022-08-02 13:57:41', '2022-08-02 13:57:41'),
(1281, 792, '64', NULL, 'Uşak', NULL, 1, '2022-08-02 13:57:41', '2022-08-02 13:57:41'),
(1282, 792, '65', NULL, 'Van', NULL, 1, '2022-08-02 13:57:41', '2022-08-02 13:57:41'),
(1283, 792, '77', NULL, 'Yalova', NULL, 1, '2022-08-02 13:57:41', '2022-08-02 13:57:41'),
(1284, 792, '66', NULL, 'Yozgat', NULL, 1, '2022-08-02 13:57:41', '2022-08-02 13:57:41'),
(1285, 792, '67', NULL, 'Zonguldak', NULL, 1, '2022-08-02 13:57:41', '2022-08-02 13:57:41'),
(1286, 792, '17', NULL, 'Çanakkale', NULL, 1, '2022-08-02 13:57:41', '2022-08-02 13:57:41'),
(1287, 792, '18', NULL, 'Çankırı', NULL, 1, '2022-08-02 13:57:41', '2022-08-02 13:57:41'),
(1288, 792, '19', NULL, 'Çorum', NULL, 1, '2022-08-02 13:57:41', '2022-08-02 13:57:41'),
(1289, 792, '63', NULL, 'Şanlıurfa', NULL, 1, '2022-08-02 13:57:41', '2022-08-02 13:57:41'),
(1290, 792, '73', NULL, 'Şırnak', NULL, 1, '2022-08-02 13:57:41', '2022-08-02 13:57:41'),
(1291, 834, '01', NULL, 'Arusha', NULL, 1, '2022-08-02 13:57:41', '2022-08-02 13:57:41'),
(1292, 834, '02', NULL, 'Dar es Salaam', NULL, 1, '2022-08-02 13:57:41', '2022-08-02 13:57:41'),
(1293, 834, '03', NULL, 'Dodoma', NULL, 1, '2022-08-02 13:57:41', '2022-08-02 13:57:41'),
(1294, 834, '27', NULL, 'Geita', NULL, 1, '2022-08-02 13:57:41', '2022-08-02 13:57:41'),
(1295, 834, '04', NULL, 'Iringa', NULL, 1, '2022-08-02 13:57:41', '2022-08-02 13:57:41'),
(1296, 834, '05', NULL, 'Kagera', NULL, 1, '2022-08-02 13:57:41', '2022-08-02 13:57:41'),
(1297, 834, '06', NULL, 'Kaskazini Pemba', NULL, 1, '2022-08-02 13:57:41', '2022-08-02 13:57:41'),
(1298, 834, '07', NULL, 'Kaskazini Unguja', NULL, 1, '2022-08-02 13:57:41', '2022-08-02 13:57:41'),
(1299, 834, '28', NULL, 'Katavi', NULL, 1, '2022-08-02 13:57:41', '2022-08-02 13:57:41'),
(1300, 834, '08', NULL, 'Kigoma', NULL, 1, '2022-08-02 13:57:41', '2022-08-02 13:57:41'),
(1301, 834, '09', NULL, 'Kilimanjaro', NULL, 1, '2022-08-02 13:57:41', '2022-08-02 13:57:41'),
(1302, 834, '10', NULL, 'Kusini Pemba', NULL, 1, '2022-08-02 13:57:41', '2022-08-02 13:57:41'),
(1303, 834, '11', NULL, 'Kusini Unguja', NULL, 1, '2022-08-02 13:57:41', '2022-08-02 13:57:41'),
(1304, 834, '12', NULL, 'Lindi', NULL, 1, '2022-08-02 13:57:41', '2022-08-02 13:57:41'),
(1305, 834, '26', NULL, 'Manyara', NULL, 1, '2022-08-02 13:57:41', '2022-08-02 13:57:41'),
(1306, 834, '13', NULL, 'Mara', NULL, 1, '2022-08-02 13:57:41', '2022-08-02 13:57:41'),
(1307, 834, '14', NULL, 'Mbeya', NULL, 1, '2022-08-02 13:57:41', '2022-08-02 13:57:41'),
(1308, 834, '15', NULL, 'Mjini Magharibi', NULL, 1, '2022-08-02 13:57:41', '2022-08-02 13:57:41'),
(1309, 834, '16', NULL, 'Morogoro', NULL, 1, '2022-08-02 13:57:41', '2022-08-02 13:57:41'),
(1310, 834, '17', NULL, 'Mtwara', NULL, 1, '2022-08-02 13:57:41', '2022-08-02 13:57:41'),
(1311, 834, '18', NULL, 'Mwanza', NULL, 1, '2022-08-02 13:57:41', '2022-08-02 13:57:41'),
(1312, 834, '29', NULL, 'Njombe', NULL, 1, '2022-08-02 13:57:41', '2022-08-02 13:57:41'),
(1313, 834, '19', NULL, 'Pwani Coast', NULL, 1, '2022-08-02 13:57:41', '2022-08-02 13:57:41'),
(1314, 834, '20', NULL, 'Rukwa', NULL, 1, '2022-08-02 13:57:41', '2022-08-02 13:57:41'),
(1315, 834, '21', NULL, 'Ruvuma', NULL, 1, '2022-08-02 13:57:41', '2022-08-02 13:57:41'),
(1316, 834, '22', NULL, 'Shinyanga', NULL, 1, '2022-08-02 13:57:41', '2022-08-02 13:57:41'),
(1317, 834, '30', NULL, 'Simiyu', NULL, 1, '2022-08-02 13:57:41', '2022-08-02 13:57:41'),
(1318, 834, '23', NULL, 'Singida', NULL, 1, '2022-08-02 13:57:41', '2022-08-02 13:57:41'),
(1319, 834, '31', NULL, 'Songwe', NULL, 1, '2022-08-02 13:57:41', '2022-08-02 13:57:41'),
(1320, 834, '24', NULL, 'Tabora', NULL, 1, '2022-08-02 13:57:41', '2022-08-02 13:57:41'),
(1321, 834, '25', NULL, 'Tanga', NULL, 1, '2022-08-02 13:57:41', '2022-08-02 13:57:41'),
(1322, 840, 'AL', NULL, 'Alabama', NULL, 1, '2022-08-02 13:57:41', '2022-08-02 13:57:41'),
(1323, 840, 'AK', NULL, 'Alaska', NULL, 1, '2022-08-02 13:57:41', '2022-08-02 13:57:41'),
(1324, 840, 'AS', NULL, 'American Samoa', NULL, 1, '2022-08-02 13:57:41', '2022-08-02 13:57:41'),
(1325, 840, 'AZ', NULL, 'Arizona', NULL, 1, '2022-08-02 13:57:41', '2022-08-02 13:57:41'),
(1326, 840, 'AR', NULL, 'Arkansas', NULL, 1, '2022-08-02 13:57:41', '2022-08-02 13:57:41'),
(1327, 840, 'CA', NULL, 'California', NULL, 1, '2022-08-02 13:57:41', '2022-08-02 13:57:41'),
(1328, 840, 'CO', NULL, 'Colorado', NULL, 1, '2022-08-02 13:57:41', '2022-08-02 13:57:41'),
(1329, 840, 'CT', NULL, 'Connecticut', NULL, 1, '2022-08-02 13:57:41', '2022-08-02 13:57:41'),
(1330, 840, 'DE', NULL, 'Delaware', NULL, 1, '2022-08-02 13:57:41', '2022-08-02 13:57:41'),
(1331, 840, 'DC', NULL, 'District Of Columbia', NULL, 1, '2022-08-02 13:57:41', '2022-08-02 13:57:41'),
(1332, 840, 'FM', NULL, 'Federated States Of Micronesia', NULL, 1, '2022-08-02 13:57:41', '2022-08-02 13:57:41'),
(1333, 840, 'FL', NULL, 'Florida', NULL, 1, '2022-08-02 13:57:41', '2022-08-02 13:57:41'),
(1334, 840, 'GA', NULL, 'Georgia', NULL, 1, '2022-08-02 13:57:41', '2022-08-02 13:57:41'),
(1335, 840, 'GU', NULL, 'Guam', NULL, 1, '2022-08-02 13:57:41', '2022-08-02 13:57:41'),
(1336, 840, 'HI', NULL, 'Hawaii', NULL, 1, '2022-08-02 13:57:41', '2022-08-02 13:57:41'),
(1337, 840, 'ID', NULL, 'Idaho', NULL, 1, '2022-08-02 13:57:41', '2022-08-02 13:57:41'),
(1338, 840, 'IL', NULL, 'Illinois', NULL, 1, '2022-08-02 13:57:41', '2022-08-02 13:57:41'),
(1339, 840, 'IN', NULL, 'Indiana', NULL, 1, '2022-08-02 13:57:41', '2022-08-02 13:57:41'),
(1340, 840, 'IA', NULL, 'Iowa', NULL, 1, '2022-08-02 13:57:41', '2022-08-02 13:57:41'),
(1341, 840, 'KS', NULL, 'Kansas', NULL, 1, '2022-08-02 13:57:41', '2022-08-02 13:57:41'),
(1342, 840, 'KY', NULL, 'Kentucky', NULL, 1, '2022-08-02 13:57:41', '2022-08-02 13:57:41'),
(1343, 840, 'LA', NULL, 'Louisiana', NULL, 1, '2022-08-02 13:57:41', '2022-08-02 13:57:41'),
(1344, 840, 'ME', NULL, 'Maine', NULL, 1, '2022-08-02 13:57:41', '2022-08-02 13:57:41'),
(1345, 840, 'MH', NULL, 'Marshall Islands', NULL, 1, '2022-08-02 13:57:41', '2022-08-02 13:57:41'),
(1346, 840, 'MD', NULL, 'Maryland', NULL, 1, '2022-08-02 13:57:41', '2022-08-02 13:57:41'),
(1347, 840, 'MA', NULL, 'Massachusetts', NULL, 1, '2022-08-02 13:57:41', '2022-08-02 13:57:41'),
(1348, 840, 'MI', NULL, 'Michigan', NULL, 1, '2022-08-02 13:57:41', '2022-08-02 13:57:41'),
(1349, 840, 'MN', NULL, 'Minnesota', NULL, 1, '2022-08-02 13:57:41', '2022-08-02 13:57:41'),
(1350, 840, 'MS', NULL, 'Mississippi', NULL, 1, '2022-08-02 13:57:41', '2022-08-02 13:57:41'),
(1351, 840, 'MO', NULL, 'Missouri', NULL, 1, '2022-08-02 13:57:41', '2022-08-02 13:57:41'),
(1352, 840, 'MT', NULL, 'Montana', NULL, 1, '2022-08-02 13:57:41', '2022-08-02 13:57:41'),
(1353, 840, 'NE', NULL, 'Nebraska', NULL, 1, '2022-08-02 13:57:41', '2022-08-02 13:57:41'),
(1354, 840, 'NV', NULL, 'Nevada', NULL, 1, '2022-08-02 13:57:41', '2022-08-02 13:57:41'),
(1355, 840, 'NH', NULL, 'New Hampshire', NULL, 1, '2022-08-02 13:57:41', '2022-08-02 13:57:41'),
(1356, 840, 'NJ', NULL, 'New Jersey', NULL, 1, '2022-08-02 13:57:41', '2022-08-02 13:57:41'),
(1357, 840, 'NM', NULL, 'New Mexico', NULL, 1, '2022-08-02 13:57:41', '2022-08-02 13:57:41'),
(1358, 840, 'NY', NULL, 'New York', NULL, 1, '2022-08-02 13:57:41', '2022-08-02 13:57:41'),
(1359, 840, 'NC', NULL, 'North Carolina', NULL, 1, '2022-08-02 13:57:41', '2022-08-02 13:57:41'),
(1360, 840, 'ND', NULL, 'North Dakota', NULL, 1, '2022-08-02 13:57:41', '2022-08-02 13:57:41'),
(1361, 840, 'MP', NULL, 'Northern Mariana Islands', NULL, 1, '2022-08-02 13:57:41', '2022-08-02 13:57:41'),
(1362, 840, 'OH', NULL, 'Ohio', NULL, 1, '2022-08-02 13:57:41', '2022-08-02 13:57:41'),
(1363, 840, 'OK', NULL, 'Oklahoma', NULL, 1, '2022-08-02 13:57:41', '2022-08-02 13:57:41'),
(1364, 840, 'OR', NULL, 'Oregon', NULL, 1, '2022-08-02 13:57:41', '2022-08-02 13:57:41'),
(1365, 840, 'PW', NULL, 'Palau', NULL, 1, '2022-08-02 13:57:41', '2022-08-02 13:57:41'),
(1366, 840, 'PA', NULL, 'Pennsylvania', NULL, 1, '2022-08-02 13:57:41', '2022-08-02 13:57:41'),
(1367, 840, 'PR', NULL, 'Puerto Rico', NULL, 1, '2022-08-02 13:57:41', '2022-08-02 13:57:41'),
(1368, 840, 'RI', NULL, 'Rhode Island', NULL, 1, '2022-08-02 13:57:41', '2022-08-02 13:57:41'),
(1369, 840, 'SC', NULL, 'South Carolina', NULL, 1, '2022-08-02 13:57:41', '2022-08-02 13:57:41'),
(1370, 840, 'SD', NULL, 'South Dakota', NULL, 1, '2022-08-02 13:57:41', '2022-08-02 13:57:41'),
(1371, 840, 'TN', NULL, 'Tennessee', NULL, 1, '2022-08-02 13:57:41', '2022-08-02 13:57:41'),
(1372, 840, 'TX', NULL, 'Texas', NULL, 1, '2022-08-02 13:57:41', '2022-08-02 13:57:41'),
(1373, 840, 'UT', NULL, 'Utah', NULL, 1, '2022-08-02 13:57:41', '2022-08-02 13:57:41'),
(1374, 840, 'VT', NULL, 'Vermont', NULL, 1, '2022-08-02 13:57:41', '2022-08-02 13:57:41'),
(1375, 840, 'VI', NULL, 'Virgin Islands', NULL, 1, '2022-08-02 13:57:41', '2022-08-02 13:57:41'),
(1376, 840, 'VA', NULL, 'Virginia', NULL, 1, '2022-08-02 13:57:41', '2022-08-02 13:57:41'),
(1377, 840, 'WA', NULL, 'Washington', NULL, 1, '2022-08-02 13:57:41', '2022-08-02 13:57:41'),
(1378, 840, 'WV', NULL, 'West Virginia', NULL, 1, '2022-08-02 13:57:41', '2022-08-02 13:57:41'),
(1379, 840, 'WI', NULL, 'Wisconsin', NULL, 1, '2022-08-02 13:57:41', '2022-08-02 13:57:41'),
(1380, 840, 'WY', NULL, 'Wyoming', NULL, 1, '2022-08-02 13:57:41', '2022-08-02 13:57:41'),
(1381, 704, '44', NULL, 'An Giang', NULL, 1, '2022-08-02 13:57:41', '2022-08-02 13:57:41'),
(1382, 704, '43', NULL, 'Ba Ria - Vung Tau', NULL, 1, '2022-08-02 13:57:41', '2022-08-02 13:57:41'),
(1383, 704, '53', NULL, 'Bac Can', NULL, 1, '2022-08-02 13:57:41', '2022-08-02 13:57:41'),
(1384, 704, '54', NULL, 'Bac Giang', NULL, 1, '2022-08-02 13:57:41', '2022-08-02 13:57:41'),
(1385, 704, '55', NULL, 'Bac Lieu', NULL, 1, '2022-08-02 13:57:41', '2022-08-02 13:57:41'),
(1386, 704, '56', NULL, 'Bac Ninh', NULL, 1, '2022-08-02 13:57:41', '2022-08-02 13:57:41'),
(1387, 704, '50', NULL, 'Ben Tre', NULL, 1, '2022-08-02 13:57:41', '2022-08-02 13:57:41'),
(1388, 704, '31', NULL, 'Binh Dinh', NULL, 1, '2022-08-02 13:57:41', '2022-08-02 13:57:41'),
(1389, 704, '57', NULL, 'Binh Duong', NULL, 1, '2022-08-02 13:57:41', '2022-08-02 13:57:41'),
(1390, 704, '58', NULL, 'Binh Phuoc', NULL, 1, '2022-08-02 13:57:41', '2022-08-02 13:57:41'),
(1391, 704, '40', NULL, 'Binh Thuan', NULL, 1, '2022-08-02 13:57:41', '2022-08-02 13:57:41'),
(1392, 704, '59', NULL, 'Ca Mau', NULL, 1, '2022-08-02 13:57:41', '2022-08-02 13:57:41'),
(1393, 704, 'CT', NULL, 'Can Tho', NULL, 1, '2022-08-02 13:57:41', '2022-08-02 13:57:41'),
(1394, 704, '4', NULL, 'Cao Bang', NULL, 1, '2022-08-02 13:57:41', '2022-08-02 13:57:41'),
(1395, 704, 'DN', NULL, 'Da Nang', NULL, 1, '2022-08-02 13:57:41', '2022-08-02 13:57:41'),
(1396, 704, '60', NULL, 'Da Nang, thanh pho', NULL, 1, '2022-08-02 13:57:41', '2022-08-02 13:57:41'),
(1397, 704, '33', NULL, 'Dac Lac', NULL, 1, '2022-08-02 13:57:41', '2022-08-02 13:57:41'),
(1398, 704, '72', NULL, 'Dak Nong', NULL, 1, '2022-08-02 13:57:41', '2022-08-02 13:57:41'),
(1399, 704, '71', NULL, 'Dien Bien', NULL, 1, '2022-08-02 13:57:41', '2022-08-02 13:57:41'),
(1400, 704, '39', NULL, 'Dong Nai', NULL, 1, '2022-08-02 13:57:41', '2022-08-02 13:57:41'),
(1401, 704, '45', NULL, 'Dong Thap', NULL, 1, '2022-08-02 13:57:41', '2022-08-02 13:57:41'),
(1402, 704, '30', NULL, 'Gia Lai', NULL, 1, '2022-08-02 13:57:41', '2022-08-02 13:57:41'),
(1403, 704, '3', NULL, 'Ha Giang', NULL, 1, '2022-08-02 13:57:41', '2022-08-02 13:57:41'),
(1404, 704, '63', NULL, 'Ha Nam', NULL, 1, '2022-08-02 13:57:41', '2022-08-02 13:57:41'),
(1405, 704, 'HN', NULL, 'Ha Noi', NULL, 1, '2022-08-02 13:57:41', '2022-08-02 13:57:41'),
(1406, 704, '15', NULL, 'Ha Tay', NULL, 1, '2022-08-02 13:57:41', '2022-08-02 13:57:41'),
(1407, 704, '23', NULL, 'Ha Tinh', NULL, 1, '2022-08-02 13:57:41', '2022-08-02 13:57:41'),
(1408, 704, '61', NULL, 'Hai Duong', NULL, 1, '2022-08-02 13:57:41', '2022-08-02 13:57:41'),
(1409, 704, 'HP', NULL, 'Hai Phong', NULL, 1, '2022-08-02 13:57:41', '2022-08-02 13:57:41'),
(1410, 704, '62', NULL, 'Hai Phong, thanh pho', NULL, 1, '2022-08-02 13:57:41', '2022-08-02 13:57:41'),
(1411, 704, '73', NULL, 'Hau Giang', NULL, 1, '2022-08-02 13:57:41', '2022-08-02 13:57:41'),
(1412, 704, 'SG', NULL, 'Ho Chi Minh', NULL, 1, '2022-08-02 13:57:41', '2022-08-02 13:57:41'),
(1413, 704, '14', NULL, 'Hoa Binh', NULL, 1, '2022-08-02 13:57:41', '2022-08-02 13:57:41'),
(1414, 704, '66', NULL, 'Hung Yen', NULL, 1, '2022-08-02 13:57:41', '2022-08-02 13:57:41'),
(1415, 704, '34', NULL, 'Khanh Hoa', NULL, 1, '2022-08-02 13:57:41', '2022-08-02 13:57:41'),
(1416, 704, '47', NULL, 'Kien Giang', NULL, 1, '2022-08-02 13:57:41', '2022-08-02 13:57:41'),
(1417, 704, '28', NULL, 'Kon Tum', NULL, 1, '2022-08-02 13:57:41', '2022-08-02 13:57:41'),
(1418, 704, '1', NULL, 'Lai Chau', NULL, 1, '2022-08-02 13:57:41', '2022-08-02 13:57:41'),
(1419, 704, '35', NULL, 'Lam Dong', NULL, 1, '2022-08-02 13:57:41', '2022-08-02 13:57:41'),
(1420, 704, '9', NULL, 'Lang Son', NULL, 1, '2022-08-02 13:57:41', '2022-08-02 13:57:41'),
(1421, 704, '2', NULL, 'Lao Cai', NULL, 1, '2022-08-02 13:57:41', '2022-08-02 13:57:41'),
(1422, 704, '41', NULL, 'Long An', NULL, 1, '2022-08-02 13:57:41', '2022-08-02 13:57:41'),
(1423, 704, '67', NULL, 'Nam Dinh', NULL, 1, '2022-08-02 13:57:41', '2022-08-02 13:57:41'),
(1424, 704, '22', NULL, 'Nghe An', NULL, 1, '2022-08-02 13:57:41', '2022-08-02 13:57:41'),
(1425, 704, '18', NULL, 'Ninh Binh', NULL, 1, '2022-08-02 13:57:41', '2022-08-02 13:57:41'),
(1426, 704, '36', NULL, 'Ninh Thuan', NULL, 1, '2022-08-02 13:57:41', '2022-08-02 13:57:41'),
(1427, 704, '68', NULL, 'Phu Tho', NULL, 1, '2022-08-02 13:57:41', '2022-08-02 13:57:41'),
(1428, 704, '32', NULL, 'Phu Yen', NULL, 1, '2022-08-02 13:57:41', '2022-08-02 13:57:41'),
(1429, 704, '24', NULL, 'Quang Binh', NULL, 1, '2022-08-02 13:57:41', '2022-08-02 13:57:41'),
(1430, 704, '27', NULL, 'Quang Nam', NULL, 1, '2022-08-02 13:57:41', '2022-08-02 13:57:41'),
(1431, 704, '29', NULL, 'Quang Ngai', NULL, 1, '2022-08-02 13:57:41', '2022-08-02 13:57:41'),
(1432, 704, '13', NULL, 'Quang Ninh', NULL, 1, '2022-08-02 13:57:41', '2022-08-02 13:57:41'),
(1433, 704, '25', NULL, 'Quang Tri', NULL, 1, '2022-08-02 13:57:41', '2022-08-02 13:57:41'),
(1434, 704, '52', NULL, 'Soc Trang', NULL, 1, '2022-08-02 13:57:41', '2022-08-02 13:57:41'),
(1435, 704, '5', NULL, 'Son La', NULL, 1, '2022-08-02 13:57:41', '2022-08-02 13:57:41'),
(1436, 704, '37', NULL, 'Tay Ninh', NULL, 1, '2022-08-02 13:57:41', '2022-08-02 13:57:41'),
(1437, 704, '20', NULL, 'Thai Binh', NULL, 1, '2022-08-02 13:57:41', '2022-08-02 13:57:41'),
(1438, 704, '69', NULL, 'Thai Nguyen', NULL, 1, '2022-08-02 13:57:41', '2022-08-02 13:57:41'),
(1439, 704, '21', NULL, 'Thanh Hoa', NULL, 1, '2022-08-02 13:57:41', '2022-08-02 13:57:41'),
(1440, 704, '26', NULL, 'Thua Thien-Hue', NULL, 1, '2022-08-02 13:57:41', '2022-08-02 13:57:41'),
(1441, 704, '46', NULL, 'Tien Giang', NULL, 1, '2022-08-02 13:57:41', '2022-08-02 13:57:41'),
(1442, 704, '51', NULL, 'Tra Vinh', NULL, 1, '2022-08-02 13:57:41', '2022-08-02 13:57:41'),
(1443, 704, '7', NULL, 'Tuyen Quang', NULL, 1, '2022-08-02 13:57:41', '2022-08-02 13:57:41'),
(1444, 704, '49', NULL, 'Vinh Long', NULL, 1, '2022-08-02 13:57:41', '2022-08-02 13:57:41'),
(1445, 704, '70', NULL, 'Vinh Yen', NULL, 1, '2022-08-02 13:57:41', '2022-08-02 13:57:41'),
(1446, 704, '6', NULL, 'Yen Bai', NULL, 1, '2022-08-02 13:57:41', '2022-08-02 13:57:41'),
(1447, 887, 'AD', NULL, '\'Adan', NULL, 1, '2022-08-02 13:57:41', '2022-08-02 13:57:41'),
(1448, 887, 'AM', NULL, '\'AmrÄn', NULL, 1, '2022-08-02 13:57:41', '2022-08-02 13:57:41'),
(1449, 887, 'AB', NULL, 'Abyan', NULL, 1, '2022-08-02 13:57:41', '2022-08-02 13:57:41'),
(1450, 887, 'BA', NULL, 'Al BayḑÄ\'', NULL, 1, '2022-08-02 13:57:41', '2022-08-02 13:57:41'),
(1451, 887, 'JA', NULL, 'Al Jawf', NULL, 1, '2022-08-02 13:57:41', '2022-08-02 13:57:41'),
(1452, 887, 'MR', NULL, 'Al Mahrah', NULL, 1, '2022-08-02 13:57:41', '2022-08-02 13:57:41'),
(1453, 887, 'MW', NULL, 'Al Maḩwīt', NULL, 1, '2022-08-02 13:57:41', '2022-08-02 13:57:41'),
(1454, 887, 'HU', NULL, 'Al Ḩudaydah', NULL, 1, '2022-08-02 13:57:41', '2022-08-02 13:57:41'),
(1455, 887, 'DA', NULL, 'Aḑ á¸Äli\'', NULL, 1, '2022-08-02 13:57:41', '2022-08-02 13:57:41'),
(1456, 887, 'DH', NULL, 'DhamÄr', NULL, 1, '2022-08-02 13:57:41', '2022-08-02 13:57:41'),
(1457, 887, 'IB', NULL, 'Ibb', NULL, 1, '2022-08-02 13:57:41', '2022-08-02 13:57:41'),
(1458, 887, 'LA', NULL, 'Laḩij', NULL, 1, '2022-08-02 13:57:41', '2022-08-02 13:57:41'),
(1459, 887, 'MA', NULL, 'Ma\'rib', NULL, 1, '2022-08-02 13:57:41', '2022-08-02 13:57:41'),
(1460, 887, 'RA', NULL, 'Raymah', NULL, 1, '2022-08-02 13:57:41', '2022-08-02 13:57:41'),
(1461, 887, 'SH', NULL, 'Shabwah', NULL, 1, '2022-08-02 13:57:41', '2022-08-02 13:57:41'),
(1462, 887, 'TA', NULL, 'TÄʻizz', NULL, 1, '2022-08-02 13:57:41', '2022-08-02 13:57:41'),
(1463, 887, 'SN', NULL, 'ŞanʻÄ\'', NULL, 1, '2022-08-02 13:57:41', '2022-08-02 13:57:41'),
(1464, 887, 'SA', NULL, 'ŞanʻÄ\'', NULL, 1, '2022-08-02 13:57:41', '2022-08-02 13:57:41'),
(1465, 887, 'SD', NULL, 'ŞÄʻdah', NULL, 1, '2022-08-02 13:57:41', '2022-08-02 13:57:41'),
(1466, 887, 'HJ', NULL, 'Ḩajjah', NULL, 1, '2022-08-02 13:57:41', '2022-08-02 13:57:41'),
(1467, 887, 'HD', NULL, 'Ḩaḑramawt', NULL, 1, '2022-08-02 13:57:41', '2022-08-02 13:57:41');

-- --------------------------------------------------------

--
-- Table structure for table `subscriptions`
--

CREATE TABLE `subscriptions` (
  `id` int UNSIGNED NOT NULL,
  `shop_id` int UNSIGNED NOT NULL,
  `name` varchar(255) CHARACTER SET utf8mb3 COLLATE utf8mb3_unicode_ci NOT NULL,
  `stripe_id` varchar(255) CHARACTER SET utf8mb3 COLLATE utf8mb3_unicode_ci DEFAULT NULL,
  `stripe_status` varchar(255) CHARACTER SET utf8mb3 COLLATE utf8mb3_unicode_ci DEFAULT NULL,
  `stripe_price` varchar(255) CHARACTER SET utf8mb3 COLLATE utf8mb3_unicode_ci DEFAULT NULL,
  `quantity` int DEFAULT '1',
  `trial_ends_at` timestamp NULL DEFAULT NULL,
  `ends_at` timestamp NULL DEFAULT NULL,
  `notification_sent_at` timestamp NULL DEFAULT NULL,
  `created_at` timestamp NULL DEFAULT NULL,
  `updated_at` timestamp NULL DEFAULT NULL
) ENGINE=InnoDB DEFAULT CHARSET=utf8mb3 COLLATE=utf8mb3_unicode_ci;

--
-- Dumping data for table `subscriptions`
--

INSERT INTO `subscriptions` (`id`, `shop_id`, `name`, `stripe_id`, `stripe_status`, `stripe_price`, `quantity`, `trial_ends_at`, `ends_at`, `notification_sent_at`, `created_at`, `updated_at`) VALUES
(12, 2, 'Business', NULL, NULL, NULL, 1, '2023-10-04 08:51:27', NULL, NULL, '2023-03-29 08:51:27', '2023-03-29 08:51:27'),
(13, 1, 'Professional', NULL, NULL, NULL, 1, '2023-11-12 08:55:06', NULL, NULL, '2023-03-29 08:55:06', '2023-03-29 08:55:06'),
(14, 3, 'Business', NULL, NULL, NULL, 1, '2023-12-10 08:55:31', NULL, NULL, '2023-03-29 08:55:31', '2023-03-29 08:55:31'),
(15, 5, 'Professional', NULL, NULL, NULL, 1, '2023-09-21 08:55:50', NULL, NULL, '2023-03-29 08:55:50', '2023-03-29 08:55:50'),
(16, 4, 'Individual', NULL, NULL, NULL, 1, '2023-08-20 08:56:02', NULL, NULL, '2023-03-29 08:56:02', '2023-03-29 08:56:02');

-- --------------------------------------------------------

--
-- Table structure for table `subscription_items`
--

CREATE TABLE `subscription_items` (
  `id` bigint UNSIGNED NOT NULL,
  `subscription_id` bigint UNSIGNED NOT NULL,
  `stripe_id` varchar(255) CHARACTER SET utf8mb3 COLLATE utf8mb3_unicode_ci NOT NULL,
  `stripe_product` varchar(255) CHARACTER SET utf8mb3 COLLATE utf8mb3_unicode_ci DEFAULT NULL,
  `stripe_price` varchar(255) CHARACTER SET utf8mb3 COLLATE utf8mb3_unicode_ci NOT NULL,
  `quantity` int DEFAULT NULL,
  `created_at` timestamp NULL DEFAULT NULL,
  `updated_at` timestamp NULL DEFAULT NULL
) ENGINE=InnoDB DEFAULT CHARSET=utf8mb3 COLLATE=utf8mb3_unicode_ci;

-- --------------------------------------------------------

--
-- Table structure for table `subscription_plans`
--

CREATE TABLE `subscription_plans` (
  `name` varchar(255) CHARACTER SET utf8mb3 COLLATE utf8mb3_unicode_ci NOT NULL,
  `plan_id` varchar(255) CHARACTER SET utf8mb3 COLLATE utf8mb3_unicode_ci NOT NULL,
  `best_for` varchar(255) CHARACTER SET utf8mb3 COLLATE utf8mb3_unicode_ci DEFAULT NULL,
  `cost` decimal(8,2) NOT NULL DEFAULT '0.00',
  `transaction_fee` decimal(8,2) NOT NULL DEFAULT '0.00',
  `marketplace_commission` decimal(8,2) NOT NULL DEFAULT '0.00',
  `order_per_month` int DEFAULT NULL,
  `revenue_per_month` int DEFAULT NULL,
  `team_size` int NOT NULL DEFAULT '1',
  `inventory_limit` int NOT NULL DEFAULT '0',
  `featured` tinyint(1) NOT NULL DEFAULT '0',
  `order` int DEFAULT NULL,
  `deleted_at` timestamp NULL DEFAULT NULL,
  `created_at` timestamp NULL DEFAULT NULL,
  `updated_at` timestamp NULL DEFAULT NULL
) ENGINE=InnoDB DEFAULT CHARSET=utf8mb3 COLLATE=utf8mb3_unicode_ci;

--
-- Dumping data for table `subscription_plans`
--

INSERT INTO `subscription_plans` (`name`, `plan_id`, `best_for`, `cost`, `transaction_fee`, `marketplace_commission`, `order_per_month`, `revenue_per_month`, `team_size`, `inventory_limit`, `featured`, `order`, `deleted_at`, `created_at`, `updated_at`) VALUES
('Professional', 'price_1KBAXaG09em6dIPhblIucipd', NULL, 49.00, 1.00, 1.50, NULL, NULL, 10, 500, 0, 3, NULL, '2022-08-02 13:57:43', '2023-03-29 01:36:16'),
('Business', 'price_1KBAXaG09em6dIPhf2VWWIXO', NULL, 29.00, 1.90, 2.50, NULL, NULL, 5, 200, 1, 2, NULL, '2022-08-02 13:57:43', '2023-03-29 01:55:46'),
('Individual', 'price_1KBAXaG09em6dIPhHvdGFbcD', NULL, 9.00, 2.50, 3.00, NULL, NULL, 1, 20, 0, 1, NULL, '2022-08-02 13:57:43', '2023-03-29 01:35:44');

-- --------------------------------------------------------

--
-- Table structure for table `suppliers`
--

CREATE TABLE `suppliers` (
  `id` int UNSIGNED NOT NULL,
  `shop_id` int UNSIGNED DEFAULT NULL,
  `name` varchar(255) CHARACTER SET utf8mb3 COLLATE utf8mb3_unicode_ci NOT NULL,
  `email` varchar(255) CHARACTER SET utf8mb3 COLLATE utf8mb3_unicode_ci DEFAULT NULL,
  `contact_person` varchar(255) CHARACTER SET utf8mb3 COLLATE utf8mb3_unicode_ci DEFAULT NULL,
  `url` text CHARACTER SET utf8mb3 COLLATE utf8mb3_unicode_ci,
  `description` longtext CHARACTER SET utf8mb3 COLLATE utf8mb3_unicode_ci,
  `active` tinyint(1) NOT NULL DEFAULT '1',
  `deleted_at` timestamp NULL DEFAULT NULL,
  `created_at` timestamp NULL DEFAULT NULL,
  `updated_at` timestamp NULL DEFAULT NULL
) ENGINE=InnoDB DEFAULT CHARSET=utf8mb3 COLLATE=utf8mb3_unicode_ci;

--
-- Dumping data for table `suppliers`
--

INSERT INTO `suppliers` (`id`, `shop_id`, `name`, `email`, `contact_person`, `url`, `description`, `active`, `deleted_at`, `created_at`, `updated_at`) VALUES
(1, 4, 'Leuschke Ltd', 'beverly09@russel.com', 'Kay Upton', 'http://www.mante.com/quo-amet-veniam-autem-voluptas.html', 'Praesentium placeat saepe fugit sequi. Voluptatibus odio quod est nostrum totam. Quae dolorem neque dolore aut repellat architecto optio. Laudantium omnis praesentium facere similique. Deserunt velit aut id aut. Dolor at culpa quaerat ab voluptatibus. Distinctio distinctio maiores eligendi nulla ipsam et quaerat. Dolorum voluptas labore cumque ea sint quos blanditiis. Dolorem quia itaque consequatur nihil ea.', 1, NULL, '2022-08-02 13:57:45', '2022-08-02 13:57:45'),
(2, 4, 'Towne-Jacobi', 'savanah24@yahoo.com', 'Ezra Crist', 'https://www.gottlieb.biz/neque-quo-praesentium-nesciunt-odit', 'Quo ea a repellat qui sunt maxime qui. Odio tempora qui aut earum. Tempore eum quam sit totam. Dignissimos qui perspiciatis repellat ab. Doloribus voluptate incidunt sed harum libero. Perferendis et iste laudantium quia libero iure temporibus. Voluptates consequuntur quam odit voluptas ut. Eum atque officiis est dolor exercitationem. Architecto sit quia accusantium ea magni sapiente. Sed debitis incidunt corporis et voluptatem ipsam in. Ipsum magnam vitae quia explicabo molestiae voluptate ut.', 1, NULL, '2022-08-02 13:57:45', '2022-08-02 13:57:45'),
(3, 2, 'Lesch-Schaden', 'kory05@gmail.com', 'Mr. Horace Torphy', 'https://www.rempel.com/non-debitis-sint-ducimus-qui-cum-consequatur-ab', 'Corporis excepturi ducimus nisi accusamus. Nam nam non placeat molestiae cum ratione. Illo numquam omnis facere consectetur. Magnam natus voluptas quaerat quia quod molestiae. Debitis quia recusandae exercitationem. Quo quia et est esse ullam aperiam earum nobis. Fuga quia ratione molestiae ipsum. Pariatur temporibus veritatis sunt. Ad quasi est velit laudantium. Temporibus id ex sunt laboriosam dolorem vero at.', 1, NULL, '2022-08-02 13:57:45', '2022-08-02 13:57:45'),
(4, 5, 'Goldner Ltd', 'ulabadie@gmail.com', 'Margaret Hermann DDS', 'http://www.larson.com/quas-quidem-deserunt-ipsum-et-sint-est', 'Sit officia nihil eum quis repellat perferendis velit. Non accusamus culpa perferendis architecto. Dicta quis fuga ut cupiditate nihil in. Vel rerum iste voluptatem et eligendi est magni. Nihil accusantium saepe sint a quia nesciunt vel. Incidunt cupiditate voluptas aut totam odio vel eaque. Est quia voluptas numquam dicta. Perferendis labore ea cumque facere placeat natus et. Voluptas neque quia quam quidem.', 1, NULL, '2022-08-02 13:57:45', '2022-08-02 13:57:45'),
(5, 3, 'Koss-Orn', 'rhudson@pagac.biz', 'Sim Cummings', 'http://quigley.org/sit-tenetur-voluptatibus-error-voluptas', 'Omnis dignissimos inventore expedita magni blanditiis est. Adipisci officia non ipsum sit ullam. Et veritatis necessitatibus quod voluptas. Et sit tempore cumque suscipit cum et quia. Quidem atque ut suscipit nobis excepturi. Accusamus expedita amet nihil aliquid quis commodi ad. Animi eum ut ad nostrum laboriosam. A recusandae laborum accusantium alias.', 1, NULL, '2022-08-02 13:57:45', '2022-08-02 13:57:45');

-- --------------------------------------------------------

--
-- Table structure for table `taggables`
--

CREATE TABLE `taggables` (
  `tag_id` int UNSIGNED NOT NULL,
  `taggable_id` int UNSIGNED NOT NULL,
  `taggable_type` varchar(255) CHARACTER SET utf8mb3 COLLATE utf8mb3_unicode_ci NOT NULL
) ENGINE=InnoDB DEFAULT CHARSET=utf8mb3 COLLATE=utf8mb3_unicode_ci;

--
-- Dumping data for table `taggables`
--

INSERT INTO `taggables` (`tag_id`, `taggable_id`, `taggable_type`) VALUES
(4, 2, 'App\\Models\\Blog'),
(18, 6, 'App\\Models\\Blog'),
(16, 6, 'App\\Models\\Blog'),
(23, 6, 'App\\Models\\Blog'),
(22, 6, 'App\\Models\\Blog'),
(20, 6, 'App\\Models\\Blog'),
(25, 4, 'App\\Models\\Blog'),
(9, 4, 'App\\Models\\Blog'),
(2, 4, 'App\\Models\\Blog'),
(22, 4, 'App\\Models\\Blog'),
(28, 4, 'App\\Models\\Blog'),
(30, 4, 'App\\Models\\Blog'),
(29, 4, 'App\\Models\\Blog'),
(2, 5, 'App\\Models\\Blog'),
(23, 5, 'App\\Models\\Blog'),
(25, 5, 'App\\Models\\Blog'),
(20, 5, 'App\\Models\\Blog'),
(27, 5, 'App\\Models\\Blog'),
(9, 5, 'App\\Models\\Blog'),
(24, 5, 'App\\Models\\Blog'),
(16, 3, 'App\\Models\\Blog'),
(26, 3, 'App\\Models\\Blog'),
(16, 3, 'App\\Models\\Blog'),
(23, 1, 'App\\Models\\Blog'),
(26, 1, 'App\\Models\\Blog'),
(18, 1, 'App\\Models\\Blog'),
(25, 52, 'App\\Models\\Product'),
(16, 52, 'App\\Models\\Product'),
(17, 52, 'App\\Models\\Product'),
(29, 108, 'App\\Models\\Inventory'),
(16, 108, 'App\\Models\\Inventory'),
(17, 108, 'App\\Models\\Inventory');

-- --------------------------------------------------------

--
-- Table structure for table `tags`
--

CREATE TABLE `tags` (
  `id` int UNSIGNED NOT NULL,
  `name` varchar(255) CHARACTER SET utf8mb3 COLLATE utf8mb3_unicode_ci NOT NULL,
  `created_at` timestamp NULL DEFAULT NULL,
  `updated_at` timestamp NULL DEFAULT NULL
) ENGINE=InnoDB DEFAULT CHARSET=utf8mb3 COLLATE=utf8mb3_unicode_ci;

--
-- Dumping data for table `tags`
--

INSERT INTO `tags` (`id`, `name`, `created_at`, `updated_at`) VALUES
(1, 'rerum', '2022-08-02 13:57:50', '2022-08-02 13:57:50'),
(2, 'id', '2022-08-02 13:57:50', '2022-08-02 13:57:50'),
(3, 'dolorum', '2022-08-02 13:57:50', '2022-08-02 13:57:50'),
(4, 'voluptatum', '2022-08-02 13:57:50', '2022-08-02 13:57:50'),
(5, 'excepturi', '2022-08-02 13:57:50', '2022-08-02 13:57:50'),
(6, 'laudantium', '2022-08-02 13:57:50', '2022-08-02 13:57:50'),
(7, 'non', '2022-08-02 13:57:50', '2022-08-02 13:57:50'),
(8, 'voluptatem', '2022-08-02 13:57:50', '2022-08-02 13:57:50'),
(9, 'tenetur', '2022-08-02 13:57:50', '2022-08-02 13:57:50'),
(10, 'voluptatum', '2022-08-02 13:57:50', '2022-08-02 13:57:50'),
(11, 'expedita', '2022-08-02 13:57:50', '2022-08-02 13:57:50'),
(12, 'odio', '2022-08-02 13:57:50', '2022-08-02 13:57:50'),
(13, 'sapiente', '2022-08-02 13:57:50', '2022-08-02 13:57:50'),
(14, 'tempore', '2022-08-02 13:57:50', '2022-08-02 13:57:50'),
(15, 'error', '2022-08-02 13:57:50', '2022-08-02 13:57:50'),
(16, 'dicta', '2022-08-02 13:57:50', '2022-08-02 13:57:50'),
(17, 'doloribus', '2022-08-02 13:57:50', '2022-08-02 13:57:50'),
(18, 'sit', '2022-08-02 13:57:50', '2022-08-02 13:57:50'),
(19, 'vel', '2022-08-02 13:57:50', '2022-08-02 13:57:50'),
(20, 'laborum', '2022-08-02 13:57:50', '2022-08-02 13:57:50'),
(21, 'est', '2022-08-02 13:57:50', '2022-08-02 13:57:50'),
(22, 'ad', '2022-08-02 13:57:50', '2022-08-02 13:57:50'),
(23, 'quo', '2022-08-02 13:57:50', '2022-08-02 13:57:50'),
(24, 'maxime', '2022-08-02 13:57:50', '2022-08-02 13:57:50'),
(25, 'aperiam', '2022-08-02 13:57:50', '2022-08-02 13:57:50'),
(26, 'optio', '2022-08-02 13:57:50', '2022-08-02 13:57:50'),
(27, 'fuga', '2022-08-02 13:57:50', '2022-08-02 13:57:50'),
(28, 'maxime', '2022-08-02 13:57:50', '2022-08-02 13:57:50'),
(29, 'consequatur', '2022-08-02 13:57:50', '2022-08-02 13:57:50'),
(30, 'quis', '2022-08-02 13:57:50', '2022-08-02 13:57:50');

-- --------------------------------------------------------

--
-- Table structure for table `taxes`
--

CREATE TABLE `taxes` (
  `id` int UNSIGNED NOT NULL,
  `shop_id` int UNSIGNED DEFAULT NULL,
  `name` varchar(255) CHARACTER SET utf8mb3 COLLATE utf8mb3_unicode_ci NOT NULL,
  `taxrate` decimal(20,6) NOT NULL DEFAULT '0.000000',
  `country_id` int UNSIGNED DEFAULT NULL,
  `state_id` int UNSIGNED DEFAULT NULL,
  `public` tinyint(1) DEFAULT NULL,
  `active` tinyint(1) NOT NULL DEFAULT '1',
  `deleted_at` timestamp NULL DEFAULT NULL,
  `created_at` timestamp NULL DEFAULT NULL,
  `updated_at` timestamp NULL DEFAULT NULL
) ENGINE=InnoDB DEFAULT CHARSET=utf8mb3 COLLATE=utf8mb3_unicode_ci;

--
-- Dumping data for table `taxes`
--

INSERT INTO `taxes` (`id`, `shop_id`, `name`, `taxrate`, `country_id`, `state_id`, `public`, `active`, `deleted_at`, `created_at`, `updated_at`) VALUES
(1, NULL, '- No tax -', 0.000000, NULL, NULL, 1, 1, NULL, '2022-08-02 13:57:43', '2022-08-02 13:57:43'),
(2, 3, 'minus 3.79%', 3.790146, 833, NULL, NULL, 1, NULL, '2022-08-02 13:57:47', '2022-08-02 13:57:47'),
(3, 3, 'et 4%', 4.000000, 124, 138, NULL, 1, NULL, '2022-08-02 13:57:47', '2022-08-02 13:57:47'),
(4, 2, 'assumenda 3.17%', 3.167859, 591, NULL, NULL, 1, NULL, '2022-08-02 13:57:47', '2022-08-02 13:57:47'),
(5, 3, 'qui 3%', 3.000000, 484, 824, NULL, 1, NULL, '2022-08-02 13:57:47', '2022-08-02 13:57:47'),
(6, 2, 'necessitatibus 5.9%', 5.902849, 578, NULL, NULL, 1, NULL, '2022-08-02 13:57:47', '2022-08-02 13:57:47');

-- --------------------------------------------------------

--
-- Table structure for table `tickets`
--

CREATE TABLE `tickets` (
  `id` bigint UNSIGNED NOT NULL,
  `shop_id` int UNSIGNED DEFAULT NULL,
  `user_id` bigint UNSIGNED DEFAULT NULL,
  `category_id` int UNSIGNED DEFAULT NULL,
  `subject` varchar(255) CHARACTER SET utf8mb3 COLLATE utf8mb3_unicode_ci DEFAULT NULL,
  `message` longtext CHARACTER SET utf8mb3 COLLATE utf8mb3_unicode_ci,
  `assigned_to` bigint UNSIGNED DEFAULT NULL,
  `status` int UNSIGNED NOT NULL DEFAULT '1',
  `priority` int UNSIGNED NOT NULL DEFAULT '1',
  `deleted_at` timestamp NULL DEFAULT NULL,
  `created_at` timestamp NULL DEFAULT NULL,
  `updated_at` timestamp NULL DEFAULT NULL
) ENGINE=InnoDB DEFAULT CHARSET=utf8mb3 COLLATE=utf8mb3_unicode_ci;

--
-- Dumping data for table `tickets`
--

INSERT INTO `tickets` (`id`, `shop_id`, `user_id`, `category_id`, `subject`, `message`, `assigned_to`, `status`, `priority`, `deleted_at`, `created_at`, `updated_at`) VALUES
(1, 1, 3, 1, 'Rerum delectus sint dicta labore.', 'In sunt error commodi vel. Qui velit quo rem qui omnis qui. Vitae non cumque laborum velit voluptas ducimus.', NULL, 6, 3, NULL, '2022-07-18 13:57:50', '2022-08-02 13:57:50'),
(2, 3, 3, 1, 'Autem optio pariatur sapiente vero illum consectetur distinctio.', 'Ipsum eum est et sint voluptas. Eveniet fugiat et necessitatibus nisi est iusto. Ex dolor temporibus vel itaque est voluptatem. Rem illo quibusdam alias nam aliquam.', NULL, 6, 1, NULL, '2022-07-26 13:57:50', '2022-08-02 13:57:50'),
(3, 5, 3, 1, 'Dolor dolorem nam totam sed dolor cumque.', 'Qui tempora omnis voluptas veniam totam et cum. Enim velit est cum magni earum.', NULL, 6, 1, NULL, '2022-07-22 13:57:50', '2022-07-21 13:57:50'),
(4, 4, 3, 3, 'Magnam eius sequi soluta sit ducimus.', 'Velit accusantium cupiditate sed accusantium. Eos rem quod eum et iure sed. Esse aut ut sed dolor.', NULL, 4, 4, NULL, '2022-07-28 13:57:50', '2022-08-02 13:57:50'),
(5, 5, 3, 3, 'Dolorem harum in eum totam soluta nesciunt impedit.', 'Eos rerum corporis voluptates. Quo ratione totam inventore quia. Dolorum placeat consequatur velit qui doloremque ullam.', NULL, 6, 1, NULL, '2022-07-29 13:57:50', '2022-08-02 13:57:50'),
(6, 1, 3, 2, 'How to payout', '<p>Please let me know, how to payout.</p>', NULL, 1, 3, NULL, '2022-12-13 06:52:25', '2022-12-13 06:52:25'),
(7, 1, 3, 3, 'Inventory varient', '<p>I want to know, how the product variant has to add.</p>', NULL, 1, 2, NULL, '2022-12-13 06:54:01', '2022-12-13 06:54:01'),
(8, 4, 6, 1, 'Product comparison.', '<p>How product comparison works.</p>', NULL, 1, 1, NULL, '2022-12-13 06:55:41', '2022-12-13 06:55:41'),
(9, 4, 6, 2, 'Delivery boy', '<p>How delivery man, can add to my shop?</p>', NULL, 1, 3, NULL, '2022-12-13 06:56:54', '2022-12-13 06:56:54'),
(10, 6, NULL, 1, 'Starter Support', '<p>Please let me know how do I can start selling on your market?</p>', NULL, 1, 3, NULL, '2022-12-14 05:42:15', '2022-12-14 05:42:15'),
(11, 6, NULL, 2, 'Query', 'Is there any mobile app available for manage my shop?', NULL, 1, 2, NULL, '2022-12-14 05:43:50', '2022-12-14 05:43:50'),
(12, 7, NULL, 1, 'Payment Method', '<p>How do I can add Stripe payment method?</p>', NULL, 1, 3, NULL, '2022-12-14 05:59:44', '2022-12-14 05:59:44'),
(13, 7, NULL, 1, 'Customer Info', '<p>Is there any option I can get all of my customer info?</p>', NULL, 1, 2, NULL, '2022-12-14 06:00:37', '2022-12-14 06:00:37'),
(14, 7, NULL, 1, 'Wish', '<p>I am very much glad and happy, this market is so functional to sell product.<br><br>Thanks</p>', NULL, 1, 1, NULL, '2022-12-14 06:01:53', '2022-12-14 06:01:53'),
(15, 1, 3, 1, 'Normal Query', 'How do I can find customer location?', NULL, 1, 1, NULL, '2022-12-14 06:11:55', '2022-12-14 06:11:55');

-- --------------------------------------------------------

--
-- Table structure for table `ticket_categories`
--

CREATE TABLE `ticket_categories` (
  `id` int UNSIGNED NOT NULL,
  `name` varchar(255) CHARACTER SET utf8mb3 COLLATE utf8mb3_unicode_ci NOT NULL
) ENGINE=InnoDB DEFAULT CHARSET=utf8mb3 COLLATE=utf8mb3_unicode_ci;

--
-- Dumping data for table `ticket_categories`
--

INSERT INTO `ticket_categories` (`id`, `name`) VALUES
(1, 'General query'),
(2, 'Merchant support'),
(3, 'Technical support'),
(4, 'Webmaster');

-- --------------------------------------------------------

--
-- Table structure for table `timezones`
--

CREATE TABLE `timezones` (
  `id` int UNSIGNED NOT NULL,
  `value` varchar(255) CHARACTER SET utf8mb3 COLLATE utf8mb3_unicode_ci DEFAULT NULL,
  `abbr` varchar(255) CHARACTER SET utf8mb3 COLLATE utf8mb3_unicode_ci DEFAULT NULL,
  `offset` int DEFAULT NULL,
  `text` varchar(255) CHARACTER SET utf8mb3 COLLATE utf8mb3_unicode_ci DEFAULT NULL,
  `utc` varchar(255) CHARACTER SET utf8mb3 COLLATE utf8mb3_unicode_ci DEFAULT NULL,
  `dst` tinyint(1) DEFAULT '0',
  `created_at` timestamp NULL DEFAULT NULL,
  `updated_at` timestamp NULL DEFAULT NULL
) ENGINE=InnoDB DEFAULT CHARSET=utf8mb3 COLLATE=utf8mb3_unicode_ci;

--
-- Dumping data for table `timezones`
--

INSERT INTO `timezones` (`id`, `value`, `abbr`, `offset`, `text`, `utc`, `dst`, `created_at`, `updated_at`) VALUES
(1, 'Dateline Standard Time', 'DST', -12, '(UTC-12:00) International Date Line West', 'Etc/GMT+12', 0, '2022-08-02 13:57:41', '2022-08-02 13:57:41'),
(2, 'UTC-11', 'U', -11, '(UTC-11:00) Coordinated Universal Time-11', 'Pacific/Midway', 0, '2022-08-02 13:57:41', '2022-08-02 13:57:41'),
(3, 'Hawaiian Standard Time', 'HST', -10, '(UTC-10:00) Hawaii', 'Pacific/Honolulu', 0, '2022-08-02 13:57:41', '2022-08-02 13:57:41'),
(4, 'Alaskan Standard Time', 'AKDT', -8, '(UTC-09:00) Alaska', 'America/Anchorage', 1, '2022-08-02 13:57:41', '2022-08-02 13:57:41'),
(5, 'Pacific Standard Time (Mexico)', 'PDT', -7, '(UTC-08:00) Baja California', 'America/Santa_Isabel', 1, '2022-08-02 13:57:41', '2022-08-02 13:57:41'),
(6, 'Pacific Standard Time', 'PDT', -7, '(UTC-08:00) Pacific Time (US & Canada)', 'America/Los_Angeles', 1, '2022-08-02 13:57:41', '2022-08-02 13:57:41'),
(7, 'US Mountain Standard Time', 'UMST', -7, '(UTC-07:00) Arizona', 'America/Phoenix', 0, '2022-08-02 13:57:41', '2022-08-02 13:57:41'),
(8, 'Mountain Standard Time (Mexico)', 'MDT', -6, '(UTC-07:00) Chihuahua, La Paz, Mazatlan', 'America/Chihuahua', 1, '2022-08-02 13:57:41', '2022-08-02 13:57:41'),
(9, 'Mountain Standard Time', 'MDT', -6, '(UTC-07:00) Mountain Time (US & Canada)', 'America/Denver', 1, '2022-08-02 13:57:41', '2022-08-02 13:57:41'),
(10, 'Central America Standard Time', 'CAST', -6, '(UTC-06:00) Central America', 'America/Guatemala', 0, '2022-08-02 13:57:41', '2022-08-02 13:57:41'),
(11, 'Central Standard Time', 'CDT', -5, '(UTC-06:00) Central Time (US & Canada)', 'America/Chicago', 1, '2022-08-02 13:57:41', '2022-08-02 13:57:41'),
(12, 'Central Standard Time (Mexico)', 'CDT', -5, '(UTC-06:00) Guadalajara, Mexico City, Monterrey', 'America/Mexico_City', 1, '2022-08-02 13:57:41', '2022-08-02 13:57:41'),
(13, 'Canada Central Standard Time', 'CCST', -6, '(UTC-06:00) Saskatchewan', 'America/Regina', 0, '2022-08-02 13:57:41', '2022-08-02 13:57:41'),
(14, 'SA Pacific Standard Time', 'SPST', -5, '(UTC-05:00) Bogota, Lima, Quito', 'America/Lima', 0, '2022-08-02 13:57:41', '2022-08-02 13:57:41'),
(15, 'Eastern Standard Time', 'EDT', -4, '(UTC-05:00) Eastern Time (US & Canada)', 'America/New_York', 1, '2022-08-02 13:57:41', '2022-08-02 13:57:41'),
(16, 'US Eastern Standard Time', 'UEDT', -4, '(UTC-05:00) Indiana (East)', 'America/Indianapolis', 1, '2022-08-02 13:57:41', '2022-08-02 13:57:41'),
(17, 'Venezuela Standard Time', 'VST', -5, '(UTC-04:30) Caracas', 'America/Caracas', 0, '2022-08-02 13:57:41', '2022-08-02 13:57:41'),
(18, 'Paraguay Standard Time', 'PST', -4, '(UTC-04:00) Asuncion', 'America/Asuncion', 0, '2022-08-02 13:57:41', '2022-08-02 13:57:41'),
(19, 'Atlantic Standard Time', 'ADT', -3, '(UTC-04:00) Atlantic Time (Canada)', 'Atlantic/Bermuda', 1, '2022-08-02 13:57:41', '2022-08-02 13:57:41'),
(20, 'Central Brazilian Standard Time', 'CBST', -4, '(UTC-04:00) Cuiaba', 'America/Cuiaba', 0, '2022-08-02 13:57:41', '2022-08-02 13:57:41'),
(21, 'SA Western Standard Time', 'SWST', -4, '(UTC-04:00) Georgetown, La Paz, Manaus, San Juan', 'America/Aruba', 0, '2022-08-02 13:57:41', '2022-08-02 13:57:41'),
(22, 'Pacific SA Standard Time', 'PSST', -4, '(UTC-04:00) Santiago', 'America/Santiago', 0, '2022-08-02 13:57:41', '2022-08-02 13:57:41'),
(23, 'Newfoundland Standard Time', 'NDT', -3, '(UTC-03:30) Newfoundland', 'America/St_Johns', 1, '2022-08-02 13:57:41', '2022-08-02 13:57:41'),
(24, 'E. South America Standard Time', 'ESAST', -3, '(UTC-03:00) Brasilia', 'America/Sao_Paulo', 0, '2022-08-02 13:57:41', '2022-08-02 13:57:41'),
(25, 'Argentina Standard Time', 'AST', -3, '(UTC-03:00) Buenos Aires', 'America/Buenos_Aires', 0, '2022-08-02 13:57:41', '2022-08-02 13:57:41'),
(26, 'SA Eastern Standard Time', 'SEST', -3, '(UTC-03:00) Cayenne, Fortaleza', 'America/Cayenne', 0, '2022-08-02 13:57:41', '2022-08-02 13:57:41'),
(27, 'Greenland Standard Time', 'GDT', -2, '(UTC-03:00) Greenland', 'America/Godthab', 1, '2022-08-02 13:57:41', '2022-08-02 13:57:41'),
(28, 'Montevideo Standard Time', 'MST', -3, '(UTC-03:00) Montevideo', 'America/Montevideo', 0, '2022-08-02 13:57:41', '2022-08-02 13:57:41'),
(29, 'Bahia Standard Time', 'BST', -3, '(UTC-03:00) Salvador', 'America/Bahia', 0, '2022-08-02 13:57:41', '2022-08-02 13:57:41'),
(30, 'UTC-02', 'U', -2, '(UTC-02:00) Coordinated Universal Time-02', 'America/Noronha', 0, '2022-08-02 13:57:41', '2022-08-02 13:57:41'),
(31, 'Azores Standard Time', 'ADT', 0, '(UTC-01:00) Azores', 'Atlantic/Azores', 1, '2022-08-02 13:57:41', '2022-08-02 13:57:41'),
(32, 'Cape Verde Standard Time', 'CVST', -1, '(UTC-01:00) Cape Verde Is.', 'Atlantic/Cape_Verde', 0, '2022-08-02 13:57:41', '2022-08-02 13:57:41'),
(33, 'Morocco Standard Time', 'MDT', 1, '(UTC) Casablanca', 'Africa/Casablanca', 1, '2022-08-02 13:57:41', '2022-08-02 13:57:41'),
(34, 'UTC', 'CUT', 0, '(UTC) Coordinated Universal Time', 'America/Danmarkshavn', 0, '2022-08-02 13:57:41', '2022-08-02 13:57:41'),
(35, 'GMT Standard Time', 'GDT', 1, '(UTC) Dublin, Edinburgh, Lisbon, London', 'Europe/London', 1, '2022-08-02 13:57:41', '2022-08-02 13:57:41'),
(36, 'Greenwich Standard Time', 'GST', 0, '(UTC) Monrovia, Reykjavik', 'Africa/Monrovia', 0, '2022-08-02 13:57:41', '2022-08-02 13:57:41'),
(37, 'W. Europe Standard Time', 'WEDT', 2, '(UTC+01:00) Amsterdam, Berlin, Bern, Rome, Stockholm, Vienna', 'Europe/Amsterdam', 1, '2022-08-02 13:57:41', '2022-08-02 13:57:41'),
(38, 'Central Europe Standard Time', 'CEDT', 2, '(UTC+01:00) Belgrade, Bratislava, Budapest, Ljubljana, Prague', 'Europe/Budapest', 1, '2022-08-02 13:57:41', '2022-08-02 13:57:41'),
(39, 'Romance Standard Time', 'RDT', 2, '(UTC+01:00) Brussels, Copenhagen, Madrid, Paris', 'Europe/Paris', 1, '2022-08-02 13:57:41', '2022-08-02 13:57:41'),
(40, 'Central European Standard Time', 'CEDT', 2, '(UTC+01:00) Sarajevo, Skopje, Warsaw, Zagreb', 'Europe/Warsaw', 1, '2022-08-02 13:57:41', '2022-08-02 13:57:41'),
(41, 'W. Central Africa Standard Time', 'WCAST', 1, '(UTC+01:00) West Central Africa', 'Africa/Lagos', 0, '2022-08-02 13:57:41', '2022-08-02 13:57:41'),
(42, 'Namibia Standard Time', 'NST', 1, '(UTC+01:00) Windhoek', 'Africa/Windhoek', 0, '2022-08-02 13:57:41', '2022-08-02 13:57:41'),
(43, 'GTB Standard Time', 'GDT', 3, '(UTC+02:00) Athens, Bucharest, Chisinau, Nicosia', 'Europe/Athens', 1, '2022-08-02 13:57:41', '2022-08-02 13:57:41'),
(44, 'Middle East Standard Time', 'MEDT', 3, '(UTC+02:00) Beirut', 'Asia/Beirut', 1, '2022-08-02 13:57:41', '2022-08-02 13:57:41'),
(45, 'Egypt Standard Time', 'EST', 2, '(UTC+02:00) Cairo', 'Africa/Cairo', 0, '2022-08-02 13:57:41', '2022-08-02 13:57:41'),
(46, 'Syria Standard Time', 'SDT', 3, '(UTC+02:00) Damascus', 'Asia/Damascus', 1, '2022-08-02 13:57:41', '2022-08-02 13:57:41'),
(47, 'South Africa Standard Time', 'SAST', 2, '(UTC+02:00) Harare, Pretoria, Johannesburg, Bujumbura', 'Africa/Harare', 0, '2022-08-02 13:57:41', '2022-08-02 13:57:41'),
(48, 'FLE Standard Time', 'FDT', 3, '(UTC+02:00) Helsinki, Kyiv, Riga, Sofia, Tallinn, Vilnius', 'Europe/Helsinki', 1, '2022-08-02 13:57:41', '2022-08-02 13:57:41'),
(49, 'Turkey Standard Time', 'TDT', 3, '(UTC+02:00) Istanbul', 'Europe/Istanbul', 1, '2022-08-02 13:57:41', '2022-08-02 13:57:41'),
(50, 'Israel Standard Time', 'JDT', 3, '(UTC+02:00) Jerusalem', 'Asia/Jerusalem', 1, '2022-08-02 13:57:41', '2022-08-02 13:57:41'),
(51, 'Libya Standard Time', 'LST', 2, '(UTC+02:00) Tripoli', 'Africa/Tripoli', 0, '2022-08-02 13:57:41', '2022-08-02 13:57:41'),
(52, 'Jordan Standard Time', 'JST', 3, '(UTC+03:00) Amman', 'Asia/Amman', 0, '2022-08-02 13:57:41', '2022-08-02 13:57:41'),
(53, 'Arabic Standard Time', 'AST', 3, '(UTC+03:00) Baghdad', 'Asia/Baghdad', 0, '2022-08-02 13:57:41', '2022-08-02 13:57:41'),
(54, 'Kaliningrad Standard Time', 'KST', 3, '(UTC+03:00) Kaliningrad, Minsk', 'Europe/Kaliningrad', 0, '2022-08-02 13:57:41', '2022-08-02 13:57:41'),
(55, 'Arab Standard Time', 'AST', 3, '(UTC+03:00) Aden, Bahrain, Kuwait, Riyadh, Qatar', 'Asia/Qatar', 0, '2022-08-02 13:57:41', '2022-08-02 13:57:41'),
(56, 'E. Africa Standard Time', 'EAST', 3, '(UTC+03:00) Nairobi, Comoro, Juba', 'Africa/Nairobi', 0, '2022-08-02 13:57:41', '2022-08-02 13:57:41'),
(57, 'Iran Standard Time', 'IDT', 5, '(UTC+03:30) Tehran', 'Asia/Tehran', 1, '2022-08-02 13:57:41', '2022-08-02 13:57:41'),
(58, 'Arabian Standard Time', 'AST', 4, '(UTC+04:00) Abu Dhabi, Muscat', 'Asia/Dubai', 0, '2022-08-02 13:57:41', '2022-08-02 13:57:41'),
(59, 'Azerbaijan Standard Time', 'ADT', 5, '(UTC+04:00) Baku', 'Asia/Baku', 1, '2022-08-02 13:57:41', '2022-08-02 13:57:41'),
(60, 'Russian Standard Time', 'RST', 4, '(UTC+04:00) Samara, Moscow, St. Petersburg, Simferopol, Volgograd', 'Europe/Moscow', 0, '2022-08-02 13:57:41', '2022-08-02 13:57:41'),
(61, 'Mauritius Standard Time', 'MST', 4, '(UTC+04:00) Port Louis, Mauritius, Reunion, Mahe', 'Indian/Mauritius', 0, '2022-08-02 13:57:41', '2022-08-02 13:57:41'),
(62, 'Georgian Standard Time', 'GST', 4, '(UTC+04:00) Tbilisi', 'Asia/Tbilisi', 0, '2022-08-02 13:57:41', '2022-08-02 13:57:41'),
(63, 'Caucasus Standard Time', 'CST', 4, '(UTC+04:00) Yerevan', 'Asia/Yerevan', 0, '2022-08-02 13:57:41', '2022-08-02 13:57:41'),
(64, 'Afghanistan Standard Time', 'AST', 5, '(UTC+04:30) Kabul', 'Asia/Kabul', 0, '2022-08-02 13:57:41', '2022-08-02 13:57:41'),
(65, 'West Asia Standard Time', 'WAST', 5, '(UTC+05:00) Ashgabat, Dushanbe, Tashkent, Maldives', 'Asia/Tashkent', 0, '2022-08-02 13:57:41', '2022-08-02 13:57:41'),
(66, 'Pakistan Standard Time', 'PST', 5, '(UTC+05:00) Islamabad, Karachi', 'Asia/Karachi', 0, '2022-08-02 13:57:41', '2022-08-02 13:57:41'),
(67, 'India Standard Time', 'IST', 6, '(UTC+05:30) Chennai, Kolkata, Mumbai, New Delhi', 'Asia/Calcutta', 0, '2022-08-02 13:57:41', '2022-08-02 13:57:41'),
(68, 'Sri Lanka Standard Time', 'SLST', 6, '(UTC+05:30) Sri Jayawardenepura', 'Asia/Colombo', 0, '2022-08-02 13:57:41', '2022-08-02 13:57:41'),
(69, 'Nepal Standard Time', 'NST', 6, '(UTC+05:45) Kathmandu', 'Asia/Katmandu', 0, '2022-08-02 13:57:41', '2022-08-02 13:57:41'),
(70, 'Central Asia Standard Time', 'CAST', 6, '(UTC+06:00) Astana, Dhaka, Thimphu', 'Asia/Dhaka', 0, '2022-08-02 13:57:41', '2022-08-02 13:57:41'),
(71, 'Ekaterinburg Standard Time', 'EST', 6, '(UTC+06:00) Ekaterinburg', 'Asia/Yekaterinburg', 0, '2022-08-02 13:57:41', '2022-08-02 13:57:41'),
(72, 'Myanmar Standard Time', 'MST', 7, '(UTC+06:30) Yangon (Rangoon), Cocos', 'Asia/Rangoon', 0, '2022-08-02 13:57:41', '2022-08-02 13:57:41'),
(73, 'SE Asia Standard Time', 'SAST', 7, '(UTC+07:00) Bangkok, Hanoi, Jakarta, Saigon', 'Asia/Bangkok', 0, '2022-08-02 13:57:41', '2022-08-02 13:57:41'),
(74, 'N. Central Asia Standard Time', 'NCAST', 7, '(UTC+07:00) Novosibirsk', 'Asia/Novosibirsk', 0, '2022-08-02 13:57:41', '2022-08-02 13:57:41'),
(75, 'China Standard Time', 'CST', 8, '(UTC+08:00) Beijing, Chongqing, Hong Kong, Macau, Shanghai, Urumqi', 'Asia/Shanghai', 0, '2022-08-02 13:57:41', '2022-08-02 13:57:41'),
(76, 'North Asia Standard Time', 'NAST', 8, '(UTC+08:00) Krasnoyarsk', 'Asia/Krasnoyarsk', 0, '2022-08-02 13:57:41', '2022-08-02 13:57:41'),
(77, 'Singapore Standard Time', 'MPST', 8, '(UTC+08:00) Kuala Lumpur, Singapore, Brunei, Makassar, Manila', 'Asia/Singapore', 0, '2022-08-02 13:57:41', '2022-08-02 13:57:41'),
(78, 'W. Australia Standard Time', 'WAST', 8, '(UTC+08:00) Perth', 'Australia/Perth', 0, '2022-08-02 13:57:41', '2022-08-02 13:57:41'),
(79, 'Taipei Standard Time', 'TST', 8, '(UTC+08:00) Taipei', 'Asia/Taipei', 0, '2022-08-02 13:57:41', '2022-08-02 13:57:41'),
(80, 'Ulaanbaatar Standard Time', 'UST', 8, '(UTC+08:00) Ulaanbaatar', 'Asia/Ulaanbaatar', 0, '2022-08-02 13:57:41', '2022-08-02 13:57:41'),
(81, 'North Asia East Standard Time', 'NAEST', 9, '(UTC+09:00) Irkutsk', 'Asia/Irkutsk', 0, '2022-08-02 13:57:41', '2022-08-02 13:57:41'),
(82, 'Tokyo Standard Time', 'TST', 9, '(UTC+09:00) Dili, Osaka, Palau, Sapporo, Tokyo', 'Asia/Tokyo', 0, '2022-08-02 13:57:41', '2022-08-02 13:57:41'),
(83, 'Korea Standard Time', 'KST', 9, '(UTC+09:00) Pyongyang, Seoul', 'Asia/Seoul', 0, '2022-08-02 13:57:41', '2022-08-02 13:57:41'),
(84, 'Cen. Australia Standard Time', 'CAST', 10, '(UTC+09:30) Adelaide', 'Australia/Adelaide', 0, '2022-08-02 13:57:41', '2022-08-02 13:57:41'),
(85, 'AUS Central Standard Time', 'ACST', 10, '(UTC+09:30) Darwin', 'Australia/Darwin', 0, '2022-08-02 13:57:41', '2022-08-02 13:57:41'),
(86, 'E. Australia Standard Time', 'EAST', 10, '(UTC+10:00) Brisbane', 'Australia/Brisbane', 0, '2022-08-02 13:57:41', '2022-08-02 13:57:41'),
(87, 'AUS Eastern Standard Time', 'AEST', 10, '(UTC+10:00) Canberra, Melbourne, Sydney', 'Australia/Sydney', 0, '2022-08-02 13:57:41', '2022-08-02 13:57:41'),
(88, 'West Pacific Standard Time', 'WPST', 10, '(UTC+10:00) Guam, Port Moresby', 'Pacific/Guam', 0, '2022-08-02 13:57:41', '2022-08-02 13:57:41'),
(89, 'Tasmania Standard Time', 'TST', 10, '(UTC+10:00) Hobart', 'Australia/Hobart', 0, '2022-08-02 13:57:41', '2022-08-02 13:57:41'),
(90, 'Yakutsk Standard Time', 'YST', 10, '(UTC+10:00) Yakutsk', 'Asia/Yakutsk', 0, '2022-08-02 13:57:41', '2022-08-02 13:57:41'),
(91, 'Central Pacific Standard Time', 'CPST', 11, '(UTC+11:00) Solomon Is., New Caledonia', 'Pacific/Guadalcanal', 0, '2022-08-02 13:57:41', '2022-08-02 13:57:41'),
(92, 'Vladivostok Standard Time', 'VST', 11, '(UTC+11:00) Vladivostok', 'Asia/Vladivostok', 0, '2022-08-02 13:57:41', '2022-08-02 13:57:41'),
(93, 'New Zealand Standard Time', 'NZST', 12, '(UTC+12:00) Auckland, Wellington', 'Antarctica/McMurdo', 0, '2022-08-02 13:57:41', '2022-08-02 13:57:41'),
(94, 'UTC+12', 'U', 12, '(UTC+12:00) Coordinated Universal Time+12', 'Pacific/Tarawa', 0, '2022-08-02 13:57:41', '2022-08-02 13:57:41'),
(95, 'Fiji Standard Time', 'FST', 12, '(UTC+12:00) Fiji', 'Pacific/Fiji', 0, '2022-08-02 13:57:41', '2022-08-02 13:57:41'),
(96, 'Magadan Standard Time', 'MST', 12, '(UTC+12:00) Magadan', 'Asia/Magadan', 0, '2022-08-02 13:57:41', '2022-08-02 13:57:41'),
(97, 'Samoa/Tonga/Kamchatka Standard Time', 'SST', 13, '(UTC+13:00) Samoa, Tongatapu, Fakaofo, Enderbury', 'Pacific/Apia', 0, '2022-08-02 13:57:41', '2022-08-02 13:57:41');

-- --------------------------------------------------------

--
-- Table structure for table `transactions`
--

CREATE TABLE `transactions` (
  `id` bigint UNSIGNED NOT NULL,
  `payable_type` varchar(255) CHARACTER SET utf8mb3 COLLATE utf8mb3_unicode_ci NOT NULL,
  `payable_id` bigint UNSIGNED NOT NULL,
  `wallet_id` bigint UNSIGNED DEFAULT NULL,
  `type` enum('deposit','withdraw') CHARACTER SET utf8mb3 COLLATE utf8mb3_unicode_ci NOT NULL,
  `amount` decimal(64,6) NOT NULL,
  `balance` decimal(64,6) NOT NULL,
  `confirmed` tinyint(1) NOT NULL,
  `approved` tinyint(1) DEFAULT NULL,
  `meta` longtext CHARACTER SET utf8mb3 COLLATE utf8mb3_bin,
  `uuid` char(36) CHARACTER SET utf8mb3 COLLATE utf8mb3_unicode_ci NOT NULL,
  `created_at` timestamp NULL DEFAULT NULL,
  `updated_at` timestamp NULL DEFAULT NULL
) ENGINE=InnoDB DEFAULT CHARSET=utf8mb3;

--
-- Dumping data for table `transactions`
--

INSERT INTO `transactions` (`id`, `payable_type`, `payable_id`, `wallet_id`, `type`, `amount`, `balance`, `confirmed`, `approved`, `meta`, `uuid`, `created_at`, `updated_at`) VALUES
(1, 'App\\Models\\Shop', 1, 2, 'deposit', 10000.000000, 10000.000000, 1, 1, '{\"type\":\"deposit\",\"description\":\"Deposit into the zCart digital wallet using stripe\"}', '62e91b8f-2488-43ea-ada2-f8b5796fd4c1', '2022-08-04 10:45:13', '2022-08-04 10:45:13'),
(2, 'App\\Models\\Shop', 2, 3, 'deposit', 19000.000000, 19000.000000, 1, 1, '{\"type\":\"deposit\",\"description\":\"Deposit into the zCart digital wallet using stripe\"}', 'f9526232-1df0-4477-938d-38ac3a8526f2', '2022-08-04 10:46:13', '2022-08-04 10:46:13'),
(3, 'App\\Models\\Shop', 3, 4, 'deposit', 59900.000000, 59900.000000, 1, 1, '{\"type\":\"deposit\",\"description\":\"Deposit into the zCart digital wallet using stripe\"}', 'aa075bd8-f195-4c8e-ab4f-5df2fce766e0', '2022-08-04 10:47:00', '2022-08-04 10:47:00'),
(4, 'App\\Models\\Shop', 4, 5, 'deposit', 30000.000000, 30000.000000, 1, 1, '{\"type\":\"deposit\",\"description\":\"Deposit into the zCart digital wallet using stripe\"}', 'fe1f8e01-5af4-4fc4-a3af-4f3d073f97e5', '2022-08-04 10:47:40', '2022-08-04 10:47:40'),
(5, 'App\\Models\\Shop', 3, 4, 'withdraw', -100.000000, 59800.000000, 1, 1, '{\"type\":\"Refund\",\"description\":\"Refund of #357635\"}', 'ae0d55f2-a3d8-4a9e-a2ce-eab53aa96ce1', '2022-12-12 04:50:25', '2022-12-12 04:50:25'),
(6, 'App\\Models\\Customer', 18, 7, 'deposit', 100.000000, 100.000000, 1, 1, '{\"type\":\"Refund\",\"description\":\"Refund of #357635\"}', 'a9ecd5e9-e8eb-4e6a-91a8-2f27fff72585', '2022-12-12 04:50:25', '2022-12-12 04:50:25'),
(7, 'App\\Models\\Shop', 5, 8, 'withdraw', -5.000000, -5.000000, 1, 1, '{\"type\":\"Refund\",\"description\":\"Refund of #895548\"}', '1e6bb6ec-1376-4048-b120-ea14cfcc77f8', '2022-12-12 04:54:02', '2022-12-12 04:54:02'),
(8, 'App\\Models\\Customer', 18, 7, 'deposit', 5.000000, 105.000000, 1, 1, '{\"type\":\"Refund\",\"description\":\"Refund of #895548\"}', '75109ffc-0ae5-4f0d-805b-38bfa0b962cb', '2022-12-12 04:54:02', '2022-12-12 04:54:02'),
(9, 'App\\Models\\Shop', 1, 2, 'withdraw', -4000.000000, 10000.000000, 1, 1, '{\"type\":\"payout\",\"description\":\"The payout has been approved\",\"fee\":\"2000\"}', '7a547187-a21b-4163-bea9-163246b42f6e', '2022-12-13 06:02:22', '2022-12-13 06:03:29'),
(10, 'App\\Models\\Shop', 1, 2, 'withdraw', -1000.000000, 9000.000000, 0, 0, '{\"type\":\"payout\",\"description\":\"Payout request has been created\"}', 'c42a1596-d81f-4893-b881-1b39bdf4ded5', '2022-12-13 06:02:42', '2022-12-13 06:02:42'),
(11, 'App\\Models\\Shop', 4, 5, 'withdraw', -200.000000, 30000.000000, 1, 1, '{\"type\":\"payout\",\"description\":\"The payout has been approved\",\"fee\":\"100\"}', '2aa5c705-ebdf-4b71-9965-31f7f4ab4122', '2022-12-13 06:04:36', '2022-12-13 06:06:11'),
(12, 'App\\Models\\Shop', 4, 5, 'withdraw', -500.000000, 30177.950000, 1, 1, '{\"type\":\"payout\",\"description\":\"The payout has been approved\"}', 'c621c40b-15e3-410e-863c-62f26dc0dc6f', '2022-12-13 06:04:45', '2022-12-14 06:28:22'),
(13, 'App\\Models\\Shop', 4, 5, 'withdraw', -1500.000000, 28500.000000, 0, 0, '{\"type\":\"payout\",\"description\":\"Payout request has been created\"}', 'e440a853-7f2e-462f-9251-98c30d1c18c7', '2022-12-13 06:04:54', '2022-12-13 06:04:54'),
(14, 'App\\Models\\Shop', 4, 5, 'deposit', 377.950000, 30177.945728, 1, 1, '{\"type\":\"Sale\",\"description\":\"For sale of #991788\",\"fee\":46.712393309999996,\"order_id\":29}', 'c8e8e51a-827c-4fa2-83f3-0d0e1462f577', '2022-12-14 03:45:02', '2022-12-14 03:45:02'),
(15, 'App\\Models\\Shop', 1, 2, 'withdraw', -525.000000, 5475.000000, 0, 0, '{\"type\":\"payout\",\"description\":\"Payout request has been created\"}', '581e5863-25ea-4438-8f3d-69108ebf7ae0', '2022-12-14 06:24:52', '2022-12-14 06:24:52'),
(16, 'App\\Models\\Shop', 1, 2, 'withdraw', -372.000000, 6000.000000, 1, 1, '{\"type\":\"payout\",\"description\":\"The payout has been approved\",\"fee\":\"10\"}', '397019b7-d11e-43b6-a402-174ec5ca8c35', '2022-12-14 06:25:04', '2022-12-14 06:28:09'),
(17, 'App\\Models\\Shop', 1, 2, 'withdraw', -1400.000000, 4600.000000, 0, 0, '{\"type\":\"payout\",\"description\":\"Payout request has been created\"}', '932409eb-1067-407e-ae80-0a07216b59e0', '2022-12-14 06:25:18', '2022-12-14 06:25:18'),
(18, 'App\\Models\\Shop', 5, 8, 'deposit', 159.310000, 154.310000, 1, 1, '{\"type\":\"Sale\",\"description\":\"For sale of #982212\",\"fee\":19.69,\"order_id\":39}', '9d5077ef-5f95-4e79-a8a5-ac4dbc239fca', '2022-12-14 06:33:58', '2022-12-14 06:33:58'),
(19, 'App\\Models\\Shop', 4, 5, 'withdraw', -500.000000, 29177.950000, 0, 0, '{\"type\":\"payout\",\"description\":\"Payout request has been created\"}', '517ab19e-aff2-4774-b37f-de11e42758d4', '2022-12-14 06:36:54', '2022-12-14 06:36:54'),
(20, 'App\\Models\\Shop', 4, 5, 'withdraw', -158.000000, 28501.950000, 1, 1, '{\"type\":\"payout\",\"description\":\"The payout has been approved\"}', '2b58b69c-c835-4a8a-835b-d45466f7418f', '2022-12-14 06:37:15', '2022-12-14 06:48:20'),
(21, 'App\\Models\\Shop', 4, 5, 'withdraw', -369.000000, 28870.950000, 1, 1, '{\"type\":\"payout\",\"description\":\"The payout has been approved\"}', '00dac870-2624-4623-9a89-bce968ef1582', '2022-12-14 06:37:24', '2022-12-14 06:48:14'),
(22, 'App\\Models\\Shop', 4, 5, 'withdraw', -252.000000, 29122.950000, 1, 1, '{\"type\":\"payout\",\"description\":\"The payout has been approved\"}', 'c3c71394-f581-4975-b804-ba4fe3ee42c7', '2022-12-14 06:38:56', '2022-12-14 06:48:00'),
(23, 'App\\Models\\Shop', 4, 5, 'withdraw', -555.000000, 29677.950000, 1, 1, '{\"type\":\"payout\",\"description\":\"The payout has been approved\"}', 'ad291132-f662-42cb-a874-41d8b0ee77df', '2022-12-14 06:39:08', '2022-12-14 06:47:54'),
(24, 'App\\Models\\Shop', 4, 5, 'withdraw', -857.000000, 28820.950000, 0, 0, '{\"type\":\"payout\",\"description\":\"Payout request has been created\"}', '6172faee-6962-4694-ad68-c2a21b2ac5c7', '2022-12-14 06:39:16', '2022-12-14 06:39:16'),
(25, 'App\\Models\\Shop', 1, 2, 'deposit', 1334.900000, 6962.898400, 1, 1, '{\"type\":\"Sale\",\"description\":\"For sale of #665498\",\"fee\":115.1216,\"order_id\":38}', 'c4d0da1f-f1e5-4da0-a7a9-ab2959e60f55', '2022-12-14 06:49:03', '2022-12-14 06:49:03'),
(26, 'App\\Models\\Shop', 1, 2, 'deposit', 578.900000, 7541.803094, 1, 1, '{\"type\":\"Sale\",\"description\":\"For sale of #237526\",\"fee\":49.38287776,\"order_id\":30}', '3620d966-9a34-4480-b748-593aff6d1bda', '2022-12-14 06:49:51', '2022-12-14 06:49:51'),
(27, 'App\\Models\\Shop', 1, 2, 'deposit', 3016.150000, 10557.954555, 1, 1, '{\"type\":\"Sale\",\"description\":\"For sale of #795595\",\"fee\":261.57865696,\"order_id\":11}', '2ca8f7eb-8b72-40be-96be-0ca3579910f9', '2022-12-14 06:51:11', '2022-12-14 06:51:11'),
(28, 'App\\Models\\Shop', 1, 2, 'withdraw', -200.000000, 10357.950000, 1, 1, '{\"type\":\"Refund\",\"description\":\"Refund of #795595\"}', '3add78cc-faff-47ca-9c90-7acd90e69ce8', '2022-12-14 06:51:23', '2022-12-14 06:51:23'),
(29, 'App\\Models\\Customer', 14, 14, 'deposit', 200.000000, 200.000000, 1, 1, '{\"type\":\"Refund\",\"description\":\"Refund of #795595\"}', '6737d054-50a7-44c1-b6ca-171d24f36d2c', '2022-12-14 06:51:23', '2022-12-14 06:51:23'),
(30, 'App\\Models\\Shop', 1, 2, 'withdraw', -1400.000000, 8957.950000, 1, 1, '{\"type\":\"Refund\",\"description\":\"Refund of #795595\"}', 'e02ac450-386c-4d73-9b30-ee12af5545e4', '2022-12-14 06:51:53', '2022-12-14 06:51:53'),
(31, 'App\\Models\\Customer', 14, 14, 'deposit', 1400.000000, 1600.000000, 1, 1, '{\"type\":\"Refund\",\"description\":\"Refund of #795595\"}', '1d04505a-39c9-4e72-b322-1e7d70c6f6c0', '2022-12-14 06:51:53', '2022-12-14 06:51:53'),
(32, 'App\\Models\\Shop', 1, 2, 'deposit', 1773.070000, 10731.024291, 1, 1, '{\"type\":\"Sale\",\"description\":\"For sale of #952515\",\"fee\":153.83254704,\"order_id\":15}', '73784809-b077-4b00-8da2-5c83affaaa03', '2022-12-14 06:52:11', '2022-12-14 06:52:11'),
(33, 'App\\Models\\Shop', 1, 2, 'withdraw', -250.000000, 10481.020000, 1, 1, '{\"type\":\"Refund\",\"description\":\"Refund of #952515\"}', '81571f81-0d1c-4c56-9c82-57f8abe05a9c', '2022-12-14 06:52:31', '2022-12-14 06:52:31'),
(34, 'App\\Models\\Customer', 5, 15, 'deposit', 250.000000, 250.000000, 1, 1, '{\"type\":\"Refund\",\"description\":\"Refund of #952515\"}', 'b59c8d8c-b6f9-4de5-9562-4360b075900a', '2022-12-14 06:52:31', '2022-12-14 06:52:31'),
(35, 'App\\Models\\Shop', 5, 8, 'deposit', 458.260000, 612.571000, 1, 1, '{\"type\":\"Sale\",\"description\":\"For sale of #089218\",\"fee\":56.638999999999996,\"order_id\":33}', 'e5fa90e6-3619-41f5-980b-d069f9e2ab93', '2022-12-14 06:53:22', '2022-12-14 06:53:22'),
(36, 'App\\Models\\Shop', 5, 8, 'withdraw', -218.000000, 394.570000, 1, 1, '{\"type\":\"Refund\",\"description\":\"Refund of #089218\"}', '6a618720-5feb-4ef5-ac87-024cab41812d', '2022-12-14 06:53:45', '2022-12-14 06:53:45'),
(37, 'App\\Models\\Customer', 21, 10, 'deposit', 218.000000, 218.000000, 1, 1, '{\"type\":\"Refund\",\"description\":\"Refund of #089218\"}', '85e0b6cb-b48a-4aee-a343-1c068995bb5e', '2022-12-14 06:53:45', '2022-12-14 06:53:45'),
(38, 'App\\Models\\Shop', 3, 4, 'deposit', 1972.340000, 61772.341015, 1, 1, '{\"type\":\"Sale\",\"description\":\"For sale of #809175\",\"fee\":242.66012551000003,\"order_id\":14}', '9c05f2fb-22d9-4763-847e-b07c0157f759', '2022-12-14 06:55:45', '2022-12-14 06:55:45'),
(39, 'App\\Models\\Shop', 4, 5, 'deposit', 966.960000, 29310.913860, 1, 1, '{\"type\":\"Sale\",\"description\":\"For sale of #051437\",\"fee\":118.40002768000001,\"order_id\":13}', '5feb36a9-4380-44a6-bc3d-d42be90d27ff', '2022-12-14 06:56:20', '2022-12-14 06:56:20');

-- --------------------------------------------------------

--
-- Table structure for table `transfers`
--

CREATE TABLE `transfers` (
  `id` bigint UNSIGNED NOT NULL,
  `from_type` varchar(255) CHARACTER SET utf8mb3 COLLATE utf8mb3_unicode_ci NOT NULL,
  `from_id` bigint UNSIGNED NOT NULL,
  `to_type` varchar(255) CHARACTER SET utf8mb3 COLLATE utf8mb3_unicode_ci NOT NULL,
  `to_id` bigint UNSIGNED NOT NULL,
  `status` enum('exchange','transfer','paid','refund','gift') CHARACTER SET utf8mb3 COLLATE utf8mb3_unicode_ci NOT NULL DEFAULT 'transfer',
  `status_last` enum('exchange','transfer','paid','refund','gift') CHARACTER SET utf8mb3 COLLATE utf8mb3_unicode_ci DEFAULT NULL,
  `deposit_id` bigint UNSIGNED NOT NULL,
  `withdraw_id` bigint UNSIGNED NOT NULL,
  `discount` decimal(64,6) NOT NULL DEFAULT '0.000000',
  `fee` decimal(64,6) NOT NULL DEFAULT '0.000000',
  `uuid` char(36) CHARACTER SET utf8mb3 COLLATE utf8mb3_unicode_ci NOT NULL,
  `created_at` timestamp NULL DEFAULT NULL,
  `updated_at` timestamp NULL DEFAULT NULL
) ENGINE=InnoDB DEFAULT CHARSET=utf8mb3 COLLATE=utf8mb3_unicode_ci;

--
-- Dumping data for table `transfers`
--

INSERT INTO `transfers` (`id`, `from_type`, `from_id`, `to_type`, `to_id`, `status`, `status_last`, `deposit_id`, `withdraw_id`, `discount`, `fee`, `uuid`, `created_at`, `updated_at`) VALUES
(1, 'Incevio\\Package\\Wallet\\Models\\Wallet', 4, 'App\\Models\\Customer', 18, 'transfer', NULL, 6, 5, 0.000000, 0.000000, '0856375a-4ce8-4bb2-bf57-1945e70c38b4', '2022-12-12 04:50:25', '2022-12-12 04:50:25'),
(2, 'Incevio\\Package\\Wallet\\Models\\Wallet', 8, 'App\\Models\\Customer', 18, 'transfer', NULL, 8, 7, 0.000000, 0.000000, '2ec3f945-b24a-4e6a-b6bc-f72d7a738730', '2022-12-12 04:54:02', '2022-12-12 04:54:02'),
(3, 'Incevio\\Package\\Wallet\\Models\\Wallet', 2, 'App\\Models\\Customer', 14, 'transfer', NULL, 29, 28, 0.000000, 0.000000, 'be7643ba-f73a-4a00-bb9a-baf007b7e81a', '2022-12-14 06:51:23', '2022-12-14 06:51:23'),
(4, 'Incevio\\Package\\Wallet\\Models\\Wallet', 2, 'App\\Models\\Customer', 14, 'transfer', NULL, 31, 30, 0.000000, 0.000000, 'f70eff39-d653-4e64-802e-c74c2f57dbf2', '2022-12-14 06:51:53', '2022-12-14 06:51:53'),
(5, 'Incevio\\Package\\Wallet\\Models\\Wallet', 2, 'App\\Models\\Customer', 5, 'transfer', NULL, 34, 33, 0.000000, 0.000000, 'd4c524f3-5c8f-4a61-a459-33afd912286e', '2022-12-14 06:52:31', '2022-12-14 06:52:31'),
(6, 'Incevio\\Package\\Wallet\\Models\\Wallet', 8, 'App\\Models\\Customer', 21, 'transfer', NULL, 37, 36, 0.000000, 0.000000, 'f3eebe9a-2019-41a0-a856-c90b1a7dcadc', '2022-12-14 06:53:45', '2022-12-14 06:53:45');

-- --------------------------------------------------------

--
-- Table structure for table `user_warehouse`
--

CREATE TABLE `user_warehouse` (
  `user_id` bigint UNSIGNED NOT NULL,
  `warehouse_id` int UNSIGNED NOT NULL,
  `created_at` timestamp NULL DEFAULT NULL,
  `updated_at` timestamp NULL DEFAULT NULL
) ENGINE=InnoDB DEFAULT CHARSET=utf8mb3 COLLATE=utf8mb3_unicode_ci;

-- --------------------------------------------------------

--
-- Table structure for table `visitors`
--

CREATE TABLE `visitors` (
  `ip` varchar(45) CHARACTER SET utf8mb3 COLLATE utf8mb3_unicode_ci NOT NULL,
  `mac` varchar(17) CHARACTER SET utf8mb3 COLLATE utf8mb3_unicode_ci DEFAULT NULL,
  `device` varchar(255) CHARACTER SET utf8mb3 COLLATE utf8mb3_unicode_ci DEFAULT NULL,
  `hits` mediumint NOT NULL DEFAULT '0',
  `page_views` bigint DEFAULT NULL,
  `country_code` varchar(2) CHARACTER SET utf8mb3 COLLATE utf8mb3_unicode_ci DEFAULT NULL,
  `info` text CHARACTER SET utf8mb3 COLLATE utf8mb3_unicode_ci,
  `deleted_at` timestamp NULL DEFAULT NULL,
  `created_at` timestamp NULL DEFAULT NULL,
  `updated_at` timestamp NULL DEFAULT NULL
) ENGINE=InnoDB DEFAULT CHARSET=utf8mb3 COLLATE=utf8mb3_unicode_ci;

--
-- Dumping data for table `visitors`
--

INSERT INTO `visitors` (`ip`, `mac`, `device`, `hits`, `page_views`, `country_code`, `info`, `deleted_at`, `created_at`, `updated_at`) VALUES
('101.114.19.19', 'F3:10:E5:47:BE:1A', NULL, 14, 564, 'ET', NULL, NULL, '2022-03-02 13:57:52', '2022-03-02 13:57:52'),
('106.230.212.235', '7F:87:86:AB:06:AF', NULL, 477, 617, 'IS', NULL, NULL, '2022-08-02 13:57:52', '2022-08-02 13:57:52'),
('114.205.29.101', '17:C8:48:09:96:F2', NULL, 902, 1060, 'PA', NULL, NULL, '2022-06-02 13:57:52', '2022-06-02 13:57:52'),
('127.0.0.1', NULL, NULL, 13, 848, NULL, NULL, NULL, '2022-08-03 14:00:56', '2023-06-12 06:35:26'),
('132.26.151.133', 'E3:A9:91:8C:B4:46', NULL, 761, 1214, 'DZ', NULL, NULL, '2022-02-02 13:57:52', '2022-02-02 13:57:52'),
('149.54.84.250', '7B:37:2B:2A:1B:BD', NULL, 372, 1045, 'FI', NULL, NULL, '2022-08-02 13:57:52', '2022-08-02 13:57:52'),
('153.154.182.164', 'D5:28:73:D4:AC:C2', NULL, 18, 727, 'MY', NULL, NULL, '2022-03-02 13:57:52', '2022-03-02 13:57:52'),
('155.207.130.94', 'A5:DC:61:B9:24:75', NULL, 403, 1111, 'SH', NULL, NULL, '2022-07-02 13:57:52', '2022-07-02 13:57:52'),
('168.185.194.226', '0C:FF:C7:C3:97:50', NULL, 822, 1080, 'BY', NULL, NULL, '2022-08-02 13:57:52', '2022-08-02 13:57:52'),
('185.87.193.134', '9E:32:C8:35:08:59', NULL, 214, 309, 'FJ', NULL, NULL, '2022-02-02 13:57:52', '2022-02-02 13:57:52'),
('187.197.198.213', '5E:B6:81:CE:2A:97', NULL, 20, 965, 'US', NULL, NULL, '2022-04-02 13:57:52', '2022-04-02 13:57:52'),
('20.15.180.127', 'D2:6D:7A:6A:D6:2C', NULL, 302, 1185, 'MQ', NULL, NULL, '2022-08-02 13:57:52', '2022-08-02 13:57:52'),
('202.77.127.173', '92:65:14:1E:15:2E', NULL, 337, 1255, 'MD', NULL, NULL, '2022-08-02 13:57:52', '2022-08-02 13:57:52'),
('221.231.131.146', '55:37:21:40:A0:46', NULL, 854, 1538, 'EG', NULL, NULL, '2022-04-02 13:57:52', '2022-04-02 13:57:52'),
('223.217.84.30', 'F8:D9:01:8D:47:E6', NULL, 5, 951, 'FK', NULL, NULL, '2022-02-02 13:57:52', '2022-02-02 13:57:52'),
('230.0.184.135', '29:53:4F:F2:CB:88', NULL, 496, 1225, 'ST', NULL, NULL, '2022-04-02 13:57:52', '2022-04-02 13:57:52'),
('243.87.220.112', '9B:68:50:14:86:AD', NULL, 528, 803, 'SJ', NULL, NULL, '2022-02-02 13:57:52', '2022-02-02 13:57:52'),
('244.142.189.221', 'BC:CF:4D:1D:76:25', NULL, 772, 1481, 'DM', NULL, NULL, '2022-03-02 13:57:52', '2022-03-02 13:57:52'),
('246.136.92.163', '78:D4:B9:33:DD:C2', NULL, 760, 1429, 'LY', NULL, NULL, '2022-08-02 13:57:52', '2022-08-02 13:57:52'),
('253.36.3.90', 'CB:76:2D:C7:EA:FE', NULL, 694, 1496, 'MU', NULL, NULL, '2022-05-02 13:57:52', '2022-05-02 13:57:52'),
('255.59.80.119', '8D:1A:4F:18:39:D2', NULL, 576, 1278, 'GN', NULL, NULL, '2022-04-02 13:57:52', '2022-04-02 13:57:52'),
('29.99.86.3', '18:18:62:23:42:AD', NULL, 864, 897, 'GT', NULL, NULL, '2022-07-02 13:57:52', '2022-07-02 13:57:52'),
('40.234.159.199', 'ED:45:93:3B:CC:8E', NULL, 750, 1458, 'KY', NULL, NULL, '2022-06-02 13:57:52', '2022-06-02 13:57:52'),
('46.53.52.103', 'BA:E0:D6:99:5B:A0', NULL, 896, 1079, 'ZA', NULL, NULL, '2022-05-02 13:57:52', '2022-05-02 13:57:52'),
('50.115.194.172', '09:AE:0E:B1:A3:8F', NULL, 366, 1025, 'PY', NULL, NULL, '2022-06-02 13:57:52', '2022-06-02 13:57:52'),
('57.80.73.192', 'A4:72:48:07:FD:61', NULL, 330, 351, 'AG', NULL, NULL, '2022-05-02 13:57:52', '2022-05-02 13:57:52'),
('63.181.231.76', 'B6:D8:00:8F:72:2C', NULL, 133, 1093, 'SS', NULL, NULL, '2022-05-02 13:57:52', '2022-05-02 13:57:52'),
('69.61.40.99', '2A:DD:DC:6C:F9:F7', NULL, 804, 1590, 'RE', NULL, NULL, '2022-04-02 13:57:52', '2022-04-02 13:57:52'),
('72.98.138.34', '51:32:B6:5A:59:5F', NULL, 578, 1321, 'SY', NULL, NULL, '2022-07-02 13:57:52', '2022-07-02 13:57:52'),
('79.3.122.228', '03:52:2E:9E:32:DD', NULL, 982, 1055, 'NF', NULL, NULL, '2022-08-02 13:57:52', '2022-08-02 13:57:52'),
('89.156.200.156', '9B:8B:7B:B3:01:C4', NULL, 101, 674, 'PG', NULL, NULL, '2022-03-02 13:57:52', '2022-03-02 13:57:52');

-- --------------------------------------------------------

--
-- Table structure for table `wallets`
--

CREATE TABLE `wallets` (
  `id` bigint UNSIGNED NOT NULL,
  `holder_type` varchar(255) CHARACTER SET utf8mb3 COLLATE utf8mb3_unicode_ci NOT NULL,
  `holder_id` bigint UNSIGNED NOT NULL,
  `name` varchar(255) CHARACTER SET utf8mb3 COLLATE utf8mb3_unicode_ci NOT NULL,
  `slug` varchar(255) CHARACTER SET utf8mb3 COLLATE utf8mb3_unicode_ci NOT NULL,
  `description` varchar(255) CHARACTER SET utf8mb3 COLLATE utf8mb3_unicode_ci DEFAULT NULL,
  `meta` longtext CHARACTER SET utf8mb3 COLLATE utf8mb3_bin,
  `balance` decimal(64,6) NOT NULL DEFAULT '0.000000',
  `blocked` tinyint(1) DEFAULT NULL,
  `created_at` timestamp NULL DEFAULT NULL,
  `updated_at` timestamp NULL DEFAULT NULL
) ENGINE=InnoDB DEFAULT CHARSET=utf8mb3 COLLATE=utf8mb3_unicode_ci;

--
-- Dumping data for table `wallets`
--

INSERT INTO `wallets` (`id`, `holder_type`, `holder_id`, `name`, `slug`, `description`, `meta`, `balance`, `blocked`, `created_at`, `updated_at`) VALUES
(1, 'App\\Models\\Customer', 1, 'Default Wallet', 'default', NULL, NULL, 5000.000000, NULL, '2022-08-03 14:10:03', '2022-08-03 14:10:03'),
(2, 'App\\Models\\Shop', 1, 'Default Wallet', 'default', NULL, NULL, 10000.000000, NULL, '2022-08-04 10:44:19', '2022-12-14 06:52:31'),
(3, 'App\\Models\\Shop', 2, 'Default Wallet', 'default', NULL, NULL, 10000.000000, NULL, '2022-08-04 10:45:45', '2022-08-04 10:46:13'),
(4, 'App\\Models\\Shop', 3, 'Default Wallet', 'default', NULL, NULL, 10000.000000, NULL, '2022-08-04 10:46:37', '2022-12-14 06:55:45'),
(5, 'App\\Models\\Shop', 4, 'Default Wallet', 'default', NULL, NULL, 10000.000000, NULL, '2022-08-04 10:47:12', '2022-12-14 06:56:20'),
(6, 'App\\Models\\Customer', 17, 'Default Wallet', 'default', NULL, NULL, 5000.000000, NULL, '2022-12-12 02:56:54', '2022-12-12 02:56:54'),
(7, 'App\\Models\\Customer', 18, 'Default Wallet', 'default', NULL, NULL, 5000.000000, NULL, '2022-12-12 03:10:54', '2022-12-12 04:54:02'),
(8, 'App\\Models\\Shop', 5, 'Default Wallet', 'default', NULL, NULL, 10000.000000, NULL, '2022-12-12 04:01:36', '2022-12-14 06:53:45'),
(9, 'App\\Models\\Customer', 20, 'Default Wallet', 'default', NULL, NULL, 5000.000000, NULL, '2022-12-13 06:13:11', '2022-12-13 06:13:11'),
(10, 'App\\Models\\Customer', 21, 'Default Wallet', 'default', NULL, NULL, 5000.000000, NULL, '2022-12-14 04:38:18', '2022-12-14 06:53:45'),
(11, 'App\\Models\\Customer', 22, 'Default Wallet', 'default', NULL, NULL, 5000.000000, NULL, '2022-12-14 05:24:19', '2022-12-14 05:24:19'),
(12, 'App\\Models\\Shop', 6, 'Default Wallet', 'default', NULL, NULL, 10000.000000, NULL, '2022-12-14 05:37:26', '2022-12-14 05:37:26'),
(13, 'App\\Models\\Shop', 7, 'Default Wallet', 'default', NULL, NULL, 10000.000000, NULL, '2022-12-14 05:51:41', '2022-12-14 05:51:41'),
(14, 'App\\Models\\Customer', 14, 'Default Wallet', 'default', NULL, NULL, 5000.000000, NULL, '2022-12-14 06:51:23', '2022-12-14 06:51:53'),
(15, 'App\\Models\\Customer', 5, 'Default Wallet', 'default', NULL, NULL, 5000.000000, NULL, '2022-12-14 06:52:31', '2022-12-14 06:52:31');

-- --------------------------------------------------------

--
-- Table structure for table `warehouses`
--

CREATE TABLE `warehouses` (
  `id` int UNSIGNED NOT NULL,
  `shop_id` int UNSIGNED DEFAULT NULL,
  `name` varchar(255) CHARACTER SET utf8mb3 COLLATE utf8mb3_unicode_ci NOT NULL,
  `email` varchar(255) CHARACTER SET utf8mb3 COLLATE utf8mb3_unicode_ci DEFAULT NULL,
  `incharge` bigint UNSIGNED DEFAULT NULL,
  `description` longtext CHARACTER SET utf8mb3 COLLATE utf8mb3_unicode_ci,
  `opening_time` varchar(20) CHARACTER SET utf8mb3 COLLATE utf8mb3_unicode_ci NOT NULL DEFAULT '0',
  `close_time` varchar(20) CHARACTER SET utf8mb3 COLLATE utf8mb3_unicode_ci NOT NULL DEFAULT '0',
  `business_days` varchar(200) CHARACTER SET utf8mb3 COLLATE utf8mb3_unicode_ci DEFAULT NULL,
  `active` tinyint(1) NOT NULL DEFAULT '1',
  `deleted_at` timestamp NULL DEFAULT NULL,
  `created_at` timestamp NULL DEFAULT NULL,
  `updated_at` timestamp NULL DEFAULT NULL
) ENGINE=InnoDB DEFAULT CHARSET=utf8mb3 COLLATE=utf8mb3_unicode_ci;

--
-- Dumping data for table `warehouses`
--

INSERT INTO `warehouses` (`id`, `shop_id`, `name`, `email`, `incharge`, `description`, `opening_time`, `close_time`, `business_days`, `active`, `deleted_at`, `created_at`, `updated_at`) VALUES
(1, 2, 'Labadie, Wilkinson and Robel', 'alfreda14@hahn.com', 4, 'Aliquid dignissimos perspiciatis deserunt rem explicabo sint. Velit suscipit et non ex maiores iure. Ex et eligendi aliquam quae odit numquam. Eveniet qui repellendus voluptas. Culpa quas quos ab tenetur qui. Ea et quidem fugiat numquam. Molestiae delectus accusantium voluptate dolorem nihil. Impedit eius consequuntur aut. Porro dolores ipsum quos eveniet. Delectus maxime amet amet assumenda ut inventore porro est. Ipsam mollitia mollitia recusandae rerum qui dolorem.', '0', '0', NULL, 1, NULL, '2022-08-02 13:57:47', '2022-08-02 13:57:47'),
(2, 5, 'Gucci Neywork', 'gucci@test.com', 7, '<p>test</p>', '03:02 PM', '03:02 PM', 'a:4:{i:0;s:3:\"Sun\";i:1;s:3:\"Mon\";i:2;s:4:\"Tues\";i:3;s:3:\"Wed\";}', 1, NULL, '2022-12-12 04:03:22', '2022-12-12 04:03:22'),
(3, 5, 'canbera', 'mazharulislam1998r@gmail.com', NULL, '<p>test</p>', '03:04 PM', '03:04 PM', 'a:2:{i:0;s:3:\"Sun\";i:1;s:4:\"Tues\";}', 1, NULL, '2022-12-12 04:04:39', '2022-12-12 04:04:39'),
(4, 1, 'London city WH', 'londondemo@gmail.com', 3, 'dummy', '03:22 PM', '03:22 PM', 'a:3:{i:0;s:3:\"Sun\";i:1;s:3:\"Mon\";i:2;s:4:\"Tues\";}', 1, NULL, '2022-12-12 04:23:14', '2022-12-12 04:23:14');

-- --------------------------------------------------------

--
-- Table structure for table `wishlists`
--

CREATE TABLE `wishlists` (
  `id` bigint UNSIGNED NOT NULL,
  `inventory_id` bigint UNSIGNED DEFAULT NULL,
  `product_id` bigint UNSIGNED DEFAULT NULL,
  `customer_id` bigint UNSIGNED NOT NULL,
  `created_at` timestamp NULL DEFAULT NULL,
  `updated_at` timestamp NULL DEFAULT NULL
) ENGINE=InnoDB DEFAULT CHARSET=utf8mb3 COLLATE=utf8mb3_unicode_ci;

--
-- Dumping data for table `wishlists`
--

INSERT INTO `wishlists` (`id`, `inventory_id`, `product_id`, `customer_id`, `created_at`, `updated_at`) VALUES
(1, 105, 50, 18, '2022-12-12 04:06:05', '2022-12-12 04:06:05'),
(2, 103, 34, 1, '2022-12-14 03:40:54', '2022-12-14 03:40:54'),
(3, 20, 31, 1, '2022-12-14 05:09:52', '2022-12-14 05:09:52'),
(4, 69, 4, 1, '2022-12-14 05:09:58', '2022-12-14 05:09:58'),
(5, 74, 10, 1, '2022-12-14 05:10:01', '2022-12-14 05:10:01'),
(6, 90, 3, 1, '2022-12-14 05:10:04', '2022-12-14 05:10:04'),
(7, 91, 22, 1, '2022-12-14 05:10:10', '2022-12-14 05:10:10');

-- --------------------------------------------------------

--
-- Table structure for table `zipcodes`
--

CREATE TABLE `zipcodes` (
  `id` bigint UNSIGNED NOT NULL,
  `country_id` int NOT NULL,
  `state_id` int NOT NULL,
  `city` varchar(200) CHARACTER SET utf8mb3 COLLATE utf8mb3_unicode_ci DEFAULT NULL,
  `zip` longtext CHARACTER SET utf8mb3 COLLATE utf8mb3_unicode_ci,
  `lat` decimal(10,6) DEFAULT NULL,
  `lng` decimal(10,6) DEFAULT NULL,
  `timezone` varchar(200) CHARACTER SET utf8mb3 COLLATE utf8mb3_unicode_ci DEFAULT NULL,
  `daylight_savings` tinyint DEFAULT NULL,
  `created_at` timestamp NULL DEFAULT NULL,
  `updated_at` timestamp NULL DEFAULT NULL
) ENGINE=InnoDB DEFAULT CHARSET=utf8mb3 COLLATE=utf8mb3_unicode_ci;

--
-- Indexes for dumped tables
--

--
-- Indexes for table `activity_log`
--
ALTER TABLE `activity_log`
  ADD PRIMARY KEY (`id`),
  ADD KEY `activity_log_log_name_index` (`log_name`);

--
-- Indexes for table `addresses`
--
ALTER TABLE `addresses`
  ADD PRIMARY KEY (`id`),
  ADD KEY `addresses_country_id_foreign` (`country_id`);

--
-- Indexes for table `address_types`
--
ALTER TABLE `address_types`
  ADD PRIMARY KEY (`id`),
  ADD UNIQUE KEY `address_types_type_unique` (`type`);

--
-- Indexes for table `announcements`
--
ALTER TABLE `announcements`
  ADD PRIMARY KEY (`id`);

--
-- Indexes for table `attachments`
--
ALTER TABLE `attachments`
  ADD PRIMARY KEY (`id`);

--
-- Indexes for table `attributes`
--
ALTER TABLE `attributes`
  ADD PRIMARY KEY (`id`),
  ADD KEY `attributes_attribute_type_id_foreign` (`attribute_type_id`);

--
-- Indexes for table `attribute_categories`
--
ALTER TABLE `attribute_categories`
  ADD PRIMARY KEY (`id`),
  ADD KEY `attribute_categories_attribute_id_foreign` (`attribute_id`),
  ADD KEY `attribute_categories_category_id_foreign` (`category_id`);

--
-- Indexes for table `attribute_inventory`
--
ALTER TABLE `attribute_inventory`
  ADD KEY `attribute_inventory_attribute_id_index` (`attribute_id`),
  ADD KEY `attribute_inventory_inventory_id_index` (`inventory_id`),
  ADD KEY `attribute_inventory_attribute_value_id_index` (`attribute_value_id`);

--
-- Indexes for table `attribute_types`
--
ALTER TABLE `attribute_types`
  ADD PRIMARY KEY (`id`),
  ADD UNIQUE KEY `attribute_types_type_unique` (`type`);

--
-- Indexes for table `attribute_values`
--
ALTER TABLE `attribute_values`
  ADD PRIMARY KEY (`id`),
  ADD KEY `attribute_values_attribute_id_foreign` (`attribute_id`);

--
-- Indexes for table `avg_feedback`
--
ALTER TABLE `avg_feedback`
  ADD PRIMARY KEY (`id`);

--
-- Indexes for table `banners`
--
ALTER TABLE `banners`
  ADD PRIMARY KEY (`id`);

--
-- Indexes for table `banner_groups`
--
ALTER TABLE `banner_groups`
  ADD UNIQUE KEY `banner_groups_id_unique` (`id`),
  ADD UNIQUE KEY `banner_groups_name_unique` (`name`);

--
-- Indexes for table `blogs`
--
ALTER TABLE `blogs`
  ADD PRIMARY KEY (`id`),
  ADD UNIQUE KEY `blogs_slug_unique` (`slug`),
  ADD KEY `blogs_user_id_foreign` (`user_id`);

--
-- Indexes for table `blog_comments`
--
ALTER TABLE `blog_comments`
  ADD PRIMARY KEY (`id`),
  ADD KEY `blog_comments_blog_id_foreign` (`blog_id`),
  ADD KEY `blog_comments_user_id_foreign` (`user_id`);

--
-- Indexes for table `cancellations`
--
ALTER TABLE `cancellations`
  ADD PRIMARY KEY (`id`),
  ADD KEY `cancellations_order_id_foreign` (`order_id`),
  ADD KEY `cancellations_customer_id_foreign` (`customer_id`),
  ADD KEY `cancellations_cancellation_reason_id_foreign` (`cancellation_reason_id`);

--
-- Indexes for table `cancellation_reasons`
--
ALTER TABLE `cancellation_reasons`
  ADD PRIMARY KEY (`id`),
  ADD UNIQUE KEY `cancellation_reasons_detail_unique` (`detail`);

--
-- Indexes for table `carriers`
--
ALTER TABLE `carriers`
  ADD PRIMARY KEY (`id`);

--
-- Indexes for table `carts`
--
ALTER TABLE `carts`
  ADD PRIMARY KEY (`id`),
  ADD KEY `carts_shop_id_foreign` (`shop_id`),
  ADD KEY `carts_customer_id_foreign` (`customer_id`);

--
-- Indexes for table `cart_items`
--
ALTER TABLE `cart_items`
  ADD KEY `cart_items_cart_id_index` (`cart_id`),
  ADD KEY `cart_items_inventory_id_index` (`inventory_id`);

--
-- Indexes for table `categories`
--
ALTER TABLE `categories`
  ADD PRIMARY KEY (`id`),
  ADD UNIQUE KEY `categories_slug_unique` (`slug`),
  ADD KEY `categories_category_sub_group_id_foreign` (`category_sub_group_id`);

--
-- Indexes for table `category_groups`
--
ALTER TABLE `category_groups`
  ADD PRIMARY KEY (`id`),
  ADD UNIQUE KEY `category_groups_slug_unique` (`slug`);

--
-- Indexes for table `category_product`
--
ALTER TABLE `category_product`
  ADD KEY `category_product_category_id_index` (`category_id`),
  ADD KEY `category_product_product_id_index` (`product_id`);

--
-- Indexes for table `category_sub_groups`
--
ALTER TABLE `category_sub_groups`
  ADD PRIMARY KEY (`id`),
  ADD UNIQUE KEY `category_sub_groups_slug_unique` (`slug`),
  ADD KEY `category_sub_groups_category_group_id_foreign` (`category_group_id`);

--
-- Indexes for table `chat_conversations`
--
ALTER TABLE `chat_conversations`
  ADD PRIMARY KEY (`id`),
  ADD KEY `chat_conversations_shop_id_foreign` (`shop_id`),
  ADD KEY `chat_conversations_customer_id_foreign` (`customer_id`);

--
-- Indexes for table `config_authorize_net`
--
ALTER TABLE `config_authorize_net`
  ADD PRIMARY KEY (`shop_id`),
  ADD KEY `config_authorize_net_shop_id_index` (`shop_id`);

--
-- Indexes for table `config_flutterwave`
--
ALTER TABLE `config_flutterwave`
  ADD PRIMARY KEY (`shop_id`),
  ADD KEY `config_flutterwave_shop_id_index` (`shop_id`);

--
-- Indexes for table `config_manual_payments`
--
ALTER TABLE `config_manual_payments`
  ADD KEY `config_manual_payments_shop_id_index` (`shop_id`),
  ADD KEY `config_manual_payments_payment_method_id_index` (`payment_method_id`);

--
-- Indexes for table `config_paypal_marketplace`
--
ALTER TABLE `config_paypal_marketplace`
  ADD PRIMARY KEY (`shop_id`),
  ADD KEY `config_paypal_marketplace_shop_id_index` (`shop_id`);

--
-- Indexes for table `contact_us`
--
ALTER TABLE `contact_us`
  ADD PRIMARY KEY (`id`);

--
-- Indexes for table `countries`
--
ALTER TABLE `countries`
  ADD PRIMARY KEY (`id`),
  ADD KEY `countries_timezone_id_foreign` (`timezone_id`),
  ADD KEY `countries_currency_id_foreign` (`currency_id`);

--
-- Indexes for table `coupons`
--
ALTER TABLE `coupons`
  ADD PRIMARY KEY (`id`);

--
-- Indexes for table `coupon_customer`
--
ALTER TABLE `coupon_customer`
  ADD KEY `coupon_customer_coupon_id_index` (`coupon_id`),
  ADD KEY `coupon_customer_customer_id_index` (`customer_id`);

--
-- Indexes for table `coupon_shipping_zone`
--
ALTER TABLE `coupon_shipping_zone`
  ADD KEY `coupon_shipping_zone_coupon_id_index` (`coupon_id`),
  ADD KEY `coupon_shipping_zone_shipping_zone_id_index` (`shipping_zone_id`);

--
-- Indexes for table `currencies`
--
ALTER TABLE `currencies`
  ADD PRIMARY KEY (`id`);

--
-- Indexes for table `customer_event`
--
ALTER TABLE `customer_event`
  ADD PRIMARY KEY (`id`);

--
-- Indexes for table `dashboard_configs`
--
ALTER TABLE `dashboard_configs`
  ADD PRIMARY KEY (`user_id`);

--
-- Indexes for table `disputes`
--
ALTER TABLE `disputes`
  ADD PRIMARY KEY (`id`),
  ADD KEY `disputes_order_id_foreign` (`order_id`),
  ADD KEY `disputes_customer_id_foreign` (`customer_id`),
  ADD KEY `disputes_dispute_type_id_foreign` (`dispute_type_id`);

--
-- Indexes for table `dispute_types`
--
ALTER TABLE `dispute_types`
  ADD PRIMARY KEY (`id`),
  ADD UNIQUE KEY `dispute_types_detail_unique` (`detail`);

--
-- Indexes for table `email_templates`
--
ALTER TABLE `email_templates`
  ADD PRIMARY KEY (`id`);

--
-- Indexes for table `events`
--
ALTER TABLE `events`
  ADD PRIMARY KEY (`id`),
  ADD UNIQUE KEY `events_slug_unique` (`slug`);

--
-- Indexes for table `failed_jobs`
--
ALTER TABLE `failed_jobs`
  ADD PRIMARY KEY (`id`),
  ADD UNIQUE KEY `failed_jobs_uuid_unique` (`uuid`);

--
-- Indexes for table `faqs`
--
ALTER TABLE `faqs`
  ADD PRIMARY KEY (`id`),
  ADD KEY `faqs_faq_topic_id_foreign` (`faq_topic_id`);

--
-- Indexes for table `faq_topics`
--
ALTER TABLE `faq_topics`
  ADD PRIMARY KEY (`id`);

--
-- Indexes for table `feedbacks`
--
ALTER TABLE `feedbacks`
  ADD PRIMARY KEY (`id`),
  ADD KEY `feedbacks_customer_id_foreign` (`customer_id`);

--
-- Indexes for table `gift_cards`
--
ALTER TABLE `gift_cards`
  ADD PRIMARY KEY (`id`);

--
-- Indexes for table `gtin_types`
--
ALTER TABLE `gtin_types`
  ADD PRIMARY KEY (`id`),
  ADD UNIQUE KEY `gtin_types_name_unique` (`name`);

--
-- Indexes for table `images`
--
ALTER TABLE `images`
  ADD PRIMARY KEY (`id`);

--
-- Indexes for table `inspections`
--
ALTER TABLE `inspections`
  ADD PRIMARY KEY (`id`),
  ADD KEY `inspections_inspectable_type_inspectable_id_index` (`inspectable_type`,`inspectable_id`);

--
-- Indexes for table `inventories`
--
ALTER TABLE `inventories`
  ADD PRIMARY KEY (`id`),
  ADD UNIQUE KEY `inventories_slug_unique` (`slug`),
  ADD KEY `inventories_product_id_foreign` (`product_id`);

--
-- Indexes for table `inventory_packaging`
--
ALTER TABLE `inventory_packaging`
  ADD KEY `inventory_packaging_packaging_id_index` (`packaging_id`),
  ADD KEY `inventory_packaging_inventory_id_index` (`inventory_id`);

--
-- Indexes for table `invoices`
--
ALTER TABLE `invoices`
  ADD PRIMARY KEY (`id`),
  ADD KEY `invoices_created_at_index` (`created_at`),
  ADD KEY `invoices_user_id_index` (`user_id`),
  ADD KEY `invoices_shop_id_index` (`shop_id`);

--
-- Indexes for table `jobs`
--
ALTER TABLE `jobs`
  ADD PRIMARY KEY (`id`),
  ADD KEY `jobs_queue_index` (`queue`);

--
-- Indexes for table `languages`
--
ALTER TABLE `languages`
  ADD PRIMARY KEY (`id`),
  ADD UNIQUE KEY `languages_code_unique` (`code`);

--
-- Indexes for table `manufacturers`
--
ALTER TABLE `manufacturers`
  ADD PRIMARY KEY (`id`),
  ADD UNIQUE KEY `manufacturers_slug_unique` (`slug`);

--
-- Indexes for table `messages`
--
ALTER TABLE `messages`
  ADD PRIMARY KEY (`id`);

--
-- Indexes for table `migrations`
--
ALTER TABLE `migrations`
  ADD PRIMARY KEY (`id`);

--
-- Indexes for table `modules`
--
ALTER TABLE `modules`
  ADD PRIMARY KEY (`id`);

--
-- Indexes for table `notifications`
--
ALTER TABLE `notifications`
  ADD PRIMARY KEY (`id`),
  ADD KEY `notifications_notifiable_type_notifiable_id_index` (`notifiable_type`,`notifiable_id`);

--
-- Indexes for table `oauth_auth_codes`
--
ALTER TABLE `oauth_auth_codes`
  ADD PRIMARY KEY (`id`),
  ADD KEY `oauth_auth_codes_user_id_index` (`user_id`);

--
-- Indexes for table `oauth_personal_access_clients`
--
ALTER TABLE `oauth_personal_access_clients`
  ADD PRIMARY KEY (`id`);

--
-- Indexes for table `options`
--
ALTER TABLE `options`
  ADD PRIMARY KEY (`id`);

--
-- Indexes for table `orders`
--
ALTER TABLE `orders`
  ADD PRIMARY KEY (`id`),
  ADD KEY `orders_customer_id_foreign` (`customer_id`);

--
-- Indexes for table `order_items`
--
ALTER TABLE `order_items`
  ADD KEY `order_items_order_id_index` (`order_id`),
  ADD KEY `order_items_inventory_id_index` (`inventory_id`);

--
-- Indexes for table `packages`
--
ALTER TABLE `packages`
  ADD PRIMARY KEY (`id`);

--
-- Indexes for table `packagings`
--
ALTER TABLE `packagings`
  ADD PRIMARY KEY (`id`);

--
-- Indexes for table `pages`
--
ALTER TABLE `pages`
  ADD PRIMARY KEY (`id`),
  ADD UNIQUE KEY `pages_slug_unique` (`slug`);

--
-- Indexes for table `payment_methods`
--
ALTER TABLE `payment_methods`
  ADD PRIMARY KEY (`id`);

--
-- Indexes for table `performance_indicators`
--
ALTER TABLE `performance_indicators`
  ADD PRIMARY KEY (`id`),
  ADD KEY `performance_indicators_created_at_index` (`created_at`);

--
-- Indexes for table `permissions`
--
ALTER TABLE `permissions`
  ADD PRIMARY KEY (`id`),
  ADD UNIQUE KEY `permissions_slug_unique` (`slug`),
  ADD KEY `permissions_module_id_index` (`module_id`);

--
-- Indexes for table `permission_role`
--
ALTER TABLE `permission_role`
  ADD PRIMARY KEY (`permission_id`,`role_id`),
  ADD KEY `permission_role_permission_id_index` (`permission_id`),
  ADD KEY `permission_role_role_id_index` (`role_id`);

--
-- Indexes for table `products`
--
ALTER TABLE `products`
  ADD PRIMARY KEY (`id`),
  ADD UNIQUE KEY `products_slug_unique` (`slug`);

--
-- Indexes for table `razorpay_wallet_transection`
--
ALTER TABLE `razorpay_wallet_transection`
  ADD PRIMARY KEY (`id`);

--
-- Indexes for table `refunds`
--
ALTER TABLE `refunds`
  ADD PRIMARY KEY (`id`),
  ADD KEY `refunds_order_id_foreign` (`order_id`);

--
-- Indexes for table `replies`
--
ALTER TABLE `replies`
  ADD PRIMARY KEY (`id`),
  ADD KEY `replies_user_id_foreign` (`user_id`);

--
-- Indexes for table `roles`
--
ALTER TABLE `roles`
  ADD PRIMARY KEY (`id`);

--
-- Indexes for table `shipping_rates`
--
ALTER TABLE `shipping_rates`
  ADD PRIMARY KEY (`id`),
  ADD KEY `shipping_rates_shipping_zone_id_index` (`shipping_zone_id`);

--
-- Indexes for table `shipping_zones`
--
ALTER TABLE `shipping_zones`
  ADD PRIMARY KEY (`id`);

--
-- Indexes for table `shops`
--
ALTER TABLE `shops`
  ADD PRIMARY KEY (`id`),
  ADD UNIQUE KEY `shops_slug_unique` (`slug`),
  ADD UNIQUE KEY `shops_email_unique` (`email`),
  ADD KEY `shops_owner_id_foreign` (`owner_id`);

--
-- Indexes for table `shop_payment_methods`
--
ALTER TABLE `shop_payment_methods`
  ADD KEY `shop_payment_methods_payment_method_id_index` (`payment_method_id`),
  ADD KEY `shop_payment_methods_shop_id_index` (`shop_id`);

--
-- Indexes for table `sliders`
--
ALTER TABLE `sliders`
  ADD PRIMARY KEY (`id`);

--
-- Indexes for table `ssl_orders`
--
ALTER TABLE `ssl_orders`
  ADD PRIMARY KEY (`id`);

--
-- Indexes for table `states`
--
ALTER TABLE `states`
  ADD PRIMARY KEY (`id`),
  ADD KEY `states_country_id_foreign` (`country_id`);

--
-- Indexes for table `subscriptions`
--
ALTER TABLE `subscriptions`
  ADD PRIMARY KEY (`id`),
  ADD KEY `subscriptions_shop_id_stripe_status_index` (`shop_id`,`stripe_status`);

--
-- Indexes for table `subscription_items`
--
ALTER TABLE `subscription_items`
  ADD PRIMARY KEY (`id`),
  ADD UNIQUE KEY `subscription_items_subscription_id_stripe_price_unique` (`subscription_id`,`stripe_price`),
  ADD KEY `subscription_items_stripe_id_index` (`stripe_id`);

--
-- Indexes for table `subscription_plans`
--
ALTER TABLE `subscription_plans`
  ADD PRIMARY KEY (`plan_id`),
  ADD UNIQUE KEY `subscription_plans_name_unique` (`name`);

--
-- Indexes for table `suppliers`
--
ALTER TABLE `suppliers`
  ADD PRIMARY KEY (`id`);

--
-- Indexes for table `taggables`
--
ALTER TABLE `taggables`
  ADD KEY `taggables_tag_id_foreign` (`tag_id`);

--
-- Indexes for table `tags`
--
ALTER TABLE `tags`
  ADD PRIMARY KEY (`id`);

--
-- Indexes for table `taxes`
--
ALTER TABLE `taxes`
  ADD PRIMARY KEY (`id`);

--
-- Indexes for table `tickets`
--
ALTER TABLE `tickets`
  ADD PRIMARY KEY (`id`),
  ADD KEY `tickets_user_id_foreign` (`user_id`),
  ADD KEY `tickets_category_id_foreign` (`category_id`);

--
-- Indexes for table `ticket_categories`
--
ALTER TABLE `ticket_categories`
  ADD PRIMARY KEY (`id`),
  ADD UNIQUE KEY `ticket_categories_name_unique` (`name`);

--
-- Indexes for table `timezones`
--
ALTER TABLE `timezones`
  ADD PRIMARY KEY (`id`);

--
-- Indexes for table `transactions`
--
ALTER TABLE `transactions`
  ADD PRIMARY KEY (`id`),
  ADD UNIQUE KEY `transactions_uuid_unique` (`uuid`),
  ADD KEY `transactions_payable_type_payable_id_index` (`payable_type`,`payable_id`),
  ADD KEY `transactions_wallet_id_foreign` (`wallet_id`),
  ADD KEY `payable_type_ind` (`payable_type`,`payable_id`,`type`),
  ADD KEY `payable_confirmed_ind` (`payable_type`,`payable_id`,`confirmed`),
  ADD KEY `payable_type_confirmed_ind` (`payable_type`,`payable_id`,`type`,`confirmed`),
  ADD KEY `transactions_type_index` (`type`);

--
-- Indexes for table `transfers`
--
ALTER TABLE `transfers`
  ADD PRIMARY KEY (`id`),
  ADD UNIQUE KEY `transfers_uuid_unique` (`uuid`),
  ADD KEY `transfers_from_type_from_id_index` (`from_type`,`from_id`),
  ADD KEY `transfers_to_type_to_id_index` (`to_type`,`to_id`),
  ADD KEY `transfers_deposit_id_foreign` (`deposit_id`),
  ADD KEY `transfers_withdraw_id_foreign` (`withdraw_id`);

--
-- Indexes for table `user_warehouse`
--
ALTER TABLE `user_warehouse`
  ADD KEY `user_warehouse_user_id_index` (`user_id`),
  ADD KEY `user_warehouse_warehouse_id_index` (`warehouse_id`);

--
-- Indexes for table `visitors`
--
ALTER TABLE `visitors`
  ADD PRIMARY KEY (`ip`);

--
-- Indexes for table `wallets`
--
ALTER TABLE `wallets`
  ADD PRIMARY KEY (`id`),
  ADD UNIQUE KEY `wallets_holder_type_holder_id_slug_unique` (`holder_type`,`holder_id`,`slug`),
  ADD KEY `wallets_holder_type_holder_id_index` (`holder_type`,`holder_id`),
  ADD KEY `wallets_slug_index` (`slug`);

--
-- Indexes for table `warehouses`
--
ALTER TABLE `warehouses`
  ADD PRIMARY KEY (`id`),
  ADD KEY `warehouses_shop_id_foreign` (`shop_id`);

--
-- Indexes for table `wishlists`
--
ALTER TABLE `wishlists`
  ADD PRIMARY KEY (`id`),
  ADD KEY `wishlists_product_id_foreign` (`product_id`),
  ADD KEY `wishlists_inventory_id_foreign` (`inventory_id`);

--
-- Indexes for table `zipcodes`
--
ALTER TABLE `zipcodes`
  ADD PRIMARY KEY (`id`);

--
-- AUTO_INCREMENT for dumped tables
--

--
-- AUTO_INCREMENT for table `activity_log`
--
ALTER TABLE `activity_log`
  MODIFY `id` bigint UNSIGNED NOT NULL AUTO_INCREMENT, AUTO_INCREMENT=208;

--
-- AUTO_INCREMENT for table `addresses`
--
ALTER TABLE `addresses`
  MODIFY `id` bigint UNSIGNED NOT NULL AUTO_INCREMENT, AUTO_INCREMENT=85;

--
-- AUTO_INCREMENT for table `address_types`
--
ALTER TABLE `address_types`
  MODIFY `id` int UNSIGNED NOT NULL AUTO_INCREMENT, AUTO_INCREMENT=4;

--
-- AUTO_INCREMENT for table `attachments`
--
ALTER TABLE `attachments`
  MODIFY `id` bigint UNSIGNED NOT NULL AUTO_INCREMENT, AUTO_INCREMENT=5;

--
-- AUTO_INCREMENT for table `attributes`
--
ALTER TABLE `attributes`
  MODIFY `id` int UNSIGNED NOT NULL AUTO_INCREMENT, AUTO_INCREMENT=7;

--
-- AUTO_INCREMENT for table `attribute_categories`
--
ALTER TABLE `attribute_categories`
  MODIFY `id` bigint UNSIGNED NOT NULL AUTO_INCREMENT, AUTO_INCREMENT=147;

--
-- AUTO_INCREMENT for table `attribute_types`
--
ALTER TABLE `attribute_types`
  MODIFY `id` int UNSIGNED NOT NULL AUTO_INCREMENT, AUTO_INCREMENT=4;

--
-- AUTO_INCREMENT for table `attribute_values`
--
ALTER TABLE `attribute_values`
  MODIFY `id` int UNSIGNED NOT NULL AUTO_INCREMENT, AUTO_INCREMENT=31;

--
-- AUTO_INCREMENT for table `avg_feedback`
--
ALTER TABLE `avg_feedback`
  MODIFY `id` bigint UNSIGNED NOT NULL AUTO_INCREMENT, AUTO_INCREMENT=60;

--
-- AUTO_INCREMENT for table `banners`
--
ALTER TABLE `banners`
  MODIFY `id` int UNSIGNED NOT NULL AUTO_INCREMENT, AUTO_INCREMENT=11;

--
-- AUTO_INCREMENT for table `blogs`
--
ALTER TABLE `blogs`
  MODIFY `id` int UNSIGNED NOT NULL AUTO_INCREMENT, AUTO_INCREMENT=7;

--
-- AUTO_INCREMENT for table `blog_comments`
--
ALTER TABLE `blog_comments`
  MODIFY `id` int UNSIGNED NOT NULL AUTO_INCREMENT, AUTO_INCREMENT=31;

--
-- AUTO_INCREMENT for table `cancellations`
--
ALTER TABLE `cancellations`
  MODIFY `id` bigint UNSIGNED NOT NULL AUTO_INCREMENT, AUTO_INCREMENT=13;

--
-- AUTO_INCREMENT for table `cancellation_reasons`
--
ALTER TABLE `cancellation_reasons`
  MODIFY `id` int UNSIGNED NOT NULL AUTO_INCREMENT, AUTO_INCREMENT=14;

--
-- AUTO_INCREMENT for table `carriers`
--
ALTER TABLE `carriers`
  MODIFY `id` int UNSIGNED NOT NULL AUTO_INCREMENT, AUTO_INCREMENT=11;

--
-- AUTO_INCREMENT for table `carts`
--
ALTER TABLE `carts`
  MODIFY `id` bigint UNSIGNED NOT NULL AUTO_INCREMENT, AUTO_INCREMENT=39;

--
-- AUTO_INCREMENT for table `categories`
--
ALTER TABLE `categories`
  MODIFY `id` int UNSIGNED NOT NULL AUTO_INCREMENT, AUTO_INCREMENT=41;

--
-- AUTO_INCREMENT for table `category_groups`
--
ALTER TABLE `category_groups`
  MODIFY `id` int UNSIGNED NOT NULL AUTO_INCREMENT, AUTO_INCREMENT=10;

--
-- AUTO_INCREMENT for table `category_sub_groups`
--
ALTER TABLE `category_sub_groups`
  MODIFY `id` int UNSIGNED NOT NULL AUTO_INCREMENT, AUTO_INCREMENT=26;

--
-- AUTO_INCREMENT for table `chat_conversations`
--
ALTER TABLE `chat_conversations`
  MODIFY `id` bigint UNSIGNED NOT NULL AUTO_INCREMENT, AUTO_INCREMENT=3;

--
-- AUTO_INCREMENT for table `contact_us`
--
ALTER TABLE `contact_us`
  MODIFY `id` bigint UNSIGNED NOT NULL AUTO_INCREMENT;

--
-- AUTO_INCREMENT for table `countries`
--
ALTER TABLE `countries`
  MODIFY `id` int UNSIGNED NOT NULL AUTO_INCREMENT, AUTO_INCREMENT=895;

--
-- AUTO_INCREMENT for table `coupons`
--
ALTER TABLE `coupons`
  MODIFY `id` bigint UNSIGNED NOT NULL AUTO_INCREMENT;

--
-- AUTO_INCREMENT for table `currencies`
--
ALTER TABLE `currencies`
  MODIFY `id` int UNSIGNED NOT NULL AUTO_INCREMENT, AUTO_INCREMENT=178;

--
-- AUTO_INCREMENT for table `customer_event`
--
ALTER TABLE `customer_event`
  MODIFY `id` bigint UNSIGNED NOT NULL AUTO_INCREMENT;

--
-- AUTO_INCREMENT for table `disputes`
--
ALTER TABLE `disputes`
  MODIFY `id` bigint UNSIGNED NOT NULL AUTO_INCREMENT, AUTO_INCREMENT=21;

--
-- AUTO_INCREMENT for table `dispute_types`
--
ALTER TABLE `dispute_types`
  MODIFY `id` int UNSIGNED NOT NULL AUTO_INCREMENT, AUTO_INCREMENT=11;

--
-- AUTO_INCREMENT for table `email_templates`
--
ALTER TABLE `email_templates`
  MODIFY `id` int UNSIGNED NOT NULL AUTO_INCREMENT, AUTO_INCREMENT=6;

--
-- AUTO_INCREMENT for table `events`
--
ALTER TABLE `events`
  MODIFY `id` bigint UNSIGNED NOT NULL AUTO_INCREMENT, AUTO_INCREMENT=4;

--
-- AUTO_INCREMENT for table `failed_jobs`
--
ALTER TABLE `failed_jobs`
  MODIFY `id` bigint UNSIGNED NOT NULL AUTO_INCREMENT;

--
-- AUTO_INCREMENT for table `faqs`
--
ALTER TABLE `faqs`
  MODIFY `id` int UNSIGNED NOT NULL AUTO_INCREMENT, AUTO_INCREMENT=10;

--
-- AUTO_INCREMENT for table `faq_topics`
--
ALTER TABLE `faq_topics`
  MODIFY `id` int UNSIGNED NOT NULL AUTO_INCREMENT, AUTO_INCREMENT=4;

--
-- AUTO_INCREMENT for table `feedbacks`
--
ALTER TABLE `feedbacks`
  MODIFY `id` bigint UNSIGNED NOT NULL AUTO_INCREMENT, AUTO_INCREMENT=153;

--
-- AUTO_INCREMENT for table `gift_cards`
--
ALTER TABLE `gift_cards`
  MODIFY `id` bigint UNSIGNED NOT NULL AUTO_INCREMENT;

--
-- AUTO_INCREMENT for table `gtin_types`
--
ALTER TABLE `gtin_types`
  MODIFY `id` int UNSIGNED NOT NULL AUTO_INCREMENT, AUTO_INCREMENT=6;

--
-- AUTO_INCREMENT for table `images`
--
ALTER TABLE `images`
  MODIFY `id` bigint UNSIGNED NOT NULL AUTO_INCREMENT, AUTO_INCREMENT=611;

--
-- AUTO_INCREMENT for table `inspections`
--
ALTER TABLE `inspections`
  MODIFY `id` bigint UNSIGNED NOT NULL AUTO_INCREMENT, AUTO_INCREMENT=5;

--
-- AUTO_INCREMENT for table `inventories`
--
ALTER TABLE `inventories`
  MODIFY `id` bigint UNSIGNED NOT NULL AUTO_INCREMENT, AUTO_INCREMENT=109;

--
-- AUTO_INCREMENT for table `invoices`
--
ALTER TABLE `invoices`
  MODIFY `id` int UNSIGNED NOT NULL AUTO_INCREMENT;

--
-- AUTO_INCREMENT for table `jobs`
--
ALTER TABLE `jobs`
  MODIFY `id` bigint UNSIGNED NOT NULL AUTO_INCREMENT;

--
-- AUTO_INCREMENT for table `languages`
--
ALTER TABLE `languages`
  MODIFY `id` int UNSIGNED NOT NULL AUTO_INCREMENT, AUTO_INCREMENT=24;

--
-- AUTO_INCREMENT for table `manufacturers`
--
ALTER TABLE `manufacturers`
  MODIFY `id` int UNSIGNED NOT NULL AUTO_INCREMENT, AUTO_INCREMENT=17;

--
-- AUTO_INCREMENT for table `messages`
--
ALTER TABLE `messages`
  MODIFY `id` bigint UNSIGNED NOT NULL AUTO_INCREMENT, AUTO_INCREMENT=24;

--
-- AUTO_INCREMENT for table `migrations`
--
ALTER TABLE `migrations`
  MODIFY `id` int UNSIGNED NOT NULL AUTO_INCREMENT, AUTO_INCREMENT=512;

--
-- AUTO_INCREMENT for table `modules`
--
ALTER TABLE `modules`
  MODIFY `id` int UNSIGNED NOT NULL AUTO_INCREMENT, AUTO_INCREMENT=38;

--
-- AUTO_INCREMENT for table `oauth_personal_access_clients`
--
ALTER TABLE `oauth_personal_access_clients`
  MODIFY `id` bigint UNSIGNED NOT NULL AUTO_INCREMENT;

--
-- AUTO_INCREMENT for table `options`
--
ALTER TABLE `options`
  MODIFY `id` int UNSIGNED NOT NULL AUTO_INCREMENT, AUTO_INCREMENT=27;

--
-- AUTO_INCREMENT for table `orders`
--
ALTER TABLE `orders`
  MODIFY `id` bigint UNSIGNED NOT NULL AUTO_INCREMENT, AUTO_INCREMENT=41;

--
-- AUTO_INCREMENT for table `packages`
--
ALTER TABLE `packages`
  MODIFY `id` int UNSIGNED NOT NULL AUTO_INCREMENT, AUTO_INCREMENT=36;

--
-- AUTO_INCREMENT for table `packagings`
--
ALTER TABLE `packagings`
  MODIFY `id` int UNSIGNED NOT NULL AUTO_INCREMENT, AUTO_INCREMENT=7;

--
-- AUTO_INCREMENT for table `pages`
--
ALTER TABLE `pages`
  MODIFY `id` int UNSIGNED NOT NULL AUTO_INCREMENT, AUTO_INCREMENT=9;

--
-- AUTO_INCREMENT for table `payment_methods`
--
ALTER TABLE `payment_methods`
  MODIFY `id` int UNSIGNED NOT NULL AUTO_INCREMENT, AUTO_INCREMENT=19;

--
-- AUTO_INCREMENT for table `performance_indicators`
--
ALTER TABLE `performance_indicators`
  MODIFY `id` int UNSIGNED NOT NULL AUTO_INCREMENT;

--
-- AUTO_INCREMENT for table `permissions`
--
ALTER TABLE `permissions`
  MODIFY `id` int UNSIGNED NOT NULL AUTO_INCREMENT, AUTO_INCREMENT=124;

--
-- AUTO_INCREMENT for table `products`
--
ALTER TABLE `products`
  MODIFY `id` bigint UNSIGNED NOT NULL AUTO_INCREMENT, AUTO_INCREMENT=53;

--
-- AUTO_INCREMENT for table `razorpay_wallet_transection`
--
ALTER TABLE `razorpay_wallet_transection`
  MODIFY `id` bigint UNSIGNED NOT NULL AUTO_INCREMENT;

--
-- AUTO_INCREMENT for table `refunds`
--
ALTER TABLE `refunds`
  MODIFY `id` bigint UNSIGNED NOT NULL AUTO_INCREMENT, AUTO_INCREMENT=16;

--
-- AUTO_INCREMENT for table `replies`
--
ALTER TABLE `replies`
  MODIFY `id` bigint UNSIGNED NOT NULL AUTO_INCREMENT, AUTO_INCREMENT=40;

--
-- AUTO_INCREMENT for table `roles`
--
ALTER TABLE `roles`
  MODIFY `id` int UNSIGNED NOT NULL AUTO_INCREMENT, AUTO_INCREMENT=6;

--
-- AUTO_INCREMENT for table `shipping_rates`
--
ALTER TABLE `shipping_rates`
  MODIFY `id` int UNSIGNED NOT NULL AUTO_INCREMENT, AUTO_INCREMENT=51;

--
-- AUTO_INCREMENT for table `shipping_zones`
--
ALTER TABLE `shipping_zones`
  MODIFY `id` int UNSIGNED NOT NULL AUTO_INCREMENT, AUTO_INCREMENT=13;

--
-- AUTO_INCREMENT for table `shops`
--
ALTER TABLE `shops`
  MODIFY `id` int UNSIGNED NOT NULL AUTO_INCREMENT, AUTO_INCREMENT=8;

--
-- AUTO_INCREMENT for table `sliders`
--
ALTER TABLE `sliders`
  MODIFY `id` int UNSIGNED NOT NULL AUTO_INCREMENT, AUTO_INCREMENT=5;

--
-- AUTO_INCREMENT for table `ssl_orders`
--
ALTER TABLE `ssl_orders`
  MODIFY `id` bigint UNSIGNED NOT NULL AUTO_INCREMENT;

--
-- AUTO_INCREMENT for table `states`
--
ALTER TABLE `states`
  MODIFY `id` int UNSIGNED NOT NULL AUTO_INCREMENT, AUTO_INCREMENT=1468;

--
-- AUTO_INCREMENT for table `subscriptions`
--
ALTER TABLE `subscriptions`
  MODIFY `id` int UNSIGNED NOT NULL AUTO_INCREMENT, AUTO_INCREMENT=17;

--
-- AUTO_INCREMENT for table `subscription_items`
--
ALTER TABLE `subscription_items`
  MODIFY `id` bigint UNSIGNED NOT NULL AUTO_INCREMENT;

--
-- AUTO_INCREMENT for table `suppliers`
--
ALTER TABLE `suppliers`
  MODIFY `id` int UNSIGNED NOT NULL AUTO_INCREMENT, AUTO_INCREMENT=6;

--
-- AUTO_INCREMENT for table `tags`
--
ALTER TABLE `tags`
  MODIFY `id` int UNSIGNED NOT NULL AUTO_INCREMENT, AUTO_INCREMENT=31;

--
-- AUTO_INCREMENT for table `taxes`
--
ALTER TABLE `taxes`
  MODIFY `id` int UNSIGNED NOT NULL AUTO_INCREMENT, AUTO_INCREMENT=7;

--
-- AUTO_INCREMENT for table `tickets`
--
ALTER TABLE `tickets`
  MODIFY `id` bigint UNSIGNED NOT NULL AUTO_INCREMENT, AUTO_INCREMENT=16;

--
-- AUTO_INCREMENT for table `ticket_categories`
--
ALTER TABLE `ticket_categories`
  MODIFY `id` int UNSIGNED NOT NULL AUTO_INCREMENT, AUTO_INCREMENT=5;

--
-- AUTO_INCREMENT for table `timezones`
--
ALTER TABLE `timezones`
  MODIFY `id` int UNSIGNED NOT NULL AUTO_INCREMENT, AUTO_INCREMENT=98;

--
-- AUTO_INCREMENT for table `transactions`
--
ALTER TABLE `transactions`
  MODIFY `id` bigint UNSIGNED NOT NULL AUTO_INCREMENT, AUTO_INCREMENT=40;

--
-- AUTO_INCREMENT for table `transfers`
--
ALTER TABLE `transfers`
  MODIFY `id` bigint UNSIGNED NOT NULL AUTO_INCREMENT, AUTO_INCREMENT=7;

--
-- AUTO_INCREMENT for table `wallets`
--
ALTER TABLE `wallets`
  MODIFY `id` bigint UNSIGNED NOT NULL AUTO_INCREMENT, AUTO_INCREMENT=16;

--
-- AUTO_INCREMENT for table `warehouses`
--
ALTER TABLE `warehouses`
  MODIFY `id` int UNSIGNED NOT NULL AUTO_INCREMENT, AUTO_INCREMENT=5;

--
-- AUTO_INCREMENT for table `wishlists`
--
ALTER TABLE `wishlists`
  MODIFY `id` bigint UNSIGNED NOT NULL AUTO_INCREMENT, AUTO_INCREMENT=8;

--
-- AUTO_INCREMENT for table `zipcodes`
--
ALTER TABLE `zipcodes`
  MODIFY `id` bigint UNSIGNED NOT NULL AUTO_INCREMENT;

--
-- Constraints for dumped tables
--

--
-- Constraints for table `addresses`
--
ALTER TABLE `addresses`
  ADD CONSTRAINT `addresses_country_id_foreign` FOREIGN KEY (`country_id`) REFERENCES `countries` (`id`);

--
-- Constraints for table `attributes`
--
ALTER TABLE `attributes`
  ADD CONSTRAINT `attributes_attribute_type_id_foreign` FOREIGN KEY (`attribute_type_id`) REFERENCES `attribute_types` (`id`) ON DELETE SET NULL;

--
-- Constraints for table `attribute_categories`
--
ALTER TABLE `attribute_categories`
  ADD CONSTRAINT `attribute_categories_attribute_id_foreign` FOREIGN KEY (`attribute_id`) REFERENCES `attributes` (`id`) ON DELETE CASCADE,
  ADD CONSTRAINT `attribute_categories_category_id_foreign` FOREIGN KEY (`category_id`) REFERENCES `categories` (`id`) ON DELETE CASCADE;

--
-- Constraints for table `attribute_inventory`
--
ALTER TABLE `attribute_inventory`
  ADD CONSTRAINT `attribute_inventory_attribute_id_foreign` FOREIGN KEY (`attribute_id`) REFERENCES `attributes` (`id`) ON DELETE CASCADE,
  ADD CONSTRAINT `attribute_inventory_attribute_value_id_foreign` FOREIGN KEY (`attribute_value_id`) REFERENCES `attribute_values` (`id`) ON DELETE CASCADE,
  ADD CONSTRAINT `attribute_inventory_inventory_id_foreign` FOREIGN KEY (`inventory_id`) REFERENCES `inventories` (`id`) ON DELETE CASCADE;

--
-- Constraints for table `attribute_values`
--
ALTER TABLE `attribute_values`
  ADD CONSTRAINT `attribute_values_attribute_id_foreign` FOREIGN KEY (`attribute_id`) REFERENCES `attributes` (`id`) ON DELETE CASCADE;

--
-- Constraints for table `blogs`
--
ALTER TABLE `blogs`
  ADD CONSTRAINT `blogs_user_id_foreign` FOREIGN KEY (`user_id`) REFERENCES `users` (`id`) ON DELETE CASCADE;

--
-- Constraints for table `blog_comments`
--
ALTER TABLE `blog_comments`
  ADD CONSTRAINT `blog_comments_blog_id_foreign` FOREIGN KEY (`blog_id`) REFERENCES `blogs` (`id`) ON DELETE CASCADE,
  ADD CONSTRAINT `blog_comments_user_id_foreign` FOREIGN KEY (`user_id`) REFERENCES `users` (`id`) ON DELETE CASCADE;

--
-- Constraints for table `cancellations`
--
ALTER TABLE `cancellations`
  ADD CONSTRAINT `cancellations_cancellation_reason_id_foreign` FOREIGN KEY (`cancellation_reason_id`) REFERENCES `cancellation_reasons` (`id`) ON DELETE SET NULL,
  ADD CONSTRAINT `cancellations_customer_id_foreign` FOREIGN KEY (`customer_id`) REFERENCES `customers` (`id`) ON DELETE CASCADE,
  ADD CONSTRAINT `cancellations_order_id_foreign` FOREIGN KEY (`order_id`) REFERENCES `orders` (`id`) ON DELETE CASCADE;

--
-- Constraints for table `carts`
--
ALTER TABLE `carts`
  ADD CONSTRAINT `carts_customer_id_foreign` FOREIGN KEY (`customer_id`) REFERENCES `customers` (`id`) ON DELETE SET NULL,
  ADD CONSTRAINT `carts_shop_id_foreign` FOREIGN KEY (`shop_id`) REFERENCES `shops` (`id`) ON DELETE SET NULL;

--
-- Constraints for table `cart_items`
--
ALTER TABLE `cart_items`
  ADD CONSTRAINT `cart_items_cart_id_foreign` FOREIGN KEY (`cart_id`) REFERENCES `carts` (`id`) ON DELETE CASCADE,
  ADD CONSTRAINT `cart_items_inventory_id_foreign` FOREIGN KEY (`inventory_id`) REFERENCES `inventories` (`id`) ON DELETE CASCADE;

--
-- Constraints for table `categories`
--
ALTER TABLE `categories`
  ADD CONSTRAINT `categories_category_sub_group_id_foreign` FOREIGN KEY (`category_sub_group_id`) REFERENCES `category_sub_groups` (`id`) ON DELETE CASCADE;

--
-- Constraints for table `category_product`
--
ALTER TABLE `category_product`
  ADD CONSTRAINT `category_product_category_id_foreign` FOREIGN KEY (`category_id`) REFERENCES `categories` (`id`) ON DELETE CASCADE,
  ADD CONSTRAINT `category_product_product_id_foreign` FOREIGN KEY (`product_id`) REFERENCES `products` (`id`) ON DELETE CASCADE;

--
-- Constraints for table `category_sub_groups`
--
ALTER TABLE `category_sub_groups`
  ADD CONSTRAINT `category_sub_groups_category_group_id_foreign` FOREIGN KEY (`category_group_id`) REFERENCES `category_groups` (`id`) ON DELETE CASCADE;

--
-- Constraints for table `chat_conversations`
--
ALTER TABLE `chat_conversations`
  ADD CONSTRAINT `chat_conversations_customer_id_foreign` FOREIGN KEY (`customer_id`) REFERENCES `customers` (`id`) ON DELETE SET NULL,
  ADD CONSTRAINT `chat_conversations_shop_id_foreign` FOREIGN KEY (`shop_id`) REFERENCES `shops` (`id`) ON DELETE SET NULL;

--
-- Constraints for table `config_authorize_net`
--
ALTER TABLE `config_authorize_net`
  ADD CONSTRAINT `config_authorize_net_shop_id_foreign` FOREIGN KEY (`shop_id`) REFERENCES `shops` (`id`) ON DELETE CASCADE;

--
-- Constraints for table `config_flutterwave`
--
ALTER TABLE `config_flutterwave`
  ADD CONSTRAINT `config_flutterwave_shop_id_foreign` FOREIGN KEY (`shop_id`) REFERENCES `shops` (`id`) ON DELETE CASCADE;

--
-- Constraints for table `config_manual_payments`
--
ALTER TABLE `config_manual_payments`
  ADD CONSTRAINT `config_manual_payments_payment_method_id_foreign` FOREIGN KEY (`payment_method_id`) REFERENCES `payment_methods` (`id`) ON DELETE CASCADE,
  ADD CONSTRAINT `config_manual_payments_shop_id_foreign` FOREIGN KEY (`shop_id`) REFERENCES `shops` (`id`) ON DELETE CASCADE;

--
-- Constraints for table `config_paypal_marketplace`
--
ALTER TABLE `config_paypal_marketplace`
  ADD CONSTRAINT `config_paypal_marketplace_shop_id_foreign` FOREIGN KEY (`shop_id`) REFERENCES `shops` (`id`) ON DELETE CASCADE;

--
-- Constraints for table `countries`
--
ALTER TABLE `countries`
  ADD CONSTRAINT `countries_currency_id_foreign` FOREIGN KEY (`currency_id`) REFERENCES `currencies` (`id`) ON DELETE SET NULL,
  ADD CONSTRAINT `countries_timezone_id_foreign` FOREIGN KEY (`timezone_id`) REFERENCES `timezones` (`id`) ON DELETE SET NULL;

--
-- Constraints for table `coupon_customer`
--
ALTER TABLE `coupon_customer`
  ADD CONSTRAINT `coupon_customer_coupon_id_foreign` FOREIGN KEY (`coupon_id`) REFERENCES `coupons` (`id`) ON DELETE CASCADE,
  ADD CONSTRAINT `coupon_customer_customer_id_foreign` FOREIGN KEY (`customer_id`) REFERENCES `customers` (`id`) ON DELETE CASCADE;

--
-- Constraints for table `coupon_shipping_zone`
--
ALTER TABLE `coupon_shipping_zone`
  ADD CONSTRAINT `coupon_shipping_zone_coupon_id_foreign` FOREIGN KEY (`coupon_id`) REFERENCES `coupons` (`id`) ON DELETE CASCADE,
  ADD CONSTRAINT `coupon_shipping_zone_shipping_zone_id_foreign` FOREIGN KEY (`shipping_zone_id`) REFERENCES `shipping_zones` (`id`) ON DELETE CASCADE;

--
-- Constraints for table `disputes`
--
ALTER TABLE `disputes`
  ADD CONSTRAINT `disputes_customer_id_foreign` FOREIGN KEY (`customer_id`) REFERENCES `customers` (`id`) ON DELETE CASCADE,
  ADD CONSTRAINT `disputes_dispute_type_id_foreign` FOREIGN KEY (`dispute_type_id`) REFERENCES `dispute_types` (`id`) ON DELETE SET NULL,
  ADD CONSTRAINT `disputes_order_id_foreign` FOREIGN KEY (`order_id`) REFERENCES `orders` (`id`) ON DELETE CASCADE;

--
-- Constraints for table `faqs`
--
ALTER TABLE `faqs`
  ADD CONSTRAINT `faqs_faq_topic_id_foreign` FOREIGN KEY (`faq_topic_id`) REFERENCES `faq_topics` (`id`) ON DELETE SET NULL;

--
-- Constraints for table `feedbacks`
--
ALTER TABLE `feedbacks`
  ADD CONSTRAINT `feedbacks_customer_id_foreign` FOREIGN KEY (`customer_id`) REFERENCES `customers` (`id`) ON DELETE CASCADE;

--
-- Constraints for table `inventories`
--
ALTER TABLE `inventories`
  ADD CONSTRAINT `inventories_product_id_foreign` FOREIGN KEY (`product_id`) REFERENCES `products` (`id`) ON DELETE CASCADE;

--
-- Constraints for table `inventory_packaging`
--
ALTER TABLE `inventory_packaging`
  ADD CONSTRAINT `inventory_packaging_inventory_id_foreign` FOREIGN KEY (`inventory_id`) REFERENCES `inventories` (`id`) ON DELETE CASCADE,
  ADD CONSTRAINT `inventory_packaging_packaging_id_foreign` FOREIGN KEY (`packaging_id`) REFERENCES `packagings` (`id`) ON DELETE CASCADE;

--
-- Constraints for table `orders`
--
ALTER TABLE `orders`
  ADD CONSTRAINT `orders_customer_id_foreign` FOREIGN KEY (`customer_id`) REFERENCES `customers` (`id`) ON DELETE SET NULL;

--
-- Constraints for table `order_items`
--
ALTER TABLE `order_items`
  ADD CONSTRAINT `order_items_inventory_id_foreign` FOREIGN KEY (`inventory_id`) REFERENCES `inventories` (`id`) ON DELETE SET NULL,
  ADD CONSTRAINT `order_items_order_id_foreign` FOREIGN KEY (`order_id`) REFERENCES `orders` (`id`) ON DELETE CASCADE;

--
-- Constraints for table `permissions`
--
ALTER TABLE `permissions`
  ADD CONSTRAINT `permissions_module_id_foreign` FOREIGN KEY (`module_id`) REFERENCES `modules` (`id`) ON DELETE CASCADE;

--
-- Constraints for table `permission_role`
--
ALTER TABLE `permission_role`
  ADD CONSTRAINT `permission_role_permission_id_foreign` FOREIGN KEY (`permission_id`) REFERENCES `permissions` (`id`) ON DELETE CASCADE,
  ADD CONSTRAINT `permission_role_role_id_foreign` FOREIGN KEY (`role_id`) REFERENCES `roles` (`id`) ON DELETE CASCADE;

--
-- Constraints for table `refunds`
--
ALTER TABLE `refunds`
  ADD CONSTRAINT `refunds_order_id_foreign` FOREIGN KEY (`order_id`) REFERENCES `orders` (`id`) ON DELETE CASCADE;

--
-- Constraints for table `replies`
--
ALTER TABLE `replies`
  ADD CONSTRAINT `replies_user_id_foreign` FOREIGN KEY (`user_id`) REFERENCES `users` (`id`) ON DELETE SET NULL;

--
-- Constraints for table `shipping_rates`
--
ALTER TABLE `shipping_rates`
  ADD CONSTRAINT `shipping_rates_shipping_zone_id_foreign` FOREIGN KEY (`shipping_zone_id`) REFERENCES `shipping_zones` (`id`) ON DELETE CASCADE;

--
-- Constraints for table `shops`
--
ALTER TABLE `shops`
  ADD CONSTRAINT `shops_owner_id_foreign` FOREIGN KEY (`owner_id`) REFERENCES `users` (`id`) ON DELETE CASCADE;

--
-- Constraints for table `shop_payment_methods`
--
ALTER TABLE `shop_payment_methods`
  ADD CONSTRAINT `shop_payment_methods_payment_method_id_foreign` FOREIGN KEY (`payment_method_id`) REFERENCES `payment_methods` (`id`) ON DELETE CASCADE,
  ADD CONSTRAINT `shop_payment_methods_shop_id_foreign` FOREIGN KEY (`shop_id`) REFERENCES `shops` (`id`) ON DELETE CASCADE;

--
-- Constraints for table `states`
--
ALTER TABLE `states`
  ADD CONSTRAINT `states_country_id_foreign` FOREIGN KEY (`country_id`) REFERENCES `countries` (`id`) ON DELETE CASCADE;

--
-- Constraints for table `taggables`
--
ALTER TABLE `taggables`
  ADD CONSTRAINT `taggables_tag_id_foreign` FOREIGN KEY (`tag_id`) REFERENCES `tags` (`id`) ON DELETE CASCADE;

--
-- Constraints for table `tickets`
--
ALTER TABLE `tickets`
  ADD CONSTRAINT `tickets_category_id_foreign` FOREIGN KEY (`category_id`) REFERENCES `ticket_categories` (`id`) ON DELETE SET NULL,
  ADD CONSTRAINT `tickets_user_id_foreign` FOREIGN KEY (`user_id`) REFERENCES `users` (`id`) ON DELETE SET NULL;

--
-- Constraints for table `transactions`
--
ALTER TABLE `transactions`
  ADD CONSTRAINT `transactions_wallet_id_foreign` FOREIGN KEY (`wallet_id`) REFERENCES `wallets` (`id`) ON DELETE CASCADE;

--
-- Constraints for table `transfers`
--
ALTER TABLE `transfers`
  ADD CONSTRAINT `transfers_deposit_id_foreign` FOREIGN KEY (`deposit_id`) REFERENCES `transactions` (`id`) ON DELETE CASCADE,
  ADD CONSTRAINT `transfers_withdraw_id_foreign` FOREIGN KEY (`withdraw_id`) REFERENCES `transactions` (`id`) ON DELETE CASCADE;

--
-- Constraints for table `user_warehouse`
--
ALTER TABLE `user_warehouse`
  ADD CONSTRAINT `user_warehouse_user_id_foreign` FOREIGN KEY (`user_id`) REFERENCES `users` (`id`) ON DELETE CASCADE,
  ADD CONSTRAINT `user_warehouse_warehouse_id_foreign` FOREIGN KEY (`warehouse_id`) REFERENCES `warehouses` (`id`) ON DELETE CASCADE;

--
-- Constraints for table `warehouses`
--
ALTER TABLE `warehouses`
  ADD CONSTRAINT `warehouses_shop_id_foreign` FOREIGN KEY (`shop_id`) REFERENCES `shops` (`id`) ON DELETE CASCADE;

--
-- Constraints for table `wishlists`
--
ALTER TABLE `wishlists`
  ADD CONSTRAINT `wishlists_inventory_id_foreign` FOREIGN KEY (`inventory_id`) REFERENCES `inventories` (`id`) ON DELETE SET NULL,
  ADD CONSTRAINT `wishlists_product_id_foreign` FOREIGN KEY (`product_id`) REFERENCES `products` (`id`) ON DELETE CASCADE;
COMMIT;

