-- https://www.phpmyadmin.net/
--

START TRANSACTION;



--
-- Database: `zcart_new`
--

-- --------------------------------------------------------

--
-- Table structure for table `activity_log`
--

CREATE TABLE `activity_log` (
  `id` bigint UNSIGNED NOT NULL,
  `log_name` varchar(255) CHARACTER SET utf8mb3 COLLATE utf8mb3_unicode_ci DEFAULT NULL,
  `description` text CHARACTER SET utf8mb3 COLLATE utf8mb3_unicode_ci NOT NULL,
  `subject_id` bigint DEFAULT NULL,
  `subject_type` varchar(255) CHARACTER SET utf8mb3 COLLATE utf8mb3_unicode_ci DEFAULT NULL,
  `causer_id` int DEFAULT NULL,
  `causer_type` varchar(255) CHARACTER SET utf8mb3 COLLATE utf8mb3_unicode_ci DEFAULT NULL,
  `properties` text CHARACTER SET utf8mb3 COLLATE utf8mb3_unicode_ci,
  `created_at` timestamp NULL DEFAULT NULL,
  `updated_at` timestamp NULL DEFAULT NULL
) ENGINE=InnoDB DEFAULT CHARSET=utf8mb3 COLLATE=utf8mb3_unicode_ci;

--
-- Dumping data for table `activity_log`
--

INSERT INTO `activity_log` (`id`, `log_name`, `description`, `subject_id`, `subject_type`, `causer_id`, `causer_type`, `properties`, `created_at`, `updated_at`) VALUES
(1, 'order', 'created', 1, 'App\\Models\\Order', NULL, NULL, '{\"attributes\":{\"order_number\":\"#180700\",\"shop_id\":2,\"customer_id\":11,\"ship_to\":null,\"shipping_zone_id\":null,\"shipping_rate_id\":12,\"packaging_id\":null,\"item_count\":3,\"quantity\":3,\"shipping_weight\":\"524.000000\",\"taxrate\":null,\"total\":\"263.064485\",\"discount\":null,\"shipping\":\"3.000000\",\"packaging\":null,\"handling\":null,\"taxes\":null,\"grand_total\":\"266.064485\",\"billing_address\":\"<address>5876 Zulauf Well<br\\/>Morris Ways<br\\/>Sisterside, <br\\/> 18766-8046<br\\/><abbr title=\\\"Phone\\\">P:<\\/abbr> +1.283.389.4871<\\/address>\",\"shipping_address\":\"<address>5876 Zulauf Well<br\\/>Morris Ways<br\\/>Sisterside, <br\\/> 18766-8046<br\\/><abbr title=\\\"Phone\\\">P:<\\/abbr> +1.283.389.4871<\\/address>\",\"shipping_date\":null,\"delivery_date\":null,\"tracking_id\":\"RR123456789CN\",\"coupon_id\":null,\"carrier_id\":null,\"message_to_customer\":null,\"send_invoice_to_customer\":null,\"admin_note\":\"Possimus iste omnis non et quam.\",\"buyer_note\":\"Voluptatem vitae et cum eveniet iure sapiente.\",\"payment_method_id\":4,\"payment_instruction\":null,\"payment_ref_id\":null,\"payment_date\":null,\"payment_status\":1,\"order_status_id\":1,\"goods_received\":null,\"approved\":null,\"feedback_id\":null,\"disputed\":null,\"email\":null,\"customer_phone_number\":null,\"fulfilment_type\":\"deliver\",\"device_id\":null,\"razorpay_order_id\":null,\"razorpay_payment_id\":null,\"razorpay_signature\":null}}', '2022-08-02 13:57:50', '2022-08-02 13:57:50'),
(2, 'order', 'created', 2, 'App\\Models\\Order', NULL, NULL, '{\"attributes\":{\"order_number\":\"#746018\",\"shop_id\":5,\"customer_id\":14,\"ship_to\":null,\"shipping_zone_id\":null,\"shipping_rate_id\":47,\"packaging_id\":null,\"item_count\":7,\"quantity\":7,\"shipping_weight\":\"677.000000\",\"taxrate\":null,\"total\":\"313.563420\",\"discount\":null,\"shipping\":\"7.000000\",\"packaging\":null,\"handling\":null,\"taxes\":null,\"grand_total\":\"320.563420\",\"billing_address\":\"<address>146 Freddie Light Apt. 641<br\\/>Violet Ville<br\\/>Lake Pamelafurt, <br\\/> 66483-9624<br\\/><abbr title=\\\"Phone\\\">P:<\\/abbr> +1-747-686-9217<\\/address>\",\"shipping_address\":\"<address>146 Freddie Light Apt. 641<br\\/>Violet Ville<br\\/>Lake Pamelafurt, <br\\/> 66483-9624<br\\/><abbr title=\\\"Phone\\\">P:<\\/abbr> +1-747-686-9217<\\/address>\",\"shipping_date\":null,\"delivery_date\":null,\"tracking_id\":\"RR123456789CN\",\"coupon_id\":null,\"carrier_id\":null,\"message_to_customer\":null,\"send_invoice_to_customer\":null,\"admin_note\":\"Et autem sit quas ut aut.\",\"buyer_note\":\"Molestiae quae dolor amet qui neque ipsam.\",\"payment_method_id\":2,\"payment_instruction\":null,\"payment_ref_id\":null,\"payment_date\":null,\"payment_status\":1,\"order_status_id\":1,\"goods_received\":null,\"approved\":null,\"feedback_id\":null,\"disputed\":null,\"email\":null,\"customer_phone_number\":null,\"fulfilment_type\":\"deliver\",\"device_id\":null,\"razorpay_order_id\":null,\"razorpay_payment_id\":null,\"razorpay_signature\":null}}', '2022-08-02 13:57:50', '2022-08-02 13:57:50'),
(3, 'order', 'created', 3, 'App\\Models\\Order', NULL, NULL, '{\"attributes\":{\"order_number\":\"#686739\",\"shop_id\":4,\"customer_id\":8,\"ship_to\":null,\"shipping_zone_id\":null,\"shipping_rate_id\":44,\"packaging_id\":null,\"item_count\":9,\"quantity\":9,\"shipping_weight\":\"755.000000\",\"taxrate\":null,\"total\":\"358.284261\",\"discount\":null,\"shipping\":\"9.000000\",\"packaging\":null,\"handling\":null,\"taxes\":null,\"grand_total\":\"367.284261\",\"billing_address\":\"<address>88972 Schowalter Branch<br\\/>Precious Streets<br\\/>Trantowside, <br\\/> 16607-2322<br\\/><abbr title=\\\"Phone\\\">P:<\\/abbr> (469) 408-1777<\\/address>\",\"shipping_address\":\"<address>88972 Schowalter Branch<br\\/>Precious Streets<br\\/>Trantowside, <br\\/> 16607-2322<br\\/><abbr title=\\\"Phone\\\">P:<\\/abbr> (469) 408-1777<\\/address>\",\"shipping_date\":null,\"delivery_date\":null,\"tracking_id\":\"RR123456789CN\",\"coupon_id\":null,\"carrier_id\":null,\"message_to_customer\":null,\"send_invoice_to_customer\":null,\"admin_note\":\"Id ut sunt et adipisci sunt quaerat aperiam quo.\",\"buyer_note\":\"Occaecati dicta ipsum dolorem nulla officiis voluptates.\",\"payment_method_id\":3,\"payment_instruction\":null,\"payment_ref_id\":null,\"payment_date\":null,\"payment_status\":1,\"order_status_id\":1,\"goods_received\":null,\"approved\":null,\"feedback_id\":null,\"disputed\":null,\"email\":null,\"customer_phone_number\":null,\"fulfilment_type\":\"deliver\",\"device_id\":null,\"razorpay_order_id\":null,\"razorpay_payment_id\":null,\"razorpay_signature\":null}}', '2022-08-02 13:57:50', '2022-08-02 13:57:50'),
(4, 'order', 'created', 4, 'App\\Models\\Order', NULL, NULL, '{\"attributes\":{\"order_number\":\"#247468\",\"shop_id\":4,\"customer_id\":6,\"ship_to\":null,\"shipping_zone_id\":null,\"shipping_rate_id\":23,\"packaging_id\":null,\"item_count\":1,\"quantity\":1,\"shipping_weight\":\"344.000000\",\"taxrate\":null,\"total\":\"268.023505\",\"discount\":null,\"shipping\":\"1.000000\",\"packaging\":null,\"handling\":null,\"taxes\":null,\"grand_total\":\"269.023505\",\"billing_address\":\"<address>4296 Kenyatta Mount Apt. 269<br\\/>Zieme Grove<br\\/>Lydaborough, <br\\/>Corse 98689-6543<br\\/><abbr title=\\\"Phone\\\">P:<\\/abbr> 806.690.8834<\\/address>\",\"shipping_address\":\"<address>4296 Kenyatta Mount Apt. 269<br\\/>Zieme Grove<br\\/>Lydaborough, <br\\/>Corse 98689-6543<br\\/><abbr title=\\\"Phone\\\">P:<\\/abbr> 806.690.8834<\\/address>\",\"shipping_date\":null,\"delivery_date\":null,\"tracking_id\":\"RR123456789CN\",\"coupon_id\":null,\"carrier_id\":null,\"message_to_customer\":null,\"send_invoice_to_customer\":null,\"admin_note\":\"Non explicabo facere sed.\",\"buyer_note\":\"Magnam qui aut quo laboriosam eum error consequatur enim.\",\"payment_method_id\":1,\"payment_instruction\":null,\"payment_ref_id\":null,\"payment_date\":null,\"payment_status\":1,\"order_status_id\":1,\"goods_received\":null,\"approved\":null,\"feedback_id\":null,\"disputed\":null,\"email\":null,\"customer_phone_number\":null,\"fulfilment_type\":\"deliver\",\"device_id\":null,\"razorpay_order_id\":null,\"razorpay_payment_id\":null,\"razorpay_signature\":null}}', '2022-08-02 13:57:50', '2022-08-02 13:57:50'),
(5, 'order', 'created', 5, 'App\\Models\\Order', NULL, NULL, '{\"attributes\":{\"order_number\":\"#496533\",\"shop_id\":4,\"customer_id\":4,\"ship_to\":null,\"shipping_zone_id\":null,\"shipping_rate_id\":28,\"packaging_id\":null,\"item_count\":3,\"quantity\":3,\"shipping_weight\":\"673.000000\",\"taxrate\":null,\"total\":\"368.720000\",\"discount\":null,\"shipping\":\"3.000000\",\"packaging\":null,\"handling\":null,\"taxes\":null,\"grand_total\":\"371.720000\",\"billing_address\":\"<address>5606 Ida Radial Apt. 734<br\\/>Lueilwitz Coves<br\\/>South Edna, <br\\/> 90806-6337<br\\/><abbr title=\\\"Phone\\\">P:<\\/abbr> 385-338-8251<\\/address>\",\"shipping_address\":\"<address>5606 Ida Radial Apt. 734<br\\/>Lueilwitz Coves<br\\/>South Edna, <br\\/> 90806-6337<br\\/><abbr title=\\\"Phone\\\">P:<\\/abbr> 385-338-8251<\\/address>\",\"shipping_date\":null,\"delivery_date\":null,\"tracking_id\":\"RR123456789CN\",\"coupon_id\":null,\"carrier_id\":null,\"message_to_customer\":null,\"send_invoice_to_customer\":null,\"admin_note\":\"Possimus ut laborum placeat veritatis saepe deserunt aut iste.\",\"buyer_note\":\"Explicabo dolorem culpa odit ut cupiditate eligendi et.\",\"payment_method_id\":2,\"payment_instruction\":null,\"payment_ref_id\":null,\"payment_date\":null,\"payment_status\":1,\"order_status_id\":1,\"goods_received\":null,\"approved\":null,\"feedback_id\":null,\"disputed\":null,\"email\":null,\"customer_phone_number\":null,\"fulfilment_type\":\"deliver\",\"device_id\":null,\"razorpay_order_id\":null,\"razorpay_payment_id\":null,\"razorpay_signature\":null}}', '2022-08-02 13:57:50', '2022-08-02 13:57:50'),
(6, 'order', 'created', 6, 'App\\Models\\Order', NULL, NULL, '{\"attributes\":{\"order_number\":\"#474262\",\"shop_id\":3,\"customer_id\":11,\"ship_to\":null,\"shipping_zone_id\":null,\"shipping_rate_id\":26,\"packaging_id\":null,\"item_count\":9,\"quantity\":9,\"shipping_weight\":\"548.000000\",\"taxrate\":null,\"total\":\"238.800000\",\"discount\":null,\"shipping\":\"9.000000\",\"packaging\":null,\"handling\":null,\"taxes\":null,\"grand_total\":\"247.800000\",\"billing_address\":\"<address>5876 Zulauf Well<br\\/>Morris Ways<br\\/>Sisterside, <br\\/> 18766-8046<br\\/><abbr title=\\\"Phone\\\">P:<\\/abbr> +1.283.389.4871<\\/address>\",\"shipping_address\":\"<address>5876 Zulauf Well<br\\/>Morris Ways<br\\/>Sisterside, <br\\/> 18766-8046<br\\/><abbr title=\\\"Phone\\\">P:<\\/abbr> +1.283.389.4871<\\/address>\",\"shipping_date\":null,\"delivery_date\":null,\"tracking_id\":\"RR123456789CN\",\"coupon_id\":null,\"carrier_id\":null,\"message_to_customer\":null,\"send_invoice_to_customer\":null,\"admin_note\":\"Illum necessitatibus quia distinctio quia.\",\"buyer_note\":\"Minima iure et eveniet voluptatibus et et qui maiores.\",\"payment_method_id\":1,\"payment_instruction\":null,\"payment_ref_id\":null,\"payment_date\":null,\"payment_status\":1,\"order_status_id\":1,\"goods_received\":null,\"approved\":null,\"feedback_id\":null,\"disputed\":null,\"email\":null,\"customer_phone_number\":null,\"fulfilment_type\":\"deliver\",\"device_id\":null,\"razorpay_order_id\":null,\"razorpay_payment_id\":null,\"razorpay_signature\":null}}', '2022-08-02 13:57:50', '2022-08-02 13:57:50'),
(7, 'order', 'created', 7, 'App\\Models\\Order', NULL, NULL, '{\"attributes\":{\"order_number\":\"#488139\",\"shop_id\":5,\"customer_id\":10,\"ship_to\":null,\"shipping_zone_id\":null,\"shipping_rate_id\":15,\"packaging_id\":null,\"item_count\":9,\"quantity\":9,\"shipping_weight\":\"151.000000\",\"taxrate\":null,\"total\":\"317.710000\",\"discount\":null,\"shipping\":\"9.000000\",\"packaging\":null,\"handling\":null,\"taxes\":null,\"grand_total\":\"326.710000\",\"billing_address\":\"<address>51889 Kole Mission<br\\/>Wisoky Springs<br\\/>Spencerview, <br\\/> 48088<br\\/><abbr title=\\\"Phone\\\">P:<\\/abbr> 1-657-445-1455<\\/address>\",\"shipping_address\":\"<address>51889 Kole Mission<br\\/>Wisoky Springs<br\\/>Spencerview, <br\\/> 48088<br\\/><abbr title=\\\"Phone\\\">P:<\\/abbr> 1-657-445-1455<\\/address>\",\"shipping_date\":null,\"delivery_date\":null,\"tracking_id\":\"RR123456789CN\",\"coupon_id\":null,\"carrier_id\":null,\"message_to_customer\":null,\"send_invoice_to_customer\":null,\"admin_note\":\"Maiores aspernatur corporis totam veniam sequi.\",\"buyer_note\":\"Atque accusantium fugiat officia eligendi dolorum.\",\"payment_method_id\":1,\"payment_instruction\":null,\"payment_ref_id\":null,\"payment_date\":null,\"payment_status\":1,\"order_status_id\":1,\"goods_received\":null,\"approved\":null,\"feedback_id\":null,\"disputed\":null,\"email\":null,\"customer_phone_number\":null,\"fulfilment_type\":\"deliver\",\"device_id\":null,\"razorpay_order_id\":null,\"razorpay_payment_id\":null,\"razorpay_signature\":null}}', '2022-08-02 13:57:50', '2022-08-02 13:57:50'),
(8, 'order', 'created', 8, 'App\\Models\\Order', NULL, NULL, '{\"attributes\":{\"order_number\":\"#032872\",\"shop_id\":2,\"customer_id\":7,\"ship_to\":null,\"shipping_zone_id\":null,\"shipping_rate_id\":49,\"packaging_id\":null,\"item_count\":5,\"quantity\":5,\"shipping_weight\":\"596.000000\",\"taxrate\":null,\"total\":\"172.681003\",\"discount\":null,\"shipping\":\"5.000000\",\"packaging\":null,\"handling\":null,\"taxes\":null,\"grand_total\":\"177.681003\",\"billing_address\":\"<address>98879 Bud Groves Apt. 375<br\\/>Geraldine Port<br\\/>Rowehaven, <br\\/>Kampong Thum 79605-3218<br\\/><abbr title=\\\"Phone\\\">P:<\\/abbr> +1-631-513-2222<\\/address>\",\"shipping_address\":\"<address>98879 Bud Groves Apt. 375<br\\/>Geraldine Port<br\\/>Rowehaven, <br\\/>Kampong Thum 79605-3218<br\\/><abbr title=\\\"Phone\\\">P:<\\/abbr> +1-631-513-2222<\\/address>\",\"shipping_date\":null,\"delivery_date\":null,\"tracking_id\":\"RR123456789CN\",\"coupon_id\":null,\"carrier_id\":null,\"message_to_customer\":null,\"send_invoice_to_customer\":null,\"admin_note\":\"Sit praesentium possimus vel cum saepe.\",\"buyer_note\":\"Ut provident ducimus voluptatem qui explicabo culpa.\",\"payment_method_id\":2,\"payment_instruction\":null,\"payment_ref_id\":null,\"payment_date\":null,\"payment_status\":1,\"order_status_id\":1,\"goods_received\":null,\"approved\":null,\"feedback_id\":null,\"disputed\":null,\"email\":null,\"customer_phone_number\":null,\"fulfilment_type\":\"deliver\",\"device_id\":null,\"razorpay_order_id\":null,\"razorpay_payment_id\":null,\"razorpay_signature\":null}}', '2022-08-02 13:57:50', '2022-08-02 13:57:50'),
(9, 'order', 'created', 9, 'App\\Models\\Order', NULL, NULL, '{\"attributes\":{\"order_number\":\"#000830\",\"shop_id\":3,\"customer_id\":13,\"ship_to\":null,\"shipping_zone_id\":null,\"shipping_rate_id\":38,\"packaging_id\":null,\"item_count\":7,\"quantity\":7,\"shipping_weight\":\"551.000000\",\"taxrate\":null,\"total\":\"123.999070\",\"discount\":null,\"shipping\":\"7.000000\",\"packaging\":null,\"handling\":null,\"taxes\":null,\"grand_total\":\"130.999070\",\"billing_address\":\"<address>79160 Addison Views Suite 003<br\\/>Stevie Mountain<br\\/>North Chloe, <br\\/> 52366-7864<br\\/><abbr title=\\\"Phone\\\">P:<\\/abbr> +1-410-235-7104<\\/address>\",\"shipping_address\":\"<address>79160 Addison Views Suite 003<br\\/>Stevie Mountain<br\\/>North Chloe, <br\\/> 52366-7864<br\\/><abbr title=\\\"Phone\\\">P:<\\/abbr> +1-410-235-7104<\\/address>\",\"shipping_date\":null,\"delivery_date\":null,\"tracking_id\":\"RR123456789CN\",\"coupon_id\":null,\"carrier_id\":null,\"message_to_customer\":null,\"send_invoice_to_customer\":null,\"admin_note\":\"Vel quaerat aut commodi voluptatem earum.\",\"buyer_note\":\"Dicta dolores illo voluptas quia maxime inventore quae tempore.\",\"payment_method_id\":2,\"payment_instruction\":null,\"payment_ref_id\":null,\"payment_date\":null,\"payment_status\":1,\"order_status_id\":1,\"goods_received\":null,\"approved\":null,\"feedback_id\":null,\"disputed\":null,\"email\":null,\"customer_phone_number\":null,\"fulfilment_type\":\"deliver\",\"device_id\":null,\"razorpay_order_id\":null,\"razorpay_payment_id\":null,\"razorpay_signature\":null}}', '2022-08-02 13:57:50', '2022-08-02 13:57:50'),
(10, 'order', 'created', 10, 'App\\Models\\Order', NULL, NULL, '{\"attributes\":{\"order_number\":\"#879754\",\"shop_id\":1,\"customer_id\":9,\"ship_to\":null,\"shipping_zone_id\":null,\"shipping_rate_id\":44,\"packaging_id\":null,\"item_count\":8,\"quantity\":8,\"shipping_weight\":\"511.000000\",\"taxrate\":null,\"total\":\"174.538000\",\"discount\":null,\"shipping\":\"8.000000\",\"packaging\":null,\"handling\":null,\"taxes\":null,\"grand_total\":\"182.538000\",\"billing_address\":\"<address>159 Caden Mountain Suite 367<br\\/>Felipa Spurs<br\\/>Lake Aidan, <br\\/> 13150<br\\/><abbr title=\\\"Phone\\\">P:<\\/abbr> 240.641.1285<\\/address>\",\"shipping_address\":\"<address>159 Caden Mountain Suite 367<br\\/>Felipa Spurs<br\\/>Lake Aidan, <br\\/> 13150<br\\/><abbr title=\\\"Phone\\\">P:<\\/abbr> 240.641.1285<\\/address>\",\"shipping_date\":null,\"delivery_date\":null,\"tracking_id\":\"RR123456789CN\",\"coupon_id\":null,\"carrier_id\":null,\"message_to_customer\":null,\"send_invoice_to_customer\":null,\"admin_note\":\"Saepe fuga qui aut est itaque quos.\",\"buyer_note\":\"Quod tempore blanditiis autem error eius asperiores.\",\"payment_method_id\":2,\"payment_instruction\":null,\"payment_ref_id\":null,\"payment_date\":null,\"payment_status\":1,\"order_status_id\":1,\"goods_received\":null,\"approved\":null,\"feedback_id\":null,\"disputed\":null,\"email\":null,\"customer_phone_number\":null,\"fulfilment_type\":\"deliver\",\"device_id\":null,\"razorpay_order_id\":null,\"razorpay_payment_id\":null,\"razorpay_signature\":null}}', '2022-08-02 13:57:50', '2022-08-02 13:57:50'),
(11, 'order', 'created', 11, 'App\\Models\\Order', NULL, NULL, '{\"attributes\":{\"order_number\":\"#795595\",\"shop_id\":1,\"customer_id\":14,\"ship_to\":null,\"shipping_zone_id\":null,\"shipping_rate_id\":38,\"packaging_id\":null,\"item_count\":2,\"quantity\":2,\"shipping_weight\":\"519.000000\",\"taxrate\":null,\"total\":\"347.460761\",\"discount\":null,\"shipping\":\"2.000000\",\"packaging\":null,\"handling\":null,\"taxes\":null,\"grand_total\":\"349.460761\",\"billing_address\":\"<address>146 Freddie Light Apt. 641<br\\/>Violet Ville<br\\/>Lake Pamelafurt, <br\\/> 66483-9624<br\\/><abbr title=\\\"Phone\\\">P:<\\/abbr> +1-747-686-9217<\\/address>\",\"shipping_address\":\"<address>146 Freddie Light Apt. 641<br\\/>Violet Ville<br\\/>Lake Pamelafurt, <br\\/> 66483-9624<br\\/><abbr title=\\\"Phone\\\">P:<\\/abbr> +1-747-686-9217<\\/address>\",\"shipping_date\":null,\"delivery_date\":null,\"tracking_id\":\"RR123456789CN\",\"coupon_id\":null,\"carrier_id\":null,\"message_to_customer\":null,\"send_invoice_to_customer\":null,\"admin_note\":\"Suscipit et facere consequatur placeat ullam qui fuga.\",\"buyer_note\":\"Voluptas molestiae libero reiciendis dolorem harum voluptatem.\",\"payment_method_id\":3,\"payment_instruction\":null,\"payment_ref_id\":null,\"payment_date\":null,\"payment_status\":1,\"order_status_id\":1,\"goods_received\":null,\"approved\":null,\"feedback_id\":null,\"disputed\":null,\"email\":null,\"customer_phone_number\":null,\"fulfilment_type\":\"deliver\",\"device_id\":null,\"razorpay_order_id\":null,\"razorpay_payment_id\":null,\"razorpay_signature\":null}}', '2022-08-02 13:57:50', '2022-08-02 13:57:50'),
(12, 'order', 'created', 12, 'App\\Models\\Order', NULL, NULL, '{\"attributes\":{\"order_number\":\"#335223\",\"shop_id\":3,\"customer_id\":1,\"ship_to\":null,\"shipping_zone_id\":null,\"shipping_rate_id\":24,\"packaging_id\":null,\"item_count\":6,\"quantity\":6,\"shipping_weight\":\"262.000000\",\"taxrate\":null,\"total\":\"279.366000\",\"discount\":null,\"shipping\":\"6.000000\",\"packaging\":null,\"handling\":null,\"taxes\":null,\"grand_total\":\"285.366000\",\"billing_address\":\"<address>1537 Tremblay Wells<br\\/>Brandt Cliffs<br\\/>South Eusebio, <br\\/> 64251-3760<br\\/><abbr title=\\\"Phone\\\">P:<\\/abbr> 412-933-3397<\\/address>\",\"shipping_address\":\"<address>1537 Tremblay Wells<br\\/>Brandt Cliffs<br\\/>South Eusebio, <br\\/> 64251-3760<br\\/><abbr title=\\\"Phone\\\">P:<\\/abbr> 412-933-3397<\\/address>\",\"shipping_date\":null,\"delivery_date\":null,\"tracking_id\":\"RR123456789CN\",\"coupon_id\":null,\"carrier_id\":null,\"message_to_customer\":null,\"send_invoice_to_customer\":null,\"admin_note\":\"Saepe blanditiis numquam praesentium quidem delectus quasi sed et.\",\"buyer_note\":\"Tempore ut aut itaque fuga quisquam.\",\"payment_method_id\":3,\"payment_instruction\":null,\"payment_ref_id\":null,\"payment_date\":null,\"payment_status\":1,\"order_status_id\":1,\"goods_received\":null,\"approved\":null,\"feedback_id\":null,\"disputed\":null,\"email\":null,\"customer_phone_number\":null,\"fulfilment_type\":\"deliver\",\"device_id\":null,\"razorpay_order_id\":null,\"razorpay_payment_id\":null,\"razorpay_signature\":null}}', '2022-08-02 13:57:50', '2022-08-02 13:57:50'),
(13, 'order', 'created', 13, 'App\\Models\\Order', NULL, NULL, '{\"attributes\":{\"order_number\":\"#051437\",\"shop_id\":4,\"customer_id\":7,\"ship_to\":null,\"shipping_zone_id\":null,\"shipping_rate_id\":16,\"packaging_id\":null,\"item_count\":2,\"quantity\":2,\"shipping_weight\":\"379.000000\",\"taxrate\":null,\"total\":\"246.205728\",\"discount\":null,\"shipping\":\"2.000000\",\"packaging\":null,\"handling\":null,\"taxes\":null,\"grand_total\":\"248.205728\",\"billing_address\":\"<address>98879 Bud Groves Apt. 375<br\\/>Geraldine Port<br\\/>Rowehaven, <br\\/>Kampong Thum 79605-3218<br\\/><abbr title=\\\"Phone\\\">P:<\\/abbr> +1-631-513-2222<\\/address>\",\"shipping_address\":\"<address>98879 Bud Groves Apt. 375<br\\/>Geraldine Port<br\\/>Rowehaven, <br\\/>Kampong Thum 79605-3218<br\\/><abbr title=\\\"Phone\\\">P:<\\/abbr> +1-631-513-2222<\\/address>\",\"shipping_date\":null,\"delivery_date\":null,\"tracking_id\":\"RR123456789CN\",\"coupon_id\":null,\"carrier_id\":null,\"message_to_customer\":null,\"send_invoice_to_customer\":null,\"admin_note\":\"Sit maiores molestiae soluta magnam earum.\",\"buyer_note\":\"Cum accusamus in magnam sit.\",\"payment_method_id\":3,\"payment_instruction\":null,\"payment_ref_id\":null,\"payment_date\":null,\"payment_status\":1,\"order_status_id\":1,\"goods_received\":null,\"approved\":null,\"feedback_id\":null,\"disputed\":null,\"email\":null,\"customer_phone_number\":null,\"fulfilment_type\":\"deliver\",\"device_id\":null,\"razorpay_order_id\":null,\"razorpay_payment_id\":null,\"razorpay_signature\":null}}', '2022-08-02 13:57:50', '2022-08-02 13:57:50'),
(14, 'order', 'created', 14, 'App\\Models\\Order', NULL, NULL, '{\"attributes\":{\"order_number\":\"#809175\",\"shop_id\":3,\"customer_id\":12,\"ship_to\":null,\"shipping_zone_id\":null,\"shipping_rate_id\":39,\"packaging_id\":null,\"item_count\":9,\"quantity\":9,\"shipping_weight\":\"560.000000\",\"taxrate\":null,\"total\":\"240.622000\",\"discount\":null,\"shipping\":\"9.000000\",\"packaging\":null,\"handling\":null,\"taxes\":null,\"grand_total\":\"249.622000\",\"billing_address\":\"<address>2268 Ludie Burg Suite 046<br\\/>Pfeffer Mall<br\\/>Kayceeberg, <br\\/> 56126<br\\/><abbr title=\\\"Phone\\\">P:<\\/abbr> 763-615-3061<\\/address>\",\"shipping_address\":\"<address>2268 Ludie Burg Suite 046<br\\/>Pfeffer Mall<br\\/>Kayceeberg, <br\\/> 56126<br\\/><abbr title=\\\"Phone\\\">P:<\\/abbr> 763-615-3061<\\/address>\",\"shipping_date\":null,\"delivery_date\":null,\"tracking_id\":\"RR123456789CN\",\"coupon_id\":null,\"carrier_id\":null,\"message_to_customer\":null,\"send_invoice_to_customer\":null,\"admin_note\":\"Itaque aliquam quod quam nam accusamus minus.\",\"buyer_note\":\"Commodi ad eos quia aut omnis omnis eum iste.\",\"payment_method_id\":3,\"payment_instruction\":null,\"payment_ref_id\":null,\"payment_date\":null,\"payment_status\":1,\"order_status_id\":1,\"goods_received\":null,\"approved\":null,\"feedback_id\":null,\"disputed\":null,\"email\":null,\"customer_phone_number\":null,\"fulfilment_type\":\"deliver\",\"device_id\":null,\"razorpay_order_id\":null,\"razorpay_payment_id\":null,\"razorpay_signature\":null}}', '2022-08-02 13:57:50', '2022-08-02 13:57:50'),
(15, 'order', 'created', 15, 'App\\Models\\Order', NULL, NULL, '{\"attributes\":{\"order_number\":\"#952515\",\"shop_id\":1,\"customer_id\":5,\"ship_to\":null,\"shipping_zone_id\":null,\"shipping_rate_id\":25,\"packaging_id\":null,\"item_count\":1,\"quantity\":1,\"shipping_weight\":\"464.000000\",\"taxrate\":null,\"total\":\"147.880000\",\"discount\":null,\"shipping\":\"1.000000\",\"packaging\":null,\"handling\":null,\"taxes\":null,\"grand_total\":\"148.880000\",\"billing_address\":\"<address>69481 Quitzon Trail<br\\/>Parker Drives<br\\/>Rosenbaumview, <br\\/> 51056-6386<br\\/><abbr title=\\\"Phone\\\">P:<\\/abbr> +19474510747<\\/address>\",\"shipping_address\":\"<address>69481 Quitzon Trail<br\\/>Parker Drives<br\\/>Rosenbaumview, <br\\/> 51056-6386<br\\/><abbr title=\\\"Phone\\\">P:<\\/abbr> +19474510747<\\/address>\",\"shipping_date\":null,\"delivery_date\":null,\"tracking_id\":\"RR123456789CN\",\"coupon_id\":null,\"carrier_id\":null,\"message_to_customer\":null,\"send_invoice_to_customer\":null,\"admin_note\":\"Maiores labore delectus et veritatis.\",\"buyer_note\":\"Voluptatum repellat velit non et velit.\",\"payment_method_id\":2,\"payment_instruction\":null,\"payment_ref_id\":null,\"payment_date\":null,\"payment_status\":1,\"order_status_id\":1,\"goods_received\":null,\"approved\":null,\"feedback_id\":null,\"disputed\":null,\"email\":null,\"customer_phone_number\":null,\"fulfilment_type\":\"deliver\",\"device_id\":null,\"razorpay_order_id\":null,\"razorpay_payment_id\":null,\"razorpay_signature\":null}}', '2022-08-02 13:57:50', '2022-08-02 13:57:50'),
(16, 'disput', 'created', 1, 'App\\Models\\Dispute', NULL, NULL, '{\"attributes\":{\"shop_id\":5,\"dispute_type_id\":2,\"customer_id\":14,\"order_id\":2,\"product_id\":null,\"description\":\"Veritatis dolore animi non est voluptatem est. Sit fuga sunt ut cumque eaque doloribus.\",\"order_received\":false,\"return_goods\":true,\"refund_amount\":null,\"status\":2}}', '2022-08-02 13:57:50', '2022-08-02 13:57:50'),
(17, 'disput', 'created', 2, 'App\\Models\\Dispute', NULL, NULL, '{\"attributes\":{\"shop_id\":4,\"dispute_type_id\":1,\"customer_id\":4,\"order_id\":5,\"product_id\":null,\"description\":\"Nostrum sint quos molestiae harum quas incidunt. Fuga rem quia a alias. Eos qui a itaque eum.\",\"order_received\":false,\"return_goods\":true,\"refund_amount\":null,\"status\":4}}', '2022-08-02 13:57:50', '2022-08-02 13:57:50'),
(18, 'disput', 'created', 3, 'App\\Models\\Dispute', NULL, NULL, '{\"attributes\":{\"shop_id\":2,\"dispute_type_id\":2,\"customer_id\":7,\"order_id\":8,\"product_id\":null,\"description\":\"Iste omnis voluptas id sit iste. Recusandae labore ipsa in. Reiciendis delectus iste neque et.\",\"order_received\":true,\"return_goods\":true,\"refund_amount\":null,\"status\":5}}', '2022-08-02 13:57:50', '2022-08-02 13:57:50'),
(19, 'disput', 'created', 4, 'App\\Models\\Dispute', NULL, NULL, '{\"attributes\":{\"shop_id\":2,\"dispute_type_id\":1,\"customer_id\":11,\"order_id\":1,\"product_id\":null,\"description\":\"Delectus quae neque harum ut maxime labore. Accusantium ut velit mollitia ea officiis ut repellat.\",\"order_received\":false,\"return_goods\":false,\"refund_amount\":null,\"status\":2}}', '2022-08-02 13:57:50', '2022-08-02 13:57:50'),
(20, 'disput', 'created', 5, 'App\\Models\\Dispute', NULL, NULL, '{\"attributes\":{\"shop_id\":1,\"dispute_type_id\":7,\"customer_id\":14,\"order_id\":11,\"product_id\":null,\"description\":\"Et incidunt suscipit tempora dolorum dolor repellat dolor. Voluptas itaque quod facere minus in.\",\"order_received\":false,\"return_goods\":true,\"refund_amount\":null,\"status\":2}}', '2022-08-02 13:57:50', '2022-08-02 13:57:50'),
(21, 'order', 'created', 16, 'App\\Models\\Order', NULL, NULL, '{\"attributes\":{\"order_number\":\"#447467\",\"shop_id\":5,\"customer_id\":17,\"ship_to\":36,\"shipping_zone_id\":10,\"shipping_rate_id\":46,\"packaging_id\":null,\"item_count\":1,\"quantity\":1,\"shipping_weight\":\"1143.000000\",\"taxrate\":\"0.000000\",\"total\":\"264.419300\",\"discount\":\"0.000000\",\"shipping\":\"0.000000\",\"packaging\":null,\"handling\":\"2.000000\",\"taxes\":\"0.000000\",\"grand_total\":\"266.419300\",\"billing_address\":\"<address>,<br\\/>Jhon Mack,<br\\/>Gp-Ka 32\\/1 , South Sahazadpur, Gulshan,<br\\/>Sydney,<br\\/>Tasmania 1212,<br\\/>Australia,<br\\/>Phone: 01638574281,<br\\/><\\/address>\",\"shipping_address\":\"<address>,<br\\/>Jhon Mack,<br\\/>Gp-Ka 32\\/1 , South Sahazadpur, Gulshan,<br\\/>Sydney,<br\\/>Tasmania 1212,<br\\/>Australia,<br\\/>Phone: 01638574281,<br\\/><\\/address>\",\"shipping_date\":null,\"delivery_date\":null,\"tracking_id\":null,\"coupon_id\":null,\"carrier_id\":4,\"message_to_customer\":null,\"send_invoice_to_customer\":null,\"admin_note\":null,\"buyer_note\":\"Thanks\",\"payment_method_id\":4,\"payment_instruction\":null,\"payment_ref_id\":null,\"payment_date\":null,\"payment_status\":1,\"order_status_id\":1,\"goods_received\":null,\"approved\":null,\"feedback_id\":null,\"disputed\":null,\"email\":\"customer.sy@demo.com\",\"customer_phone_number\":\"01638574281\",\"fulfilment_type\":\"deliver\",\"device_id\":null,\"razorpay_order_id\":null,\"razorpay_payment_id\":null,\"razorpay_signature\":null}}', '2022-12-12 02:56:53', '2022-12-12 02:56:53'),
(22, 'order', 'updated', 16, 'App\\Models\\Order', NULL, NULL, '{\"attributes\":{\"payment_instruction\":\"Manual payment instructions. Edit in wallet settings section.\",\"order_status_id\":1,\"fulfilment_type\":\"deliver\"},\"old\":{\"payment_instruction\":null,\"order_status_id\":null,\"fulfilment_type\":null}}', '2022-12-12 02:56:53', '2022-12-12 02:56:53'),
(23, 'order', 'updated', 16, 'App\\Models\\Order', NULL, NULL, '{\"attributes\":{\"payment_status\":2,\"order_status_id\":1,\"fulfilment_type\":\"deliver\"},\"old\":{\"payment_status\":1,\"order_status_id\":null,\"fulfilment_type\":null}}', '2022-12-12 02:56:53', '2022-12-12 02:56:53'),
(24, 'cancellation', 'created', 1, 'App\\Models\\Cancellation', 17, 'App\\Models\\Customer', '{\"attributes\":{\"shop_id\":5,\"cancellation_reason_id\":1,\"customer_id\":17,\"order_id\":16,\"items\":[\"90\"],\"description\":\"Sorry,\",\"return_goods\":null,\"status\":1}}', '2022-12-12 02:57:52', '2022-12-12 02:57:52'),
(25, 'order', 'created', 17, 'App\\Models\\Order', NULL, NULL, '{\"attributes\":{\"order_number\":\"#868540\",\"shop_id\":2,\"customer_id\":17,\"ship_to\":68,\"shipping_zone_id\":4,\"shipping_rate_id\":18,\"packaging_id\":null,\"item_count\":1,\"quantity\":1,\"shipping_weight\":\"1609.000000\",\"taxrate\":\"0.000000\",\"total\":\"276.000000\",\"discount\":\"0.000000\",\"shipping\":\"1.000000\",\"packaging\":null,\"handling\":\"2.000000\",\"taxes\":\"0.000000\",\"grand_total\":\"279.000000\",\"billing_address\":\"<address>Gp-Ka 32\\/1 , South Sahazadpur, Gulshan<br\\/>Sydney, <br\\/>Tasmania 1212<br\\/>Australia<br\\/><abbr title=\\\"Phone\\\">P:<\\/abbr> 01638574281<\\/address>\",\"shipping_address\":\"<address>Gp-Ka 32\\/1 , South Sahazadpur, Gulshan<br\\/>Sydney, <br\\/>Tasmania 1212<br\\/>Australia<br\\/><abbr title=\\\"Phone\\\">P:<\\/abbr> 01638574281<\\/address>\",\"shipping_date\":null,\"delivery_date\":null,\"tracking_id\":null,\"coupon_id\":null,\"carrier_id\":5,\"message_to_customer\":null,\"send_invoice_to_customer\":null,\"admin_note\":null,\"buyer_note\":null,\"payment_method_id\":4,\"payment_instruction\":null,\"payment_ref_id\":null,\"payment_date\":null,\"payment_status\":1,\"order_status_id\":1,\"goods_received\":null,\"approved\":null,\"feedback_id\":null,\"disputed\":null,\"email\":null,\"customer_phone_number\":null,\"fulfilment_type\":\"deliver\",\"device_id\":null,\"razorpay_order_id\":null,\"razorpay_payment_id\":null,\"razorpay_signature\":null}}', '2022-12-12 03:01:15', '2022-12-12 03:01:15'),
(26, 'order', 'updated', 17, 'App\\Models\\Order', NULL, NULL, '{\"attributes\":{\"payment_instruction\":\"Manual payment instructions. Edit in wallet settings section.\",\"order_status_id\":1,\"fulfilment_type\":\"deliver\"},\"old\":{\"payment_instruction\":null,\"order_status_id\":null,\"fulfilment_type\":null}}', '2022-12-12 03:01:15', '2022-12-12 03:01:15'),
(27, 'order', 'updated', 17, 'App\\Models\\Order', NULL, NULL, '{\"attributes\":{\"payment_status\":2,\"order_status_id\":1,\"fulfilment_type\":\"deliver\"},\"old\":{\"payment_status\":1,\"order_status_id\":null,\"fulfilment_type\":null}}', '2022-12-12 03:01:15', '2022-12-12 03:01:15'),
(28, 'cancellation', 'created', 2, 'App\\Models\\Cancellation', 17, 'App\\Models\\Customer', '{\"attributes\":{\"shop_id\":2,\"cancellation_reason_id\":2,\"customer_id\":17,\"order_id\":17,\"items\":[\"74\"],\"description\":\"Not a good service.\",\"return_goods\":null,\"status\":1}}', '2022-12-12 03:02:08', '2022-12-12 03:02:08'),
(29, 'order', 'created', 18, 'App\\Models\\Order', NULL, NULL, '{\"attributes\":{\"order_number\":\"#720408\",\"shop_id\":2,\"customer_id\":17,\"ship_to\":68,\"shipping_zone_id\":4,\"shipping_rate_id\":18,\"packaging_id\":null,\"item_count\":1,\"quantity\":1,\"shipping_weight\":\"1474.000000\",\"taxrate\":\"0.000000\",\"total\":\"337.800000\",\"discount\":\"0.000000\",\"shipping\":\"1.000000\",\"packaging\":null,\"handling\":\"2.000000\",\"taxes\":\"0.000000\",\"grand_total\":\"340.800000\",\"billing_address\":\"<address>Gp-Ka 32\\/1 , South Sahazadpur, Gulshan<br\\/>Sydney, <br\\/>Tasmania 1212<br\\/>Australia<br\\/><abbr title=\\\"Phone\\\">P:<\\/abbr> 01638574281<\\/address>\",\"shipping_address\":\"<address>Gp-Ka 32\\/1 , South Sahazadpur, Gulshan<br\\/>Sydney, <br\\/>Tasmania 1212<br\\/>Australia<br\\/><abbr title=\\\"Phone\\\">P:<\\/abbr> 01638574281<\\/address>\",\"shipping_date\":null,\"delivery_date\":null,\"tracking_id\":null,\"coupon_id\":null,\"carrier_id\":5,\"message_to_customer\":null,\"send_invoice_to_customer\":null,\"admin_note\":null,\"buyer_note\":null,\"payment_method_id\":4,\"payment_instruction\":null,\"payment_ref_id\":null,\"payment_date\":null,\"payment_status\":1,\"order_status_id\":1,\"goods_received\":null,\"approved\":null,\"feedback_id\":null,\"disputed\":null,\"email\":null,\"customer_phone_number\":null,\"fulfilment_type\":\"deliver\",\"device_id\":null,\"razorpay_order_id\":null,\"razorpay_payment_id\":null,\"razorpay_signature\":null}}', '2022-12-12 03:03:16', '2022-12-12 03:03:16'),
(30, 'order', 'updated', 18, 'App\\Models\\Order', NULL, NULL, '{\"attributes\":{\"payment_instruction\":\"Manual payment instructions. Edit in wallet settings section.\",\"order_status_id\":1,\"fulfilment_type\":\"deliver\"},\"old\":{\"payment_instruction\":null,\"order_status_id\":null,\"fulfilment_type\":null}}', '2022-12-12 03:03:16', '2022-12-12 03:03:16'),
(31, 'order', 'updated', 18, 'App\\Models\\Order', NULL, NULL, '{\"attributes\":{\"payment_status\":2,\"order_status_id\":1,\"fulfilment_type\":\"deliver\"},\"old\":{\"payment_status\":1,\"order_status_id\":null,\"fulfilment_type\":null}}', '2022-12-12 03:03:16', '2022-12-12 03:03:16'),
(32, 'cancellation', 'created', 3, 'App\\Models\\Cancellation', 17, 'App\\Models\\Customer', '{\"attributes\":{\"shop_id\":2,\"cancellation_reason_id\":6,\"customer_id\":17,\"order_id\":18,\"items\":null,\"description\":\"I will order again.\",\"return_goods\":null,\"status\":1}}', '2022-12-12 03:04:07', '2022-12-12 03:04:07'),
(33, 'order', 'created', 19, 'App\\Models\\Order', NULL, NULL, '{\"attributes\":{\"order_number\":\"#755532\",\"shop_id\":5,\"customer_id\":18,\"ship_to\":840,\"shipping_zone_id\":9,\"shipping_rate_id\":44,\"packaging_id\":null,\"item_count\":1,\"quantity\":1,\"shipping_weight\":\"1143.000000\",\"taxrate\":\"0.000000\",\"total\":\"264.419300\",\"discount\":\"0.000000\",\"shipping\":\"2.000000\",\"packaging\":null,\"handling\":\"2.000000\",\"taxes\":\"0.000000\",\"grand_total\":\"268.419300\",\"billing_address\":\"<address>,<br\\/>Jhon Doe,<br\\/>32\\/58, south sted park,<br\\/>Florida,<br\\/>New York 1212,<br\\/>United States,<br\\/>Phone: 01638574281,<br\\/><\\/address>\",\"shipping_address\":\"<address>,<br\\/>Jhon Doe,<br\\/>32\\/58, south sted park,<br\\/>Florida,<br\\/>New York 1212,<br\\/>United States,<br\\/>Phone: 01638574281,<br\\/><\\/address>\",\"shipping_date\":null,\"delivery_date\":null,\"tracking_id\":null,\"coupon_id\":null,\"carrier_id\":1,\"message_to_customer\":null,\"send_invoice_to_customer\":null,\"admin_note\":null,\"buyer_note\":null,\"payment_method_id\":4,\"payment_instruction\":null,\"payment_ref_id\":null,\"payment_date\":null,\"payment_status\":1,\"order_status_id\":1,\"goods_received\":null,\"approved\":null,\"feedback_id\":null,\"disputed\":null,\"email\":\"test.test@demo.com\",\"customer_phone_number\":\"01638574281\",\"fulfilment_type\":\"deliver\",\"device_id\":null,\"razorpay_order_id\":null,\"razorpay_payment_id\":null,\"razorpay_signature\":null}}', '2022-12-12 03:10:54', '2022-12-12 03:10:54'),
(34, 'order', 'updated', 19, 'App\\Models\\Order', NULL, NULL, '{\"attributes\":{\"payment_instruction\":\"Manual payment instructions. Edit in wallet settings section.\",\"order_status_id\":1,\"fulfilment_type\":\"deliver\"},\"old\":{\"payment_instruction\":null,\"order_status_id\":null,\"fulfilment_type\":null}}', '2022-12-12 03:10:54', '2022-12-12 03:10:54'),
(35, 'order', 'updated', 19, 'App\\Models\\Order', NULL, NULL, '{\"attributes\":{\"payment_status\":2,\"order_status_id\":1,\"fulfilment_type\":\"deliver\"},\"old\":{\"payment_status\":1,\"order_status_id\":null,\"fulfilment_type\":null}}', '2022-12-12 03:10:54', '2022-12-12 03:10:54'),
(36, 'cancellation', 'created', 4, 'App\\Models\\Cancellation', 18, 'App\\Models\\Customer', '{\"attributes\":{\"shop_id\":5,\"cancellation_reason_id\":5,\"customer_id\":18,\"order_id\":19,\"items\":null,\"description\":\"not worthy\",\"return_goods\":null,\"status\":1}}', '2022-12-12 03:11:33', '2022-12-12 03:11:33'),
(37, 'order', 'created', 20, 'App\\Models\\Order', NULL, NULL, '{\"attributes\":{\"order_number\":\"#640324\",\"shop_id\":2,\"customer_id\":18,\"ship_to\":69,\"shipping_zone_id\":3,\"shipping_rate_id\":12,\"packaging_id\":null,\"item_count\":2,\"quantity\":2,\"shipping_weight\":\"3083.000000\",\"taxrate\":\"0.000000\",\"total\":\"613.800000\",\"discount\":\"0.000000\",\"shipping\":\"1.000000\",\"packaging\":null,\"handling\":\"2.000000\",\"taxes\":\"0.000000\",\"grand_total\":\"616.800000\",\"billing_address\":\"<address>32\\/58, south sted park<br\\/>Florida, <br\\/>New York 1212<br\\/>United States<br\\/><abbr title=\\\"Phone\\\">P:<\\/abbr> 01638574281<\\/address>\",\"shipping_address\":\"<address>32\\/58, south sted park<br\\/>Florida, <br\\/>New York 1212<br\\/>United States<br\\/><abbr title=\\\"Phone\\\">P:<\\/abbr> 01638574281<\\/address>\",\"shipping_date\":null,\"delivery_date\":null,\"tracking_id\":null,\"coupon_id\":null,\"carrier_id\":1,\"message_to_customer\":null,\"send_invoice_to_customer\":null,\"admin_note\":null,\"buyer_note\":null,\"payment_method_id\":3,\"payment_instruction\":null,\"payment_ref_id\":null,\"payment_date\":null,\"payment_status\":1,\"order_status_id\":1,\"goods_received\":null,\"approved\":null,\"feedback_id\":null,\"disputed\":null,\"email\":null,\"customer_phone_number\":null,\"fulfilment_type\":\"deliver\",\"device_id\":null,\"razorpay_order_id\":null,\"razorpay_payment_id\":null,\"razorpay_signature\":null}}', '2022-12-12 03:12:11', '2022-12-12 03:12:11'),
(38, 'order', 'updated', 20, 'App\\Models\\Order', NULL, NULL, '{\"attributes\":{\"payment_instruction\":\"Manual payment instructions. Edit in wallet settings section.\",\"order_status_id\":1,\"fulfilment_type\":\"deliver\"},\"old\":{\"payment_instruction\":null,\"order_status_id\":null,\"fulfilment_type\":null}}', '2022-12-12 03:12:11', '2022-12-12 03:12:11'),
(39, 'order', 'updated', 20, 'App\\Models\\Order', NULL, NULL, '{\"attributes\":{\"order_status_id\":3,\"fulfilment_type\":\"deliver\"},\"old\":{\"order_status_id\":null,\"fulfilment_type\":null}}', '2022-12-12 03:12:12', '2022-12-12 03:12:12'),
(40, 'cancellation', 'created', 5, 'App\\Models\\Cancellation', 18, 'App\\Models\\Customer', '{\"attributes\":{\"shop_id\":2,\"cancellation_reason_id\":3,\"customer_id\":18,\"order_id\":20,\"items\":null,\"description\":\"cost is so higt\",\"return_goods\":null,\"status\":1}}', '2022-12-12 03:13:03', '2022-12-12 03:13:03'),
(41, 'order', 'created', 21, 'App\\Models\\Order', NULL, NULL, '{\"attributes\":{\"order_number\":\"#381823\",\"shop_id\":1,\"customer_id\":18,\"ship_to\":73,\"shipping_zone_id\":1,\"shipping_rate_id\":null,\"packaging_id\":null,\"item_count\":1,\"quantity\":1,\"shipping_weight\":\"780.000000\",\"taxrate\":\"0.000000\",\"total\":\"243.496020\",\"discount\":\"0.000000\",\"shipping\":null,\"packaging\":null,\"handling\":\"0.000000\",\"taxes\":\"0.000000\",\"grand_total\":\"243.496020\",\"billing_address\":\"<address>978\\/aF<br\\/>5th<br\\/>London, <br\\/>London, City of 3234<br\\/>United Kingdom<br\\/><abbr title=\\\"Phone\\\">P:<\\/abbr> 01638574281<\\/address>\",\"shipping_address\":\"<address>978\\/aF<br\\/>5th<br\\/>London, <br\\/>London, City of 3234<br\\/>United Kingdom<br\\/><abbr title=\\\"Phone\\\">P:<\\/abbr> 01638574281<\\/address>\",\"shipping_date\":null,\"delivery_date\":null,\"tracking_id\":null,\"coupon_id\":null,\"carrier_id\":null,\"message_to_customer\":null,\"send_invoice_to_customer\":null,\"admin_note\":null,\"buyer_note\":null,\"payment_method_id\":4,\"payment_instruction\":null,\"payment_ref_id\":null,\"payment_date\":null,\"payment_status\":1,\"order_status_id\":1,\"goods_received\":null,\"approved\":null,\"feedback_id\":null,\"disputed\":null,\"email\":null,\"customer_phone_number\":null,\"fulfilment_type\":\"deliver\",\"device_id\":null,\"razorpay_order_id\":null,\"razorpay_payment_id\":null,\"razorpay_signature\":null}}', '2022-12-12 04:10:47', '2022-12-12 04:10:47'),
(42, 'order', 'updated', 21, 'App\\Models\\Order', NULL, NULL, '{\"attributes\":{\"payment_instruction\":\"Manual payment instructions. Edit in wallet settings section.\",\"order_status_id\":1,\"fulfilment_type\":\"deliver\"},\"old\":{\"payment_instruction\":null,\"order_status_id\":null,\"fulfilment_type\":null}}', '2022-12-12 04:10:47', '2022-12-12 04:10:47'),
(43, 'order', 'updated', 21, 'App\\Models\\Order', NULL, NULL, '{\"attributes\":{\"payment_status\":2,\"order_status_id\":1,\"fulfilment_type\":\"deliver\"},\"old\":{\"payment_status\":1,\"order_status_id\":null,\"fulfilment_type\":null}}', '2022-12-12 04:10:47', '2022-12-12 04:10:47'),
(44, 'cancellation', 'updated', 4, 'App\\Models\\Cancellation', 7, 'App\\Models\\User', '{\"attributes\":{\"status\":3},\"old\":{\"status\":1}}', '2022-12-12 04:11:36', '2022-12-12 04:11:36'),
(45, 'order', 'updated', 19, 'App\\Models\\Order', 7, 'App\\Models\\User', '{\"attributes\":{\"order_status_id\":8},\"old\":{\"order_status_id\":1}}', '2022-12-12 04:11:36', '2022-12-12 04:11:36'),
(46, 'cancellation', 'updated', 1, 'App\\Models\\Cancellation', 7, 'App\\Models\\User', '{\"attributes\":{\"status\":4},\"old\":{\"status\":1}}', '2022-12-12 04:12:44', '2022-12-12 04:12:44'),
(47, 'order', 'updated', 16, 'App\\Models\\Order', 7, 'App\\Models\\User', '{\"attributes\":{\"order_status_id\":3},\"old\":{\"order_status_id\":1}}', '2022-12-12 04:13:04', '2022-12-12 04:13:04'),
(48, 'order', 'updated', 19, 'App\\Models\\Order', 7, 'App\\Models\\User', '{\"attributes\":[],\"old\":[]}', '2022-12-12 04:13:32', '2022-12-12 04:13:32'),
(49, 'order', 'updated', 2, 'App\\Models\\Order', 7, 'App\\Models\\User', '{\"attributes\":{\"order_status_id\":7},\"old\":{\"order_status_id\":1}}', '2022-12-12 04:13:59', '2022-12-12 04:13:59'),
(50, 'order', 'updated', 21, 'App\\Models\\Order', 3, 'App\\Models\\User', '{\"attributes\":{\"order_status_id\":6},\"old\":{\"order_status_id\":1}}', '2022-12-12 04:16:05', '2022-12-12 04:16:05'),
(51, 'disput', 'created', 6, 'App\\Models\\Dispute', 18, 'App\\Models\\Customer', '{\"attributes\":{\"shop_id\":1,\"dispute_type_id\":1,\"customer_id\":18,\"order_id\":21,\"product_id\":null,\"description\":\"I didn\'t receive the goods.\",\"order_received\":false,\"return_goods\":null,\"refund_amount\":\"100.000000\",\"status\":1}}', '2022-12-12 04:17:32', '2022-12-12 04:17:32'),
(52, 'disput', 'updated', 6, 'App\\Models\\Dispute', 3, 'App\\Models\\User', '{\"attributes\":{\"status\":2},\"old\":{\"status\":1}}', '2022-12-12 04:18:46', '2022-12-12 04:18:46'),
(53, 'cancellation', 'created', 6, 'App\\Models\\Cancellation', 18, 'App\\Models\\Customer', '{\"attributes\":{\"shop_id\":1,\"cancellation_reason_id\":2,\"customer_id\":18,\"order_id\":21,\"items\":null,\"description\":\"test\",\"return_goods\":true,\"status\":1}}', '2022-12-12 04:19:54', '2022-12-12 04:19:54'),
(54, 'cancellation', 'updated', 6, 'App\\Models\\Cancellation', 3, 'App\\Models\\User', '{\"attributes\":{\"status\":3},\"old\":{\"status\":1}}', '2022-12-12 04:26:30', '2022-12-12 04:26:30'),
(55, 'order', 'updated', 21, 'App\\Models\\Order', 3, 'App\\Models\\User', '{\"attributes\":{\"order_status_id\":8},\"old\":{\"order_status_id\":6}}', '2022-12-12 04:26:31', '2022-12-12 04:26:31'),
(56, 'order', 'updated', 21, 'App\\Models\\Order', 3, 'App\\Models\\User', '{\"attributes\":[],\"old\":[]}', '2022-12-12 04:26:44', '2022-12-12 04:26:44'),
(57, 'order', 'updated', 21, 'App\\Models\\Order', 3, 'App\\Models\\User', '{\"attributes\":{\"order_status_id\":6},\"old\":{\"order_status_id\":8}}', '2022-12-12 04:27:03', '2022-12-12 04:27:03'),
(58, 'order', 'created', 22, 'App\\Models\\Order', NULL, NULL, '{\"attributes\":{\"order_number\":\"#598916\",\"shop_id\":3,\"customer_id\":18,\"ship_to\":73,\"shipping_zone_id\":5,\"shipping_rate_id\":null,\"packaging_id\":null,\"item_count\":1,\"quantity\":1,\"shipping_weight\":\"1476.000000\",\"taxrate\":\"0.000000\",\"total\":\"334.321406\",\"discount\":\"0.000000\",\"shipping\":null,\"packaging\":null,\"handling\":\"0.000000\",\"taxes\":\"0.000000\",\"grand_total\":\"334.321406\",\"billing_address\":\"<address>978\\/aF<br\\/>5th<br\\/>London, <br\\/>London, City of 3234<br\\/>United Kingdom<br\\/><abbr title=\\\"Phone\\\">P:<\\/abbr> 01638574281<\\/address>\",\"shipping_address\":\"<address>978\\/aF<br\\/>5th<br\\/>London, <br\\/>London, City of 3234<br\\/>United Kingdom<br\\/><abbr title=\\\"Phone\\\">P:<\\/abbr> 01638574281<\\/address>\",\"shipping_date\":null,\"delivery_date\":null,\"tracking_id\":null,\"coupon_id\":null,\"carrier_id\":null,\"message_to_customer\":null,\"send_invoice_to_customer\":null,\"admin_note\":null,\"buyer_note\":null,\"payment_method_id\":3,\"payment_instruction\":null,\"payment_ref_id\":null,\"payment_date\":null,\"payment_status\":1,\"order_status_id\":1,\"goods_received\":null,\"approved\":null,\"feedback_id\":null,\"disputed\":null,\"email\":null,\"customer_phone_number\":null,\"fulfilment_type\":\"deliver\",\"device_id\":null,\"razorpay_order_id\":null,\"razorpay_payment_id\":null,\"razorpay_signature\":null}}', '2022-12-12 04:31:09', '2022-12-12 04:31:09'),
(59, 'order', 'updated', 22, 'App\\Models\\Order', NULL, NULL, '{\"attributes\":{\"payment_instruction\":\"Manual payment instructions. Edit in wallet settings section.\",\"order_status_id\":1,\"fulfilment_type\":\"deliver\"},\"old\":{\"payment_instruction\":null,\"order_status_id\":null,\"fulfilment_type\":null}}', '2022-12-12 04:31:09', '2022-12-12 04:31:09'),
(60, 'order', 'updated', 22, 'App\\Models\\Order', NULL, NULL, '{\"attributes\":{\"order_status_id\":3,\"fulfilment_type\":\"deliver\"},\"old\":{\"order_status_id\":null,\"fulfilment_type\":null}}', '2022-12-12 04:31:09', '2022-12-12 04:31:09'),
(61, 'order', 'updated', 22, 'App\\Models\\Order', 5, 'App\\Models\\User', '{\"attributes\":[],\"old\":[]}', '2022-12-12 04:32:34', '2022-12-12 04:32:34'),
(62, 'order', 'updated', 22, 'App\\Models\\Order', 5, 'App\\Models\\User', '{\"attributes\":{\"tracking_id\":\"5345234534\",\"carrier_id\":2,\"order_status_id\":4},\"old\":{\"tracking_id\":null,\"carrier_id\":null,\"order_status_id\":3}}', '2022-12-12 04:32:58', '2022-12-12 04:32:58'),
(63, 'order', 'updated', 22, 'App\\Models\\Order', 5, 'App\\Models\\User', '{\"attributes\":{\"order_status_id\":6},\"old\":{\"order_status_id\":4}}', '2022-12-12 04:33:09', '2022-12-12 04:33:09'),
(64, 'disput', 'created', 7, 'App\\Models\\Dispute', 18, 'App\\Models\\Customer', '{\"attributes\":{\"shop_id\":3,\"dispute_type_id\":1,\"customer_id\":18,\"order_id\":22,\"product_id\":null,\"description\":\"I want my money back.\",\"order_received\":false,\"return_goods\":null,\"refund_amount\":\"10.000000\",\"status\":1}}', '2022-12-12 04:37:56', '2022-12-12 04:37:56'),
(65, 'disput', 'created', 8, 'App\\Models\\Dispute', 18, 'App\\Models\\Customer', '{\"attributes\":{\"shop_id\":3,\"dispute_type_id\":1,\"customer_id\":18,\"order_id\":22,\"product_id\":null,\"description\":\"I want my money back.\",\"order_received\":false,\"return_goods\":null,\"refund_amount\":\"10.000000\",\"status\":1}}', '2022-12-12 04:37:58', '2022-12-12 04:37:58'),
(66, 'order', 'updated', 22, 'App\\Models\\Order', 5, 'App\\Models\\User', '{\"attributes\":{\"order_status_id\":7},\"old\":{\"order_status_id\":6}}', '2022-12-12 04:38:56', '2022-12-12 04:38:56'),
(67, 'order', 'updated', 22, 'App\\Models\\Order', 5, 'App\\Models\\User', '{\"attributes\":{\"order_status_id\":6},\"old\":{\"order_status_id\":7}}', '2022-12-12 04:39:32', '2022-12-12 04:39:32'),
(68, 'order', 'created', 23, 'App\\Models\\Order', NULL, NULL, '{\"attributes\":{\"order_number\":\"#357635\",\"shop_id\":3,\"customer_id\":18,\"ship_to\":73,\"shipping_zone_id\":5,\"shipping_rate_id\":null,\"packaging_id\":null,\"item_count\":1,\"quantity\":1,\"shipping_weight\":\"1476.000000\",\"taxrate\":\"0.000000\",\"total\":\"334.321406\",\"discount\":\"0.000000\",\"shipping\":null,\"packaging\":null,\"handling\":\"0.000000\",\"taxes\":\"0.000000\",\"grand_total\":\"334.321406\",\"billing_address\":\"<address>978\\/aF<br\\/>5th<br\\/>London, <br\\/>London, City of 3234<br\\/>United Kingdom<br\\/><abbr title=\\\"Phone\\\">P:<\\/abbr> 01638574281<\\/address>\",\"shipping_address\":\"<address>978\\/aF<br\\/>5th<br\\/>London, <br\\/>London, City of 3234<br\\/>United Kingdom<br\\/><abbr title=\\\"Phone\\\">P:<\\/abbr> 01638574281<\\/address>\",\"shipping_date\":null,\"delivery_date\":null,\"tracking_id\":null,\"coupon_id\":null,\"carrier_id\":null,\"message_to_customer\":null,\"send_invoice_to_customer\":null,\"admin_note\":null,\"buyer_note\":null,\"payment_method_id\":3,\"payment_instruction\":null,\"payment_ref_id\":null,\"payment_date\":null,\"payment_status\":1,\"order_status_id\":1,\"goods_received\":null,\"approved\":null,\"feedback_id\":null,\"disputed\":null,\"email\":null,\"customer_phone_number\":null,\"fulfilment_type\":\"deliver\",\"device_id\":null,\"razorpay_order_id\":null,\"razorpay_payment_id\":null,\"razorpay_signature\":null}}', '2022-12-12 04:47:11', '2022-12-12 04:47:11'),
(69, 'order', 'updated', 23, 'App\\Models\\Order', NULL, NULL, '{\"attributes\":{\"payment_instruction\":\"Payment instructions for COD\",\"order_status_id\":1,\"fulfilment_type\":\"deliver\"},\"old\":{\"payment_instruction\":null,\"order_status_id\":null,\"fulfilment_type\":null}}', '2022-12-12 04:47:11', '2022-12-12 04:47:11');
INSERT INTO `activity_log` (`id`, `log_name`, `description`, `subject_id`, `subject_type`, `causer_id`, `causer_type`, `properties`, `created_at`, `updated_at`) VALUES
(70, 'order', 'updated', 23, 'App\\Models\\Order', NULL, NULL, '{\"attributes\":{\"order_status_id\":3,\"fulfilment_type\":\"deliver\"},\"old\":{\"order_status_id\":null,\"fulfilment_type\":null}}', '2022-12-12 04:47:11', '2022-12-12 04:47:11'),
(71, 'order', 'updated', 23, 'App\\Models\\Order', 5, 'App\\Models\\User', '{\"attributes\":{\"tracking_id\":\"235252552\",\"carrier_id\":2,\"order_status_id\":4},\"old\":{\"tracking_id\":null,\"carrier_id\":null,\"order_status_id\":3}}', '2022-12-12 04:48:15', '2022-12-12 04:48:15'),
(72, 'order', 'updated', 23, 'App\\Models\\Order', 5, 'App\\Models\\User', '{\"attributes\":{\"order_status_id\":6},\"old\":{\"order_status_id\":4}}', '2022-12-12 04:48:24', '2022-12-12 04:48:24'),
(73, 'disput', 'created', 9, 'App\\Models\\Dispute', 18, 'App\\Models\\Customer', '{\"attributes\":{\"shop_id\":3,\"dispute_type_id\":1,\"customer_id\":18,\"order_id\":23,\"product_id\":null,\"description\":\"money back.\",\"order_received\":false,\"return_goods\":null,\"refund_amount\":\"100.000000\",\"status\":1}}', '2022-12-12 04:49:01', '2022-12-12 04:49:01'),
(74, 'order', 'updated', 23, 'App\\Models\\Order', 5, 'App\\Models\\User', '{\"attributes\":{\"payment_status\":5},\"old\":{\"payment_status\":1}}', '2022-12-12 04:50:25', '2022-12-12 04:50:25'),
(75, 'disput', 'updated', 9, 'App\\Models\\Dispute', 18, 'App\\Models\\Customer', '{\"attributes\":{\"status\":5},\"old\":{\"status\":1}}', '2022-12-12 04:51:07', '2022-12-12 04:51:07'),
(76, 'disput', 'updated', 9, 'App\\Models\\Dispute', 18, 'App\\Models\\Customer', '{\"attributes\":{\"status\":4},\"old\":{\"status\":5}}', '2022-12-12 04:51:28', '2022-12-12 04:51:28'),
(77, 'order', 'created', 24, 'App\\Models\\Order', NULL, NULL, '{\"attributes\":{\"order_number\":\"#895548\",\"shop_id\":5,\"customer_id\":18,\"ship_to\":73,\"shipping_zone_id\":9,\"shipping_rate_id\":null,\"packaging_id\":null,\"item_count\":1,\"quantity\":1,\"shipping_weight\":\"604.000000\",\"taxrate\":\"0.000000\",\"total\":\"37.000000\",\"discount\":\"0.000000\",\"shipping\":null,\"packaging\":null,\"handling\":\"0.000000\",\"taxes\":\"0.000000\",\"grand_total\":\"37.000000\",\"billing_address\":\"<address>978\\/aF<br\\/>5th<br\\/>London, <br\\/>London, City of 3234<br\\/>United Kingdom<br\\/><abbr title=\\\"Phone\\\">P:<\\/abbr> 01638574281<\\/address>\",\"shipping_address\":\"<address>978\\/aF<br\\/>5th<br\\/>London, <br\\/>London, City of 3234<br\\/>United Kingdom<br\\/><abbr title=\\\"Phone\\\">P:<\\/abbr> 01638574281<\\/address>\",\"shipping_date\":null,\"delivery_date\":null,\"tracking_id\":null,\"coupon_id\":null,\"carrier_id\":null,\"message_to_customer\":null,\"send_invoice_to_customer\":null,\"admin_note\":null,\"buyer_note\":null,\"payment_method_id\":3,\"payment_instruction\":null,\"payment_ref_id\":null,\"payment_date\":null,\"payment_status\":1,\"order_status_id\":1,\"goods_received\":null,\"approved\":null,\"feedback_id\":null,\"disputed\":null,\"email\":null,\"customer_phone_number\":null,\"fulfilment_type\":\"deliver\",\"device_id\":null,\"razorpay_order_id\":null,\"razorpay_payment_id\":null,\"razorpay_signature\":null}}', '2022-12-12 04:52:05', '2022-12-12 04:52:05'),
(78, 'order', 'updated', 24, 'App\\Models\\Order', NULL, NULL, '{\"attributes\":{\"payment_instruction\":\"Payment instructions for COD\",\"order_status_id\":1,\"fulfilment_type\":\"deliver\"},\"old\":{\"payment_instruction\":null,\"order_status_id\":null,\"fulfilment_type\":null}}', '2022-12-12 04:52:05', '2022-12-12 04:52:05'),
(79, 'order', 'updated', 24, 'App\\Models\\Order', NULL, NULL, '{\"attributes\":{\"order_status_id\":3,\"fulfilment_type\":\"deliver\"},\"old\":{\"order_status_id\":null,\"fulfilment_type\":null}}', '2022-12-12 04:52:05', '2022-12-12 04:52:05'),
(80, 'disput', 'created', 10, 'App\\Models\\Dispute', 18, 'App\\Models\\Customer', '{\"attributes\":{\"shop_id\":5,\"dispute_type_id\":1,\"customer_id\":18,\"order_id\":24,\"product_id\":null,\"description\":\"dd\",\"order_received\":false,\"return_goods\":null,\"refund_amount\":\"10.000000\",\"status\":1}}', '2022-12-12 04:52:43', '2022-12-12 04:52:43'),
(81, 'order', 'updated', 24, 'App\\Models\\Order', 7, 'App\\Models\\User', '{\"attributes\":{\"payment_status\":5},\"old\":{\"payment_status\":1}}', '2022-12-12 04:54:02', '2022-12-12 04:54:02'),
(82, 'order', 'created', 25, 'App\\Models\\Order', NULL, NULL, '{\"attributes\":{\"order_number\":\"#109382\",\"shop_id\":1,\"customer_id\":20,\"ship_to\":840,\"shipping_zone_id\":1,\"shipping_rate_id\":4,\"packaging_id\":null,\"item_count\":2,\"quantity\":2,\"shipping_weight\":\"2049.000000\",\"taxrate\":\"0.000000\",\"total\":\"842.031196\",\"discount\":\"0.000000\",\"shipping\":\"6.000000\",\"packaging\":null,\"handling\":\"2.000000\",\"taxes\":\"0.000000\",\"grand_total\":\"850.031196\",\"billing_address\":\"<address>,<br\\/>Jhon Doe,<br\\/>New York city,<br\\/>New York,<br\\/>New York 25125,<br\\/>United States,<br\\/>Phone: 1254889236,<br\\/><\\/address>\",\"shipping_address\":\"<address>,<br\\/>Jhon Doe,<br\\/>New York city,<br\\/>New York,<br\\/>New York 25125,<br\\/>United States,<br\\/>Phone: 1254889236,<br\\/><\\/address>\",\"shipping_date\":null,\"delivery_date\":null,\"tracking_id\":null,\"coupon_id\":null,\"carrier_id\":3,\"message_to_customer\":null,\"send_invoice_to_customer\":null,\"admin_note\":null,\"buyer_note\":null,\"payment_method_id\":3,\"payment_instruction\":null,\"payment_ref_id\":null,\"payment_date\":null,\"payment_status\":1,\"order_status_id\":1,\"goods_received\":null,\"approved\":null,\"feedback_id\":null,\"disputed\":null,\"email\":\"jhonhant@demo.com\",\"customer_phone_number\":\"1254889236\",\"fulfilment_type\":\"deliver\",\"device_id\":null,\"razorpay_order_id\":null,\"razorpay_payment_id\":null,\"razorpay_signature\":null}}', '2022-12-13 05:23:14', '2022-12-13 05:23:14'),
(83, 'order', 'updated', 25, 'App\\Models\\Order', NULL, NULL, '{\"attributes\":{\"payment_instruction\":\"Payment instructions for COD\",\"order_status_id\":1,\"fulfilment_type\":\"deliver\"},\"old\":{\"payment_instruction\":null,\"order_status_id\":null,\"fulfilment_type\":null}}', '2022-12-13 05:23:14', '2022-12-13 05:23:14'),
(84, 'order', 'updated', 25, 'App\\Models\\Order', NULL, NULL, '{\"attributes\":{\"order_status_id\":3,\"fulfilment_type\":\"deliver\"},\"old\":{\"order_status_id\":null,\"fulfilment_type\":null}}', '2022-12-13 05:23:14', '2022-12-13 05:23:14'),
(85, 'order', 'updated', 25, 'App\\Models\\Order', 3, 'App\\Models\\User', '{\"attributes\":{\"payment_status\":3},\"old\":{\"payment_status\":1}}', '2022-12-13 05:24:22', '2022-12-13 05:24:22'),
(86, 'shop', 'updated', 1, 'App\\Models\\Shop', 3, 'App\\Models\\User', '{\"attributes\":[],\"old\":[]}', '2022-12-13 05:24:22', '2022-12-13 05:24:22'),
(87, 'order', 'updated', 25, 'App\\Models\\Order', 3, 'App\\Models\\User', '{\"attributes\":{\"order_status_id\":6},\"old\":{\"order_status_id\":3}}', '2022-12-13 05:24:56', '2022-12-13 05:24:56'),
(88, 'disput', 'created', 11, 'App\\Models\\Dispute', 20, 'App\\Models\\Customer', '{\"attributes\":{\"shop_id\":1,\"dispute_type_id\":1,\"customer_id\":20,\"order_id\":25,\"product_id\":null,\"description\":\"Give me my money back.\",\"order_received\":false,\"return_goods\":null,\"refund_amount\":\"200.000000\",\"status\":1}}', '2022-12-13 05:25:43', '2022-12-13 05:25:43'),
(89, 'order', 'updated', 25, 'App\\Models\\Order', 3, 'App\\Models\\User', '{\"attributes\":{\"payment_status\":5},\"old\":{\"payment_status\":3}}', '2022-12-13 05:26:33', '2022-12-13 05:26:33'),
(90, 'order', 'updated', 25, 'App\\Models\\Order', 3, 'App\\Models\\User', '{\"attributes\":{\"order_status_id\":7},\"old\":{\"order_status_id\":6}}', '2022-12-13 05:26:55', '2022-12-13 05:26:55'),
(91, 'order', 'created', 26, 'App\\Models\\Order', NULL, NULL, '{\"attributes\":{\"order_number\":\"#848775\",\"shop_id\":1,\"customer_id\":20,\"ship_to\":75,\"shipping_zone_id\":1,\"shipping_rate_id\":4,\"packaging_id\":null,\"item_count\":2,\"quantity\":2,\"shipping_weight\":\"2357.000000\",\"taxrate\":\"0.000000\",\"total\":\"573.348670\",\"discount\":\"0.000000\",\"shipping\":\"6.000000\",\"packaging\":null,\"handling\":\"2.000000\",\"taxes\":\"0.000000\",\"grand_total\":\"581.348670\",\"billing_address\":\"<address>New York city<br\\/>New York, <br\\/>New York 25125<br\\/>United States<br\\/><abbr title=\\\"Phone\\\">P:<\\/abbr> 1254889236<\\/address>\",\"shipping_address\":\"<address>New York city<br\\/>New York, <br\\/>New York 25125<br\\/>United States<br\\/><abbr title=\\\"Phone\\\">P:<\\/abbr> 1254889236<\\/address>\",\"shipping_date\":null,\"delivery_date\":null,\"tracking_id\":null,\"coupon_id\":null,\"carrier_id\":3,\"message_to_customer\":null,\"send_invoice_to_customer\":null,\"admin_note\":null,\"buyer_note\":null,\"payment_method_id\":3,\"payment_instruction\":null,\"payment_ref_id\":null,\"payment_date\":null,\"payment_status\":1,\"order_status_id\":1,\"goods_received\":null,\"approved\":null,\"feedback_id\":null,\"disputed\":null,\"email\":null,\"customer_phone_number\":null,\"fulfilment_type\":\"deliver\",\"device_id\":null,\"razorpay_order_id\":null,\"razorpay_payment_id\":null,\"razorpay_signature\":null}}', '2022-12-13 05:30:12', '2022-12-13 05:30:12'),
(92, 'order', 'updated', 26, 'App\\Models\\Order', NULL, NULL, '{\"attributes\":{\"payment_instruction\":\"Payment instructions for COD\",\"order_status_id\":1,\"fulfilment_type\":\"deliver\"},\"old\":{\"payment_instruction\":null,\"order_status_id\":null,\"fulfilment_type\":null}}', '2022-12-13 05:30:12', '2022-12-13 05:30:12'),
(93, 'order', 'updated', 26, 'App\\Models\\Order', NULL, NULL, '{\"attributes\":{\"order_status_id\":3,\"fulfilment_type\":\"deliver\"},\"old\":{\"order_status_id\":null,\"fulfilment_type\":null}}', '2022-12-13 05:30:12', '2022-12-13 05:30:12'),
(94, 'order', 'updated', 26, 'App\\Models\\Order', 3, 'App\\Models\\User', '{\"attributes\":{\"payment_status\":3},\"old\":{\"payment_status\":1}}', '2022-12-13 05:31:37', '2022-12-13 05:31:37'),
(95, 'shop', 'updated', 1, 'App\\Models\\Shop', 3, 'App\\Models\\User', '{\"attributes\":[],\"old\":[]}', '2022-12-13 05:31:37', '2022-12-13 05:31:37'),
(96, 'disput', 'created', 12, 'App\\Models\\Dispute', 20, 'App\\Models\\Customer', '{\"attributes\":{\"shop_id\":1,\"dispute_type_id\":5,\"customer_id\":20,\"order_id\":26,\"product_id\":null,\"description\":\"disgusting product.\",\"order_received\":true,\"return_goods\":null,\"refund_amount\":\"50.000000\",\"status\":1}}', '2022-12-13 05:32:57', '2022-12-13 05:32:57'),
(97, 'order', 'updated', 26, 'App\\Models\\Order', 3, 'App\\Models\\User', '{\"attributes\":{\"payment_status\":5},\"old\":{\"payment_status\":3}}', '2022-12-13 05:34:05', '2022-12-13 05:34:05'),
(98, 'disput', 'updated', 12, 'App\\Models\\Dispute', 20, 'App\\Models\\Customer', '{\"attributes\":{\"status\":5},\"old\":{\"status\":1}}', '2022-12-13 05:36:02', '2022-12-13 05:36:02'),
(99, 'disput', 'updated', 12, 'App\\Models\\Dispute', 20, 'App\\Models\\Customer', '{\"attributes\":{\"status\":4},\"old\":{\"status\":5}}', '2022-12-13 05:36:57', '2022-12-13 05:36:57'),
(100, 'order', 'created', 27, 'App\\Models\\Order', NULL, NULL, '{\"attributes\":{\"order_number\":\"#728903\",\"shop_id\":1,\"customer_id\":20,\"ship_to\":75,\"shipping_zone_id\":1,\"shipping_rate_id\":5,\"packaging_id\":null,\"item_count\":1,\"quantity\":1,\"shipping_weight\":\"958.000000\",\"taxrate\":\"0.000000\",\"total\":\"285.699160\",\"discount\":\"0.000000\",\"shipping\":\"4.000000\",\"packaging\":null,\"handling\":\"2.000000\",\"taxes\":\"0.000000\",\"grand_total\":\"291.699160\",\"billing_address\":\"<address>New York city<br\\/>New York, <br\\/>New York 25125<br\\/>United States<br\\/><abbr title=\\\"Phone\\\">P:<\\/abbr> 1254889236<\\/address>\",\"shipping_address\":\"<address>New York city<br\\/>New York, <br\\/>New York 25125<br\\/>United States<br\\/><abbr title=\\\"Phone\\\">P:<\\/abbr> 1254889236<\\/address>\",\"shipping_date\":null,\"delivery_date\":null,\"tracking_id\":null,\"coupon_id\":null,\"carrier_id\":3,\"message_to_customer\":null,\"send_invoice_to_customer\":null,\"admin_note\":null,\"buyer_note\":null,\"payment_method_id\":3,\"payment_instruction\":null,\"payment_ref_id\":null,\"payment_date\":null,\"payment_status\":1,\"order_status_id\":1,\"goods_received\":null,\"approved\":null,\"feedback_id\":null,\"disputed\":null,\"email\":null,\"customer_phone_number\":null,\"fulfilment_type\":\"deliver\",\"device_id\":null,\"razorpay_order_id\":null,\"razorpay_payment_id\":null,\"razorpay_signature\":null}}', '2022-12-13 05:39:42', '2022-12-13 05:39:42'),
(101, 'order', 'updated', 27, 'App\\Models\\Order', NULL, NULL, '{\"attributes\":{\"payment_instruction\":\"Payment instructions for COD\",\"order_status_id\":1,\"fulfilment_type\":\"deliver\"},\"old\":{\"payment_instruction\":null,\"order_status_id\":null,\"fulfilment_type\":null}}', '2022-12-13 05:39:42', '2022-12-13 05:39:42'),
(102, 'order', 'updated', 27, 'App\\Models\\Order', NULL, NULL, '{\"attributes\":{\"order_status_id\":3,\"fulfilment_type\":\"deliver\"},\"old\":{\"order_status_id\":null,\"fulfilment_type\":null}}', '2022-12-13 05:39:42', '2022-12-13 05:39:42'),
(103, 'order', 'updated', 27, 'App\\Models\\Order', 3, 'App\\Models\\User', '{\"attributes\":{\"payment_status\":3},\"old\":{\"payment_status\":1}}', '2022-12-13 05:40:19', '2022-12-13 05:40:19'),
(104, 'shop', 'updated', 1, 'App\\Models\\Shop', 3, 'App\\Models\\User', '{\"attributes\":[],\"old\":[]}', '2022-12-13 05:40:19', '2022-12-13 05:40:19'),
(105, 'order', 'updated', 27, 'App\\Models\\Order', 3, 'App\\Models\\User', '{\"attributes\":{\"order_status_id\":6},\"old\":{\"order_status_id\":3}}', '2022-12-13 05:40:29', '2022-12-13 05:40:29'),
(106, 'disput', 'created', 13, 'App\\Models\\Dispute', 20, 'App\\Models\\Customer', '{\"attributes\":{\"shop_id\":1,\"dispute_type_id\":1,\"customer_id\":20,\"order_id\":27,\"product_id\":null,\"description\":\"send my money back.\",\"order_received\":false,\"return_goods\":null,\"refund_amount\":\"50.000000\",\"status\":1}}', '2022-12-13 05:41:17', '2022-12-13 05:41:17'),
(107, 'order', 'updated', 27, 'App\\Models\\Order', 3, 'App\\Models\\User', '{\"attributes\":{\"payment_status\":5},\"old\":{\"payment_status\":3}}', '2022-12-13 05:42:15', '2022-12-13 05:42:15'),
(108, 'order', 'updated', 27, 'App\\Models\\Order', 3, 'App\\Models\\User', '{\"attributes\":{\"order_status_id\":7},\"old\":{\"order_status_id\":6}}', '2022-12-13 05:42:51', '2022-12-13 05:42:51'),
(109, 'cancellation', 'created', 7, 'App\\Models\\Cancellation', 1, 'App\\Models\\Customer', '{\"attributes\":{\"shop_id\":3,\"cancellation_reason_id\":1,\"customer_id\":1,\"order_id\":12,\"items\":null,\"description\":\"Sorry the order is created by the mistake.\",\"return_goods\":null,\"status\":1}}', '2022-12-14 02:25:17', '2022-12-14 02:25:17'),
(110, 'order', 'created', 28, 'App\\Models\\Order', NULL, NULL, '{\"attributes\":{\"order_number\":\"#260119\",\"shop_id\":2,\"customer_id\":1,\"ship_to\":16,\"shipping_zone_id\":4,\"shipping_rate_id\":18,\"packaging_id\":null,\"item_count\":1,\"quantity\":1,\"shipping_weight\":\"1609.000000\",\"taxrate\":\"0.000000\",\"total\":\"276.000000\",\"discount\":\"0.000000\",\"shipping\":\"1.000000\",\"packaging\":null,\"handling\":\"2.000000\",\"taxes\":\"0.000000\",\"grand_total\":\"279.000000\",\"billing_address\":\"<address>90437 Gusikowski Islands<br\\/>Alfonso Wall<br\\/>Lake Darleneton, <br\\/> 15093-8389<br\\/>Guatemala<br\\/><abbr title=\\\"Phone\\\">P:<\\/abbr> +1 (682) 370-6344<\\/address>\",\"shipping_address\":\"<address>90437 Gusikowski Islands<br\\/>Alfonso Wall<br\\/>Lake Darleneton, <br\\/> 15093-8389<br\\/>Guatemala<br\\/><abbr title=\\\"Phone\\\">P:<\\/abbr> +1 (682) 370-6344<\\/address>\",\"shipping_date\":null,\"delivery_date\":null,\"tracking_id\":null,\"coupon_id\":null,\"carrier_id\":5,\"message_to_customer\":null,\"send_invoice_to_customer\":null,\"admin_note\":null,\"buyer_note\":null,\"payment_method_id\":3,\"payment_instruction\":null,\"payment_ref_id\":null,\"payment_date\":null,\"payment_status\":1,\"order_status_id\":1,\"goods_received\":null,\"approved\":null,\"feedback_id\":null,\"disputed\":null,\"email\":null,\"customer_phone_number\":null,\"fulfilment_type\":\"deliver\",\"device_id\":null,\"razorpay_order_id\":null,\"razorpay_payment_id\":null,\"razorpay_signature\":null}}', '2022-12-14 02:26:33', '2022-12-14 02:26:33'),
(111, 'order', 'updated', 28, 'App\\Models\\Order', NULL, NULL, '{\"attributes\":{\"payment_instruction\":\"Payment instructions for COD\",\"order_status_id\":1,\"fulfilment_type\":\"deliver\"},\"old\":{\"payment_instruction\":null,\"order_status_id\":null,\"fulfilment_type\":null}}', '2022-12-14 02:26:33', '2022-12-14 02:26:33'),
(112, 'order', 'updated', 28, 'App\\Models\\Order', NULL, NULL, '{\"attributes\":{\"order_status_id\":3,\"fulfilment_type\":\"deliver\"},\"old\":{\"order_status_id\":null,\"fulfilment_type\":null}}', '2022-12-14 02:26:33', '2022-12-14 02:26:33'),
(113, 'order', 'updated', 28, 'App\\Models\\Order', 1, 'App\\Models\\User', '{\"attributes\":{\"tracking_id\":\"2548512152\",\"carrier_id\":8,\"order_status_id\":4},\"old\":{\"tracking_id\":null,\"carrier_id\":5,\"order_status_id\":3}}', '2022-12-14 02:30:41', '2022-12-14 02:30:41'),
(114, 'order', 'created', 29, 'App\\Models\\Order', NULL, NULL, '{\"attributes\":{\"order_number\":\"#991788\",\"shop_id\":4,\"customer_id\":1,\"ship_to\":14,\"shipping_zone_id\":7,\"shipping_rate_id\":null,\"packaging_id\":null,\"item_count\":1,\"quantity\":1,\"shipping_weight\":\"1435.000000\",\"taxrate\":\"0.000000\",\"total\":\"424.658121\",\"discount\":\"0.000000\",\"shipping\":null,\"packaging\":null,\"handling\":\"0.000000\",\"taxes\":\"0.000000\",\"grand_total\":\"424.658121\",\"billing_address\":\"<address>1537 Tremblay Wells<br\\/>Brandt Cliffs<br\\/>South Eusebio, <br\\/> 64251-3760<br\\/>Eritrea<br\\/><abbr title=\\\"Phone\\\">P:<\\/abbr> 412-933-3397<\\/address>\",\"shipping_address\":\"<address>1537 Tremblay Wells<br\\/>Brandt Cliffs<br\\/>South Eusebio, <br\\/> 64251-3760<br\\/>Eritrea<br\\/><abbr title=\\\"Phone\\\">P:<\\/abbr> 412-933-3397<\\/address>\",\"shipping_date\":null,\"delivery_date\":null,\"tracking_id\":null,\"coupon_id\":null,\"carrier_id\":null,\"message_to_customer\":null,\"send_invoice_to_customer\":null,\"admin_note\":null,\"buyer_note\":null,\"payment_method_id\":3,\"payment_instruction\":null,\"payment_ref_id\":null,\"payment_date\":null,\"payment_status\":1,\"order_status_id\":1,\"goods_received\":null,\"approved\":null,\"feedback_id\":null,\"disputed\":null,\"email\":null,\"customer_phone_number\":null,\"fulfilment_type\":\"deliver\",\"device_id\":null,\"razorpay_order_id\":null,\"razorpay_payment_id\":null,\"razorpay_signature\":null}}', '2022-12-14 03:41:58', '2022-12-14 03:41:58'),
(115, 'order', 'updated', 29, 'App\\Models\\Order', NULL, NULL, '{\"attributes\":{\"payment_instruction\":\"Manual payment instructions. Edit in wallet settings section.\",\"order_status_id\":1,\"fulfilment_type\":\"deliver\"},\"old\":{\"payment_instruction\":null,\"order_status_id\":null,\"fulfilment_type\":null}}', '2022-12-14 03:41:58', '2022-12-14 03:41:58'),
(116, 'order', 'updated', 29, 'App\\Models\\Order', NULL, NULL, '{\"attributes\":{\"order_status_id\":3,\"fulfilment_type\":\"deliver\"},\"old\":{\"order_status_id\":null,\"fulfilment_type\":null}}', '2022-12-14 03:41:58', '2022-12-14 03:41:58'),
(117, 'order', 'updated', 29, 'App\\Models\\Order', 1, 'App\\Models\\User', '{\"attributes\":{\"tracking_id\":\"36985214785\",\"carrier_id\":5,\"order_status_id\":4},\"old\":{\"tracking_id\":null,\"carrier_id\":null,\"order_status_id\":3}}', '2022-12-14 03:44:21', '2022-12-14 03:44:21'),
(118, 'order', 'updated', 29, 'App\\Models\\Order', 1, 'App\\Models\\User', '{\"attributes\":{\"payment_status\":3},\"old\":{\"payment_status\":1}}', '2022-12-14 03:45:02', '2022-12-14 03:45:02'),
(119, 'shop', 'updated', 4, 'App\\Models\\Shop', 1, 'App\\Models\\User', '{\"attributes\":[],\"old\":[]}', '2022-12-14 03:45:02', '2022-12-14 03:45:02'),
(120, 'order', 'updated', 29, 'App\\Models\\Order', 1, 'App\\Models\\User', '{\"attributes\":{\"order_status_id\":6},\"old\":{\"order_status_id\":4}}', '2022-12-14 03:45:15', '2022-12-14 03:45:15'),
(121, 'order', 'updated', 29, 'App\\Models\\Order', 1, 'App\\Models\\User', '{\"attributes\":[],\"old\":[]}', '2022-12-14 03:45:34', '2022-12-14 03:45:34'),
(122, 'order', 'updated', 29, 'App\\Models\\Order', 1, 'App\\Models\\Customer', '{\"attributes\":{\"goods_received\":true},\"old\":{\"goods_received\":null}}', '2022-12-14 03:45:49', '2022-12-14 03:45:49'),
(123, 'order', 'updated', 29, 'App\\Models\\Order', 1, 'App\\Models\\Customer', '{\"attributes\":{\"feedback_id\":152},\"old\":{\"feedback_id\":null}}', '2022-12-14 03:48:53', '2022-12-14 03:48:53'),
(124, 'order', 'created', 30, 'App\\Models\\Order', NULL, NULL, '{\"attributes\":{\"order_number\":\"#237526\",\"shop_id\":1,\"customer_id\":1,\"ship_to\":14,\"shipping_zone_id\":2,\"shipping_rate_id\":7,\"packaging_id\":null,\"item_count\":2,\"quantity\":2,\"shipping_weight\":\"2039.000000\",\"taxrate\":\"0.000000\",\"total\":\"617.285972\",\"discount\":\"0.000000\",\"shipping\":\"9.000000\",\"packaging\":null,\"handling\":\"2.000000\",\"taxes\":\"0.000000\",\"grand_total\":\"628.285972\",\"billing_address\":\"<address>1537 Tremblay Wells<br\\/>Brandt Cliffs<br\\/>South Eusebio, <br\\/> 64251-3760<br\\/>Eritrea<br\\/><abbr title=\\\"Phone\\\">P:<\\/abbr> 412-933-3397<\\/address>\",\"shipping_address\":\"<address>1537 Tremblay Wells<br\\/>Brandt Cliffs<br\\/>South Eusebio, <br\\/> 64251-3760<br\\/>Eritrea<br\\/><abbr title=\\\"Phone\\\">P:<\\/abbr> 412-933-3397<\\/address>\",\"shipping_date\":null,\"delivery_date\":null,\"tracking_id\":null,\"coupon_id\":null,\"carrier_id\":2,\"message_to_customer\":null,\"send_invoice_to_customer\":null,\"admin_note\":null,\"buyer_note\":null,\"payment_method_id\":4,\"payment_instruction\":null,\"payment_ref_id\":null,\"payment_date\":null,\"payment_status\":1,\"order_status_id\":1,\"goods_received\":null,\"approved\":null,\"feedback_id\":null,\"disputed\":null,\"email\":null,\"customer_phone_number\":null,\"fulfilment_type\":\"deliver\",\"device_id\":null,\"razorpay_order_id\":null,\"razorpay_payment_id\":null,\"razorpay_signature\":null}}', '2022-12-14 03:54:50', '2022-12-14 03:54:50'),
(125, 'order', 'updated', 30, 'App\\Models\\Order', NULL, NULL, '{\"attributes\":{\"payment_instruction\":\"Manual payment instructions. Edit in wallet settings section.\",\"order_status_id\":1,\"fulfilment_type\":\"deliver\"},\"old\":{\"payment_instruction\":null,\"order_status_id\":null,\"fulfilment_type\":null}}', '2022-12-14 03:54:50', '2022-12-14 03:54:50'),
(126, 'order', 'updated', 30, 'App\\Models\\Order', NULL, NULL, '{\"attributes\":{\"payment_status\":2,\"order_status_id\":1,\"fulfilment_type\":\"deliver\"},\"old\":{\"payment_status\":1,\"order_status_id\":null,\"fulfilment_type\":null}}', '2022-12-14 03:54:50', '2022-12-14 03:54:50'),
(127, 'disput', 'created', 14, 'App\\Models\\Dispute', 1, 'App\\Models\\Customer', '{\"attributes\":{\"shop_id\":3,\"dispute_type_id\":1,\"customer_id\":1,\"order_id\":12,\"product_id\":null,\"description\":\"Give me my money back.\",\"order_received\":false,\"return_goods\":null,\"refund_amount\":\"500.000000\",\"status\":1}}', '2022-12-14 03:58:19', '2022-12-14 03:58:19'),
(128, 'order', 'created', 31, 'App\\Models\\Order', NULL, NULL, '{\"attributes\":{\"order_number\":\"#850740\",\"shop_id\":1,\"customer_id\":21,\"ship_to\":79,\"shipping_zone_id\":1,\"shipping_rate_id\":5,\"packaging_id\":null,\"item_count\":1,\"quantity\":1,\"shipping_weight\":\"1411.000000\",\"taxrate\":\"0.000000\",\"total\":\"363.000000\",\"discount\":\"0.000000\",\"shipping\":\"4.000000\",\"packaging\":null,\"handling\":\"2.000000\",\"taxes\":\"0.000000\",\"grand_total\":\"369.000000\",\"billing_address\":\"<address>9291 Northaven Rd<br\\/>New York, <br\\/>New York 25152<br\\/>United States<br\\/><abbr title=\\\"Phone\\\">P:<\\/abbr> +25478398236<\\/address>\",\"shipping_address\":\"<address>9291 Northaven Rd<br\\/>New York, <br\\/>New York 25152<br\\/>United States<br\\/><abbr title=\\\"Phone\\\">P:<\\/abbr> +25478398236<\\/address>\",\"shipping_date\":null,\"delivery_date\":null,\"tracking_id\":null,\"coupon_id\":null,\"carrier_id\":3,\"message_to_customer\":null,\"send_invoice_to_customer\":null,\"admin_note\":null,\"buyer_note\":null,\"payment_method_id\":4,\"payment_instruction\":null,\"payment_ref_id\":null,\"payment_date\":null,\"payment_status\":1,\"order_status_id\":1,\"goods_received\":null,\"approved\":null,\"feedback_id\":null,\"disputed\":null,\"email\":null,\"customer_phone_number\":null,\"fulfilment_type\":\"deliver\",\"device_id\":null,\"razorpay_order_id\":null,\"razorpay_payment_id\":null,\"razorpay_signature\":null}}', '2022-12-14 04:40:06', '2022-12-14 04:40:06'),
(129, 'order', 'updated', 31, 'App\\Models\\Order', NULL, NULL, '{\"attributes\":{\"payment_instruction\":\"Manual payment instructions. Edit in wallet settings section.\",\"order_status_id\":1,\"fulfilment_type\":\"deliver\"},\"old\":{\"payment_instruction\":null,\"order_status_id\":null,\"fulfilment_type\":null}}', '2022-12-14 04:40:06', '2022-12-14 04:40:06'),
(130, 'order', 'updated', 31, 'App\\Models\\Order', NULL, NULL, '{\"attributes\":{\"payment_status\":2,\"order_status_id\":1,\"fulfilment_type\":\"deliver\"},\"old\":{\"payment_status\":1,\"order_status_id\":null,\"fulfilment_type\":null}}', '2022-12-14 04:40:06', '2022-12-14 04:40:06'),
(131, 'cancellation', 'created', 8, 'App\\Models\\Cancellation', 21, 'App\\Models\\Customer', '{\"attributes\":{\"shop_id\":1,\"cancellation_reason_id\":3,\"customer_id\":21,\"order_id\":31,\"items\":[\"20\"],\"description\":\"I am cancelling this order coz the shipping cost is so high.\",\"return_goods\":null,\"status\":1}}', '2022-12-14 04:40:55', '2022-12-14 04:40:55'),
(132, 'order', 'updated', 31, 'App\\Models\\Order', 1, 'App\\Models\\User', '{\"attributes\":{\"order_status_id\":3},\"old\":{\"order_status_id\":1}}', '2022-12-14 04:41:35', '2022-12-14 04:41:35'),
(133, 'disput', 'created', 15, 'App\\Models\\Dispute', 21, 'App\\Models\\Customer', '{\"attributes\":{\"shop_id\":1,\"dispute_type_id\":1,\"customer_id\":21,\"order_id\":31,\"product_id\":null,\"description\":\"Why the shipping cost is so  high?\",\"order_received\":false,\"return_goods\":null,\"refund_amount\":\"0.000000\",\"status\":1}}', '2022-12-14 04:42:44', '2022-12-14 04:42:44'),
(134, 'order', 'created', 32, 'App\\Models\\Order', NULL, NULL, '{\"attributes\":{\"order_number\":\"#215647\",\"shop_id\":1,\"customer_id\":21,\"ship_to\":79,\"shipping_zone_id\":1,\"shipping_rate_id\":4,\"packaging_id\":1,\"item_count\":3,\"quantity\":3,\"shipping_weight\":\"2019.000000\",\"taxrate\":\"0.000000\",\"total\":\"1075.096812\",\"discount\":\"0.000000\",\"shipping\":\"6.000000\",\"packaging\":\"0.000000\",\"handling\":\"2.000000\",\"taxes\":\"0.000000\",\"grand_total\":\"1083.096812\",\"billing_address\":\"<address>9291 Northaven Rd<br\\/>New York, <br\\/>New York 25152<br\\/>United States<br\\/><abbr title=\\\"Phone\\\">P:<\\/abbr> +25478398236<\\/address>\",\"shipping_address\":\"<address>9291 Northaven Rd<br\\/>New York, <br\\/>New York 25152<br\\/>United States<br\\/><abbr title=\\\"Phone\\\">P:<\\/abbr> +25478398236<\\/address>\",\"shipping_date\":null,\"delivery_date\":null,\"tracking_id\":null,\"coupon_id\":null,\"carrier_id\":3,\"message_to_customer\":null,\"send_invoice_to_customer\":null,\"admin_note\":null,\"buyer_note\":\"Please delivered the product as soon as you can.\\r\\n\\r\\nThanks.\",\"payment_method_id\":4,\"payment_instruction\":null,\"payment_ref_id\":null,\"payment_date\":null,\"payment_status\":1,\"order_status_id\":1,\"goods_received\":null,\"approved\":null,\"feedback_id\":null,\"disputed\":null,\"email\":null,\"customer_phone_number\":null,\"fulfilment_type\":\"deliver\",\"device_id\":null,\"razorpay_order_id\":null,\"razorpay_payment_id\":null,\"razorpay_signature\":null}}', '2022-12-14 04:53:17', '2022-12-14 04:53:17'),
(135, 'order', 'updated', 32, 'App\\Models\\Order', NULL, NULL, '{\"attributes\":{\"payment_instruction\":\"Manual payment instructions. Edit in wallet settings section.\",\"order_status_id\":1,\"fulfilment_type\":\"deliver\"},\"old\":{\"payment_instruction\":null,\"order_status_id\":null,\"fulfilment_type\":null}}', '2022-12-14 04:53:17', '2022-12-14 04:53:17'),
(136, 'order', 'updated', 32, 'App\\Models\\Order', NULL, NULL, '{\"attributes\":{\"payment_status\":2,\"order_status_id\":1,\"fulfilment_type\":\"deliver\"},\"old\":{\"payment_status\":1,\"order_status_id\":null,\"fulfilment_type\":null}}', '2022-12-14 04:53:17', '2022-12-14 04:53:17'),
(137, 'cancellation', 'created', 9, 'App\\Models\\Cancellation', 21, 'App\\Models\\Customer', '{\"attributes\":{\"shop_id\":1,\"cancellation_reason_id\":5,\"customer_id\":21,\"order_id\":32,\"items\":[\"7\",\"66\"],\"description\":\"I am sorry for this, I think I couldn\'t effort this at this time.\",\"return_goods\":null,\"status\":1}}', '2022-12-14 04:54:34', '2022-12-14 04:54:34'),
(138, 'disput', 'created', 16, 'App\\Models\\Dispute', 21, 'App\\Models\\Customer', '{\"attributes\":{\"shop_id\":1,\"dispute_type_id\":1,\"customer_id\":21,\"order_id\":32,\"product_id\":null,\"description\":\"How I can, track my order.\",\"order_received\":false,\"return_goods\":null,\"refund_amount\":\"0.000000\",\"status\":1}}', '2022-12-14 04:56:07', '2022-12-14 04:56:07'),
(139, 'order', 'created', 33, 'App\\Models\\Order', NULL, NULL, '{\"attributes\":{\"order_number\":\"#089218\",\"shop_id\":5,\"customer_id\":21,\"ship_to\":79,\"shipping_zone_id\":9,\"shipping_rate_id\":null,\"packaging_id\":null,\"item_count\":2,\"quantity\":2,\"shipping_weight\":\"2268.000000\",\"taxrate\":\"0.000000\",\"total\":\"514.900000\",\"discount\":\"0.000000\",\"shipping\":null,\"packaging\":null,\"handling\":\"0.000000\",\"taxes\":\"0.000000\",\"grand_total\":\"514.900000\",\"billing_address\":\"<address>9291 Northaven Rd<br\\/>New York, <br\\/>New York 25152<br\\/>United States<br\\/><abbr title=\\\"Phone\\\">P:<\\/abbr> +25478398236<\\/address>\",\"shipping_address\":\"<address>9291 Northaven Rd<br\\/>New York, <br\\/>New York 25152<br\\/>United States<br\\/><abbr title=\\\"Phone\\\">P:<\\/abbr> +25478398236<\\/address>\",\"shipping_date\":null,\"delivery_date\":null,\"tracking_id\":null,\"coupon_id\":null,\"carrier_id\":null,\"message_to_customer\":null,\"send_invoice_to_customer\":null,\"admin_note\":null,\"buyer_note\":null,\"payment_method_id\":3,\"payment_instruction\":null,\"payment_ref_id\":null,\"payment_date\":null,\"payment_status\":1,\"order_status_id\":1,\"goods_received\":null,\"approved\":null,\"feedback_id\":null,\"disputed\":null,\"email\":null,\"customer_phone_number\":null,\"fulfilment_type\":\"deliver\",\"device_id\":null,\"razorpay_order_id\":null,\"razorpay_payment_id\":null,\"razorpay_signature\":null}}', '2022-12-14 04:56:27', '2022-12-14 04:56:27'),
(140, 'order', 'updated', 33, 'App\\Models\\Order', NULL, NULL, '{\"attributes\":{\"payment_instruction\":\"Manual payment instructions. Edit in wallet settings section.\",\"order_status_id\":1,\"fulfilment_type\":\"deliver\"},\"old\":{\"payment_instruction\":null,\"order_status_id\":null,\"fulfilment_type\":null}}', '2022-12-14 04:56:27', '2022-12-14 04:56:27'),
(141, 'order', 'updated', 33, 'App\\Models\\Order', NULL, NULL, '{\"attributes\":{\"order_status_id\":3,\"fulfilment_type\":\"deliver\"},\"old\":{\"order_status_id\":null,\"fulfilment_type\":null}}', '2022-12-14 04:56:27', '2022-12-14 04:56:27'),
(142, 'disput', 'created', 17, 'App\\Models\\Dispute', 21, 'App\\Models\\Customer', '{\"attributes\":{\"shop_id\":5,\"dispute_type_id\":1,\"customer_id\":21,\"order_id\":33,\"product_id\":null,\"description\":\"why it\'s take took long to deliverd?\",\"order_received\":false,\"return_goods\":null,\"refund_amount\":\"0.000000\",\"status\":1}}', '2022-12-14 04:57:16', '2022-12-14 04:57:16'),
(143, 'disput', 'created', 18, 'App\\Models\\Dispute', 21, 'App\\Models\\Customer', '{\"attributes\":{\"shop_id\":5,\"dispute_type_id\":1,\"customer_id\":21,\"order_id\":33,\"product_id\":null,\"description\":\"why it\'s take took long to deliverd?\",\"order_received\":false,\"return_goods\":null,\"refund_amount\":\"0.000000\",\"status\":1}}', '2022-12-14 04:57:18', '2022-12-14 04:57:18'),
(144, 'order', 'created', 34, 'App\\Models\\Order', NULL, NULL, '{\"attributes\":{\"order_number\":\"#152432\",\"shop_id\":1,\"customer_id\":1,\"ship_to\":16,\"shipping_zone_id\":2,\"shipping_rate_id\":7,\"packaging_id\":null,\"item_count\":1,\"quantity\":1,\"shipping_weight\":\"1411.000000\",\"taxrate\":\"0.000000\",\"total\":\"363.000000\",\"discount\":\"0.000000\",\"shipping\":\"9.000000\",\"packaging\":null,\"handling\":\"2.000000\",\"taxes\":\"0.000000\",\"grand_total\":\"374.000000\",\"billing_address\":\"<address>90437 Gusikowski Islands<br\\/>Alfonso Wall<br\\/>Lake Darleneton, <br\\/> 15093-8389<br\\/>Guatemala<br\\/><abbr title=\\\"Phone\\\">P:<\\/abbr> +1 (682) 370-6344<\\/address>\",\"shipping_address\":\"<address>90437 Gusikowski Islands<br\\/>Alfonso Wall<br\\/>Lake Darleneton, <br\\/> 15093-8389<br\\/>Guatemala<br\\/><abbr title=\\\"Phone\\\">P:<\\/abbr> +1 (682) 370-6344<\\/address>\",\"shipping_date\":null,\"delivery_date\":null,\"tracking_id\":null,\"coupon_id\":null,\"carrier_id\":2,\"message_to_customer\":null,\"send_invoice_to_customer\":null,\"admin_note\":null,\"buyer_note\":null,\"payment_method_id\":4,\"payment_instruction\":null,\"payment_ref_id\":null,\"payment_date\":null,\"payment_status\":1,\"order_status_id\":1,\"goods_received\":null,\"approved\":null,\"feedback_id\":null,\"disputed\":null,\"email\":null,\"customer_phone_number\":null,\"fulfilment_type\":\"deliver\",\"device_id\":null,\"razorpay_order_id\":null,\"razorpay_payment_id\":null,\"razorpay_signature\":null}}', '2022-12-14 05:10:59', '2022-12-14 05:10:59'),
(145, 'order', 'updated', 34, 'App\\Models\\Order', NULL, NULL, '{\"attributes\":{\"payment_instruction\":\"Manual payment instructions. Edit in wallet settings section.\",\"order_status_id\":1,\"fulfilment_type\":\"deliver\"},\"old\":{\"payment_instruction\":null,\"order_status_id\":null,\"fulfilment_type\":null}}', '2022-12-14 05:10:59', '2022-12-14 05:10:59'),
(146, 'order', 'updated', 34, 'App\\Models\\Order', NULL, NULL, '{\"attributes\":{\"payment_status\":2,\"order_status_id\":1,\"fulfilment_type\":\"deliver\"},\"old\":{\"payment_status\":1,\"order_status_id\":null,\"fulfilment_type\":null}}', '2022-12-14 05:10:59', '2022-12-14 05:10:59'),
(147, 'cancellation', 'created', 10, 'App\\Models\\Cancellation', 1, 'App\\Models\\Customer', '{\"attributes\":{\"shop_id\":1,\"cancellation_reason_id\":1,\"customer_id\":1,\"order_id\":34,\"items\":null,\"description\":\"I couldn\'t effor.\",\"return_goods\":null,\"status\":1}}', '2022-12-14 05:13:45', '2022-12-14 05:13:45'),
(148, 'order', 'created', 35, 'App\\Models\\Order', NULL, NULL, '{\"attributes\":{\"order_number\":\"#319290\",\"shop_id\":2,\"customer_id\":22,\"ship_to\":81,\"shipping_zone_id\":3,\"shipping_rate_id\":12,\"packaging_id\":null,\"item_count\":3,\"quantity\":3,\"shipping_weight\":\"4407.000000\",\"taxrate\":\"0.000000\",\"total\":\"879.797022\",\"discount\":\"0.000000\",\"shipping\":\"1.000000\",\"packaging\":null,\"handling\":\"2.000000\",\"taxes\":\"0.000000\",\"grand_total\":\"882.797022\",\"billing_address\":\"<address>1128 W 6th St<br\\/>New York, <br\\/>New York 963366<br\\/>United States<\\/address>\",\"shipping_address\":\"<address>1128 W 6th St<br\\/>New York, <br\\/>New York 963366<br\\/>United States<\\/address>\",\"shipping_date\":null,\"delivery_date\":null,\"tracking_id\":null,\"coupon_id\":null,\"carrier_id\":1,\"message_to_customer\":null,\"send_invoice_to_customer\":null,\"admin_note\":null,\"buyer_note\":null,\"payment_method_id\":3,\"payment_instruction\":null,\"payment_ref_id\":null,\"payment_date\":null,\"payment_status\":1,\"order_status_id\":1,\"goods_received\":null,\"approved\":null,\"feedback_id\":null,\"disputed\":null,\"email\":null,\"customer_phone_number\":null,\"fulfilment_type\":\"deliver\",\"device_id\":null,\"razorpay_order_id\":null,\"razorpay_payment_id\":null,\"razorpay_signature\":null}}', '2022-12-14 05:28:36', '2022-12-14 05:28:36'),
(149, 'order', 'updated', 35, 'App\\Models\\Order', NULL, NULL, '{\"attributes\":{\"payment_instruction\":\"Manual payment instructions. Edit in wallet settings section.\",\"order_status_id\":1,\"fulfilment_type\":\"deliver\"},\"old\":{\"payment_instruction\":null,\"order_status_id\":null,\"fulfilment_type\":null}}', '2022-12-14 05:28:36', '2022-12-14 05:28:36'),
(150, 'order', 'updated', 35, 'App\\Models\\Order', NULL, NULL, '{\"attributes\":{\"order_status_id\":3,\"fulfilment_type\":\"deliver\"},\"old\":{\"order_status_id\":null,\"fulfilment_type\":null}}', '2022-12-14 05:28:36', '2022-12-14 05:28:36'),
(151, 'order', 'created', 36, 'App\\Models\\Order', NULL, NULL, '{\"attributes\":{\"order_number\":\"#409780\",\"shop_id\":2,\"customer_id\":22,\"ship_to\":81,\"shipping_zone_id\":3,\"shipping_rate_id\":12,\"packaging_id\":null,\"item_count\":2,\"quantity\":2,\"shipping_weight\":\"2690.000000\",\"taxrate\":\"0.000000\",\"total\":\"605.378805\",\"discount\":\"0.000000\",\"shipping\":\"1.000000\",\"packaging\":null,\"handling\":\"2.000000\",\"taxes\":\"0.000000\",\"grand_total\":\"608.378805\",\"billing_address\":\"<address>1128 W 6th St<br\\/>New York, <br\\/>New York 963366<br\\/>United States<\\/address>\",\"shipping_address\":\"<address>1128 W 6th St<br\\/>New York, <br\\/>New York 963366<br\\/>United States<\\/address>\",\"shipping_date\":null,\"delivery_date\":null,\"tracking_id\":null,\"coupon_id\":null,\"carrier_id\":1,\"message_to_customer\":null,\"send_invoice_to_customer\":null,\"admin_note\":null,\"buyer_note\":null,\"payment_method_id\":3,\"payment_instruction\":null,\"payment_ref_id\":null,\"payment_date\":null,\"payment_status\":1,\"order_status_id\":1,\"goods_received\":null,\"approved\":null,\"feedback_id\":null,\"disputed\":null,\"email\":null,\"customer_phone_number\":null,\"fulfilment_type\":\"deliver\",\"device_id\":null,\"razorpay_order_id\":null,\"razorpay_payment_id\":null,\"razorpay_signature\":null}}', '2022-12-14 05:30:01', '2022-12-14 05:30:01'),
(152, 'order', 'updated', 36, 'App\\Models\\Order', NULL, NULL, '{\"attributes\":{\"payment_instruction\":\"Manual payment instructions. Edit in wallet settings section.\",\"order_status_id\":1,\"fulfilment_type\":\"deliver\"},\"old\":{\"payment_instruction\":null,\"order_status_id\":null,\"fulfilment_type\":null}}', '2022-12-14 05:30:01', '2022-12-14 05:30:01'),
(153, 'order', 'updated', 36, 'App\\Models\\Order', NULL, NULL, '{\"attributes\":{\"order_status_id\":3,\"fulfilment_type\":\"deliver\"},\"old\":{\"order_status_id\":null,\"fulfilment_type\":null}}', '2022-12-14 05:30:01', '2022-12-14 05:30:01'),
(154, 'cancellation', 'created', 11, 'App\\Models\\Cancellation', 22, 'App\\Models\\Customer', '{\"attributes\":{\"shop_id\":2,\"cancellation_reason_id\":6,\"customer_id\":22,\"order_id\":36,\"items\":null,\"description\":\"I have to correct billing address. How do I can do that?\",\"return_goods\":null,\"status\":1}}', '2022-12-14 05:30:45', '2022-12-14 05:30:45'),
(155, 'disput', 'created', 19, 'App\\Models\\Dispute', 22, 'App\\Models\\Customer', '{\"attributes\":{\"shop_id\":2,\"dispute_type_id\":10,\"customer_id\":22,\"order_id\":36,\"product_id\":null,\"description\":\"My shipping address is not correct.\",\"order_received\":false,\"return_goods\":null,\"refund_amount\":\"20.000000\",\"status\":1}}', '2022-12-14 05:31:27', '2022-12-14 05:31:27'),
(156, 'order', 'created', 37, 'App\\Models\\Order', NULL, NULL, '{\"attributes\":{\"order_number\":\"#853284\",\"shop_id\":1,\"customer_id\":22,\"ship_to\":81,\"shipping_zone_id\":1,\"shipping_rate_id\":5,\"packaging_id\":null,\"item_count\":2,\"quantity\":2,\"shipping_weight\":\"1312.000000\",\"taxrate\":\"0.000000\",\"total\":\"707.299160\",\"discount\":\"0.000000\",\"shipping\":\"4.000000\",\"packaging\":null,\"handling\":\"2.000000\",\"taxes\":\"0.000000\",\"grand_total\":\"713.299160\",\"billing_address\":\"<address>1128 W 6th St<br\\/>New York, <br\\/>New York 963366<br\\/>United States<\\/address>\",\"shipping_address\":\"<address>1128 W 6th St<br\\/>New York, <br\\/>New York 963366<br\\/>United States<\\/address>\",\"shipping_date\":null,\"delivery_date\":null,\"tracking_id\":null,\"coupon_id\":null,\"carrier_id\":3,\"message_to_customer\":null,\"send_invoice_to_customer\":null,\"admin_note\":null,\"buyer_note\":\"Hope the delivery will get very soon.\",\"payment_method_id\":4,\"payment_instruction\":null,\"payment_ref_id\":null,\"payment_date\":null,\"payment_status\":1,\"order_status_id\":1,\"goods_received\":null,\"approved\":null,\"feedback_id\":null,\"disputed\":null,\"email\":null,\"customer_phone_number\":null,\"fulfilment_type\":\"deliver\",\"device_id\":null,\"razorpay_order_id\":null,\"razorpay_payment_id\":null,\"razorpay_signature\":null}}', '2022-12-14 05:32:03', '2022-12-14 05:32:03'),
(157, 'order', 'updated', 37, 'App\\Models\\Order', NULL, NULL, '{\"attributes\":{\"payment_instruction\":\"Manual payment instructions. Edit in wallet settings section.\",\"order_status_id\":1,\"fulfilment_type\":\"deliver\"},\"old\":{\"payment_instruction\":null,\"order_status_id\":null,\"fulfilment_type\":null}}', '2022-12-14 05:32:03', '2022-12-14 05:32:03'),
(158, 'order', 'updated', 37, 'App\\Models\\Order', NULL, NULL, '{\"attributes\":{\"payment_status\":2,\"order_status_id\":1,\"fulfilment_type\":\"deliver\"},\"old\":{\"payment_status\":1,\"order_status_id\":null,\"fulfilment_type\":null}}', '2022-12-14 05:32:03', '2022-12-14 05:32:03'),
(159, 'cancellation', 'created', 12, 'App\\Models\\Cancellation', 22, 'App\\Models\\Customer', '{\"attributes\":{\"shop_id\":1,\"cancellation_reason_id\":1,\"customer_id\":22,\"order_id\":37,\"items\":null,\"description\":\"I beg apology for this.\",\"return_goods\":null,\"status\":1}}', '2022-12-14 05:32:31', '2022-12-14 05:32:31'),
(160, 'disput', 'created', 20, 'App\\Models\\Dispute', 22, 'App\\Models\\Customer', '{\"attributes\":{\"shop_id\":1,\"dispute_type_id\":9,\"customer_id\":22,\"order_id\":37,\"product_id\":null,\"description\":\"back m ymoney\",\"order_received\":false,\"return_goods\":null,\"refund_amount\":\"10.000000\",\"status\":1}}', '2022-12-14 05:33:03', '2022-12-14 05:33:03'),
(161, 'shop', 'updated', 6, 'App\\Models\\Shop', 11, 'App\\Models\\User', '{\"attributes\":{\"legal_name\":\"Afynity\"},\"old\":{\"legal_name\":null}}', '2022-12-14 05:47:02', '2022-12-14 05:47:02'),
(162, 'shop', 'updated', 7, 'App\\Models\\Shop', 12, 'App\\Models\\User', '{\"attributes\":{\"legal_name\":\"kalixy\"},\"old\":{\"legal_name\":null}}', '2022-12-14 05:54:56', '2022-12-14 05:54:56'),
(163, 'order', 'updated', 34, 'App\\Models\\Order', 1, 'App\\Models\\User', '{\"attributes\":[],\"old\":[]}', '2022-12-14 06:04:52', '2022-12-14 06:04:52'),
(164, 'order', 'created', 38, 'App\\Models\\Order', 3, 'App\\Models\\User', '{\"attributes\":{\"order_number\":\"#665498\",\"shop_id\":1,\"customer_id\":6,\"ship_to\":null,\"shipping_zone_id\":2,\"shipping_rate_id\":7,\"packaging_id\":1,\"item_count\":2,\"quantity\":3,\"shipping_weight\":\"2810.000000\",\"taxrate\":\"0.000000\",\"total\":\"1439.020000\",\"discount\":null,\"shipping\":\"9.000000\",\"packaging\":\"0.000000\",\"handling\":\"2.000000\",\"taxes\":\"0.000000\",\"grand_total\":\"1450.020000\",\"billing_address\":\"Hotel Address, 8332 Domingo Plaza Apt. 895, Mueller Green, North Onaberg,  86682-1273, Guinea, Phone: 689.339.3012\",\"shipping_address\":\"Hotel Address, 8332 Domingo Plaza Apt. 895, Mueller Green, North Onaberg,  86682-1273, Guinea, Phone: 689.339.3012\",\"shipping_date\":null,\"delivery_date\":null,\"tracking_id\":null,\"coupon_id\":null,\"carrier_id\":null,\"message_to_customer\":null,\"send_invoice_to_customer\":1,\"admin_note\":null,\"buyer_note\":null,\"payment_method_id\":3,\"payment_instruction\":null,\"payment_ref_id\":null,\"payment_date\":null,\"payment_status\":1,\"order_status_id\":3,\"goods_received\":null,\"approved\":1,\"feedback_id\":null,\"disputed\":null,\"email\":null,\"customer_phone_number\":null,\"fulfilment_type\":\"deliver\",\"device_id\":null,\"razorpay_order_id\":null,\"razorpay_payment_id\":null,\"razorpay_signature\":null}}', '2022-12-14 06:07:05', '2022-12-14 06:07:05'),
(165, 'order', 'created', 39, 'App\\Models\\Order', NULL, NULL, '{\"attributes\":{\"order_number\":\"#982212\",\"shop_id\":5,\"customer_id\":1,\"ship_to\":16,\"shipping_zone_id\":9,\"shipping_rate_id\":null,\"packaging_id\":null,\"item_count\":1,\"quantity\":1,\"shipping_weight\":\"1143.000000\",\"taxrate\":\"0.000000\",\"total\":\"179.000000\",\"discount\":\"0.000000\",\"shipping\":null,\"packaging\":null,\"handling\":\"0.000000\",\"taxes\":\"0.000000\",\"grand_total\":\"179.000000\",\"billing_address\":\"<address>90437 Gusikowski Islands<br\\/>Alfonso Wall<br\\/>Lake Darleneton, <br\\/> 15093-8389<br\\/>Guatemala<br\\/><abbr title=\\\"Phone\\\">P:<\\/abbr> +1 (682) 370-6344<\\/address>\",\"shipping_address\":\"<address>90437 Gusikowski Islands<br\\/>Alfonso Wall<br\\/>Lake Darleneton, <br\\/> 15093-8389<br\\/>Guatemala<br\\/><abbr title=\\\"Phone\\\">P:<\\/abbr> +1 (682) 370-6344<\\/address>\",\"shipping_date\":null,\"delivery_date\":null,\"tracking_id\":null,\"coupon_id\":null,\"carrier_id\":null,\"message_to_customer\":null,\"send_invoice_to_customer\":null,\"admin_note\":null,\"buyer_note\":null,\"payment_method_id\":3,\"payment_instruction\":null,\"payment_ref_id\":null,\"payment_date\":null,\"payment_status\":1,\"order_status_id\":1,\"goods_received\":null,\"approved\":null,\"feedback_id\":null,\"disputed\":null,\"email\":null,\"customer_phone_number\":null,\"fulfilment_type\":\"deliver\",\"device_id\":null,\"razorpay_order_id\":null,\"razorpay_payment_id\":null,\"razorpay_signature\":null}}', '2022-12-14 06:31:26', '2022-12-14 06:31:26'),
(166, 'order', 'updated', 39, 'App\\Models\\Order', NULL, NULL, '{\"attributes\":{\"payment_instruction\":\"Manual payment instructions. Edit in wallet settings section.\",\"order_status_id\":1,\"fulfilment_type\":\"deliver\"},\"old\":{\"payment_instruction\":null,\"order_status_id\":null,\"fulfilment_type\":null}}', '2022-12-14 06:31:26', '2022-12-14 06:31:26'),
(167, 'order', 'updated', 39, 'App\\Models\\Order', NULL, NULL, '{\"attributes\":{\"order_status_id\":3,\"fulfilment_type\":\"deliver\"},\"old\":{\"order_status_id\":null,\"fulfilment_type\":null}}', '2022-12-14 06:31:26', '2022-12-14 06:31:26'),
(168, 'order', 'updated', 39, 'App\\Models\\Order', 1, 'App\\Models\\User', '{\"attributes\":{\"payment_status\":3},\"old\":{\"payment_status\":1}}', '2022-12-14 06:33:58', '2022-12-14 06:33:58'),
(169, 'shop', 'updated', 5, 'App\\Models\\Shop', 1, 'App\\Models\\User', '{\"attributes\":[],\"old\":[]}', '2022-12-14 06:33:58', '2022-12-14 06:33:58'),
(170, 'order', 'updated', 39, 'App\\Models\\Order', 1, 'App\\Models\\User', '{\"attributes\":{\"payment_status\":4},\"old\":{\"payment_status\":3}}', '2022-12-14 06:34:18', '2022-12-14 06:34:18'),
(171, 'order', 'updated', 38, 'App\\Models\\Order', 1, 'App\\Models\\User', '{\"attributes\":{\"payment_status\":3},\"old\":{\"payment_status\":1}}', '2022-12-14 06:49:03', '2022-12-14 06:49:03'),
(172, 'shop', 'updated', 1, 'App\\Models\\Shop', 1, 'App\\Models\\User', '{\"attributes\":[],\"old\":[]}', '2022-12-14 06:49:03', '2022-12-14 06:49:03'),
(173, 'order', 'updated', 38, 'App\\Models\\Order', 1, 'App\\Models\\User', '{\"attributes\":{\"payment_status\":4},\"old\":{\"payment_status\":3}}', '2022-12-14 06:49:15', '2022-12-14 06:49:15'),
(174, 'order', 'updated', 30, 'App\\Models\\Order', 1, 'App\\Models\\User', '{\"attributes\":{\"payment_status\":3,\"order_status_id\":3},\"old\":{\"payment_status\":2,\"order_status_id\":1}}', '2022-12-14 06:49:51', '2022-12-14 06:49:51'),
(175, 'shop', 'updated', 1, 'App\\Models\\Shop', 1, 'App\\Models\\User', '{\"attributes\":[],\"old\":[]}', '2022-12-14 06:49:52', '2022-12-14 06:49:52'),
(176, 'order', 'updated', 30, 'App\\Models\\Order', 1, 'App\\Models\\User', '{\"attributes\":{\"order_status_id\":6},\"old\":{\"order_status_id\":3}}', '2022-12-14 06:50:01', '2022-12-14 06:50:01'),
(177, 'order', 'updated', 30, 'App\\Models\\Order', 1, 'App\\Models\\User', '{\"attributes\":{\"payment_status\":4},\"old\":{\"payment_status\":3}}', '2022-12-14 06:50:18', '2022-12-14 06:50:18'),
(178, 'order', 'updated', 11, 'App\\Models\\Order', 1, 'App\\Models\\User', '{\"attributes\":{\"payment_status\":3,\"order_status_id\":3},\"old\":{\"payment_status\":1,\"order_status_id\":1}}', '2022-12-14 06:51:11', '2022-12-14 06:51:11'),
(179, 'shop', 'updated', 1, 'App\\Models\\Shop', 1, 'App\\Models\\User', '{\"attributes\":[],\"old\":[]}', '2022-12-14 06:51:11', '2022-12-14 06:51:11'),
(180, 'order', 'updated', 11, 'App\\Models\\Order', 1, 'App\\Models\\User', '{\"attributes\":{\"payment_status\":5},\"old\":{\"payment_status\":3}}', '2022-12-14 06:51:23', '2022-12-14 06:51:23'),
(181, 'order', 'updated', 15, 'App\\Models\\Order', 1, 'App\\Models\\User', '{\"attributes\":{\"payment_status\":3,\"order_status_id\":3},\"old\":{\"payment_status\":1,\"order_status_id\":1}}', '2022-12-14 06:52:11', '2022-12-14 06:52:11'),
(182, 'shop', 'updated', 1, 'App\\Models\\Shop', 1, 'App\\Models\\User', '{\"attributes\":[],\"old\":[]}', '2022-12-14 06:52:11', '2022-12-14 06:52:11'),
(183, 'order', 'updated', 15, 'App\\Models\\Order', 1, 'App\\Models\\User', '{\"attributes\":{\"payment_status\":5},\"old\":{\"payment_status\":3}}', '2022-12-14 06:52:31', '2022-12-14 06:52:31');
INSERT INTO `activity_log` (`id`, `log_name`, `description`, `subject_id`, `subject_type`, `causer_id`, `causer_type`, `properties`, `created_at`, `updated_at`) VALUES
(184, 'order', 'updated', 33, 'App\\Models\\Order', 1, 'App\\Models\\User', '{\"attributes\":{\"payment_status\":3},\"old\":{\"payment_status\":1}}', '2022-12-14 06:53:22', '2022-12-14 06:53:22'),
(185, 'shop', 'updated', 5, 'App\\Models\\Shop', 1, 'App\\Models\\User', '{\"attributes\":[],\"old\":[]}', '2022-12-14 06:53:22', '2022-12-14 06:53:22'),
(186, 'order', 'updated', 33, 'App\\Models\\Order', 1, 'App\\Models\\User', '{\"attributes\":{\"order_status_id\":6},\"old\":{\"order_status_id\":3}}', '2022-12-14 06:53:31', '2022-12-14 06:53:31'),
(187, 'order', 'updated', 33, 'App\\Models\\Order', 1, 'App\\Models\\User', '{\"attributes\":{\"payment_status\":5},\"old\":{\"payment_status\":3}}', '2022-12-14 06:53:45', '2022-12-14 06:53:45'),
(188, 'order', 'updated', 33, 'App\\Models\\Order', 1, 'App\\Models\\User', '{\"attributes\":{\"payment_status\":4},\"old\":{\"payment_status\":5}}', '2022-12-14 06:54:42', '2022-12-14 06:54:42'),
(189, 'order', 'updated', 14, 'App\\Models\\Order', 1, 'App\\Models\\User', '{\"attributes\":{\"payment_status\":3,\"order_status_id\":3},\"old\":{\"payment_status\":1,\"order_status_id\":1}}', '2022-12-14 06:55:44', '2022-12-14 06:55:44'),
(190, 'shop', 'updated', 3, 'App\\Models\\Shop', 1, 'App\\Models\\User', '{\"attributes\":[],\"old\":[]}', '2022-12-14 06:55:45', '2022-12-14 06:55:45'),
(191, 'order', 'updated', 14, 'App\\Models\\Order', 1, 'App\\Models\\User', '{\"attributes\":{\"payment_status\":4},\"old\":{\"payment_status\":3}}', '2022-12-14 06:55:57', '2022-12-14 06:55:57'),
(192, 'order', 'updated', 13, 'App\\Models\\Order', 1, 'App\\Models\\User', '{\"attributes\":{\"payment_status\":3,\"order_status_id\":3},\"old\":{\"payment_status\":1,\"order_status_id\":1}}', '2022-12-14 06:56:20', '2022-12-14 06:56:20'),
(193, 'shop', 'updated', 4, 'App\\Models\\Shop', 1, 'App\\Models\\User', '{\"attributes\":[],\"old\":[]}', '2022-12-14 06:56:20', '2022-12-14 06:56:20'),
(194, 'order', 'updated', 13, 'App\\Models\\Order', 1, 'App\\Models\\User', '{\"attributes\":{\"payment_status\":4},\"old\":{\"payment_status\":3}}', '2022-12-14 06:56:31', '2022-12-14 06:56:31'),
(195, 'system', 'updated', 1, 'App\\Models\\System', 1, 'App\\Models\\User', '{\"attributes\":{\"default_language\":\"pt_PT\"},\"old\":{\"default_language\":\"en\"}}', '2023-03-28 03:16:33', '2023-03-28 03:16:33'),
(196, 'system', 'updated', 1, 'App\\Models\\System', 1, 'App\\Models\\User', '{\"attributes\":{\"default_language\":\"en\"},\"old\":{\"default_language\":\"pt_PT\"}}', '2023-03-28 03:16:55', '2023-03-28 03:16:55'),
(197, 'order', 'created', 40, 'App\\Models\\Order', NULL, NULL, '{\"attributes\":{\"order_number\":\"#653446\",\"shop_id\":2,\"customer_id\":1,\"ship_to\":16,\"shipping_zone_id\":3,\"shipping_rate_id\":null,\"packaging_id\":null,\"item_count\":2,\"quantity\":2,\"shipping_weight\":\"2064.000000\",\"taxrate\":\"0.000000\",\"total\":\"671.909884\",\"discount\":\"0.000000\",\"shipping\":null,\"packaging\":null,\"handling\":\"0.000000\",\"taxes\":\"0.000000\",\"grand_total\":\"671.909884\",\"billing_address\":\"<address>90437 Gusikowski Islands<br\\/>Alfonso Wall<br\\/>Lake Darleneton, <br\\/> 15093-8389<br\\/>Guatemala<br\\/><abbr title=\\\"Phone\\\">P:<\\/abbr> +1 (682) 370-6344<\\/address>\",\"shipping_address\":\"<address>90437 Gusikowski Islands<br\\/>Alfonso Wall<br\\/>Lake Darleneton, <br\\/> 15093-8389<br\\/>Guatemala<br\\/><abbr title=\\\"Phone\\\">P:<\\/abbr> +1 (682) 370-6344<\\/address>\",\"shipping_date\":null,\"delivery_date\":null,\"tracking_id\":null,\"coupon_id\":null,\"carrier_id\":null,\"message_to_customer\":null,\"send_invoice_to_customer\":null,\"admin_note\":null,\"buyer_note\":null,\"payment_method_id\":3,\"payment_instruction\":null,\"payment_ref_id\":null,\"payment_date\":null,\"payment_status\":1,\"order_status_id\":1,\"goods_received\":null,\"approved\":null,\"feedback_id\":null,\"disputed\":null,\"email\":null,\"customer_phone_number\":null,\"fulfilment_type\":\"deliver\",\"device_id\":null,\"razorpay_order_id\":null,\"razorpay_payment_id\":null,\"razorpay_signature\":null}}', '2023-03-29 06:44:20', '2023-03-29 06:44:20'),
(198, 'order', 'updated', 40, 'App\\Models\\Order', NULL, NULL, '{\"attributes\":{\"payment_instruction\":\"Payment instructions for COD\",\"order_status_id\":1,\"fulfilment_type\":\"deliver\"},\"old\":{\"payment_instruction\":null,\"order_status_id\":null,\"fulfilment_type\":null}}', '2023-03-29 06:44:20', '2023-03-29 06:44:20'),
(199, 'order', 'updated', 40, 'App\\Models\\Order', NULL, NULL, '{\"attributes\":{\"order_status_id\":3,\"fulfilment_type\":\"deliver\"},\"old\":{\"order_status_id\":null,\"fulfilment_type\":null}}', '2023-03-29 06:44:20', '2023-03-29 06:44:20'),
(200, 'shop', 'updated', 2, 'App\\Models\\Shop', 4, 'App\\Models\\User', '{\"attributes\":{\"current_billing_plan\":\"price_1KBAXaG09em6dIPhblIucipd\",\"trial_ends_at\":\"2023-04-11T13:40:35.000000Z\"},\"old\":{\"current_billing_plan\":\"price_1KBAXaG09em6dIPhf2VWWIXO\",\"trial_ends_at\":\"2022-08-15T18:57:43.000000Z\"}}', '2023-03-29 08:40:35', '2023-03-29 08:40:35'),
(201, 'shop', 'updated', 3, 'App\\Models\\Shop', 5, 'App\\Models\\User', '{\"attributes\":{\"current_billing_plan\":\"price_1KBAXaG09em6dIPhblIucipd\",\"trial_ends_at\":\"2023-04-11T13:40:47.000000Z\"},\"old\":{\"current_billing_plan\":\"price_1KBAXaG09em6dIPhf2VWWIXO\",\"trial_ends_at\":\"2022-08-15T18:57:43.000000Z\"}}', '2023-03-29 08:40:47', '2023-03-29 08:40:47'),
(202, 'shop', 'updated', 4, 'App\\Models\\Shop', 6, 'App\\Models\\User', '{\"attributes\":{\"current_billing_plan\":\"price_1KBAXaG09em6dIPhblIucipd\",\"trial_ends_at\":\"2023-04-11T13:40:59.000000Z\"},\"old\":{\"current_billing_plan\":\"price_1KBAXaG09em6dIPhf2VWWIXO\",\"trial_ends_at\":\"2022-08-15T18:57:43.000000Z\"}}', '2023-03-29 08:40:59', '2023-03-29 08:40:59'),
(203, 'shop', 'updated', 2, 'App\\Models\\Shop', 4, 'App\\Models\\User', '{\"attributes\":{\"current_billing_plan\":\"price_1KBAXaG09em6dIPhf2VWWIXO\",\"trial_ends_at\":\"2023-04-09T13:51:27.000000Z\"},\"old\":{\"current_billing_plan\":\"price_1KBAXaG09em6dIPhblIucipd\",\"trial_ends_at\":\"2023-04-10T13:46:45.000000Z\"}}', '2023-03-29 08:51:27', '2023-03-29 08:51:27'),
(204, 'shop', 'updated', 1, 'App\\Models\\Shop', 3, 'App\\Models\\User', '{\"attributes\":{\"current_billing_plan\":\"price_1KBAXaG09em6dIPhblIucipd\",\"trial_ends_at\":\"2023-04-10T13:55:06.000000Z\"},\"old\":{\"current_billing_plan\":\"price_1KBAXaG09em6dIPhf2VWWIXO\",\"trial_ends_at\":\"2023-04-11T13:39:20.000000Z\"}}', '2023-03-29 08:55:06', '2023-03-29 08:55:06'),
(205, 'shop', 'updated', 3, 'App\\Models\\Shop', 5, 'App\\Models\\User', '{\"attributes\":{\"current_billing_plan\":\"price_1KBAXaG09em6dIPhf2VWWIXO\",\"trial_ends_at\":\"2023-04-10T13:55:31.000000Z\"},\"old\":{\"current_billing_plan\":\"price_1KBAXaG09em6dIPhblIucipd\",\"trial_ends_at\":\"2023-04-11T13:40:47.000000Z\"}}', '2023-03-29 08:55:31', '2023-03-29 08:55:31'),
(206, 'shop', 'updated', 5, 'App\\Models\\Shop', 7, 'App\\Models\\User', '{\"attributes\":{\"current_billing_plan\":\"price_1KBAXaG09em6dIPhblIucipd\",\"trial_ends_at\":\"2023-04-10T13:55:50.000000Z\"},\"old\":{\"current_billing_plan\":\"price_1KBAXaG09em6dIPhf2VWWIXO\",\"trial_ends_at\":\"2023-04-11T13:41:24.000000Z\"}}', '2023-03-29 08:55:50', '2023-03-29 08:55:50'),
(207, 'shop', 'updated', 4, 'App\\Models\\Shop', 6, 'App\\Models\\User', '{\"attributes\":{\"current_billing_plan\":\"price_1KBAXaG09em6dIPhHvdGFbcD\",\"trial_ends_at\":\"2023-04-10T13:56:02.000000Z\"},\"old\":{\"current_billing_plan\":\"price_1KBAXaG09em6dIPhblIucipd\",\"trial_ends_at\":\"2023-04-11T13:40:59.000000Z\"}}', '2023-03-29 08:56:02', '2023-03-29 08:56:02'),
(208, 'shop', 'updated', 4, 'App\\Models\\Shop', 6, 'App\\Models\\User', '{\"attributes\":[],\"old\":[]}', '2023-08-24 06:55:28', '2023-08-24 06:55:28'),
(209, 'order', 'created', 41, 'App\\Models\\Order', NULL, NULL, '{\"attributes\":{\"order_number\":\"#606807\",\"shop_id\":2,\"customer_id\":1,\"ship_to\":15,\"shipping_zone_id\":4,\"shipping_rate_id\":null,\"packaging_id\":null,\"item_count\":1,\"quantity\":1,\"shipping_weight\":\"1324.000000\",\"taxrate\":\"0.000000\",\"total\":\"265.997022\",\"discount\":\"0.000000\",\"shipping\":null,\"packaging\":null,\"handling\":\"0.000000\",\"taxes\":\"0.000000\",\"grand_total\":\"265.997022\",\"billing_address\":\"<address>254 Raheem Lane Apt. 309<br\\/>Paige Valleys<br\\/>Hicklemouth, <br\\/> 91737-4028<br\\/>French Polynesia<br\\/><abbr title=\\\"Phone\\\">P:<\\/abbr> +1-843-540-9724<\\/address>\",\"shipping_address\":\"<address>254 Raheem Lane Apt. 309<br\\/>Paige Valleys<br\\/>Hicklemouth, <br\\/> 91737-4028<br\\/>French Polynesia<br\\/><abbr title=\\\"Phone\\\">P:<\\/abbr> +1-843-540-9724<\\/address>\",\"shipping_date\":null,\"delivery_date\":null,\"tracking_id\":null,\"coupon_id\":null,\"carrier_id\":null,\"message_to_customer\":null,\"send_invoice_to_customer\":null,\"admin_note\":null,\"buyer_note\":null,\"payment_method_id\":11,\"payment_instruction\":null,\"payment_ref_id\":null,\"payment_date\":null,\"payment_status\":1,\"order_status_id\":1,\"goods_received\":null,\"approved\":null,\"feedback_id\":null,\"disputed\":null,\"email\":null,\"customer_phone_number\":null,\"fulfilment_type\":\"deliver\",\"device_id\":null,\"razorpay_order_id\":null,\"razorpay_payment_id\":null,\"razorpay_signature\":null,\"is_digital\":false}}', '2023-08-25 00:12:23', '2023-08-25 00:12:23'),
(210, 'order', 'deleted', 41, 'App\\Models\\Order', NULL, NULL, '{\"attributes\":{\"order_number\":\"#606807\",\"shop_id\":2,\"customer_id\":1,\"ship_to\":15,\"shipping_zone_id\":4,\"shipping_rate_id\":null,\"packaging_id\":null,\"item_count\":1,\"quantity\":1,\"shipping_weight\":\"1324.000000\",\"taxrate\":\"0.000000\",\"total\":\"265.997022\",\"discount\":\"0.000000\",\"shipping\":null,\"packaging\":null,\"handling\":\"0.000000\",\"taxes\":\"0.000000\",\"grand_total\":\"265.997022\",\"billing_address\":\"<address>254 Raheem Lane Apt. 309<br\\/>Paige Valleys<br\\/>Hicklemouth, <br\\/> 91737-4028<br\\/>French Polynesia<br\\/><abbr title=\\\"Phone\\\">P:<\\/abbr> +1-843-540-9724<\\/address>\",\"shipping_address\":\"<address>254 Raheem Lane Apt. 309<br\\/>Paige Valleys<br\\/>Hicklemouth, <br\\/> 91737-4028<br\\/>French Polynesia<br\\/><abbr title=\\\"Phone\\\">P:<\\/abbr> +1-843-540-9724<\\/address>\",\"shipping_date\":null,\"delivery_date\":null,\"tracking_id\":null,\"coupon_id\":null,\"carrier_id\":null,\"message_to_customer\":null,\"send_invoice_to_customer\":null,\"admin_note\":null,\"buyer_note\":null,\"payment_method_id\":11,\"payment_instruction\":null,\"payment_ref_id\":null,\"payment_date\":null,\"payment_status\":1,\"order_status_id\":1,\"goods_received\":null,\"approved\":null,\"feedback_id\":null,\"disputed\":null,\"email\":null,\"customer_phone_number\":null,\"fulfilment_type\":\"deliver\",\"device_id\":null,\"razorpay_order_id\":null,\"razorpay_payment_id\":null,\"razorpay_signature\":null,\"is_digital\":false}}', '2023-08-25 00:13:14', '2023-08-25 00:13:14');

-- --------------------------------------------------------

--
-- Table structure for table `addresses`
--

CREATE TABLE `addresses` (
  `id` bigint UNSIGNED NOT NULL,
  `address_type` varchar(255) CHARACTER SET utf8mb3 COLLATE utf8mb3_unicode_ci DEFAULT 'Primary',
  `address_title` varchar(255) CHARACTER SET utf8mb3 COLLATE utf8mb3_unicode_ci DEFAULT NULL,
  `address_line_1` varchar(255) CHARACTER SET utf8mb3 COLLATE utf8mb3_unicode_ci DEFAULT NULL,
  `address_line_2` varchar(255) CHARACTER SET utf8mb3 COLLATE utf8mb3_unicode_ci DEFAULT NULL,
  `city` varchar(255) CHARACTER SET utf8mb3 COLLATE utf8mb3_unicode_ci DEFAULT NULL,
  `state_id` int UNSIGNED DEFAULT NULL,
  `zip_code` varchar(255) CHARACTER SET utf8mb3 COLLATE utf8mb3_unicode_ci DEFAULT NULL,
  `country_id` int UNSIGNED DEFAULT NULL,
  `phone` varchar(255) CHARACTER SET utf8mb3 COLLATE utf8mb3_unicode_ci DEFAULT NULL,
  `latitude` double(8,2) DEFAULT NULL,
  `longitude` double(8,2) DEFAULT NULL,
  `addressable_id` bigint UNSIGNED NOT NULL,
  `addressable_type` varchar(255) CHARACTER SET utf8mb3 COLLATE utf8mb3_unicode_ci NOT NULL,
  `created_at` timestamp NULL DEFAULT NULL,
  `updated_at` timestamp NULL DEFAULT NULL
) ENGINE=InnoDB DEFAULT CHARSET=utf8mb3 COLLATE=utf8mb3_unicode_ci;

--
-- Dumping data for table `addresses`
--

INSERT INTO `addresses` (`id`, `address_type`, `address_title`, `address_line_1`, `address_line_2`, `city`, `state_id`, `zip_code`, `country_id`, `phone`, `latitude`, `longitude`, `addressable_id`, `addressable_type`, `created_at`, `updated_at`) VALUES
(1, 'Primary', NULL, 'Platform Address', NULL, 'Hollywood', 453, '63585', 840, NULL, NULL, NULL, 1, 'App\\Models\\System', '2022-08-02 13:57:42', '2022-08-02 13:57:42'),
(2, 'Primary', 'Primary Address', NULL, NULL, NULL, 523, NULL, 840, NULL, NULL, NULL, 1, 'App\\Models\\User', '2022-08-02 13:57:42', '2022-08-02 13:57:42'),
(3, 'Primary', 'Admin User', '336 Bailey Circles', 'Allene Inlet', 'Henrifurt', NULL, '55593', 258, '1-828-416-8043', -85.85, 89.91, 2, 'App\\Models\\User', '2022-08-02 13:57:43', '2022-08-02 13:57:43'),
(4, 'Primary', 'Tate Kertzmann', '965 Christa Mews', 'Schuster Square', 'Talonburgh', 147, '68056', 124, '469.461.4622', -29.52, 45.65, 3, 'App\\Models\\Merchant', '2022-08-02 13:57:43', '2022-08-02 13:57:43'),
(5, 'Primary', 'Darrel Berge I', '9105 Kunde Falls Apt. 184', 'Waelchi Ridge', 'Lake Lessie', NULL, '47192-2811', 598, '+17756304107', 58.86, -43.26, 4, 'App\\Models\\Merchant', '2022-08-02 13:57:43', '2022-08-02 13:57:43'),
(6, 'Primary', 'Prof. Abbigail Nader MD', '2057 Blick Estates Apt. 244', 'Effertz Course', 'Kayliemouth', 339, '85022-2900', 826, '1-956-578-8180', -22.97, -40.93, 5, 'App\\Models\\Merchant', '2022-08-02 13:57:43', '2022-08-02 13:57:43'),
(7, 'Primary', 'Ladarius Wunsch', '73589 Rosalind Mountains', 'Alisha Well', 'Toychester', NULL, '13424', 440, '+1-310-750-6514', -21.93, -83.49, 6, 'App\\Models\\Merchant', '2022-08-02 13:57:43', '2022-08-02 13:57:43'),
(8, 'Primary', 'Dr. Sid Tillman', '636 Zieme Harbor Suite 267', 'Keeling Corners', 'New Dangelo', NULL, '54736-4888', 748, '443-900-5943', -50.74, -29.56, 7, 'App\\Models\\Merchant', '2022-08-02 13:57:43', '2022-08-02 13:57:43'),
(9, 'Primary', NULL, 'Demo Platform Address', NULL, 'Demo City', 380, '63585', 604, '+1.431.253.0341', NULL, NULL, 1, 'App\\Models\\Shop', '2022-08-15 13:57:43', '2022-08-15 13:57:43'),
(10, 'Primary', NULL, 'Demo Platform Address', NULL, 'Demo City', 380, '63585', 604, '+1.431.253.0341', NULL, NULL, 2, 'App\\Models\\Shop', '2022-08-15 13:57:43', '2022-08-15 13:57:43'),
(11, 'Primary', NULL, 'Demo Platform Address', NULL, 'Demo City', 380, '63585', 604, '+1.431.253.0341', NULL, NULL, 3, 'App\\Models\\Shop', '2022-08-15 13:57:43', '2022-08-15 13:57:43'),
(12, 'Primary', NULL, 'Demo Platform Address', NULL, 'Demo City', 380, '63585', 604, '+1.431.253.0341', NULL, NULL, 4, 'App\\Models\\Shop', '2022-08-15 13:57:43', '2022-08-15 13:57:43'),
(13, 'Primary', NULL, 'Demo Platform Address', NULL, 'Demo City', 380, '63585', 604, '+1.431.253.0341', NULL, NULL, 5, 'App\\Models\\Shop', '2022-08-15 13:57:43', '2022-08-15 13:57:43'),
(14, 'Primary', 'Cornell Parker', '1537 Tremblay Wells', 'Brandt Cliffs', 'South Eusebio', NULL, '64251-3760', 232, '412-933-3397', -42.62, 23.73, 1, 'App\\Models\\Customer', '2022-08-02 13:57:44', '2022-08-02 13:57:44'),
(15, 'Billing', 'Office Address', '254 Raheem Lane Apt. 309', 'Paige Valleys', 'Hicklemouth', NULL, '91737-4028', 258, '+1-843-540-9724', 42.54, 117.31, 1, 'App\\Models\\Customer', '2022-08-02 13:57:44', '2022-08-02 13:57:44'),
(16, 'Shipping', 'Dorm Address', '90437 Gusikowski Islands', 'Alfonso Wall', 'Lake Darleneton', NULL, '15093-8389', 320, '+1 (682) 370-6344', 65.97, 103.49, 1, 'App\\Models\\Customer', '2022-08-02 13:57:44', '2022-08-02 13:57:44'),
(17, 'Primary', 'Miss Daphnee Rau', '48077 Augustine Green', 'Auer Falls', 'East Kira', NULL, '57434', 86, '(360) 570-5606', -5.83, -96.51, 2, 'App\\Models\\Customer', '2022-08-02 13:57:45', '2022-08-02 13:57:45'),
(18, 'Billing', 'Office Address', '7810 Andres Lake Suite 306', 'Mayer Fields', 'South Billie', NULL, '83535', 184, '(650) 241-9779', -76.65, -134.27, 2, 'App\\Models\\Customer', '2022-08-02 13:57:45', '2022-08-02 13:57:45'),
(19, 'Shipping', 'Dorm Address', '92464 Charlie Ports', 'Vicente Fall', 'East Riley', NULL, '07591-4229', 100, '+1-281-907-7639', -52.79, -29.04, 2, 'App\\Models\\Customer', '2022-08-02 13:57:45', '2022-08-02 13:57:45'),
(20, 'Primary', 'Paris Braun', '77275 Asa Throughway', 'McGlynn Plaza', 'West Fletahaven', NULL, '61103', 344, '1-341-968-1989', 18.33, 49.17, 3, 'App\\Models\\Customer', '2022-08-02 13:57:45', '2022-08-02 13:57:45'),
(21, 'Billing', 'Office Address', '4430 Johnston Centers', 'Toy Radial', 'Joelleberg', NULL, '93636-2162', 300, '+1-559-280-4600', 87.82, -132.06, 3, 'App\\Models\\Customer', '2022-08-02 13:57:45', '2022-08-02 13:57:45'),
(22, 'Shipping', 'Hotel Address', '20987 Langworth Isle', 'Miller Mission', 'Port Marge', NULL, '17739-7240', 20, '1-283-691-0563', -72.67, -131.02, 3, 'App\\Models\\Customer', '2022-08-02 13:57:45', '2022-08-02 13:57:45'),
(23, 'Primary', 'Dr. Rosendo Heathcote MD', '5606 Ida Radial Apt. 734', 'Lueilwitz Coves', 'South Edna', NULL, '90806-6337', 674, '385-338-8251', 20.50, 37.81, 4, 'App\\Models\\Customer', '2022-08-02 13:57:45', '2022-08-02 13:57:45'),
(24, 'Billing', 'Office Address', '248 Willis Parks Apt. 970', 'Little Gateway', 'South Hildegard', NULL, '69530-9039', 231, '1-469-398-6965', 7.72, -35.71, 4, 'App\\Models\\Customer', '2022-08-02 13:57:45', '2022-08-02 13:57:45'),
(25, 'Shipping', 'Office Address', '290 White Way Apt. 066', 'Russel Run', 'New Ebonyton', 154, '96055', 152, '1-541-873-9347', 10.33, -125.07, 4, 'App\\Models\\Customer', '2022-08-02 13:57:45', '2022-08-02 13:57:45'),
(26, 'Primary', 'Kitty Mills', '69481 Quitzon Trail', 'Parker Drives', 'Rosenbaumview', NULL, '51056-6386', 470, '+19474510747', 12.61, 157.66, 5, 'App\\Models\\Customer', '2022-08-02 13:57:45', '2022-08-02 13:57:45'),
(27, 'Billing', 'Home Address', '941 Doyle Cliff Suite 406', 'Rippin Forge', 'Hudsonfurt', NULL, '14505', 584, '+17184373018', 79.00, 36.91, 5, 'App\\Models\\Customer', '2022-08-02 13:57:45', '2022-08-02 13:57:45'),
(28, 'Shipping', 'Dorm Address', '233 Kathryn Glen', 'Simonis Walks', 'Daisystad', NULL, '34414-9838', 710, '(754) 909-0034', -85.86, 109.51, 5, 'App\\Models\\Customer', '2022-08-02 13:57:45', '2022-08-02 13:57:45'),
(29, 'Primary', 'Trystan Jaskolski', '4296 Kenyatta Mount Apt. 269', 'Zieme Grove', 'Lydaborough', 314, '98689-6543', 250, '806.690.8834', -51.98, -91.54, 6, 'App\\Models\\Customer', '2022-08-02 13:57:45', '2022-08-02 13:57:45'),
(30, 'Billing', 'Dorm Address', '70569 Mathias Mountains Suite 618', 'O\'Hara Isle', 'Gabemouth', NULL, '87509', 729, '1-616-423-8415', 86.21, 86.64, 6, 'App\\Models\\Customer', '2022-08-02 13:57:45', '2022-08-02 13:57:45'),
(31, 'Shipping', 'Hotel Address', '8332 Domingo Plaza Apt. 895', 'Mueller Green', 'North Onaberg', NULL, '86682-1273', 324, '689.339.3012', -20.37, 73.00, 6, 'App\\Models\\Customer', '2022-08-02 13:57:45', '2022-08-02 13:57:45'),
(32, 'Primary', 'Eileen Treutel', '98879 Bud Groves Apt. 375', 'Geraldine Port', 'Rowehaven', 749, '79605-3218', 116, '+1-631-513-2222', 71.74, 151.56, 7, 'App\\Models\\Customer', '2022-08-02 13:57:45', '2022-08-02 13:57:45'),
(33, 'Billing', 'Hotel Address', '9595 Tillman Turnpike Suite 364', 'Favian Stream', 'East Chaddstad', NULL, '99373', 728, '540-873-3207', -76.93, -149.51, 7, 'App\\Models\\Customer', '2022-08-02 13:57:45', '2022-08-02 13:57:45'),
(34, 'Shipping', 'Home Address', '484 Emard Pine Suite 168', 'Hazle Mountain', 'Port Jocelynborough', NULL, '77398', 581, '(531) 578-0465', -80.31, 80.40, 7, 'App\\Models\\Customer', '2022-08-02 13:57:45', '2022-08-02 13:57:45'),
(35, 'Primary', 'Kelley Brown', '88972 Schowalter Branch', 'Precious Streets', 'Trantowside', NULL, '16607-2322', 368, '(469) 408-1777', -65.58, -170.96, 8, 'App\\Models\\Customer', '2022-08-02 13:57:45', '2022-08-02 13:57:45'),
(36, 'Billing', 'Hotel Address', '5480 Greg Harbor', 'Joanie Pike', 'Lake Raoul', NULL, '41311', 12, '1-934-383-5753', -88.23, 98.97, 8, 'App\\Models\\Customer', '2022-08-02 13:57:45', '2022-08-02 13:57:45'),
(37, 'Shipping', 'Home Address', '9864 Hackett Port Suite 009', 'Hegmann Glen', 'Lakintown', 1104, '66327-9826', 690, '786.498.0889', 36.95, 165.53, 8, 'App\\Models\\Customer', '2022-08-02 13:57:45', '2022-08-02 13:57:45'),
(38, 'Primary', 'Kelley Herman', '159 Caden Mountain Suite 367', 'Felipa Spurs', 'Lake Aidan', NULL, '13150', 574, '240.641.1285', -56.02, -73.24, 9, 'App\\Models\\Customer', '2022-08-02 13:57:45', '2022-08-02 13:57:45'),
(39, 'Billing', 'Home Address', '20258 O\'Kon Islands', 'Amaya Burgs', 'North Rebachester', 769, '90047-4635', 414, '1-364-246-8822', 12.89, -119.99, 9, 'App\\Models\\Customer', '2022-08-02 13:57:45', '2022-08-02 13:57:45'),
(40, 'Shipping', 'Office Address', '2365 Stanford Pike Suite 173', 'Anderson Glens', 'Stokeshaven', NULL, '98241', 90, '820-348-9854', 59.15, -133.54, 9, 'App\\Models\\Customer', '2022-08-02 13:57:45', '2022-08-02 13:57:45'),
(41, 'Primary', 'Sigrid Wintheiser Jr.', '51889 Kole Mission', 'Wisoky Springs', 'Spencerview', NULL, '48088', 654, '1-657-445-1455', 46.13, -94.40, 10, 'App\\Models\\Customer', '2022-08-02 13:57:45', '2022-08-02 13:57:45'),
(42, 'Billing', 'Office Address', '30082 Erling Extension Apt. 447', 'Kenyon Heights', 'Mayerview', NULL, '68869', 8, '(434) 658-5738', 73.01, 32.56, 10, 'App\\Models\\Customer', '2022-08-02 13:57:45', '2022-08-02 13:57:45'),
(43, 'Shipping', 'Hotel Address', '4207 Arnulfo Prairie', 'Reichert Gateway', 'East Citlalli', NULL, '61519-4302', 140, '(636) 480-2264', -72.81, 157.57, 10, 'App\\Models\\Customer', '2022-08-02 13:57:45', '2022-08-02 13:57:45'),
(44, 'Primary', 'Alfreda King III', '5876 Zulauf Well', 'Morris Ways', 'Sisterside', NULL, '18766-8046', 90, '+1.283.389.4871', -15.09, 45.11, 11, 'App\\Models\\Customer', '2022-08-02 13:57:45', '2022-08-02 13:57:45'),
(45, 'Billing', 'Hotel Address', '28418 Juanita Cliff Suite 664', 'Simonis Mountains', 'Elnaburgh', NULL, '17395-9362', 270, '+16507582436', -86.03, -84.53, 11, 'App\\Models\\Customer', '2022-08-02 13:57:45', '2022-08-02 13:57:45'),
(46, 'Shipping', 'Dorm Address', '118 Langworth Spurs Suite 869', 'Bartoletti Summit', 'West Sage', NULL, '68168', 578, '(803) 317-6773', -56.76, -155.74, 11, 'App\\Models\\Customer', '2022-08-02 13:57:45', '2022-08-02 13:57:45'),
(47, 'Primary', 'Ms. Bianka Pfannerstill DDS', '2268 Ludie Burg Suite 046', 'Pfeffer Mall', 'Kayceeberg', NULL, '56126', 100, '763-615-3061', -75.09, -171.62, 12, 'App\\Models\\Customer', '2022-08-02 13:57:45', '2022-08-02 13:57:45'),
(48, 'Billing', 'Home Address', '5291 Jeromy Mission Suite 838', 'Maudie Tunnel', 'Keelyport', NULL, '41900-1114', 678, '+1.540.502.6192', -17.86, 154.13, 12, 'App\\Models\\Customer', '2022-08-02 13:57:45', '2022-08-02 13:57:45'),
(49, 'Shipping', 'Home Address', '48808 Mason Lodge Apt. 341', 'Damon Courts', 'Port Busterview', 618, '96028', 376, '1-458-805-6954', 12.60, -64.83, 12, 'App\\Models\\Customer', '2022-08-02 13:57:45', '2022-08-02 13:57:45'),
(50, 'Primary', 'Mrs. Audrey Greenholt', '79160 Addison Views Suite 003', 'Stevie Mountain', 'North Chloe', NULL, '52366-7864', 646, '+1-410-235-7104', -83.01, 56.10, 13, 'App\\Models\\Customer', '2022-08-02 13:57:45', '2022-08-02 13:57:45'),
(51, 'Billing', 'Office Address', '88489 Lila Plaza Suite 416', 'Andreanne Ports', 'Abshireberg', NULL, '61786', 400, '774.614.3843', -7.32, 139.40, 13, 'App\\Models\\Customer', '2022-08-02 13:57:45', '2022-08-02 13:57:45'),
(52, 'Shipping', 'Office Address', '213 Connelly Shoals', 'DuBuque Trail', 'Port Hipolitofort', NULL, '83612', 304, '1-858-801-7444', -69.39, 6.90, 13, 'App\\Models\\Customer', '2022-08-02 13:57:45', '2022-08-02 13:57:45'),
(53, 'Primary', 'Palma Gusikowski', '146 Freddie Light Apt. 641', 'Violet Ville', 'Lake Pamelafurt', NULL, '66483-9624', 408, '+1-747-686-9217', 27.68, -77.79, 14, 'App\\Models\\Customer', '2022-08-02 13:57:45', '2022-08-02 13:57:45'),
(54, 'Billing', 'Hotel Address', '178 Dicki Ranch', 'Koepp Village', 'Windlerside', 123, '58487', 76, '689.981.0346', 49.09, 46.15, 14, 'App\\Models\\Customer', '2022-08-02 13:57:45', '2022-08-02 13:57:45'),
(55, 'Shipping', 'Home Address', '6935 Eugenia Rest', 'Ryley Spring', 'Serenityville', NULL, '07981', 646, '+1-657-916-7279', -4.40, -26.47, 14, 'App\\Models\\Customer', '2022-08-02 13:57:45', '2022-08-02 13:57:45'),
(56, 'Primary', 'Miss Keara Stroman', '33046 John Lodge Suite 156', 'Davis Heights', 'West Justus', 1010, '50560', 608, '+1-870-291-4210', 16.47, -131.31, 15, 'App\\Models\\Customer', '2022-08-02 13:57:45', '2022-08-02 13:57:45'),
(57, 'Billing', 'Office Address', '663 Schowalter Village Apt. 579', 'Esteban Greens', 'Lake Russell', NULL, '32447-3574', 332, '+1-574-710-4016', 17.38, -19.38, 15, 'App\\Models\\Customer', '2022-08-02 13:57:45', '2022-08-02 13:57:45'),
(58, 'Shipping', 'Office Address', '39020 Rowe Fort', 'Grady Street', 'North Kevinfort', NULL, '01364', 496, '+13259193618', -74.97, 152.71, 15, 'App\\Models\\Customer', '2022-08-02 13:57:45', '2022-08-02 13:57:45'),
(59, 'Primary', 'Bridie Leffler', '6695 Langosh Wells', 'Renner Gateway', 'Lehnertown', 100, '90094-5327', 68, '1-541-201-4197', -54.11, -158.29, 16, 'App\\Models\\Customer', '2022-08-02 13:57:45', '2022-08-02 13:57:45'),
(60, 'Billing', 'Office Address', '64367 Eryn Inlet Suite 709', 'Nader Drive', 'New Lucianochester', 1236, '37124', 792, '+19287131615', 16.26, -117.95, 16, 'App\\Models\\Customer', '2022-08-02 13:57:45', '2022-08-02 13:57:45'),
(61, 'Shipping', 'Hotel Address', '6105 Hardy Highway Apt. 156', 'Spinka Parkway', 'Port Raeganburgh', NULL, '49869-3685', 662, '1-458-480-3678', -56.67, 3.20, 16, 'App\\Models\\Customer', '2022-08-02 13:57:45', '2022-08-02 13:57:45'),
(62, 'Primary', 'Leuschke Ltd', '214 Hyatt Stravenue Suite 375', 'Weimann Port', 'Pfannerstillland', NULL, '91222-7272', 788, '+1.248.846.5151', 21.18, -144.30, 1, 'App\\Models\\Supplier', '2022-08-02 13:57:45', '2022-08-02 13:57:45'),
(63, 'Primary', 'Towne-Jacobi', '56775 Ferry Road Apt. 037', 'Nicolas Shoal', 'South Buddyland', 1179, '46740-5635', 764, '(908) 615-4698', -34.33, 124.03, 2, 'App\\Models\\Supplier', '2022-08-02 13:57:45', '2022-08-02 13:57:45'),
(64, 'Primary', 'Lesch-Schaden', '16184 Pagac Fort', 'Lesch Lakes', 'North Henriton', NULL, '26999-9778', 158, '+1-986-485-8858', 12.25, -128.55, 3, 'App\\Models\\Supplier', '2022-08-02 13:57:45', '2022-08-02 13:57:45'),
(65, 'Primary', 'Goldner Ltd', '41218 Matilda Key', 'Ewell Glen', 'Hermannshire', NULL, '96894', 175, '+1-463-873-5451', -36.23, 3.56, 4, 'App\\Models\\Supplier', '2022-08-02 13:57:45', '2022-08-02 13:57:45'),
(66, 'Primary', 'Koss-Orn', '952 Price Center', 'Gilbert Wells', 'Port Casey', NULL, '51930-4276', 688, '+1 (585) 673-7260', -54.20, -56.04, 5, 'App\\Models\\Supplier', '2022-08-02 13:57:45', '2022-08-02 13:57:45'),
(67, 'Primary', 'Labadie, Wilkinson and Robel', '2007 Garret Garden', 'Hessel Islands', 'Murielview', 944, '18346', 524, '951.321.0333', -69.54, -32.37, 1, 'App\\Models\\Warehouse', '2022-08-02 13:57:47', '2022-08-02 13:57:47'),
(68, 'Primary', 'Jhon Mack', 'Gp-Ka 32/1 , South Sahazadpur, Gulshan', NULL, 'Sydney', 61, '1212', 36, '01638574281', NULL, NULL, 17, 'App\\Models\\Customer', '2022-12-12 02:56:53', '2022-12-12 02:56:53'),
(69, 'Primary', 'Jhon Doe', '32/58, south sted park', NULL, 'Florida', 1358, '1212', 840, '01638574281', NULL, NULL, 18, 'App\\Models\\Customer', '2022-12-12 03:10:54', '2022-12-12 03:10:54'),
(70, 'Primary', NULL, 'Gp-Ka 32/1 , South Sahazadpur, Gulshan ,', NULL, 'New-York', NULL, '1212', 112, '01638574281', NULL, NULL, 2, 'App\\Models\\Warehouse', '2022-12-12 04:03:22', '2022-12-12 04:03:22'),
(71, 'Primary', NULL, 'Gp-Ka 32/1', NULL, 'Belaurs', 72, '1212', 56, '453438574281', NULL, NULL, 3, 'App\\Models\\Warehouse', '2022-12-12 04:04:39', '2022-12-12 04:04:39'),
(72, 'Billing', 'Jhon doe', 'New York City,', '32-5845 A', 'Ohio', 1362, '1212', 840, '01638574281', NULL, NULL, 18, 'App\\Models\\Customer', '2022-12-12 04:08:39', '2022-12-12 04:08:39'),
(73, 'Shipping', 'Jhon Devid', '978/aF', '5th', 'London', 447, '3234', 826, '01638574281', NULL, NULL, 18, 'App\\Models\\Customer', '2022-12-12 04:09:38', '2022-12-12 04:09:38'),
(74, 'Primary', NULL, 'Gp-Ka 32/1 , South Sahazadpur,', NULL, 'Dhaka', 329, '1212', 826, '01638574281', NULL, NULL, 4, 'App\\Models\\Warehouse', '2022-12-12 04:23:14', '2022-12-12 04:23:14'),
(75, 'Primary', 'Jhon Doe', 'New York city', NULL, 'New York', 1358, '25125', 840, '1254889236', NULL, NULL, 20, 'App\\Models\\Customer', '2022-12-13 05:23:14', '2022-12-13 05:23:14'),
(76, 'Primary', NULL, NULL, NULL, NULL, 64, '1212', 50, NULL, NULL, NULL, 8, 'App\\Models\\User', '2022-12-13 06:25:59', '2022-12-13 06:25:59'),
(77, 'Primary', NULL, '6372 Blossom Hill Rd', NULL, NULL, 72, '1212', 56, '(526) 518-6939', NULL, NULL, 9, 'App\\Models\\User', '2022-12-14 01:00:50', '2022-12-14 01:00:50'),
(78, 'Primary', NULL, '3420 Spring St', NULL, 'New York', NULL, '25896', 840, '(611) 931-1228', NULL, NULL, 10, 'App\\Models\\User', '2022-12-14 01:03:03', '2022-12-14 01:03:03'),
(79, 'Shipping', 'Jeffy Way', '9291 Northaven Rd', NULL, 'New York', 1358, '25152', 840, '+25478398236', NULL, NULL, 21, 'App\\Models\\Customer', '2022-12-14 04:39:33', '2022-12-14 04:39:33'),
(80, 'Shipping', 'shipping', '226 Kimberly Way', NULL, 'Lowell', 1358, '49331', 840, '616-897-4387', NULL, NULL, 19, 'App\\Models\\Customer', '2022-12-14 04:48:05', '2022-12-14 04:48:05'),
(81, 'Shipping', 'Becky Flores', '1128 W 6th St', NULL, 'New York', 1358, '963366', 840, NULL, NULL, NULL, 22, 'App\\Models\\Customer', '2022-12-14 05:28:26', '2022-12-14 05:28:26'),
(84, 'Primary', NULL, 'Zip: Midland, (LN),', NULL, 'London', 447, '79701', 826, NULL, NULL, NULL, 12, 'App\\Models\\User', '2022-12-14 05:58:22', '2022-12-14 05:58:22');

-- --------------------------------------------------------

--
-- Table structure for table `address_types`
--

CREATE TABLE `address_types` (
  `id` int UNSIGNED NOT NULL,
  `type` varchar(255) CHARACTER SET utf8mb3 COLLATE utf8mb3_unicode_ci NOT NULL
) ENGINE=InnoDB DEFAULT CHARSET=utf8mb3 COLLATE=utf8mb3_unicode_ci;

--
-- Dumping data for table `address_types`
--

INSERT INTO `address_types` (`id`, `type`) VALUES
(2, 'Billing'),
(1, 'Primary'),
(3, 'Shipping');

-- --------------------------------------------------------

--
-- Table structure for table `announcements`
--

CREATE TABLE `announcements` (
  `id` varchar(255) CHARACTER SET utf8mb3 COLLATE utf8mb3_unicode_ci NOT NULL,
  `user_id` int NOT NULL,
  `body` text CHARACTER SET utf8mb3 COLLATE utf8mb3_unicode_ci NOT NULL,
  `action_text` varchar(255) CHARACTER SET utf8mb3 COLLATE utf8mb3_unicode_ci DEFAULT NULL,
  `action_url` text CHARACTER SET utf8mb3 COLLATE utf8mb3_unicode_ci,
  `public` tinyint(1) DEFAULT '0',
  `expire_at` date DEFAULT NULL,
  `created_at` timestamp NULL DEFAULT NULL,
  `updated_at` timestamp NULL DEFAULT NULL
) ENGINE=InnoDB DEFAULT CHARSET=utf8mb3 COLLATE=utf8mb3_unicode_ci;

--
-- Dumping data for table `announcements`
--

INSERT INTO `announcements` (`id`, `user_id`, `body`, `action_text`, `action_url`, `public`, `expire_at`, `created_at`, `updated_at`) VALUES
('072f71d0-9536-46f4-8c4a-bee982eeb99b', 1, 'Get a huge discount of up to 80% on all items', NULL, NULL, 1, '2023-08-30', '2022-12-14 07:00:24', '2023-08-25 06:40:33'),
('461abd92-dd7b-468e-9b73-ff2ff0804183', 1, 'Mega Deals Upto 80%', NULL, NULL, 0, '2023-08-27', '2022-12-13 06:34:40', '2023-08-25 06:40:33'),
('8490cb29-cdda-4b13-8470-231ba46c59cb', 1, 'Flat Sell at Big Shops Upto 85%', NULL, NULL, 1, '2023-08-30', '2022-12-13 06:35:32', '2023-08-25 06:40:33');

-- --------------------------------------------------------

--
-- Table structure for table `attachments`
--

CREATE TABLE `attachments` (
  `id` bigint UNSIGNED NOT NULL,
  `path` text CHARACTER SET utf8mb3 COLLATE utf8mb3_unicode_ci NOT NULL,
  `name` text CHARACTER SET utf8mb3 COLLATE utf8mb3_unicode_ci,
  `extension` varchar(255) CHARACTER SET utf8mb3 COLLATE utf8mb3_unicode_ci DEFAULT NULL,
  `size` varchar(255) CHARACTER SET utf8mb3 COLLATE utf8mb3_unicode_ci DEFAULT NULL,
  `attachable_id` int UNSIGNED NOT NULL,
  `attachable_type` varchar(255) CHARACTER SET utf8mb3 COLLATE utf8mb3_unicode_ci NOT NULL,
  `ownable_id` bigint DEFAULT NULL,
  `ownable_type` varchar(255) CHARACTER SET utf8mb3 COLLATE utf8mb3_unicode_ci DEFAULT NULL,
  `created_at` timestamp NULL DEFAULT NULL,
  `updated_at` timestamp NULL DEFAULT NULL
) ENGINE=InnoDB DEFAULT CHARSET=utf8mb3 COLLATE=utf8mb3_unicode_ci;

--
-- Dumping data for table `attachments`
--

INSERT INTO `attachments` (`id`, `path`, `name`, `extension`, `size`, `attachable_id`, `attachable_type`, `ownable_id`, `ownable_type`, `created_at`, `updated_at`) VALUES
(1, 'attachments/rO30ArWfyR9sUXr4pcRUWUCPH9kAFeDYJWJPYVPE.png', 'images.png', 'png', '3159', 16, 'App\\Models\\Message', 7, 'App\\Models\\User', '2022-12-12 04:12:22', '2022-12-12 04:12:22'),
(2, 'attachments/21LhJIiInNPgtfyMY6OZxOcCxb9f4viriP4RFfU1.png', 'images.png', 'png', '3159', 32, 'App\\Models\\Reply', 3, 'App\\Models\\User', '2022-12-12 04:18:46', '2022-12-12 04:18:46'),
(3, 'attachments/rX6MBH9WuZoUd7D9FxwthUWpIlwWfaRH1LMQ6Mjs.jpg', '988e215aea1e1e73955ae2460227bbd8.jpg', 'jpg', '73412', 6, 'App\\Models\\Config', 11, 'App\\Models\\User', '2022-12-14 05:44:48', '2022-12-14 05:44:48'),
(4, 'attachments/ckneU1st95KsVOBJuJzqfZrJg82CNPeeEoWahQil.jpg', '988e215aea1e1e73955ae2460227bbd8.jpg', 'jpg', '73412', 7, 'App\\Models\\Config', 12, 'App\\Models\\User', '2022-12-14 05:55:34', '2022-12-14 05:55:34');

-- --------------------------------------------------------

--
-- Table structure for table `attributes`
--

CREATE TABLE `attributes` (
  `id` int UNSIGNED NOT NULL,
  `shop_id` int UNSIGNED DEFAULT NULL,
  `name` varchar(100) CHARACTER SET utf8mb3 COLLATE utf8mb3_unicode_ci DEFAULT NULL,
  `attribute_type_id` int UNSIGNED DEFAULT NULL,
  `order` int DEFAULT NULL,
  `deleted_at` timestamp NULL DEFAULT NULL,
  `created_at` timestamp NULL DEFAULT NULL,
  `updated_at` timestamp NULL DEFAULT NULL
) ENGINE=InnoDB DEFAULT CHARSET=utf8mb3 COLLATE=utf8mb3_unicode_ci;

--
-- Dumping data for table `attributes`
--

INSERT INTO `attributes` (`id`, `shop_id`, `name`, `attribute_type_id`, `order`, `deleted_at`, `created_at`, `updated_at`) VALUES
(1, NULL, 'Color', 1, 0, NULL, '2022-08-02 13:57:43', '2022-08-02 13:57:43'),
(2, NULL, 'Pattern', 1, 1, NULL, '2022-08-02 13:57:43', '2022-08-02 13:57:43'),
(3, NULL, 'Size', 3, 2, NULL, '2022-08-02 13:57:43', '2022-08-02 13:57:43'),
(4, NULL, 'Style', 3, 3, NULL, '2022-08-02 13:57:43', '2022-08-02 13:57:43'),
(5, NULL, 'Gender', 2, 4, NULL, '2022-08-02 13:57:43', '2022-08-02 13:57:43'),
(6, NULL, 'Format', 3, 5, NULL, '2022-08-02 13:57:43', '2022-08-02 13:57:43');

-- --------------------------------------------------------

--
-- Table structure for table `attribute_categories`
--

CREATE TABLE `attribute_categories` (
  `id` bigint UNSIGNED NOT NULL,
  `category_id` int UNSIGNED DEFAULT NULL,
  `attribute_id` int UNSIGNED DEFAULT NULL,
  `created_at` timestamp NULL DEFAULT NULL,
  `updated_at` timestamp NULL DEFAULT NULL
) ENGINE=InnoDB DEFAULT CHARSET=utf8mb3 COLLATE=utf8mb3_unicode_ci;

--
-- Dumping data for table `attribute_categories`
--

INSERT INTO `attribute_categories` (`id`, `category_id`, `attribute_id`, `created_at`, `updated_at`) VALUES
(1, 18, 1, '2022-08-02 13:57:43', '2022-08-02 13:57:43'),
(2, 18, 2, '2022-08-02 13:57:43', '2022-08-02 13:57:43'),
(3, 18, 3, '2022-08-02 13:57:43', '2022-08-02 13:57:43'),
(4, 18, 4, '2022-08-02 13:57:43', '2022-08-02 13:57:43'),
(5, 18, 6, '2022-08-02 13:57:43', '2022-08-02 13:57:43'),
(6, 27, 1, '2022-08-02 13:57:43', '2022-08-02 13:57:43'),
(7, 27, 2, '2022-08-02 13:57:43', '2022-08-02 13:57:43'),
(8, 27, 4, '2022-08-02 13:57:43', '2022-08-02 13:57:43'),
(9, 9, 1, '2022-08-02 13:57:43', '2022-08-02 13:57:43'),
(10, 9, 2, '2022-08-02 13:57:43', '2022-08-02 13:57:43'),
(11, 9, 3, '2022-08-02 13:57:43', '2022-08-02 13:57:43'),
(12, 9, 4, '2022-08-02 13:57:43', '2022-08-02 13:57:43'),
(13, 9, 6, '2022-08-02 13:57:43', '2022-08-02 13:57:43'),
(14, 38, 2, '2022-08-02 13:57:43', '2022-08-02 13:57:43'),
(15, 38, 3, '2022-08-02 13:57:43', '2022-08-02 13:57:43'),
(16, 19, 1, '2022-08-02 13:57:43', '2022-08-02 13:57:43'),
(17, 19, 2, '2022-08-02 13:57:43', '2022-08-02 13:57:43'),
(18, 24, 2, '2022-08-02 13:57:43', '2022-08-02 13:57:43'),
(19, 24, 5, '2022-08-02 13:57:43', '2022-08-02 13:57:43'),
(20, 24, 3, '2022-08-02 13:57:43', '2022-08-02 13:57:43'),
(21, 24, 6, '2022-08-02 13:57:43', '2022-08-02 13:57:43'),
(22, 34, 4, '2022-08-02 13:57:43', '2022-08-02 13:57:43'),
(23, 34, 6, '2022-08-02 13:57:43', '2022-08-02 13:57:43'),
(24, 39, 2, '2022-08-02 13:57:43', '2022-08-02 13:57:43'),
(25, 39, 5, '2022-08-02 13:57:43', '2022-08-02 13:57:43'),
(26, 39, 3, '2022-08-02 13:57:43', '2022-08-02 13:57:43'),
(27, 39, 4, '2022-08-02 13:57:43', '2022-08-02 13:57:43'),
(28, 39, 6, '2022-08-02 13:57:43', '2022-08-02 13:57:43'),
(29, 8, 1, '2022-08-02 13:57:43', '2022-08-02 13:57:43'),
(30, 8, 5, '2022-08-02 13:57:43', '2022-08-02 13:57:43'),
(31, 8, 4, '2022-08-02 13:57:43', '2022-08-02 13:57:43'),
(32, 8, 6, '2022-08-02 13:57:43', '2022-08-02 13:57:43'),
(33, 2, 5, '2022-08-02 13:57:43', '2022-08-02 13:57:43'),
(34, 2, 4, '2022-08-02 13:57:43', '2022-08-02 13:57:43'),
(35, 2, 6, '2022-08-02 13:57:43', '2022-08-02 13:57:43'),
(36, 4, 5, '2022-08-02 13:57:43', '2022-08-02 13:57:43'),
(37, 4, 3, '2022-08-02 13:57:43', '2022-08-02 13:57:43'),
(38, 4, 4, '2022-08-02 13:57:43', '2022-08-02 13:57:43'),
(39, 4, 6, '2022-08-02 13:57:43', '2022-08-02 13:57:43'),
(40, 7, 1, '2022-08-02 13:57:43', '2022-08-02 13:57:43'),
(41, 7, 2, '2022-08-02 13:57:43', '2022-08-02 13:57:43'),
(42, 7, 5, '2022-08-02 13:57:43', '2022-08-02 13:57:43'),
(43, 7, 4, '2022-08-02 13:57:43', '2022-08-02 13:57:43'),
(44, 7, 6, '2022-08-02 13:57:43', '2022-08-02 13:57:43'),
(45, 12, 2, '2022-08-02 13:57:43', '2022-08-02 13:57:43'),
(46, 12, 4, '2022-08-02 13:57:43', '2022-08-02 13:57:43'),
(47, 12, 6, '2022-08-02 13:57:43', '2022-08-02 13:57:43'),
(48, 3, 1, '2022-08-02 13:57:43', '2022-08-02 13:57:43'),
(49, 3, 2, '2022-08-02 13:57:43', '2022-08-02 13:57:43'),
(50, 16, 1, '2022-08-02 13:57:43', '2022-08-02 13:57:43'),
(51, 16, 2, '2022-08-02 13:57:43', '2022-08-02 13:57:43'),
(52, 16, 5, '2022-08-02 13:57:43', '2022-08-02 13:57:43'),
(53, 16, 4, '2022-08-02 13:57:43', '2022-08-02 13:57:43'),
(54, 16, 6, '2022-08-02 13:57:43', '2022-08-02 13:57:43'),
(55, 25, 5, '2022-08-02 13:57:43', '2022-08-02 13:57:43'),
(56, 25, 3, '2022-08-02 13:57:43', '2022-08-02 13:57:43'),
(57, 25, 4, '2022-08-02 13:57:43', '2022-08-02 13:57:43'),
(58, 25, 6, '2022-08-02 13:57:43', '2022-08-02 13:57:43'),
(59, 26, 1, '2022-08-02 13:57:43', '2022-08-02 13:57:43'),
(60, 26, 2, '2022-08-02 13:57:43', '2022-08-02 13:57:43'),
(61, 26, 5, '2022-08-02 13:57:43', '2022-08-02 13:57:43'),
(62, 26, 4, '2022-08-02 13:57:43', '2022-08-02 13:57:43'),
(63, 26, 6, '2022-08-02 13:57:43', '2022-08-02 13:57:43'),
(64, 29, 1, '2022-08-02 13:57:43', '2022-08-02 13:57:43'),
(65, 29, 2, '2022-08-02 13:57:43', '2022-08-02 13:57:43'),
(66, 29, 4, '2022-08-02 13:57:43', '2022-08-02 13:57:43'),
(67, 29, 6, '2022-08-02 13:57:43', '2022-08-02 13:57:43'),
(68, 14, 1, '2022-08-02 13:57:43', '2022-08-02 13:57:43'),
(69, 14, 2, '2022-08-02 13:57:43', '2022-08-02 13:57:43'),
(70, 14, 5, '2022-08-02 13:57:43', '2022-08-02 13:57:43'),
(71, 15, 2, '2022-08-02 13:57:43', '2022-08-02 13:57:43'),
(72, 15, 5, '2022-08-02 13:57:43', '2022-08-02 13:57:43'),
(73, 15, 3, '2022-08-02 13:57:43', '2022-08-02 13:57:43'),
(74, 15, 6, '2022-08-02 13:57:43', '2022-08-02 13:57:43'),
(75, 22, 1, '2022-08-02 13:57:43', '2022-08-02 13:57:43'),
(76, 22, 2, '2022-08-02 13:57:43', '2022-08-02 13:57:43'),
(77, 22, 4, '2022-08-02 13:57:43', '2022-08-02 13:57:43'),
(78, 22, 6, '2022-08-02 13:57:43', '2022-08-02 13:57:43'),
(79, 32, 1, '2022-08-02 13:57:43', '2022-08-02 13:57:43'),
(80, 32, 2, '2022-08-02 13:57:43', '2022-08-02 13:57:43'),
(81, 32, 5, '2022-08-02 13:57:43', '2022-08-02 13:57:43'),
(82, 32, 6, '2022-08-02 13:57:43', '2022-08-02 13:57:43'),
(83, 35, 2, '2022-08-02 13:57:43', '2022-08-02 13:57:43'),
(84, 35, 5, '2022-08-02 13:57:43', '2022-08-02 13:57:43'),
(85, 35, 3, '2022-08-02 13:57:43', '2022-08-02 13:57:43'),
(86, 35, 4, '2022-08-02 13:57:43', '2022-08-02 13:57:43'),
(87, 1, 1, '2022-08-02 13:57:43', '2022-08-02 13:57:43'),
(88, 1, 2, '2022-08-02 13:57:43', '2022-08-02 13:57:43'),
(89, 1, 5, '2022-08-02 13:57:43', '2022-08-02 13:57:43'),
(90, 1, 3, '2022-08-02 13:57:43', '2022-08-02 13:57:43'),
(91, 1, 6, '2022-08-02 13:57:43', '2022-08-02 13:57:43'),
(92, 20, 2, '2022-08-02 13:57:43', '2022-08-02 13:57:43'),
(93, 20, 3, '2022-08-02 13:57:43', '2022-08-02 13:57:43'),
(94, 30, 1, '2022-08-02 13:57:43', '2022-08-02 13:57:43'),
(95, 30, 2, '2022-08-02 13:57:43', '2022-08-02 13:57:43'),
(96, 30, 3, '2022-08-02 13:57:43', '2022-08-02 13:57:43'),
(97, 30, 4, '2022-08-02 13:57:43', '2022-08-02 13:57:43'),
(98, 30, 6, '2022-08-02 13:57:43', '2022-08-02 13:57:43'),
(99, 28, 1, '2022-08-02 13:57:43', '2022-08-02 13:57:43'),
(100, 28, 3, '2022-08-02 13:57:43', '2022-08-02 13:57:43'),
(101, 36, 2, '2022-08-02 13:57:43', '2022-08-02 13:57:43'),
(102, 36, 5, '2022-08-02 13:57:43', '2022-08-02 13:57:43'),
(103, 36, 3, '2022-08-02 13:57:43', '2022-08-02 13:57:43'),
(104, 36, 4, '2022-08-02 13:57:43', '2022-08-02 13:57:43'),
(105, 5, 1, '2022-08-02 13:57:43', '2022-08-02 13:57:43'),
(106, 5, 2, '2022-08-02 13:57:43', '2022-08-02 13:57:43'),
(107, 5, 3, '2022-08-02 13:57:43', '2022-08-02 13:57:43'),
(108, 5, 6, '2022-08-02 13:57:43', '2022-08-02 13:57:43'),
(109, 17, 3, '2022-08-02 13:57:43', '2022-08-02 13:57:43'),
(110, 17, 4, '2022-08-02 13:57:43', '2022-08-02 13:57:43'),
(111, 17, 6, '2022-08-02 13:57:43', '2022-08-02 13:57:43'),
(112, 40, 1, '2022-08-02 13:57:43', '2022-08-02 13:57:43'),
(113, 40, 5, '2022-08-02 13:57:43', '2022-08-02 13:57:43'),
(114, 40, 4, '2022-08-02 13:57:43', '2022-08-02 13:57:43'),
(115, 10, 1, '2022-08-02 13:57:43', '2022-08-02 13:57:43'),
(116, 10, 5, '2022-08-02 13:57:43', '2022-08-02 13:57:43'),
(117, 10, 3, '2022-08-02 13:57:43', '2022-08-02 13:57:43'),
(118, 10, 4, '2022-08-02 13:57:43', '2022-08-02 13:57:43'),
(119, 10, 6, '2022-08-02 13:57:43', '2022-08-02 13:57:43'),
(120, 31, 3, '2022-08-02 13:57:43', '2022-08-02 13:57:43'),
(121, 31, 6, '2022-08-02 13:57:43', '2022-08-02 13:57:43'),
(122, 21, 1, '2022-08-02 13:57:43', '2022-08-02 13:57:43'),
(123, 21, 2, '2022-08-02 13:57:43', '2022-08-02 13:57:43'),
(124, 21, 3, '2022-08-02 13:57:43', '2022-08-02 13:57:43'),
(125, 33, 2, '2022-08-02 13:57:43', '2022-08-02 13:57:43'),
(126, 33, 5, '2022-08-02 13:57:43', '2022-08-02 13:57:43'),
(127, 33, 3, '2022-08-02 13:57:43', '2022-08-02 13:57:43'),
(128, 33, 4, '2022-08-02 13:57:43', '2022-08-02 13:57:43'),
(129, 33, 6, '2022-08-02 13:57:43', '2022-08-02 13:57:43'),
(130, 37, 5, '2022-08-02 13:57:43', '2022-08-02 13:57:43'),
(131, 37, 4, '2022-08-02 13:57:43', '2022-08-02 13:57:43'),
(132, 13, 1, '2022-08-02 13:57:43', '2022-08-02 13:57:43'),
(133, 13, 5, '2022-08-02 13:57:43', '2022-08-02 13:57:43'),
(134, 13, 3, '2022-08-02 13:57:43', '2022-08-02 13:57:43'),
(135, 13, 4, '2022-08-02 13:57:43', '2022-08-02 13:57:43'),
(136, 13, 6, '2022-08-02 13:57:43', '2022-08-02 13:57:43'),
(137, 11, 1, '2022-08-02 13:57:43', '2022-08-02 13:57:43'),
(138, 11, 5, '2022-08-02 13:57:43', '2022-08-02 13:57:43'),
(139, 11, 3, '2022-08-02 13:57:43', '2022-08-02 13:57:43'),
(140, 11, 4, '2022-08-02 13:57:43', '2022-08-02 13:57:43'),
(141, 23, 1, '2022-08-02 13:57:43', '2022-08-02 13:57:43'),
(142, 23, 3, '2022-08-02 13:57:43', '2022-08-02 13:57:43'),
(143, 23, 4, '2022-08-02 13:57:43', '2022-08-02 13:57:43'),
(144, 6, 2, '2022-08-02 13:57:43', '2022-08-02 13:57:43'),
(145, 6, 3, '2022-08-02 13:57:43', '2022-08-02 13:57:43'),
(146, 6, 6, '2022-08-02 13:57:43', '2022-08-02 13:57:43');

-- --------------------------------------------------------

--
-- Table structure for table `attribute_inventory`
--

CREATE TABLE `attribute_inventory` (
  `attribute_id` int UNSIGNED NOT NULL,
  `inventory_id` bigint UNSIGNED NOT NULL,
  `attribute_value_id` int UNSIGNED NOT NULL,
  `created_at` timestamp NULL DEFAULT NULL,
  `updated_at` timestamp NULL DEFAULT NULL
) ENGINE=InnoDB DEFAULT CHARSET=utf8mb3 COLLATE=utf8mb3_unicode_ci;

--
-- Dumping data for table `attribute_inventory`
--

INSERT INTO `attribute_inventory` (`attribute_id`, `inventory_id`, `attribute_value_id`, `created_at`, `updated_at`) VALUES
(1, 78, 4, '2022-08-02 13:57:43', '2022-08-02 13:57:43'),
(2, 101, 30, '2022-08-02 13:57:43', '2022-08-02 13:57:43'),
(3, 40, 25, '2022-08-02 13:57:43', '2022-08-02 13:57:43'),
(4, 69, 15, '2022-08-02 13:57:43', '2022-08-02 13:57:43'),
(6, 99, 10, '2022-08-02 13:57:43', '2022-08-02 13:57:43'),
(1, 57, 12, '2022-08-02 13:57:43', '2022-08-02 13:57:43'),
(2, 85, 9, '2022-08-02 13:57:43', '2022-08-02 13:57:43'),
(4, 22, 23, '2022-08-02 13:57:43', '2022-08-02 13:57:43'),
(1, 66, 20, '2022-08-02 13:57:43', '2022-08-02 13:57:43'),
(2, 28, 9, '2022-08-02 13:57:43', '2022-08-02 13:57:43'),
(3, 18, 25, '2022-08-02 13:57:43', '2022-08-02 13:57:43'),
(4, 97, 1, '2022-08-02 13:57:43', '2022-08-02 13:57:43'),
(6, 30, 16, '2022-08-02 13:57:43', '2022-08-02 13:57:43'),
(2, 28, 9, '2022-08-02 13:57:43', '2022-08-02 13:57:43'),
(3, 45, 18, '2022-08-02 13:57:43', '2022-08-02 13:57:43'),
(1, 2, 20, '2022-08-02 13:57:43', '2022-08-02 13:57:43'),
(2, 51, 3, '2022-08-02 13:57:43', '2022-08-02 13:57:43'),
(2, 65, 3, '2022-08-02 13:57:43', '2022-08-02 13:57:43'),
(5, 13, 17, '2022-08-02 13:57:43', '2022-08-02 13:57:43'),
(3, 79, 19, '2022-08-02 13:57:43', '2022-08-02 13:57:43'),
(6, 44, 10, '2022-08-02 13:57:43', '2022-08-02 13:57:43'),
(4, 9, 22, '2022-08-02 13:57:43', '2022-08-02 13:57:43'),
(6, 63, 10, '2022-08-02 13:57:43', '2022-08-02 13:57:43'),
(2, 19, 3, '2022-08-02 13:57:43', '2022-12-13 05:55:32'),
(5, 49, 11, '2022-08-02 13:57:43', '2022-08-02 13:57:43'),
(3, 24, 25, '2022-08-02 13:57:43', '2022-08-02 13:57:43'),
(4, 36, 6, '2022-08-02 13:57:43', '2022-08-02 13:57:43'),
(6, 58, 13, '2022-08-02 13:57:43', '2022-08-02 13:57:43'),
(1, 6, 4, '2022-08-02 13:57:43', '2022-08-02 13:57:43'),
(5, 88, 7, '2022-08-02 13:57:43', '2022-08-02 13:57:43'),
(4, 107, 6, '2022-08-02 13:57:43', '2022-08-02 13:57:43'),
(6, 14, 10, '2022-08-02 13:57:43', '2022-08-02 13:57:43'),
(5, 16, 7, '2022-08-02 13:57:43', '2022-08-02 13:57:43'),
(4, 96, 1, '2022-08-02 13:57:43', '2022-08-02 13:57:43'),
(6, 90, 10, '2022-08-02 13:57:43', '2022-08-02 13:57:43'),
(5, 36, 29, '2022-08-02 13:57:43', '2022-08-02 13:57:43'),
(3, 44, 8, '2022-08-02 13:57:43', '2022-08-02 13:57:43'),
(4, 61, 22, '2022-08-02 13:57:43', '2022-08-02 13:57:43'),
(6, 24, 24, '2022-08-02 13:57:43', '2022-08-02 13:57:43'),
(1, 38, 12, '2022-08-02 13:57:43', '2022-08-02 13:57:43'),
(2, 34, 3, '2022-08-02 13:57:43', '2022-08-02 13:57:43'),
(5, 48, 5, '2022-08-02 13:57:43', '2022-08-02 13:57:43'),
(4, 90, 1, '2022-08-02 13:57:43', '2022-08-02 13:57:43'),
(6, 56, 13, '2022-08-02 13:57:43', '2022-08-02 13:57:43'),
(2, 35, 28, '2022-08-02 13:57:43', '2022-08-02 13:57:43'),
(4, 33, 6, '2022-08-02 13:57:43', '2022-08-02 13:57:43'),
(6, 82, 13, '2022-08-02 13:57:43', '2022-08-02 13:57:43'),
(1, 85, 12, '2022-08-02 13:57:43', '2022-08-02 13:57:43'),
(2, 47, 9, '2022-08-02 13:57:43', '2022-08-02 13:57:43'),
(1, 48, 12, '2022-08-02 13:57:43', '2022-08-02 13:57:43'),
(2, 104, 28, '2022-08-02 13:57:43', '2023-03-29 08:33:59'),
(5, 40, 29, '2022-08-02 13:57:43', '2022-08-02 13:57:43'),
(4, 90, 6, '2022-08-02 13:57:43', '2022-08-02 13:57:43'),
(6, 78, 24, '2022-08-02 13:57:43', '2022-08-02 13:57:43'),
(5, 75, 7, '2022-08-02 13:57:43', '2022-08-02 13:57:43'),
(3, 83, 18, '2022-08-02 13:57:43', '2022-08-02 13:57:43'),
(4, 38, 15, '2022-08-02 13:57:43', '2022-08-02 13:57:43'),
(6, 97, 16, '2022-08-02 13:57:43', '2022-08-02 13:57:43'),
(1, 91, 4, '2022-08-02 13:57:43', '2022-08-02 13:57:43'),
(2, 74, 30, '2022-08-02 13:57:43', '2022-08-02 13:57:43'),
(5, 104, 29, '2022-08-02 13:57:43', '2023-03-29 08:33:59'),
(4, 29, 15, '2022-08-02 13:57:43', '2022-08-02 13:57:43'),
(6, 3, 13, '2022-08-02 13:57:43', '2022-08-02 13:57:43'),
(1, 63, 4, '2022-08-02 13:57:43', '2022-08-02 13:57:43'),
(2, 5, 9, '2022-08-02 13:57:43', '2022-08-02 13:57:43'),
(4, 35, 23, '2022-08-02 13:57:43', '2022-08-02 13:57:43'),
(6, 14, 16, '2022-08-02 13:57:43', '2022-08-02 13:57:43'),
(1, 47, 20, '2022-08-02 13:57:43', '2022-08-02 13:57:43'),
(2, 36, 21, '2022-08-02 13:57:43', '2022-08-02 13:57:43'),
(5, 91, 26, '2022-08-02 13:57:43', '2022-08-02 13:57:43'),
(2, 23, 21, '2022-08-02 13:57:43', '2022-08-02 13:57:43'),
(5, 48, 14, '2022-08-02 13:57:43', '2022-08-02 13:57:43'),
(3, 28, 25, '2022-08-02 13:57:43', '2022-08-02 13:57:43'),
(6, 35, 24, '2022-08-02 13:57:43', '2022-08-02 13:57:43'),
(1, 107, 12, '2022-08-02 13:57:43', '2022-08-02 13:57:43'),
(2, 105, 9, '2022-08-02 13:57:43', '2022-08-02 13:57:43'),
(4, 37, 22, '2022-08-02 13:57:43', '2022-08-02 13:57:43'),
(6, 31, 2, '2022-08-02 13:57:43', '2022-08-02 13:57:43'),
(1, 32, 4, '2022-08-02 13:57:43', '2022-08-02 13:57:43'),
(2, 31, 9, '2022-08-02 13:57:43', '2022-08-02 13:57:43'),
(5, 40, 5, '2022-08-02 13:57:43', '2022-08-02 13:57:43'),
(6, 107, 27, '2022-08-02 13:57:43', '2022-08-02 13:57:43'),
(2, 22, 3, '2022-08-02 13:57:43', '2022-08-02 13:57:43'),
(5, 76, 5, '2022-08-02 13:57:43', '2022-08-02 13:57:43'),
(3, 90, 8, '2022-08-02 13:57:43', '2022-08-02 13:57:43'),
(4, 65, 23, '2022-08-02 13:57:43', '2022-08-02 13:57:43'),
(1, 87, 4, '2022-08-02 13:57:43', '2022-08-02 13:57:43'),
(2, 50, 3, '2022-08-02 13:57:43', '2022-08-02 13:57:43'),
(5, 74, 17, '2022-08-02 13:57:43', '2022-08-02 13:57:43'),
(3, 95, 8, '2022-08-02 13:57:43', '2022-08-02 13:57:43'),
(6, 35, 10, '2022-08-02 13:57:43', '2022-08-02 13:57:43'),
(2, 66, 28, '2022-08-02 13:57:43', '2022-08-02 13:57:43'),
(3, 37, 19, '2022-08-02 13:57:43', '2022-08-02 13:57:43'),
(1, 17, 4, '2022-08-02 13:57:43', '2022-08-02 13:57:43'),
(2, 67, 28, '2022-08-02 13:57:43', '2022-08-02 13:57:43'),
(3, 13, 25, '2022-08-02 13:57:43', '2022-08-02 13:57:43'),
(4, 3, 6, '2022-08-02 13:57:43', '2022-08-02 13:57:43'),
(6, 7, 2, '2022-08-02 13:57:43', '2022-08-02 13:57:43'),
(1, 46, 20, '2022-08-02 13:57:43', '2022-08-02 13:57:43'),
(3, 54, 19, '2022-08-02 13:57:43', '2022-12-13 05:56:31'),
(2, 48, 21, '2022-08-02 13:57:43', '2022-08-02 13:57:43'),
(5, 13, 14, '2022-08-02 13:57:43', '2022-08-02 13:57:43'),
(3, 80, 25, '2022-08-02 13:57:43', '2022-08-02 13:57:43'),
(4, 15, 6, '2022-08-02 13:57:43', '2022-08-02 13:57:43'),
(1, 83, 20, '2022-08-02 13:57:43', '2022-08-02 13:57:43'),
(2, 36, 3, '2022-08-02 13:57:43', '2022-08-02 13:57:43'),
(3, 58, 18, '2022-08-02 13:57:43', '2022-08-02 13:57:43'),
(6, 107, 27, '2022-08-02 13:57:43', '2022-08-02 13:57:43'),
(3, 29, 18, '2022-08-02 13:57:43', '2022-08-02 13:57:43'),
(4, 106, 1, '2022-08-02 13:57:43', '2022-08-02 13:57:43'),
(6, 39, 27, '2022-08-02 13:57:43', '2022-08-02 13:57:43'),
(1, 83, 4, '2022-08-02 13:57:43', '2022-08-02 13:57:43'),
(5, 11, 26, '2022-08-02 13:57:43', '2022-08-02 13:57:43'),
(4, 83, 6, '2022-08-02 13:57:43', '2022-08-02 13:57:43'),
(1, 102, 12, '2022-08-02 13:57:43', '2022-08-02 13:57:43'),
(5, 81, 14, '2022-08-02 13:57:43', '2022-08-02 13:57:43'),
(3, 82, 19, '2022-08-02 13:57:43', '2022-08-02 13:57:43'),
(4, 43, 23, '2022-08-02 13:57:43', '2022-08-02 13:57:43'),
(6, 14, 13, '2022-08-02 13:57:43', '2022-08-02 13:57:43'),
(3, 29, 18, '2022-08-02 13:57:43', '2022-08-02 13:57:43'),
(6, 77, 27, '2022-08-02 13:57:43', '2022-08-02 13:57:43'),
(1, 86, 12, '2022-08-02 13:57:43', '2022-08-02 13:57:43'),
(2, 8, 9, '2022-08-02 13:57:43', '2022-08-02 13:57:43'),
(3, 90, 8, '2022-08-02 13:57:43', '2022-08-02 13:57:43'),
(2, 57, 28, '2022-08-02 13:57:43', '2022-08-02 13:57:43'),
(5, 10, 29, '2022-08-02 13:57:43', '2022-08-02 13:57:43'),
(3, 94, 8, '2022-08-02 13:57:43', '2022-08-02 13:57:43'),
(4, 44, 15, '2022-08-02 13:57:43', '2022-08-02 13:57:43'),
(6, 11, 27, '2022-08-02 13:57:43', '2022-08-02 13:57:43'),
(5, 24, 5, '2022-08-02 13:57:43', '2022-08-02 13:57:43'),
(4, 48, 22, '2022-08-02 13:57:43', '2022-08-02 13:57:43'),
(1, 100, 20, '2022-08-02 13:57:43', '2022-08-02 13:57:43'),
(5, 68, 14, '2022-08-02 13:57:43', '2022-08-02 13:57:43'),
(3, 24, 8, '2022-08-02 13:57:43', '2022-08-02 13:57:43'),
(4, 60, 23, '2022-08-02 13:57:43', '2022-08-02 13:57:43'),
(6, 69, 27, '2022-08-02 13:57:43', '2022-08-02 13:57:43'),
(1, 35, 4, '2022-08-02 13:57:43', '2022-08-02 13:57:43'),
(5, 36, 29, '2022-08-02 13:57:43', '2022-08-02 13:57:43'),
(3, 3, 25, '2022-08-02 13:57:43', '2022-08-02 13:57:43'),
(4, 90, 6, '2022-08-02 13:57:43', '2022-08-02 13:57:43'),
(1, 2, 4, '2022-08-02 13:57:43', '2022-08-02 13:57:43'),
(3, 39, 25, '2022-08-02 13:57:43', '2022-08-02 13:57:43'),
(4, 105, 23, '2022-08-02 13:57:43', '2022-08-02 13:57:43'),
(2, 45, 9, '2022-08-02 13:57:43', '2022-08-02 13:57:43'),
(3, 78, 25, '2022-08-02 13:57:43', '2022-08-02 13:57:43'),
(6, 18, 2, '2022-08-02 13:57:43', '2022-08-02 13:57:43'),
(2, 108, 3, '2022-12-14 01:42:56', '2022-12-14 01:50:31'),
(1, 108, 4, '2022-12-14 01:42:56', '2022-12-14 01:50:31'),
(6, 108, 16, '2022-12-14 01:42:56', '2022-12-14 01:50:31');

-- --------------------------------------------------------

--
-- Table structure for table `attribute_types`
--

CREATE TABLE `attribute_types` (
  `id` int UNSIGNED NOT NULL,
  `type` varchar(100) CHARACTER SET utf8mb3 COLLATE utf8mb3_unicode_ci NOT NULL
) ENGINE=InnoDB DEFAULT CHARSET=utf8mb3 COLLATE=utf8mb3_unicode_ci;

--
-- Dumping data for table `attribute_types`
--

INSERT INTO `attribute_types` (`id`, `type`) VALUES
(1, 'Color/Pattern'),
(2, 'Radio'),
(3, 'Select');

-- --------------------------------------------------------

--
-- Table structure for table `attribute_values`
--

CREATE TABLE `attribute_values` (
  `id` int UNSIGNED NOT NULL,
  `shop_id` int UNSIGNED DEFAULT NULL,
  `value` varchar(100) CHARACTER SET utf8mb3 COLLATE utf8mb3_unicode_ci DEFAULT NULL,
  `color` varchar(20) CHARACTER SET utf8mb3 COLLATE utf8mb3_unicode_ci DEFAULT NULL,
  `attribute_id` int UNSIGNED NOT NULL,
  `order` int DEFAULT NULL,
  `deleted_at` timestamp NULL DEFAULT NULL,
  `created_at` timestamp NULL DEFAULT NULL,
  `updated_at` timestamp NULL DEFAULT NULL
) ENGINE=InnoDB DEFAULT CHARSET=utf8mb3 COLLATE=utf8mb3_unicode_ci;

--
-- Dumping data for table `attribute_values`
--

INSERT INTO `attribute_values` (`id`, `shop_id`, `value`, `color`, `attribute_id`, `order`, `deleted_at`, `created_at`, `updated_at`) VALUES
(1, NULL, 'nisi', '#a18280', 4, 1, NULL, '2022-08-02 13:57:47', '2022-08-02 13:57:47'),
(2, 4, 'quisquam', '#d23841', 6, 6, NULL, '2022-08-02 13:57:47', '2022-08-02 13:57:47'),
(3, 5, 'eius', '#8a1909', 2, 4, NULL, '2022-08-02 13:57:47', '2022-08-02 13:57:47'),
(4, NULL, 'quisquam', '#ba6ed5', 1, 3, NULL, '2022-08-02 13:57:47', '2022-08-02 13:57:47'),
(5, 2, 'iste', '#5cd553', 5, 6, NULL, '2022-08-02 13:57:47', '2022-08-02 13:57:47'),
(6, 5, 'ut', '#756b28', 4, 1, NULL, '2022-08-02 13:57:47', '2022-08-02 13:57:47'),
(7, NULL, 'eos', '#948080', 5, 0, NULL, '2022-08-02 13:57:47', '2022-08-02 13:57:47'),
(8, 3, 'est', '#c03a11', 3, 2, NULL, '2022-08-02 13:57:47', '2022-08-02 13:57:47'),
(9, 2, 'hic', '#84fb0f', 2, 9, NULL, '2022-08-02 13:57:47', '2022-08-02 13:57:47'),
(10, NULL, 'quo', '#e423ea', 6, 9, NULL, '2022-08-02 13:57:47', '2022-08-02 13:57:47'),
(11, NULL, 'id', '#880b38', 5, 0, NULL, '2022-08-02 13:57:47', '2022-08-02 13:57:47'),
(12, 2, 'repudiandae', '#701799', 1, 7, NULL, '2022-08-02 13:57:47', '2022-08-02 13:57:47'),
(13, 3, 'sint', '#0c3a96', 6, 8, NULL, '2022-08-02 13:57:47', '2022-08-02 13:57:47'),
(14, NULL, 'totam', '#e118a4', 5, 5, NULL, '2022-08-02 13:57:47', '2022-08-02 13:57:47'),
(15, 5, 'sint', '#a33d9d', 4, 8, NULL, '2022-08-02 13:57:47', '2022-08-02 13:57:47'),
(16, 2, 'qui', '#9ac904', 6, 2, NULL, '2022-08-02 13:57:47', '2022-08-02 13:57:47'),
(17, 4, 'optio', '#c847b8', 5, 4, NULL, '2022-08-02 13:57:47', '2022-08-02 13:57:47'),
(18, 3, 'atque', '#d37abb', 3, 5, NULL, '2022-08-02 13:57:47', '2022-08-02 13:57:47'),
(19, NULL, 'aperiam', '#f48730', 3, 1, NULL, '2022-08-02 13:57:47', '2022-08-02 13:57:47'),
(20, NULL, 'id', '#9c222a', 1, 9, NULL, '2022-08-02 13:57:47', '2022-08-02 13:57:47'),
(21, 4, 'fuga', '#ae6ffe', 2, 0, NULL, '2022-08-02 13:57:47', '2022-08-02 13:57:47'),
(22, 2, 'aut', '#ced7e6', 4, 5, NULL, '2022-08-02 13:57:47', '2022-08-02 13:57:47'),
(23, 3, 'omnis', '#22dcca', 4, 5, NULL, '2022-08-02 13:57:47', '2022-08-02 13:57:47'),
(24, 2, 'est', '#e1dd74', 6, 1, NULL, '2022-08-02 13:57:47', '2022-08-02 13:57:47'),
(25, NULL, 'rem', '#57cf6c', 3, 2, NULL, '2022-08-02 13:57:47', '2022-08-02 13:57:47'),
(26, 5, 'neque', '#194ef7', 5, 4, NULL, '2022-08-02 13:57:47', '2022-08-02 13:57:47'),
(27, NULL, 'asperiores', '#b6eaa4', 6, 6, NULL, '2022-08-02 13:57:47', '2022-08-02 13:57:47'),
(28, 5, 'explicabo', '#8fc8e7', 2, 3, NULL, '2022-08-02 13:57:47', '2022-08-02 13:57:47'),
(29, 5, 'atque', '#5e51eb', 5, 4, NULL, '2022-08-02 13:57:47', '2022-08-02 13:57:47'),
(30, NULL, 'quaerat', '#15dea8', 2, 6, NULL, '2022-08-02 13:57:47', '2022-08-02 13:57:47');

-- --------------------------------------------------------

--
-- Table structure for table `avg_feedback`
--

CREATE TABLE `avg_feedback` (
  `id` bigint UNSIGNED NOT NULL,
  `rating` tinyint DEFAULT NULL,
  `count` bigint UNSIGNED DEFAULT NULL,
  `feedbackable_id` bigint UNSIGNED NOT NULL,
  `feedbackable_type` varchar(255) CHARACTER SET utf8mb3 COLLATE utf8mb3_unicode_ci NOT NULL,
  `created_at` timestamp NULL DEFAULT NULL,
  `updated_at` timestamp NULL DEFAULT NULL
) ENGINE=InnoDB DEFAULT CHARSET=utf8mb3 COLLATE=utf8mb3_unicode_ci;

--
-- Dumping data for table `avg_feedback`
--

INSERT INTO `avg_feedback` (`id`, `rating`, `count`, `feedbackable_id`, `feedbackable_type`, `created_at`, `updated_at`) VALUES
(1, 2, 1, 1, 'App\\Models\\Inventory', '2022-08-02 13:57:52', '2022-08-02 13:57:52'),
(2, 4, 2, 2, 'App\\Models\\Inventory', '2022-08-02 13:57:52', '2022-08-02 13:57:52'),
(3, 4, 1, 4, 'App\\Models\\Inventory', '2022-08-02 13:57:52', '2022-08-02 13:57:52'),
(4, 1, 1, 7, 'App\\Models\\Inventory', '2022-08-02 13:57:52', '2022-08-02 13:57:52'),
(5, 1, 1, 11, 'App\\Models\\Inventory', '2022-08-02 13:57:52', '2022-08-02 13:57:52'),
(6, 3, 2, 13, 'App\\Models\\Inventory', '2022-08-02 13:57:52', '2022-08-02 13:57:52'),
(7, 1, 2, 14, 'App\\Models\\Inventory', '2022-08-02 13:57:52', '2022-08-02 13:57:52'),
(8, 3, 1, 16, 'App\\Models\\Inventory', '2022-08-02 13:57:52', '2022-08-02 13:57:52'),
(9, 4, 4, 17, 'App\\Models\\Inventory', '2022-08-02 13:57:52', '2022-08-02 13:57:52'),
(10, 4, 1, 19, 'App\\Models\\Inventory', '2022-08-02 13:57:52', '2022-08-02 13:57:52'),
(11, 1, 1, 21, 'App\\Models\\Inventory', '2022-08-02 13:57:52', '2022-08-02 13:57:52'),
(12, 2, 1, 22, 'App\\Models\\Inventory', '2022-08-02 13:57:52', '2022-08-02 13:57:52'),
(13, 5, 1, 26, 'App\\Models\\Inventory', '2022-08-02 13:57:52', '2022-08-02 13:57:52'),
(14, 2, 2, 30, 'App\\Models\\Inventory', '2022-08-02 13:57:52', '2022-08-02 13:57:52'),
(15, 2, 1, 32, 'App\\Models\\Inventory', '2022-08-02 13:57:52', '2022-08-02 13:57:52'),
(16, 4, 1, 33, 'App\\Models\\Inventory', '2022-08-02 13:57:52', '2022-08-02 13:57:52'),
(17, 3, 1, 34, 'App\\Models\\Inventory', '2022-08-02 13:57:52', '2022-08-02 13:57:52'),
(18, 2, 2, 35, 'App\\Models\\Inventory', '2022-08-02 13:57:52', '2022-08-02 13:57:52'),
(19, 5, 1, 39, 'App\\Models\\Inventory', '2022-08-02 13:57:52', '2022-08-02 13:57:52'),
(20, 4, 1, 40, 'App\\Models\\Inventory', '2022-08-02 13:57:52', '2022-08-02 13:57:52'),
(21, 3, 1, 41, 'App\\Models\\Inventory', '2022-08-02 13:57:52', '2022-08-02 13:57:52'),
(22, 4, 1, 45, 'App\\Models\\Inventory', '2022-08-02 13:57:52', '2022-08-02 13:57:52'),
(23, 1, 3, 47, 'App\\Models\\Inventory', '2022-08-02 13:57:52', '2022-08-02 13:57:52'),
(24, 3, 3, 48, 'App\\Models\\Inventory', '2022-08-02 13:57:52', '2022-08-02 13:57:52'),
(25, 3, 2, 51, 'App\\Models\\Inventory', '2022-08-02 13:57:52', '2022-08-02 13:57:52'),
(26, 3, 2, 53, 'App\\Models\\Inventory', '2022-08-02 13:57:52', '2022-08-02 13:57:52'),
(27, 2, 3, 55, 'App\\Models\\Inventory', '2022-08-02 13:57:52', '2022-08-02 13:57:52'),
(28, 1, 1, 56, 'App\\Models\\Inventory', '2022-08-02 13:57:52', '2022-08-02 13:57:52'),
(29, 1, 1, 61, 'App\\Models\\Inventory', '2022-08-02 13:57:52', '2022-08-02 13:57:52'),
(30, 4, 1, 63, 'App\\Models\\Inventory', '2022-08-02 13:57:52', '2022-08-02 13:57:52'),
(31, 5, 1, 65, 'App\\Models\\Inventory', '2022-08-02 13:57:52', '2022-08-02 13:57:52'),
(32, 5, 1, 67, 'App\\Models\\Inventory', '2022-08-02 13:57:52', '2022-08-02 13:57:52'),
(33, 3, 1, 70, 'App\\Models\\Inventory', '2022-08-02 13:57:52', '2022-08-02 13:57:52'),
(34, 2, 1, 71, 'App\\Models\\Inventory', '2022-08-02 13:57:52', '2022-08-02 13:57:52'),
(35, 1, 1, 72, 'App\\Models\\Inventory', '2022-08-02 13:57:52', '2022-08-02 13:57:52'),
(36, 4, 2, 73, 'App\\Models\\Inventory', '2022-08-02 13:57:52', '2022-08-02 13:57:52'),
(37, 1, 1, 74, 'App\\Models\\Inventory', '2022-08-02 13:57:52', '2022-08-02 13:57:52'),
(38, 5, 2, 75, 'App\\Models\\Inventory', '2022-08-02 13:57:52', '2022-08-02 13:57:52'),
(39, 5, 1, 77, 'App\\Models\\Inventory', '2022-08-02 13:57:52', '2022-08-02 13:57:52'),
(40, 5, 2, 81, 'App\\Models\\Inventory', '2022-08-02 13:57:52', '2022-08-02 13:57:52'),
(41, 4, 1, 83, 'App\\Models\\Inventory', '2022-08-02 13:57:52', '2022-08-02 13:57:52'),
(42, 1, 1, 84, 'App\\Models\\Inventory', '2022-08-02 13:57:52', '2022-08-02 13:57:52'),
(43, 3, 2, 86, 'App\\Models\\Inventory', '2022-08-02 13:57:52', '2022-08-02 13:57:52'),
(44, 5, 1, 87, 'App\\Models\\Inventory', '2022-08-02 13:57:52', '2022-08-02 13:57:52'),
(45, 5, 1, 89, 'App\\Models\\Inventory', '2022-08-02 13:57:52', '2022-08-02 13:57:52'),
(46, 2, 2, 90, 'App\\Models\\Inventory', '2022-08-02 13:57:52', '2022-08-02 13:57:52'),
(47, 2, 2, 91, 'App\\Models\\Inventory', '2022-08-02 13:57:52', '2022-08-02 13:57:52'),
(48, 2, 1, 92, 'App\\Models\\Inventory', '2022-08-02 13:57:52', '2022-08-02 13:57:52'),
(49, 5, 1, 93, 'App\\Models\\Inventory', '2022-08-02 13:57:52', '2022-08-02 13:57:52'),
(50, 4, 1, 94, 'App\\Models\\Inventory', '2022-08-02 13:57:52', '2022-08-02 13:57:52'),
(51, 5, 1, 99, 'App\\Models\\Inventory', '2022-08-02 13:57:52', '2022-08-02 13:57:52'),
(52, 4, 3, 104, 'App\\Models\\Inventory', '2022-08-02 13:57:52', '2022-08-02 13:57:52'),
(53, 4, 3, 105, 'App\\Models\\Inventory', '2022-08-02 13:57:52', '2022-08-02 13:57:52'),
(54, 4, 1, 106, 'App\\Models\\Inventory', '2022-08-02 13:57:52', '2022-08-02 13:57:52'),
(55, 4, 10, 1, 'App\\Models\\Shop', '2022-08-02 13:57:52', '2022-08-02 13:57:52'),
(56, 3, 19, 2, 'App\\Models\\Shop', '2022-08-02 13:57:52', '2022-08-02 13:57:52'),
(57, 3, 14, 3, 'App\\Models\\Shop', '2022-08-02 13:57:52', '2022-08-02 13:57:52'),
(58, 4, 14, 4, 'App\\Models\\Shop', '2022-08-02 13:57:52', '2022-08-02 13:57:52'),
(59, 2, 13, 5, 'App\\Models\\Shop', '2022-08-02 13:57:52', '2022-08-02 13:57:52');

-- --------------------------------------------------------

--
-- Table structure for table `banners`
--

CREATE TABLE `banners` (
  `id` int UNSIGNED NOT NULL,
  `title` varchar(255) CHARACTER SET utf8mb3 COLLATE utf8mb3_unicode_ci DEFAULT NULL,
  `description` varchar(255) CHARACTER SET utf8mb3 COLLATE utf8mb3_unicode_ci DEFAULT NULL,
  `link` text CHARACTER SET utf8mb3 COLLATE utf8mb3_unicode_ci,
  `link_label` varchar(100) CHARACTER SET utf8mb3 COLLATE utf8mb3_unicode_ci DEFAULT NULL,
  `bg_color` varchar(20) CHARACTER SET utf8mb3 COLLATE utf8mb3_unicode_ci DEFAULT NULL,
  `group_id` varchar(255) CHARACTER SET utf8mb3 COLLATE utf8mb3_unicode_ci DEFAULT NULL,
  `columns` int DEFAULT '12',
  `shop_id` int UNSIGNED DEFAULT NULL,
  `order` int DEFAULT '100',
  `effect` tinyint NOT NULL DEFAULT '0',
  `created_at` timestamp NULL DEFAULT NULL,
  `updated_at` timestamp NULL DEFAULT NULL
) ENGINE=InnoDB DEFAULT CHARSET=utf8mb3 COLLATE=utf8mb3_unicode_ci;

--
-- Dumping data for table `banners`
--

INSERT INTO `banners` (`id`, `title`, `description`, `link`, `link_label`, `bg_color`, `group_id`, `columns`, `shop_id`, `order`, `effect`, `created_at`, `updated_at`) VALUES
(1, NULL, NULL, '/category/laboriosam-ratione-necessitatibus-voluptates', NULL, '#07381c', 'group_1', 4, NULL, 100, 1, '2022-08-02 13:57:51', '2023-03-29 04:39:31'),
(2, NULL, NULL, '/category/officia-quia-numquam-dicta-qui-qui-sit-consequatur', NULL, '#006702', 'group_1', 4, NULL, 100, 1, '2022-08-02 13:57:51', '2023-03-29 04:39:51'),
(3, NULL, NULL, '/category/mobile', NULL, '#0c5d83', 'group_1', 4, NULL, 100, 1, '2022-08-02 13:57:51', '2023-03-29 04:40:43'),
(4, NULL, NULL, '/category/necessitatibus-rerum-architecto-aut', NULL, '#e70fe2', 'group_2', 6, NULL, 100, 0, '2022-08-02 13:57:51', '2023-03-29 04:16:27'),
(5, NULL, NULL, '/category/saepe-ipsam-id-consectetur-accusantium', NULL, '#784935', 'group_2', 6, NULL, 100, 0, '2022-08-02 13:57:51', '2023-03-29 04:54:30'),
(6, NULL, NULL, '/category/iusto-omnis-aperiam-numquam-laboriosam-cupiditate', NULL, '#3f28e1', 'group_4', 6, NULL, 100, 0, '2022-08-02 13:57:51', '2023-03-29 04:53:56'),
(7, NULL, NULL, '/category/quibusdam-omnis-rerum-animi-velit-eveniet-sint-in', NULL, '#044819', 'group_4', 6, NULL, 100, 0, '2022-08-02 13:57:51', '2023-03-29 04:54:06'),
(8, NULL, NULL, '/category/mobile', NULL, '#299f00', 'group_5', 12, NULL, 100, 0, '2022-08-02 13:57:51', '2023-03-29 05:00:38'),
(9, 'Year end SALE!', 'Don\'t miss out!', '/category/et-molestias-non-odio-repudiandae-ullam-tempora', 'Shop Now', '#8f1509', 'group_6', 6, NULL, 100, 1, '2022-08-02 13:57:51', '2023-03-29 04:55:56'),
(10, 'Everyday essentials deals', 'Flat 51% off', '/category/mobile', 'Shop Now', '#a8df8a', 'group_6', 6, NULL, 100, 1, '2022-08-02 13:57:51', '2022-08-02 13:57:51'),
(11, NULL, NULL, NULL, NULL, '#ab7353', 'group_1', 6, 1, 100, 0, '2023-08-24 05:22:52', '2023-08-24 05:35:23'),
(12, NULL, NULL, NULL, NULL, '#ab7353', 'group_2', 6, 1, 100, 0, '2023-08-24 05:23:09', '2023-08-24 05:35:35'),
(13, NULL, NULL, NULL, NULL, '#ab7353', 'group_1', 6, 1, 100, 0, '2023-08-24 05:30:13', '2023-08-24 05:35:29'),
(14, NULL, NULL, NULL, NULL, '#ab7353', 'group_2', 6, 1, 100, 0, '2023-08-24 05:33:30', '2023-08-24 05:35:41'),
(15, NULL, NULL, NULL, NULL, '#ab7453', 'group_1', 6, 2, 100, 0, '2023-08-24 05:40:07', '2023-08-24 05:40:07'),
(16, NULL, NULL, NULL, NULL, '#ab7453', 'group_1', 6, 2, 100, 0, '2023-08-24 05:40:17', '2023-08-24 05:40:17'),
(17, NULL, NULL, NULL, NULL, '#ab7453', 'group_2', 6, 2, 100, 0, '2023-08-24 05:40:27', '2023-08-24 05:40:27'),
(18, NULL, NULL, NULL, NULL, '#ab7453', 'group_2', 6, 2, 100, 0, '2023-08-24 05:40:39', '2023-08-24 05:40:39'),
(19, NULL, NULL, NULL, NULL, '#ab7453', 'group_1', 6, 3, 100, 0, '2023-08-24 05:53:55', '2023-08-24 05:53:55'),
(20, NULL, NULL, NULL, NULL, '#ab7453', 'group_1', 6, 3, 100, 0, '2023-08-24 05:54:06', '2023-08-24 05:54:06'),
(21, NULL, NULL, NULL, NULL, '#ab7453', 'group_2', 6, 3, 100, 0, '2023-08-24 05:54:20', '2023-08-24 05:54:20'),
(22, NULL, NULL, NULL, NULL, '#ab7453', 'group_2', 6, 3, 100, 0, '2023-08-24 05:54:31', '2023-08-24 05:54:31'),
(23, NULL, NULL, NULL, NULL, '#ab7453', 'group_1', 6, 5, 100, 0, '2023-08-24 06:50:34', '2023-08-24 06:50:34'),
(24, NULL, NULL, NULL, NULL, '#ab7453', 'group_1', 6, 5, 100, 0, '2023-08-24 06:50:47', '2023-08-24 06:50:47'),
(25, NULL, NULL, NULL, NULL, '#ab7453', 'group_2', 6, 5, 100, 0, '2023-08-24 06:50:59', '2023-08-24 06:50:59'),
(26, NULL, NULL, NULL, NULL, '#ab7453', 'group_2', 6, 5, 100, 0, '2023-08-24 06:51:12', '2023-08-24 06:51:12'),
(27, NULL, NULL, NULL, NULL, '#ab7453', 'group_1', 6, 4, 100, 0, '2023-08-24 07:02:17', '2023-08-24 07:02:17'),
(28, NULL, NULL, NULL, NULL, '#ab7453', 'group_1', 6, 4, 100, 0, '2023-08-24 07:02:27', '2023-08-24 07:02:27'),
(29, NULL, NULL, NULL, NULL, '#ab7453', 'group_2', 6, 4, 100, 0, '2023-08-24 07:02:40', '2023-08-24 07:02:40'),
(30, NULL, NULL, NULL, NULL, '#ab7453', 'group_2', 6, 4, 100, 0, '2023-08-24 07:02:51', '2023-08-24 07:02:51');

-- --------------------------------------------------------

--
-- Table structure for table `banner_groups`
--

CREATE TABLE `banner_groups` (
  `id` varchar(255) CHARACTER SET utf8mb3 COLLATE utf8mb3_unicode_ci NOT NULL,
  `name` varchar(255) CHARACTER SET utf8mb3 COLLATE utf8mb3_unicode_ci NOT NULL
) ENGINE=InnoDB DEFAULT CHARSET=utf8mb3 COLLATE=utf8mb3_unicode_ci;

--
-- Dumping data for table `banner_groups`
--

INSERT INTO `banner_groups` (`id`, `name`) VALUES
('group_1', 'Group 1'),
('group_2', 'Group 2'),
('group_3', 'Group 3'),
('group_4', 'Group 4'),
('group_5', 'Group 5'),
('group_6', 'Group 6');

-- --------------------------------------------------------

--
-- Table structure for table `blogs`
--

CREATE TABLE `blogs` (
  `id` int UNSIGNED NOT NULL,
  `title` text CHARACTER SET utf8mb3 COLLATE utf8mb3_unicode_ci NOT NULL,
  `slug` varchar(200) CHARACTER SET utf8mb3 COLLATE utf8mb3_unicode_ci NOT NULL,
  `excerpt` varchar(255) CHARACTER SET utf8mb3 COLLATE utf8mb3_unicode_ci DEFAULT NULL,
  `content` longtext CHARACTER SET utf8mb3 COLLATE utf8mb3_unicode_ci,
  `user_id` bigint UNSIGNED NOT NULL,
  `status` tinyint(1) NOT NULL DEFAULT '1',
  `approved` tinyint(1) NOT NULL DEFAULT '1',
  `published_at` timestamp NULL DEFAULT NULL,
  `likes` int UNSIGNED NOT NULL DEFAULT '0',
  `dislikes` int UNSIGNED NOT NULL DEFAULT '0',
  `deleted_at` timestamp NULL DEFAULT NULL,
  `created_at` timestamp NULL DEFAULT NULL,
  `updated_at` timestamp NULL DEFAULT NULL
) ENGINE=InnoDB DEFAULT CHARSET=utf8mb3 COLLATE=utf8mb3_unicode_ci;

--
-- Dumping data for table `blogs`
--

INSERT INTO `blogs` (`id`, `title`, `slug`, `excerpt`, `content`, `user_id`, `status`, `approved`, `published_at`, `likes`, `dislikes`, `deleted_at`, `created_at`, `updated_at`) VALUES
(1, 'Quo odit porro quo a.', 'abc-zcart-blog-post', 'Debitis inventore cum voluptas. Numquam laudantium eum tempora ut ipsa consectetur. Quidem incidunt qui totam deleniti quaerat ratione.', '<p>Aut voluptatem ratione sit blanditiis quasi non. Sequi beatae cupiditate provident eveniet. Voluptas voluptatem ut et dolor quidem similique. Voluptatem qui illum neque harum.</p><p>Eum illum hic fugit blanditiis. Qui veritatis neque quos consequatur. Quod cupiditate expedita aperiam facilis recusandae magnam deserunt. Et quos repellendus eveniet dicta qui.</p><p>Corrupti facere consequatur soluta distinctio maiores eius. A sit aperiam dolore dolorem molestias accusantium iure. Sed officiis voluptas voluptatem ut voluptate reiciendis ipsum. Mollitia sed quisquam dolor sapiente.</p><p>Quis fugit recusandae maxime vero. Nobis quisquam at nemo ab aut quae et. Et dolorem eligendi debitis quis. Ipsa id maxime minima eius laudantium facere occaecati.<iframe width=\"560\" height=\"315\" src=\"https://www.youtube.com/embed/A-rEb0KuopI\" frameborder=\"0\" allow=\"accelerometer; autoplay; encrypted-media; gyroscope; picture-in-picture\" allowfullscreen></iframe></p><p>Ut magnam facere et perspiciatis nemo. Consequatur voluptatem quidem ut fugiat. Omnis mollitia id aut perspiciatis deserunt quod quia.</p><p>Eos voluptatem nisi asperiores ex. Praesentium voluptatum quae repellat autem. Dolores quisquam voluptate beatae sit distinctio.</p><p>Et hic alias inventore et. Possimus molestias ut vero. Nesciunt mollitia reprehenderit hic provident occaecati corrupti. Quaerat corrupti dicta corporis officia corporis qui dolores eos. Dolor repellat dolorum et veritatis illo et.</p>', 7, 1, 1, '2022-07-28 13:57:00', 0, 0, NULL, '2022-07-23 13:57:50', '2022-07-23 13:57:50'),
(2, 'Corporis perferendis et voluptate quos reiciendis.', 'minima-exercitationem-placeat-assumenda', 'Quo aut maiores atque consequatur eveniet dolorem velit. Eos dolorum quod eaque eos officiis. Labore distinctio vel autem quo.', '<p>Nostrum iusto itaque sequi dolor. Consectetur nam dolores delectus minus provident. Aperiam illo aut minus expedita voluptatibus consequatur.</p><p>Voluptas cum distinctio minima placeat non dignissimos. Assumenda eaque eius facilis et maxime ea. Aperiam et eligendi et natus quis nostrum minus. Temporibus ducimus recusandae error quo.</p><p>Adipisci error est officia eum et dolores. Molestiae sint eligendi delectus velit consequatur ut rerum. Ad dolorum tenetur minus.</p><p>Dicta sunt corrupti non voluptatem rem quam laborum. Expedita beatae sed similique ratione sed molestias quidem. Exercitationem qui dolores mollitia officiis magni. Tenetur voluptas ut praesentium.<img src=\"https://farm5.staticflickr.com/4489/37743618362_594eceff0b_b.jpg\" width=\"640\" height=\"424\" alt=\"Apple tree V1\"></p><p>Consectetur delectus eum unde eligendi et. Inventore vel voluptatem consequatur quas perspiciatis.</p><p>Aut hic error dolor quasi. Voluptas magni veniam repellat eligendi. Debitis facilis nisi quo non facere temporibus.</p><p>Ut et excepturi ut cumque labore iure. Qui voluptatem quibusdam veritatis non expedita quia. Quia sint ut excepturi sint.</p>', 1, 1, 1, '2022-07-25 13:57:00', 0, 0, NULL, '2022-07-05 13:57:50', '2022-07-05 13:57:50'),
(3, 'Dignissimos sint quia dolore numquam iusto.', 'ut-dolore-laboriosam-qui-esse-sit-nobis-quo-neque', 'Harum asperiores repellat iste eum. Quam quia eum delectus optio dolorum. Doloribus eaque molestiae distinctio ad voluptatum qui molestiae. Possimus occaecati et quae alias ut laudantium placeat rerum.', '<p>Impedit id impedit dolorem omnis quia. Eos est repellendus expedita vel quae eveniet similique quia. Ut dolores eveniet natus et quia iste in.</p><p>Qui est dicta dolorum nisi voluptas nisi. Et quibusdam voluptate tenetur soluta quo molestiae eveniet. Corrupti sint exercitationem tempore sit et. Nisi nam aliquam dolorem omnis itaque quasi.</p><p>Voluptatum voluptatem pariatur sit error enim. Non et rerum ea quos accusamus est. Aut repellat doloribus ut eum est repudiandae. Eaque est possimus mollitia in ex magnam sapiente repellat.</p><p>Ullam deserunt tempore sit sit. Ad voluptas magnam et dolorem. Ad earum exercitationem et nulla aperiam necessitatibus et deleniti.<img src=\"https://farm5.staticflickr.com/4471/37699101012_7b2c5c2734_z.jpg\" width=\"640\" height=\"424\" alt=\"Dogs on beach V1\"></p><p>Ullam architecto enim nesciunt non quas. Est sequi enim ad vero nostrum eos eum. Ea dicta fugit nulla dolor ad ex rerum. Voluptas corrupti ullam sed et maiores blanditiis blanditiis maiores.</p><p>Earum eos dolore in fugit consequatur sed id suscipit. Officiis excepturi sunt quis maxime. In omnis in tempora illo ut.</p><p>Dolor expedita fugit modi. Itaque modi totam laudantium. Impedit nihil hic facilis quia quaerat quis sint et.</p>', 6, 1, 1, '2022-07-23 13:57:00', 0, 0, NULL, '2022-07-16 13:57:50', '2022-07-16 13:57:50'),
(4, 'Sequi temporibus repellendus consequatur sit quo mollitia.', 'iusto-et-sunt-quia-sed-sed-facere', 'Laboriosam dolorum perspiciatis sed et sint et provident. Neque quod aut quae libero quod eaque. Adipisci eos at autem rem mollitia.', '<p>Molestiae alias nihil aliquam sed. Rerum voluptas saepe eum magni reprehenderit id. Quos alias perferendis vel cumque rerum. Qui et dolores explicabo harum quia. Et aut molestiae sequi autem numquam.</p><p>Corrupti eos qui vel delectus quis deserunt. Quo et laborum sed. Ducimus et id facere totam occaecati at corporis facere.</p><p>Dignissimos qui eos corrupti reprehenderit. Labore debitis nemo corporis suscipit quibusdam placeat. Quia sunt corporis eius quidem vitae rem animi. In a suscipit vero omnis.</p><p>Laborum amet laboriosam earum voluptatibus voluptatem fugit quia. Cumque sed voluptas quisquam sunt ullam. Quam consectetur repellendus quo est voluptatem unde veniam.<img src=\"https://farm5.staticflickr.com/4510/37699099812_bc4aa78c5a_z.jpg\" width=\"640\" height=\"424\" alt=\"Fishermen&#x27;s morning V1\"></p><p>Nihil aliquam asperiores in provident adipisci quos hic. Non et consectetur aperiam. Voluptatem in nobis atque. Et dolores aliquid eligendi ut quo ducimus est.</p><p>Temporibus ea rem nemo quibusdam nisi. Quia assumenda illo reiciendis ea in deserunt aut est. Quo ratione quae impedit consequatur dolorem modi occaecati.</p><p>Voluptatem illo fuga excepturi atque qui facilis. Voluptatem asperiores maxime aliquam et quos. Corporis aut aut aliquam nihil et qui enim. Aliquam magnam voluptatibus hic voluptas voluptates.</p>', 4, 1, 1, '2022-07-18 13:57:00', 0, 0, NULL, '2022-06-29 13:57:50', '2022-06-29 13:57:50'),
(5, 'Sed atque voluptatum eius non sit sunt est suscipit.', 'voluptates-est-doloribus-sit-autem-et-enim-tempora', 'Ut qui aut est. Aut blanditiis laudantium corporis fuga sequi. Non id autem quis debitis quasi voluptatibus voluptatem magni. Molestias laborum asperiores hic aut consectetur eveniet voluptate.', '<p>Laborum saepe sit animi iure aperiam et animi. Sed sequi occaecati soluta iure ipsum autem dolores. Ab ut et soluta odit similique numquam pariatur. Accusantium similique sint eum eos placeat quisquam veritatis.</p><p>Alias repellendus et perspiciatis impedit voluptatem. Omnis omnis repudiandae quas laboriosam qui. Dolorem quis tempore voluptatem saepe.</p><p>Quasi ipsum dolorem voluptatum sit aliquam debitis fugiat sunt. Nobis fugiat voluptas dolorum est. Sit voluptatum dolor nihil vel praesentium architecto.</p><p>Sint voluptatem rerum voluptatum. Fuga blanditiis tenetur vitae et facere aliquid. Libero enim similique non odio mollitia.<img src=\"https://farm5.staticflickr.com/4494/37473356390_051bb9b747_z.jpg\" width=\"424\" height=\"640\" alt=\"Discrete wheel V1\"></p><p>Sunt eveniet qui odit quia qui iure. Alias sed tempora dolorem. Officia dicta consequuntur quia quas.</p><p>Velit voluptate qui rerum adipisci. Quia minus placeat et fugiat qui vitae. Excepturi omnis ipsam ullam a voluptas dolores. Sunt ex reiciendis rerum et quae nam tempora.</p><p>Cum et in dignissimos deserunt earum qui et. At dignissimos voluptatem voluptatibus nesciunt blanditiis odio harum. Et sequi ipsa voluptatum totam libero veritatis. Et ad blanditiis veritatis reiciendis saepe ducimus.</p>', 5, 1, 1, '2022-07-21 13:57:00', 0, 0, NULL, '2022-07-07 13:57:50', '2022-07-07 13:57:50'),
(6, 'Rerum et similique omnis optio id et.', 'blanditiis-vitae-autem-dolor', 'Aut qui nulla aliquid tempore consequatur. Nesciunt exercitationem voluptatibus cum sint doloremque voluptas fugiat consectetur. Non rerum fuga laborum praesentium ea iure.', '<p>Ut inventore sequi eum id. Fuga corporis magnam et et explicabo aut. Quia amet impedit est. Dicta dolorem rem adipisci voluptatem dolore voluptas.</p><p>Placeat tempore voluptatem tenetur consequatur facilis. Et eos tempore quia voluptates. Et vel laborum quod sapiente sed.</p><p>Itaque ipsam commodi sit sed ullam et aperiam aliquid. Fugit dignissimos aperiam maiores natus enim dolorum. Architecto aperiam molestiae fugit magnam. Quo quia quia libero consequatur ad.</p><p>Sit consequuntur dignissimos odit illum excepturi qui. Necessitatibus impedit inventore incidunt voluptas tenetur saepe dolor. Facere tenetur quia nemo est nulla et dolorem. Deserunt nemo veritatis est doloribus pariatur et.<iframe width=\"560\" height=\"315\" src=\"https://www.youtube.com/embed/A-rEb0KuopI\" frameborder=\"0\" allow=\"accelerometer; autoplay; encrypted-media; gyroscope; picture-in-picture\" allowfullscreen></iframe></p><p>Ipsa et ut repellendus veritatis temporibus itaque rerum inventore. Est eaque ea sit harum. Animi ratione nemo voluptatem ea nesciunt enim. Soluta blanditiis ut consectetur voluptatibus molestiae non.</p><p>Soluta molestiae rem vel dolores eos et rerum beatae. Ut unde deleniti non. Est omnis saepe laudantium voluptatum qui vitae omnis.</p><p>Nihil omnis et quia illo quas distinctio et libero. Autem ex animi amet. Fugit et tempora nihil pariatur praesentium.</p>', 3, 1, 1, '2022-07-23 13:57:00', 0, 0, NULL, '2022-07-07 13:57:50', '2022-07-07 13:57:50');

-- --------------------------------------------------------

--
-- Table structure for table `blog_comments`
--

CREATE TABLE `blog_comments` (
  `id` int UNSIGNED NOT NULL,
  `content` longtext CHARACTER SET utf8mb3 COLLATE utf8mb3_unicode_ci NOT NULL,
  `blog_id` int UNSIGNED NOT NULL,
  `user_id` bigint UNSIGNED NOT NULL,
  `parent` int UNSIGNED DEFAULT NULL,
  `approved` tinyint(1) NOT NULL DEFAULT '1',
  `likes` int UNSIGNED NOT NULL DEFAULT '0',
  `dislikes` int UNSIGNED NOT NULL DEFAULT '0',
  `deleted_at` timestamp NULL DEFAULT NULL,
  `created_at` timestamp NULL DEFAULT NULL,
  `updated_at` timestamp NULL DEFAULT NULL
) ENGINE=InnoDB DEFAULT CHARSET=utf8mb3 COLLATE=utf8mb3_unicode_ci;

--
-- Dumping data for table `blog_comments`
--

INSERT INTO `blog_comments` (`id`, `content`, `blog_id`, `user_id`, `parent`, `approved`, `likes`, `dislikes`, `deleted_at`, `created_at`, `updated_at`) VALUES
(1, 'Esse molestiae ipsam eius eos sit maiores quidem. Aut exercitationem porro molestiae sit. Ut quis et voluptatem labore et et dignissimos quas.', 3, 1, NULL, 0, 0, 0, NULL, '2022-07-26 13:57:50', '2022-07-29 13:57:50'),
(2, 'Repellendus nihil eaque velit itaque maiores magni voluptas. Repellendus in numquam officia qui deserunt quia. Maxime quibusdam aut consequuntur expedita numquam. Vel sed iste maiores excepturi earum autem.', 1, 7, NULL, 1, 0, 0, NULL, '2022-07-24 13:57:50', '2022-07-22 13:57:50'),
(3, 'Illum voluptas ratione et rerum hic. Corporis provident est molestiae nostrum neque iure animi. Quos maiores magni dolorem.', 6, 7, NULL, 0, 0, 0, NULL, '2022-07-27 13:57:50', '2022-07-21 13:57:50'),
(4, 'Fugiat officiis molestiae consequatur aperiam. Labore architecto nesciunt velit odit. Molestiae libero consequuntur aut dolorum modi. Nisi et rem saepe voluptas earum veritatis esse.', 5, 5, NULL, 1, 0, 0, NULL, '2022-07-31 13:57:50', '2022-07-24 13:57:50'),
(5, 'Et delectus dolorem qui veritatis. Nam eos est eligendi repellendus ut. Voluptatem aut illum ratione velit quia voluptas repellendus nisi. Maiores doloremque qui laudantium ducimus praesentium ipsa enim debitis.', 1, 1, NULL, 1, 0, 0, NULL, '2022-07-21 13:57:50', '2022-07-22 13:57:50'),
(6, 'Eius et illum rem qui nisi. Veritatis quisquam deserunt maxime. Esse exercitationem distinctio ipsum delectus. Aut voluptates accusamus est sed perspiciatis est sed.', 5, 3, NULL, 1, 0, 0, NULL, '2022-07-21 13:57:50', '2022-07-30 13:57:50'),
(7, 'Accusamus nostrum molestiae magni reiciendis tenetur perferendis quasi. Error laudantium saepe eligendi enim. Alias ipsa at consectetur omnis aspernatur nulla vitae vitae. Id mollitia nihil et est id dolor totam optio.', 5, 2, NULL, 1, 0, 0, NULL, '2022-07-26 13:57:50', '2022-07-26 13:57:50'),
(8, 'Et et labore facere consequatur. Iusto repellendus a enim laboriosam nemo omnis deserunt. Voluptas similique quo voluptates minus libero cum. Dolores sunt consequatur quisquam eum a.', 5, 2, NULL, 1, 0, 0, NULL, '2022-07-21 13:57:50', '2022-07-25 13:57:50'),
(9, 'Ullam assumenda ullam qui. Exercitationem dignissimos est reiciendis earum temporibus. Vel quae in sed reprehenderit cumque.', 4, 1, NULL, 1, 0, 0, NULL, '2022-07-18 13:57:50', '2022-07-23 13:57:50'),
(10, 'Aut qui quae nisi odio omnis aut ullam enim. Perspiciatis modi consequatur dicta modi impedit beatae ducimus pariatur. Veniam quidem ratione dolor ut.', 3, 1, NULL, 1, 0, 0, NULL, '2022-07-18 13:57:50', '2022-07-31 13:57:50'),
(11, 'Doloribus ipsam nihil vel. Dolorum et quam magni sed ipsa facere ut ratione. Vitae consequatur fuga non voluptatem nobis.', 3, 5, NULL, 1, 0, 0, NULL, '2022-07-26 13:57:50', '2022-07-23 13:57:50'),
(12, 'A cupiditate perferendis totam repellat soluta dolores. Hic molestiae quasi rerum facilis quo sapiente molestiae. Tenetur et consequatur corporis neque quo eaque atque similique.', 5, 4, NULL, 1, 0, 0, NULL, '2022-08-02 13:57:50', '2022-07-24 13:57:50'),
(13, 'Quos voluptatibus mollitia hic et accusamus accusamus. Autem impedit nostrum atque dolor ullam dolore corporis. Ad velit reiciendis molestiae debitis.', 3, 1, NULL, 0, 0, 0, NULL, '2022-07-19 13:57:50', '2022-07-28 13:57:50'),
(14, 'Vitae doloremque quo quisquam eos. Voluptates est eos qui delectus. Ipsum animi eum dicta.', 4, 7, NULL, 1, 0, 0, NULL, '2022-07-25 13:57:50', '2022-07-25 13:57:50'),
(15, 'Natus maxime architecto quo qui dolore. Sunt aut animi molestiae ducimus aut accusantium. Voluptate eos labore libero. Corporis atque ut cum dolorem rerum.', 4, 5, NULL, 0, 0, 0, NULL, '2022-07-29 13:57:50', '2022-07-20 13:57:50'),
(16, 'Quod et deserunt porro velit nihil laudantium et et. Enim vel inventore dolores cum. Veritatis suscipit dolorem deleniti rerum asperiores. Ratione qui qui quis ipsam perspiciatis voluptatum quibusdam.', 6, 7, NULL, 0, 0, 0, NULL, '2022-07-19 13:57:50', '2022-07-27 13:57:50'),
(17, 'Aliquid at nam et sint odio molestiae corporis. Qui dolor tenetur est numquam.', 4, 5, NULL, 0, 0, 0, NULL, '2022-07-27 13:57:50', '2022-08-01 13:57:50'),
(18, 'Omnis dicta est quis deserunt vel. Natus exercitationem et itaque unde nostrum voluptatum. Non possimus et nobis. Non qui enim sunt tempore.', 2, 3, NULL, 1, 0, 0, NULL, '2022-07-23 13:57:50', '2022-08-02 13:57:50'),
(19, 'Modi ipsum omnis veniam sunt perferendis asperiores est. Rerum rem et et laborum vitae. Reiciendis vel voluptate minima vero facere rerum. Odit voluptas omnis sint natus iste.', 5, 2, NULL, 0, 0, 0, NULL, '2022-08-02 13:57:50', '2022-07-28 13:57:50'),
(20, 'Id rerum non repellat. Consequuntur labore tempore in. Non dolor facere iste totam ut hic ad. Autem quia quo ratione quas ullam quo pariatur ducimus.', 3, 3, NULL, 0, 0, 0, NULL, '2022-07-20 13:57:50', '2022-07-28 13:57:50'),
(21, 'Sit quia iure expedita eaque aperiam eaque. Voluptas aspernatur repellendus id natus voluptates. Sed asperiores dolores veniam labore nostrum non occaecati. Occaecati optio hic omnis quisquam numquam.', 6, 7, NULL, 0, 0, 0, NULL, '2022-07-19 13:57:50', '2022-07-27 13:57:50'),
(22, 'Nisi illum optio fugit eveniet molestias officiis accusamus dolore. Repellat repudiandae possimus animi blanditiis. Saepe aut enim a impedit sunt voluptatem.', 5, 7, NULL, 1, 0, 0, NULL, '2022-07-20 13:57:50', '2022-07-24 13:57:50'),
(23, 'Earum vero sequi officiis. Facilis cumque commodi alias esse tempore. Rerum ut aut in molestias sed vero. Commodi vel dolores excepturi. Non omnis mollitia modi debitis facilis.', 2, 5, NULL, 1, 0, 0, NULL, '2022-07-24 13:57:50', '2022-07-23 13:57:50'),
(24, 'Quia recusandae error aliquam veritatis dolore. Unde repellat omnis dolor laborum. Aliquid et beatae rem et quisquam.', 3, 1, NULL, 1, 0, 0, NULL, '2022-07-25 13:57:50', '2022-07-24 13:57:50'),
(25, 'Illum dolores repudiandae asperiores ut. Ea quae odit voluptates ut cum id aut. Qui sed perferendis debitis impedit.', 2, 1, NULL, 1, 0, 0, NULL, '2022-07-20 13:57:50', '2022-07-30 13:57:50'),
(26, 'Omnis cumque et aut culpa quisquam autem tenetur. Recusandae enim voluptatum non asperiores cupiditate odio qui. Dignissimos neque occaecati atque porro vero autem qui nisi.', 5, 2, NULL, 1, 0, 0, NULL, '2022-07-31 13:57:50', '2022-07-18 13:57:50'),
(27, 'Corporis deleniti deserunt ipsam voluptas. Et expedita iure velit fugit. Quia nostrum dolores animi.', 2, 2, NULL, 1, 0, 0, NULL, '2022-07-18 13:57:50', '2022-07-20 13:57:50'),
(28, 'Aspernatur est aut id aut nisi. Quisquam impedit ut quibusdam aut est est. Repellat enim error temporibus aut ipsa.', 6, 7, NULL, 0, 0, 0, NULL, '2022-07-30 13:57:50', '2022-07-24 13:57:50'),
(29, 'Occaecati aut eos iste dicta rerum. Saepe nihil et nobis consequatur dolores asperiores voluptas. Et molestiae pariatur esse ipsum. Explicabo culpa optio voluptatem quod possimus consectetur aliquid.', 5, 5, NULL, 0, 0, 0, NULL, '2022-07-20 13:57:50', '2022-08-02 13:57:50'),
(30, 'Ratione repellendus officia impedit perspiciatis eos harum. Esse fugiat ipsam tenetur pariatur impedit dolorem. Asperiores ducimus error accusamus delectus temporibus porro.', 4, 3, NULL, 1, 0, 0, NULL, '2022-07-27 13:57:50', '2022-07-31 13:57:50');

-- --------------------------------------------------------

--
-- Table structure for table `cancellations`
--

CREATE TABLE `cancellations` (
  `id` bigint UNSIGNED NOT NULL,
  `shop_id` int UNSIGNED DEFAULT NULL,
  `cancellation_reason_id` int UNSIGNED DEFAULT NULL,
  `customer_id` bigint UNSIGNED NOT NULL,
  `order_id` bigint UNSIGNED NOT NULL,
  `items` text CHARACTER SET utf8mb3 COLLATE utf8mb3_unicode_ci,
  `description` longtext CHARACTER SET utf8mb3 COLLATE utf8mb3_unicode_ci,
  `return_goods` tinyint(1) DEFAULT NULL,
  `status` int UNSIGNED NOT NULL DEFAULT '1',
  `created_at` timestamp NULL DEFAULT NULL,
  `updated_at` timestamp NULL DEFAULT NULL
) ENGINE=InnoDB DEFAULT CHARSET=utf8mb3 COLLATE=utf8mb3_unicode_ci;

--
-- Dumping data for table `cancellations`
--

INSERT INTO `cancellations` (`id`, `shop_id`, `cancellation_reason_id`, `customer_id`, `order_id`, `items`, `description`, `return_goods`, `status`, `created_at`, `updated_at`) VALUES
(1, 5, 1, 17, 16, 'a:1:{i:0;s:2:\"90\";}', 'Sorry,', NULL, 4, '2022-12-12 02:57:52', '2022-12-12 04:12:44'),
(2, 2, 2, 17, 17, 'a:1:{i:0;s:2:\"74\";}', 'Not a good service.', NULL, 1, '2022-12-12 03:02:08', '2022-12-12 03:02:08'),
(3, 2, 6, 17, 18, NULL, 'I will order again.', NULL, 1, '2022-12-12 03:04:06', '2022-12-12 03:04:06'),
(4, 5, 5, 18, 19, NULL, 'not worthy', NULL, 3, '2022-12-12 03:11:33', '2022-12-12 04:11:36'),
(5, 2, 3, 18, 20, NULL, 'cost is so higt', NULL, 1, '2022-12-12 03:13:03', '2022-12-12 03:13:03'),
(6, 1, 2, 18, 21, NULL, 'test', 1, 3, '2022-12-12 04:19:54', '2022-12-12 04:26:30'),
(7, 3, 1, 1, 12, NULL, 'Sorry the order is created by the mistake.', NULL, 1, '2022-12-14 02:25:17', '2022-12-14 02:25:17'),
(8, 1, 3, 21, 31, 'a:1:{i:0;s:2:\"20\";}', 'I am cancelling this order coz the shipping cost is so high.', NULL, 1, '2022-12-14 04:40:55', '2022-12-14 04:40:55'),
(9, 1, 5, 21, 32, 'a:2:{i:0;s:1:\"7\";i:1;s:2:\"66\";}', 'I am sorry for this, I think I couldn\'t effort this at this time.', NULL, 1, '2022-12-14 04:54:34', '2022-12-14 04:54:34'),
(10, 1, 1, 1, 34, NULL, 'I couldn\'t effor.', NULL, 1, '2022-12-14 05:13:45', '2022-12-14 05:13:45'),
(11, 2, 6, 22, 36, NULL, 'I have to correct billing address. How do I can do that?', NULL, 1, '2022-12-14 05:30:45', '2022-12-14 05:30:45'),
(12, 1, 1, 22, 37, NULL, 'I beg apology for this.', NULL, 1, '2022-12-14 05:32:31', '2022-12-14 05:32:31');

-- --------------------------------------------------------

--
-- Table structure for table `cancellation_reasons`
--

CREATE TABLE `cancellation_reasons` (
  `id` int UNSIGNED NOT NULL,
  `detail` varchar(255) CHARACTER SET utf8mb3 COLLATE utf8mb3_unicode_ci NOT NULL,
  `office_use` tinyint(1) DEFAULT NULL
) ENGINE=InnoDB DEFAULT CHARSET=utf8mb3 COLLATE=utf8mb3_unicode_ci;

--
-- Dumping data for table `cancellation_reasons`
--

INSERT INTO `cancellation_reasons` (`id`, `detail`, `office_use`) VALUES
(1, 'Order created by mistake', NULL),
(2, 'Delivery takes so long', NULL),
(3, 'High shipping cost', NULL),
(4, 'Wrong shipping address', NULL),
(5, 'Need some adjustment', NULL),
(6, 'Wrong billing address', NULL),
(7, 'Other reason', NULL),
(8, 'No inventory', 1),
(9, 'Buyer cancelled', 1),
(10, 'General adjustment', 1),
(11, 'Shipping address undeliverable', 1),
(12, 'Pricing issue', 1),
(13, 'Customs problem', 1);

-- --------------------------------------------------------

--
-- Table structure for table `carriers`
--

CREATE TABLE `carriers` (
  `id` int UNSIGNED NOT NULL,
  `shop_id` int UNSIGNED DEFAULT NULL,
  `tax_id` int UNSIGNED DEFAULT NULL,
  `name` varchar(255) CHARACTER SET utf8mb3 COLLATE utf8mb3_unicode_ci NOT NULL,
  `email` varchar(255) CHARACTER SET utf8mb3 COLLATE utf8mb3_unicode_ci DEFAULT NULL,
  `phone` varchar(255) CHARACTER SET utf8mb3 COLLATE utf8mb3_unicode_ci DEFAULT NULL,
  `tracking_url` varchar(255) CHARACTER SET utf8mb3 COLLATE utf8mb3_unicode_ci DEFAULT NULL,
  `active` tinyint(1) NOT NULL DEFAULT '1',
  `deleted_at` timestamp NULL DEFAULT NULL,
  `created_at` timestamp NULL DEFAULT NULL,
  `updated_at` timestamp NULL DEFAULT NULL
) ENGINE=InnoDB DEFAULT CHARSET=utf8mb3 COLLATE=utf8mb3_unicode_ci;

--
-- Dumping data for table `carriers`
--

INSERT INTO `carriers` (`id`, `shop_id`, `tax_id`, `name`, `email`, `phone`, `tracking_url`, `active`, `deleted_at`, `created_at`, `updated_at`) VALUES
(1, 5, 4, 'DTDC', 'marquardt.letha@schamberger.com', '563-574-5408', 'http://www.rath.com/eligendi-praesentium-autem-animi-consequuntur-omnis-voluptatem-quo.html/@', 1, NULL, '2022-08-02 13:57:47', '2022-08-02 13:57:47'),
(2, 3, 1, 'USP', 'dbeer@rowe.net', '(650) 339-6301', 'https://leuschke.com/a-consectetur-pariatur-rerum-minima-quisquam-mollitia-vitae.html/@', 1, NULL, '2022-08-02 13:57:47', '2022-08-02 13:57:47'),
(3, 3, 5, 'DHL', 'eleanora.ruecker@gmail.com', '443.567.9840', 'http://leannon.com/in-dicta-itaque-est-minus/@', 1, NULL, '2022-08-02 13:57:47', '2022-08-02 13:57:47'),
(4, 5, 6, 'FedEx', 'jaeden.jast@kemmer.biz', '+1.929.848.4394', 'https://west.info/nam-distinctio-libero-adipisci-aliquam.html/@', 1, NULL, '2022-08-02 13:57:47', '2022-08-02 13:57:47'),
(5, 4, 2, 'YRC', 'wlind@schroeder.com', '(712) 556-6885', 'https://www.koelpin.biz/sed-sequi-libero-aspernatur-asperiores/@', 1, NULL, '2022-08-02 13:57:47', '2022-08-02 13:57:47'),
(6, 1, NULL, 'DHL', NULL, NULL, NULL, 1, NULL, '2022-12-13 07:04:35', '2022-12-13 07:04:35'),
(7, 1, NULL, 'UHL', NULL, NULL, NULL, 1, NULL, '2022-12-13 07:05:00', '2022-12-13 07:05:00'),
(8, 2, NULL, 'DHL', NULL, NULL, NULL, 1, NULL, '2022-12-13 07:09:47', '2022-12-13 07:09:47'),
(9, 2, NULL, 'UHL', NULL, NULL, NULL, 0, NULL, '2022-12-13 07:10:02', '2022-12-13 07:10:02'),
(10, 2, NULL, 'Amazon', NULL, NULL, NULL, 1, NULL, '2022-12-13 07:10:16', '2022-12-13 07:10:16');

-- --------------------------------------------------------

--
-- Table structure for table `carts`
--

CREATE TABLE `carts` (
  `id` bigint UNSIGNED NOT NULL,
  `shop_id` int UNSIGNED DEFAULT NULL,
  `customer_id` bigint UNSIGNED DEFAULT NULL,
  `ip_address` varchar(45) CHARACTER SET utf8mb3 COLLATE utf8mb3_unicode_ci DEFAULT NULL,
  `ship_to` int UNSIGNED DEFAULT NULL,
  `ship_to_country_id` int UNSIGNED DEFAULT NULL,
  `ship_to_state_id` int UNSIGNED DEFAULT NULL,
  `shipping_zone_id` int UNSIGNED DEFAULT NULL,
  `shipping_rate_id` int UNSIGNED DEFAULT NULL,
  `packaging_id` int UNSIGNED DEFAULT NULL,
  `is_digital` tinyint(1) NOT NULL DEFAULT '0',
  `item_count` int UNSIGNED NOT NULL,
  `quantity` int UNSIGNED NOT NULL,
  `total` decimal(20,6) DEFAULT NULL,
  `discount` decimal(20,6) DEFAULT NULL,
  `shipping` decimal(20,6) DEFAULT NULL,
  `packaging` decimal(20,6) DEFAULT NULL,
  `handling` decimal(20,6) DEFAULT NULL,
  `taxes` decimal(20,6) DEFAULT NULL,
  `grand_total` decimal(20,6) DEFAULT NULL,
  `taxrate` decimal(20,6) DEFAULT NULL,
  `shipping_weight` decimal(20,2) DEFAULT NULL,
  `billing_address` bigint UNSIGNED DEFAULT NULL,
  `shipping_address` bigint UNSIGNED DEFAULT NULL,
  `email` varchar(255) CHARACTER SET utf8mb3 COLLATE utf8mb3_unicode_ci DEFAULT NULL,
  `coupon_id` bigint UNSIGNED DEFAULT NULL,
  `payment_status` int NOT NULL DEFAULT '1',
  `payment_method_id` int UNSIGNED DEFAULT NULL,
  `message_to_customer` text CHARACTER SET utf8mb3 COLLATE utf8mb3_unicode_ci,
  `admin_note` text CHARACTER SET utf8mb3 COLLATE utf8mb3_unicode_ci,
  `deleted_at` timestamp NULL DEFAULT NULL,
  `created_at` timestamp NULL DEFAULT NULL,
  `updated_at` timestamp NULL DEFAULT NULL,
  `razorpay_order_id` text CHARACTER SET utf8mb3 COLLATE utf8mb3_unicode_ci
) ENGINE=InnoDB DEFAULT CHARSET=utf8mb3 COLLATE=utf8mb3_unicode_ci;

-- --------------------------------------------------------

--
-- Table structure for table `cart_items`
--

CREATE TABLE `cart_items` (
  `cart_id` bigint UNSIGNED NOT NULL,
  `inventory_id` bigint UNSIGNED NOT NULL,
  `item_description` longtext CHARACTER SET utf8mb3 COLLATE utf8mb3_unicode_ci NOT NULL,
  `quantity` int UNSIGNED NOT NULL,
  `unit_price` decimal(20,6) NOT NULL,
  `created_at` timestamp NULL DEFAULT NULL,
  `updated_at` timestamp NULL DEFAULT NULL
) ENGINE=InnoDB DEFAULT CHARSET=utf8mb3 COLLATE=utf8mb3_unicode_ci;

-- --------------------------------------------------------

--
-- Table structure for table `categories`
--

CREATE TABLE `categories` (
  `id` int UNSIGNED NOT NULL,
  `category_sub_group_id` int UNSIGNED NOT NULL,
  `name` varchar(200) CHARACTER SET utf8mb3 COLLATE utf8mb3_unicode_ci NOT NULL,
  `slug` varchar(200) CHARACTER SET utf8mb3 COLLATE utf8mb3_unicode_ci NOT NULL,
  `description` text CHARACTER SET utf8mb3 COLLATE utf8mb3_unicode_ci,
  `active` tinyint(1) NOT NULL DEFAULT '1',
  `featured` tinyint(1) DEFAULT NULL,
  `order` int DEFAULT '100',
  `meta_title` text CHARACTER SET utf8mb3 COLLATE utf8mb3_unicode_ci,
  `meta_description` longtext CHARACTER SET utf8mb3 COLLATE utf8mb3_unicode_ci,
  `deleted_at` timestamp NULL DEFAULT NULL,
  `created_at` timestamp NULL DEFAULT NULL,
  `updated_at` timestamp NULL DEFAULT NULL
) ENGINE=InnoDB DEFAULT CHARSET=utf8mb3 COLLATE=utf8mb3_unicode_ci;

--
-- Dumping data for table `categories`
--

INSERT INTO `categories` (`id`, `category_sub_group_id`, `name`, `slug`, `description`, `active`, `featured`, `order`, `meta_title`, `meta_description`, `deleted_at`, `created_at`, `updated_at`) VALUES
(1, 12, 'Mobile', 'mobile', 'Mobile Phones', 1, 1, 100, NULL, NULL, NULL, '2022-08-02 13:57:45', '2022-08-02 13:57:45'),
(2, 7, 'Mobile Accessories', 'mobile-accessories', 'Headphone, Adapter, Casing etc', 1, 1, 100, NULL, NULL, NULL, '2022-08-02 13:57:45', '2022-08-02 13:57:45'),
(3, 9, 'Laptop', 'laptop', 'Laptop', 1, 1, 100, NULL, NULL, NULL, '2022-08-02 13:57:45', '2022-08-02 13:57:45'),
(4, 7, 'Desktop', 'desktop', 'Desktop', 1, 1, 100, NULL, NULL, NULL, '2022-08-02 13:57:45', '2022-08-02 13:57:45'),
(5, 17, 'Tablet', 'tablet', 'Tablet Computer and Accessories', 1, 1, 100, NULL, NULL, NULL, '2022-08-02 13:57:45', '2022-08-02 13:57:45'),
(6, 24, 'TVs', 'tvs', 'TVs and Accessories', 1, NULL, 100, NULL, NULL, NULL, '2022-08-02 13:57:45', '2022-08-02 13:57:45'),
(7, 8, 'Home Theater System', 'home-theater', 'Home Theater Sound System and Accessories', 1, 1, 100, NULL, NULL, NULL, '2022-08-02 13:57:45', '2022-08-02 13:57:45'),
(8, 6, 'Point & Shoot Camera', 'pns-camera', 'PnS Camera and Accessories', 1, 1, 100, NULL, NULL, NULL, '2022-08-02 13:57:45', '2022-08-02 13:57:45'),
(9, 3, 'DSLR', 'dslr', 'DSLR Camera and Accessories', 1, NULL, 100, NULL, NULL, NULL, '2022-08-02 13:57:45', '2022-08-02 13:57:45'),
(10, 19, 'Video Camera', 'video-camera', 'Video Camera and Accessories', 1, 1, 100, NULL, NULL, NULL, '2022-08-02 13:57:45', '2022-08-02 13:57:45'),
(11, 23, 'Conroy-Wunsch', 'et-molestias-non-odio-repudiandae-ullam-tempora', 'Et optio dolorem nisi sed ut velit necessitatibus.', 1, NULL, 100, NULL, NULL, NULL, '2022-08-02 13:57:45', '2022-08-02 13:57:45'),
(12, 8, 'Roberts-Spinka', 'dolorem-non-non-doloremque-explicabo', 'Quia autem sed natus.', 1, NULL, 100, NULL, NULL, NULL, '2022-08-02 13:57:45', '2022-08-02 13:57:45'),
(13, 22, 'Rodriguez-Marquardt', 'fugit-perspiciatis-illum-illo-et-tempore-fugiat', 'Eos iure ut quidem velit omnis deserunt tempora.', 1, NULL, 100, NULL, NULL, NULL, '2022-08-02 13:57:45', '2022-08-02 13:57:45'),
(14, 11, 'Hammes Ltd', 'quia-dolor-eveniet-nobis-dolorem-soluta-qui-aut', 'Qui qui voluptatem eius eligendi labore hic dignissimos.', 1, NULL, 100, NULL, NULL, NULL, '2022-08-02 13:57:45', '2022-08-02 13:57:45'),
(15, 11, 'Kertzmann Ltd', 'et-aut-quae-et-quia-molestias-ratione', 'Magni minima cum iusto voluptatem.', 1, NULL, 100, NULL, NULL, NULL, '2022-08-02 13:57:45', '2022-08-02 13:57:45'),
(16, 9, 'Bogan, Ullrich and Runte', 'officia-quia-numquam-dicta-qui-qui-sit-consequatur', 'Consequatur vitae vel et facilis dolorem libero quis et.', 1, NULL, 100, NULL, NULL, NULL, '2022-08-02 13:57:45', '2022-08-02 13:57:45'),
(17, 18, 'Nitzsche, Schimmel and Tillman', 'saepe-ipsam-id-consectetur-accusantium', 'Dolor quo nesciunt ipsa. Est debitis repudiandae ab deserunt dolorem.', 1, NULL, 100, NULL, NULL, NULL, '2022-08-02 13:57:45', '2022-08-02 13:57:45'),
(18, 1, 'Lind, Hammes and O\'Reilly', 'et-numquam-eum-impedit-totam-quis-natus-laboriosam', 'Aut sit ad blanditiis fugiat doloribus qui voluptate.', 1, NULL, 100, NULL, NULL, NULL, '2022-08-02 13:57:45', '2022-08-02 13:57:45'),
(19, 5, 'Mueller-Shields', 'vel-ut-tempore-voluptate-facere', 'Id quam omnis suscipit rem est tempora praesentium accusamus.', 1, NULL, 100, NULL, NULL, NULL, '2022-08-02 13:57:45', '2022-08-02 13:57:45'),
(20, 12, 'Bechtelar, Powlowski and Koelpin', 'assumenda-accusantium-voluptas-ullam-similique-velit-iure', 'Veniam qui nisi corporis aut vel.', 1, NULL, 100, NULL, NULL, NULL, '2022-08-02 13:57:45', '2022-08-02 13:57:45'),
(21, 20, 'Ferry, Bins and Prohaska', 'occaecati-quis-ullam-nihil-sint', 'Ducimus quo pariatur minima velit placeat ullam est. Minus enim autem dolore.', 1, NULL, 100, NULL, NULL, NULL, '2022-08-02 13:57:45', '2022-08-02 13:57:45'),
(22, 11, 'Green PLC', 'praesentium-minima-nemo-sed-eaque-maxime-iure-et-iste', 'Eius sed aut autem earum aut tenetur. Nihil quaerat et sunt et.', 1, NULL, 100, NULL, NULL, NULL, '2022-08-02 13:57:45', '2022-08-02 13:57:45'),
(23, 23, 'Barton-Stoltenberg', 'nihil-impedit-sapiente-autem-blanditiis', 'Fuga et qui optio laborum dignissimos. Nostrum ipsum rem qui velit.', 1, NULL, 100, NULL, NULL, NULL, '2022-08-02 13:57:45', '2022-08-02 13:57:45'),
(24, 5, 'Roob-Russel', 'laboriosam-ratione-necessitatibus-voluptates', 'Consequatur qui rerum provident rerum.', 1, NULL, 100, NULL, NULL, NULL, '2022-08-02 13:57:45', '2022-08-02 13:57:45'),
(25, 10, 'Hammes Ltd', 'quaerat-aut-cumque-rem-sunt-veritatis-omnis', 'Fugit distinctio velit omnis rem consequatur velit reiciendis.', 1, NULL, 100, NULL, NULL, NULL, '2022-08-02 13:57:45', '2022-08-02 13:57:45'),
(26, 10, 'Howe Ltd', 'necessitatibus-rerum-architecto-aut', 'Et saepe minima vel suscipit quia eveniet et.', 1, NULL, 100, NULL, NULL, NULL, '2022-08-02 13:57:45', '2022-08-02 13:57:45'),
(27, 1, 'Luettgen Inc', 'et-omnis-ea-at-in-recusandae-fugiat', 'Veniam dolorem laudantium eius voluptatem amet pariatur.', 1, NULL, 100, NULL, NULL, NULL, '2022-08-02 13:57:45', '2022-08-02 13:57:45'),
(28, 14, 'Rippin-Farrell', 'et-quidem-consequatur-modi-blanditiis-odit-aliquam-sequi-est', 'Cum iste nobis sit ea et ut. Doloribus temporibus labore ut.', 1, NULL, 100, NULL, NULL, NULL, '2022-08-02 13:57:45', '2022-08-02 13:57:45'),
(29, 10, 'Runolfsson-Trantow', 'neque-atque-commodi-eaque-illo-quia-aspernatur-eius', 'Saepe voluptas quia modi et molestiae eveniet.', 1, NULL, 100, NULL, NULL, NULL, '2022-08-02 13:57:45', '2022-08-02 13:57:45'),
(30, 13, 'Kassulke Ltd', 'porro-quas-placeat-aperiam-deserunt-ipsum-molestiae', 'Voluptas aut et hic repellendus in autem.', 1, NULL, 100, NULL, NULL, NULL, '2022-08-02 13:57:45', '2022-08-02 13:57:45'),
(31, 19, 'Wisozk Group', 'voluptatibus-rem-omnis-explicabo-aliquid', 'Iste ex fugit similique voluptatem. Molestiae qui maxime nulla illum veniam.', 1, NULL, 100, NULL, NULL, NULL, '2022-08-02 13:57:45', '2022-08-02 13:57:45'),
(32, 11, 'Keebler, Braun and Pouros', 'cumque-porro-voluptas-et-quo-mollitia', 'Ut ipsum ipsam harum quis ducimus omnis. Aut minima consequatur occaecati.', 1, NULL, 100, NULL, NULL, NULL, '2022-08-02 13:57:45', '2022-08-02 13:57:45'),
(33, 21, 'Turner, Lemke and Wintheiser', 'reiciendis-qui-voluptatem-numquam-quia-aliquid-laudantium-autem', 'Corrupti quidem nesciunt sed veritatis omnis sed pariatur ducimus.', 1, NULL, 100, NULL, NULL, NULL, '2022-08-02 13:57:45', '2022-08-02 13:57:45'),
(34, 5, 'Fisher, Brakus and Keeling', 'architecto-consequatur-est-aut-ducimus-velit-nostrum', 'Aut omnis dolores modi quo dolorem adipisci maxime.', 1, NULL, 100, NULL, NULL, NULL, '2022-08-02 13:57:45', '2022-08-02 13:57:45'),
(35, 11, 'McKenzie-Ernser', 'quos-aperiam-ratione-veniam-omnis-assumenda-vel-ratione', 'Id velit reprehenderit labore possimus nihil quasi voluptas.', 1, NULL, 100, NULL, NULL, NULL, '2022-08-02 13:57:45', '2022-08-02 13:57:45'),
(36, 16, 'DuBuque and Sons', 'iusto-omnis-aperiam-numquam-laboriosam-cupiditate', 'Ut maxime at quae quaerat quasi.', 1, NULL, 100, NULL, NULL, NULL, '2022-08-02 13:57:45', '2022-08-02 13:57:45'),
(37, 21, 'Swaniawski-Klocko', 'quibusdam-omnis-rerum-animi-velit-eveniet-sint-in', 'Temporibus neque optio autem.', 1, NULL, 100, NULL, NULL, NULL, '2022-08-02 13:57:45', '2022-08-02 13:57:45'),
(38, 4, 'Dietrich-Breitenberg', 'nam-sint-modi-blanditiis-similique-maiores-in', 'Voluptas voluptatibus temporibus vero rem voluptatem non.', 1, NULL, 100, NULL, NULL, NULL, '2022-08-02 13:57:45', '2022-08-02 13:57:45'),
(39, 5, 'Parisian-Williamson', 'consectetur-qui-aut-eum-aut', 'Nihil itaque deleniti dolorum voluptates modi sequi quia.', 1, NULL, 100, NULL, NULL, NULL, '2022-08-02 13:57:45', '2022-08-02 13:57:45'),
(40, 18, 'Considine Group', 'fuga-blanditiis-nesciunt-eius-in-occaecati-unde', 'Odit pariatur dolorem quia omnis ea. Suscipit est voluptatem amet ipsam.', 1, NULL, 100, NULL, NULL, NULL, '2022-08-02 13:57:45', '2022-08-02 13:57:45');

-- --------------------------------------------------------

--
-- Table structure for table `category_groups`
--

CREATE TABLE `category_groups` (
  `id` int UNSIGNED NOT NULL,
  `name` varchar(200) CHARACTER SET utf8mb3 COLLATE utf8mb3_unicode_ci NOT NULL,
  `slug` varchar(200) CHARACTER SET utf8mb3 COLLATE utf8mb3_unicode_ci NOT NULL,
  `description` text CHARACTER SET utf8mb3 COLLATE utf8mb3_unicode_ci,
  `icon` varchar(100) CHARACTER SET utf8mb3 COLLATE utf8mb3_unicode_ci DEFAULT 'cube',
  `active` tinyint(1) NOT NULL DEFAULT '1',
  `order` int DEFAULT '100',
  `meta_title` text CHARACTER SET utf8mb3 COLLATE utf8mb3_unicode_ci,
  `meta_description` longtext CHARACTER SET utf8mb3 COLLATE utf8mb3_unicode_ci,
  `deleted_at` timestamp NULL DEFAULT NULL,
  `created_at` timestamp NULL DEFAULT NULL,
  `updated_at` timestamp NULL DEFAULT NULL
) ENGINE=InnoDB DEFAULT CHARSET=utf8mb3 COLLATE=utf8mb3_unicode_ci;

--
-- Dumping data for table `category_groups`
--

INSERT INTO `category_groups` (`id`, `name`, `slug`, `description`, `icon`, `active`, `order`, `meta_title`, `meta_description`, `deleted_at`, `created_at`, `updated_at`) VALUES
(1, 'Home & Garden', 'home-garden', 'Cookware, Dining, Bath, Home Decor and more', 'fa-shower', 1, 100, NULL, NULL, NULL, '2022-08-02 13:57:45', '2022-08-02 13:57:45'),
(2, 'Electronics', 'electronics', 'Mobile, Computer, Tablet, Camera etc', 'fa-plug', 1, 100, NULL, NULL, NULL, '2022-08-02 13:57:45', '2022-08-02 13:57:45'),
(3, 'Kids and Toy', 'kids-toy', 'Toys, Footwear etc', 'fa-gamepad', 1, 100, NULL, NULL, NULL, '2022-08-02 13:57:45', '2022-08-02 13:57:45'),
(4, 'Clothing and Shoes', 'clothing-shoes', 'Shoes, Clothing, Life style items', 'fa-tshirt', 1, 100, NULL, NULL, NULL, '2022-08-02 13:57:45', '2022-08-02 13:57:45'),
(5, 'Beauty and Health', 'beauty-health', 'Cosmetics, Foods and more.', 'fa-hot-tub', 1, 100, NULL, NULL, NULL, '2022-08-02 13:57:45', '2022-08-02 13:57:45'),
(6, 'Sports', 'sports', 'Cycle, Tennis, Boxing, Cricket and more.', 'fa-skiing', 1, 100, NULL, NULL, NULL, '2022-08-02 13:57:45', '2022-08-02 13:57:45'),
(7, 'Jewelry', 'jewelry', 'Necklances, Rings, Pendants and more.', 'fa-gem', 1, 100, NULL, NULL, NULL, '2022-08-02 13:57:45', '2022-08-02 13:57:45'),
(8, 'Pets', 'pets', 'Pet foods and supplies.', 'fa-dog', 1, 100, NULL, NULL, NULL, '2022-08-02 13:57:45', '2022-08-02 13:57:45'),
(9, 'Hobbies & DIY', 'hobbies-diy', 'Craft Sewing, Supplies and more.', 'fa-paint-brush', 1, 100, NULL, NULL, NULL, '2022-08-02 13:57:45', '2022-08-02 13:57:45');

-- --------------------------------------------------------

--
-- Table structure for table `category_product`
--

CREATE TABLE `category_product` (
  `category_id` int UNSIGNED NOT NULL,
  `product_id` bigint UNSIGNED NOT NULL,
  `created_at` timestamp NULL DEFAULT NULL,
  `updated_at` timestamp NULL DEFAULT NULL
) ENGINE=InnoDB DEFAULT CHARSET=utf8mb3 COLLATE=utf8mb3_unicode_ci;

--
-- Dumping data for table `category_product`
--

INSERT INTO `category_product` (`category_id`, `product_id`, `created_at`, `updated_at`) VALUES
(26, 1, '2022-08-02 13:57:43', '2022-08-02 13:57:43'),
(34, 1, '2022-08-02 13:57:43', '2022-08-02 13:57:43'),
(27, 1, '2022-08-02 13:57:43', '2022-08-02 13:57:43'),
(32, 1, '2022-08-02 13:57:43', '2022-08-02 13:57:43'),
(13, 1, '2022-08-02 13:57:43', '2022-08-02 13:57:43'),
(4, 4, '2022-08-02 13:57:43', '2022-08-02 13:57:43'),
(21, 4, '2022-08-02 13:57:43', '2022-08-02 13:57:43'),
(29, 4, '2022-08-02 13:57:43', '2022-08-02 13:57:43'),
(23, 4, '2022-08-02 13:57:43', '2022-08-02 13:57:43'),
(34, 47, '2022-08-02 13:57:43', '2022-08-02 13:57:43'),
(37, 47, '2022-08-02 13:57:43', '2022-08-02 13:57:43'),
(25, 47, '2022-08-02 13:57:43', '2022-08-02 13:57:43'),
(9, 47, '2022-08-02 13:57:43', '2022-08-02 13:57:43'),
(35, 47, '2022-08-02 13:57:43', '2022-08-02 13:57:43'),
(29, 6, '2022-08-02 13:57:43', '2022-08-02 13:57:43'),
(35, 6, '2022-08-02 13:57:43', '2022-08-02 13:57:43'),
(17, 6, '2022-08-02 13:57:43', '2022-08-02 13:57:43'),
(30, 32, '2022-08-02 13:57:43', '2022-08-02 13:57:43'),
(28, 32, '2022-08-02 13:57:43', '2022-08-02 13:57:43'),
(4, 32, '2022-08-02 13:57:43', '2022-08-02 13:57:43'),
(37, 32, '2022-08-02 13:57:43', '2022-08-02 13:57:43'),
(35, 43, '2022-08-02 13:57:43', '2022-08-02 13:57:43'),
(34, 43, '2022-08-02 13:57:43', '2022-08-02 13:57:43'),
(23, 43, '2022-08-02 13:57:43', '2022-08-02 13:57:43'),
(23, 43, '2022-08-02 13:57:43', '2022-08-02 13:57:43'),
(8, 3, '2022-08-02 13:57:43', '2022-08-02 13:57:43'),
(12, 3, '2022-08-02 13:57:43', '2022-08-02 13:57:43'),
(39, 3, '2022-08-02 13:57:43', '2022-08-02 13:57:43'),
(6, 3, '2022-08-02 13:57:43', '2022-08-02 13:57:43'),
(38, 17, '2022-08-02 13:57:43', '2022-08-02 13:57:43'),
(36, 17, '2022-08-02 13:57:43', '2022-08-02 13:57:43'),
(12, 17, '2022-08-02 13:57:43', '2022-08-02 13:57:43'),
(36, 17, '2022-08-02 13:57:43', '2022-08-02 13:57:43'),
(19, 17, '2022-08-02 13:57:43', '2022-08-02 13:57:43'),
(4, 44, '2022-08-02 13:57:43', '2022-08-02 13:57:43'),
(36, 44, '2022-08-02 13:57:43', '2022-08-02 13:57:43'),
(40, 44, '2022-08-02 13:57:43', '2022-08-02 13:57:43'),
(22, 44, '2022-08-02 13:57:43', '2022-08-02 13:57:43'),
(6, 15, '2022-08-02 13:57:43', '2022-08-02 13:57:43'),
(37, 15, '2022-08-02 13:57:43', '2022-08-02 13:57:43'),
(35, 15, '2022-08-02 13:57:43', '2022-08-02 13:57:43'),
(20, 15, '2022-08-02 13:57:43', '2022-08-02 13:57:43'),
(12, 10, '2022-08-02 13:57:43', '2022-08-02 13:57:43'),
(6, 10, '2022-08-02 13:57:43', '2022-08-02 13:57:43'),
(23, 10, '2022-08-02 13:57:43', '2022-08-02 13:57:43'),
(30, 22, '2022-08-02 13:57:43', '2022-08-02 13:57:43'),
(25, 22, '2022-08-02 13:57:43', '2022-08-02 13:57:43'),
(16, 22, '2022-08-02 13:57:43', '2022-08-02 13:57:43'),
(5, 22, '2022-08-02 13:57:43', '2022-08-02 13:57:43'),
(13, 2, '2022-08-02 13:57:43', '2022-08-02 13:57:43'),
(26, 2, '2022-08-02 13:57:43', '2022-08-02 13:57:43'),
(30, 2, '2022-08-02 13:57:43', '2022-08-02 13:57:43'),
(30, 2, '2022-08-02 13:57:43', '2022-08-02 13:57:43'),
(26, 30, '2022-08-02 13:57:43', '2022-08-02 13:57:43'),
(2, 30, '2022-08-02 13:57:43', '2022-08-02 13:57:43'),
(14, 30, '2022-08-02 13:57:43', '2022-08-02 13:57:43'),
(38, 42, '2022-08-02 13:57:43', '2022-08-02 13:57:43'),
(13, 42, '2022-08-02 13:57:43', '2022-08-02 13:57:43'),
(16, 42, '2022-08-02 13:57:43', '2022-08-02 13:57:43'),
(18, 42, '2022-08-02 13:57:43', '2022-08-02 13:57:43'),
(33, 42, '2022-08-02 13:57:43', '2022-08-02 13:57:43'),
(5, 21, '2022-08-02 13:57:43', '2022-08-02 13:57:43'),
(18, 21, '2022-08-02 13:57:43', '2022-08-02 13:57:43'),
(14, 21, '2022-08-02 13:57:43', '2022-08-02 13:57:43'),
(8, 25, '2022-08-02 13:57:43', '2022-08-02 13:57:43'),
(7, 25, '2022-08-02 13:57:43', '2022-08-02 13:57:43'),
(5, 25, '2022-08-02 13:57:43', '2022-08-02 13:57:43'),
(19, 25, '2022-08-02 13:57:43', '2022-08-02 13:57:43'),
(30, 8, '2022-08-02 13:57:43', '2022-08-02 13:57:43'),
(4, 8, '2022-08-02 13:57:43', '2022-08-02 13:57:43'),
(24, 8, '2022-08-02 13:57:43', '2022-08-02 13:57:43'),
(23, 8, '2022-08-02 13:57:43', '2022-08-02 13:57:43'),
(26, 24, '2022-08-02 13:57:43', '2022-08-02 13:57:43'),
(2, 24, '2022-08-02 13:57:43', '2022-08-02 13:57:43'),
(34, 24, '2022-08-02 13:57:43', '2022-08-02 13:57:43'),
(29, 24, '2022-08-02 13:57:43', '2022-08-02 13:57:43'),
(29, 24, '2022-08-02 13:57:43', '2022-08-02 13:57:43'),
(38, 14, '2022-08-02 13:57:43', '2022-08-02 13:57:43'),
(29, 14, '2022-08-02 13:57:43', '2022-08-02 13:57:43'),
(3, 14, '2022-08-02 13:57:43', '2022-08-02 13:57:43'),
(16, 9, '2022-08-02 13:57:43', '2022-08-02 13:57:43'),
(6, 9, '2022-08-02 13:57:43', '2022-08-02 13:57:43'),
(22, 9, '2022-08-02 13:57:43', '2022-08-02 13:57:43'),
(40, 50, '2022-08-02 13:57:43', '2022-08-02 13:57:43'),
(37, 50, '2022-08-02 13:57:43', '2022-08-02 13:57:43'),
(5, 50, '2022-08-02 13:57:43', '2022-08-02 13:57:43'),
(17, 50, '2022-08-02 13:57:43', '2022-08-02 13:57:43'),
(25, 50, '2022-08-02 13:57:43', '2022-08-02 13:57:43'),
(15, 7, '2022-08-02 13:57:43', '2022-08-02 13:57:43'),
(16, 7, '2022-08-02 13:57:43', '2022-08-02 13:57:43'),
(5, 7, '2022-08-02 13:57:43', '2022-08-02 13:57:43'),
(28, 7, '2022-08-02 13:57:43', '2022-08-02 13:57:43'),
(22, 41, '2022-08-02 13:57:43', '2022-08-02 13:57:43'),
(34, 41, '2022-08-02 13:57:43', '2022-08-02 13:57:43'),
(10, 41, '2022-08-02 13:57:43', '2022-08-02 13:57:43'),
(5, 41, '2022-08-02 13:57:43', '2022-08-02 13:57:43'),
(27, 41, '2022-08-02 13:57:43', '2022-08-02 13:57:43'),
(24, 31, '2022-08-02 13:57:43', '2022-08-02 13:57:43'),
(26, 31, '2022-08-02 13:57:43', '2022-08-02 13:57:43'),
(14, 31, '2022-08-02 13:57:43', '2022-08-02 13:57:43'),
(5, 31, '2022-08-02 13:57:43', '2022-08-02 13:57:43'),
(13, 31, '2022-08-02 13:57:43', '2022-08-02 13:57:43'),
(15, 18, '2022-08-02 13:57:43', '2022-08-02 13:57:43'),
(18, 18, '2022-08-02 13:57:43', '2022-08-02 13:57:43'),
(21, 18, '2022-08-02 13:57:43', '2022-08-02 13:57:43'),
(4, 18, '2022-08-02 13:57:43', '2022-08-02 13:57:43'),
(37, 18, '2022-08-02 13:57:43', '2022-08-02 13:57:43'),
(8, 51, '2022-08-02 13:57:43', '2022-08-02 13:57:43'),
(2, 51, '2022-08-02 13:57:43', '2022-08-02 13:57:43'),
(21, 51, '2022-08-02 13:57:43', '2022-08-02 13:57:43'),
(40, 37, '2022-08-02 13:57:43', '2022-08-02 13:57:43'),
(29, 37, '2022-08-02 13:57:43', '2022-08-02 13:57:43'),
(21, 37, '2022-08-02 13:57:43', '2022-08-02 13:57:43'),
(22, 37, '2022-08-02 13:57:43', '2022-08-02 13:57:43'),
(32, 37, '2022-08-02 13:57:43', '2022-08-02 13:57:43'),
(12, 49, '2022-08-02 13:57:43', '2022-08-02 13:57:43'),
(30, 49, '2022-08-02 13:57:43', '2022-08-02 13:57:43'),
(22, 49, '2022-08-02 13:57:43', '2022-08-02 13:57:43'),
(27, 49, '2022-08-02 13:57:43', '2022-08-02 13:57:43'),
(2, 27, '2022-08-02 13:57:43', '2022-08-02 13:57:43'),
(1, 27, '2022-08-02 13:57:43', '2022-08-02 13:57:43'),
(28, 27, '2022-08-02 13:57:43', '2022-08-02 13:57:43'),
(13, 27, '2022-08-02 13:57:43', '2022-08-02 13:57:43'),
(2, 27, '2022-08-02 13:57:43', '2022-08-02 13:57:43'),
(9, 34, '2022-08-02 13:57:43', '2022-08-02 13:57:43'),
(3, 34, '2022-08-02 13:57:43', '2022-08-02 13:57:43'),
(12, 34, '2022-08-02 13:57:43', '2022-08-02 13:57:43'),
(24, 34, '2022-08-02 13:57:43', '2022-08-02 13:57:43'),
(17, 34, '2022-08-02 13:57:43', '2022-08-02 13:57:43'),
(28, 26, '2022-08-02 13:57:43', '2022-08-02 13:57:43'),
(22, 26, '2022-08-02 13:57:43', '2022-08-02 13:57:43'),
(25, 26, '2022-08-02 13:57:43', '2022-08-02 13:57:43'),
(18, 26, '2022-08-02 13:57:43', '2022-08-02 13:57:43'),
(7, 19, '2022-08-02 13:57:43', '2022-08-02 13:57:43'),
(20, 19, '2022-08-02 13:57:43', '2022-08-02 13:57:43'),
(34, 19, '2022-08-02 13:57:43', '2022-08-02 13:57:43'),
(5, 45, '2022-08-02 13:57:43', '2022-08-02 13:57:43'),
(38, 45, '2022-08-02 13:57:43', '2022-08-02 13:57:43'),
(4, 45, '2022-08-02 13:57:43', '2022-08-02 13:57:43'),
(35, 45, '2022-08-02 13:57:43', '2022-08-02 13:57:43'),
(23, 38, '2022-08-02 13:57:43', '2022-08-02 13:57:43'),
(18, 38, '2022-08-02 13:57:43', '2022-08-02 13:57:43'),
(39, 38, '2022-08-02 13:57:43', '2022-08-02 13:57:43'),
(28, 20, '2022-08-02 13:57:43', '2022-08-02 13:57:43'),
(18, 20, '2022-08-02 13:57:43', '2022-08-02 13:57:43'),
(19, 20, '2022-08-02 13:57:43', '2022-08-02 13:57:43'),
(35, 20, '2022-08-02 13:57:43', '2022-08-02 13:57:43'),
(10, 13, '2022-08-02 13:57:43', '2022-08-02 13:57:43'),
(32, 13, '2022-08-02 13:57:43', '2022-08-02 13:57:43'),
(26, 13, '2022-08-02 13:57:43', '2022-08-02 13:57:43'),
(11, 13, '2022-08-02 13:57:43', '2022-08-02 13:57:43'),
(32, 40, '2022-08-02 13:57:43', '2022-08-02 13:57:43'),
(7, 40, '2022-08-02 13:57:43', '2022-08-02 13:57:43'),
(10, 40, '2022-08-02 13:57:43', '2022-08-02 13:57:43'),
(40, 40, '2022-08-02 13:57:43', '2022-08-02 13:57:43'),
(28, 40, '2022-08-02 13:57:43', '2022-08-02 13:57:43'),
(26, 23, '2022-08-02 13:57:43', '2022-08-02 13:57:43'),
(10, 23, '2022-08-02 13:57:43', '2022-08-02 13:57:43'),
(19, 23, '2022-08-02 13:57:43', '2022-08-02 13:57:43'),
(18, 23, '2022-08-02 13:57:43', '2022-08-02 13:57:43'),
(20, 16, '2022-08-02 13:57:43', '2022-08-02 13:57:43'),
(19, 16, '2022-08-02 13:57:43', '2022-08-02 13:57:43'),
(21, 16, '2022-08-02 13:57:43', '2022-08-02 13:57:43'),
(1, 16, '2022-08-02 13:57:43', '2022-08-02 13:57:43'),
(40, 29, '2022-08-02 13:57:43', '2022-08-02 13:57:43'),
(15, 29, '2022-08-02 13:57:43', '2022-08-02 13:57:43'),
(11, 29, '2022-08-02 13:57:43', '2022-08-02 13:57:43'),
(14, 28, '2022-08-02 13:57:43', '2022-08-02 13:57:43'),
(34, 28, '2022-08-02 13:57:43', '2022-08-02 13:57:43'),
(17, 28, '2022-08-02 13:57:43', '2022-08-02 13:57:43'),
(9, 28, '2022-08-02 13:57:43', '2022-08-02 13:57:43'),
(11, 5, '2022-08-02 13:57:43', '2022-08-02 13:57:43'),
(9, 5, '2022-08-02 13:57:43', '2022-08-02 13:57:43'),
(39, 5, '2022-08-02 13:57:43', '2022-08-02 13:57:43'),
(9, 5, '2022-08-02 13:57:43', '2022-08-02 13:57:43'),
(20, 39, '2022-08-02 13:57:43', '2022-08-02 13:57:43'),
(35, 39, '2022-08-02 13:57:43', '2022-08-02 13:57:43'),
(31, 39, '2022-08-02 13:57:43', '2022-08-02 13:57:43'),
(40, 39, '2022-08-02 13:57:43', '2022-08-02 13:57:43'),
(5, 33, '2022-08-02 13:57:43', '2022-08-02 13:57:43'),
(5, 33, '2022-08-02 13:57:43', '2022-08-02 13:57:43'),
(36, 33, '2022-08-02 13:57:43', '2022-08-02 13:57:43'),
(9, 33, '2022-08-02 13:57:43', '2022-08-02 13:57:43'),
(26, 33, '2022-08-02 13:57:43', '2022-08-02 13:57:43'),
(8, 48, '2022-08-02 13:57:43', '2022-08-02 13:57:43'),
(40, 48, '2022-08-02 13:57:43', '2022-08-02 13:57:43'),
(2, 48, '2022-08-02 13:57:43', '2022-08-02 13:57:43'),
(16, 48, '2022-08-02 13:57:43', '2022-08-02 13:57:43'),
(10, 12, '2022-08-02 13:57:43', '2022-08-02 13:57:43'),
(4, 12, '2022-08-02 13:57:43', '2022-08-02 13:57:43'),
(15, 12, '2022-08-02 13:57:43', '2022-08-02 13:57:43'),
(2, 12, '2022-08-02 13:57:43', '2022-08-02 13:57:43'),
(24, 11, '2022-08-02 13:57:43', '2022-08-02 13:57:43'),
(25, 11, '2022-08-02 13:57:43', '2022-08-02 13:57:43'),
(35, 11, '2022-08-02 13:57:43', '2022-08-02 13:57:43'),
(5, 46, '2022-08-02 13:57:43', '2022-08-02 13:57:43'),
(27, 46, '2022-08-02 13:57:43', '2022-08-02 13:57:43'),
(23, 46, '2022-08-02 13:57:43', '2022-08-02 13:57:43'),
(38, 46, '2022-08-02 13:57:43', '2022-08-02 13:57:43'),
(6, 46, '2022-08-02 13:57:43', '2022-08-02 13:57:43'),
(39, 36, '2022-08-02 13:57:43', '2022-08-02 13:57:43'),
(36, 36, '2022-08-02 13:57:43', '2022-08-02 13:57:43'),
(13, 36, '2022-08-02 13:57:43', '2022-08-02 13:57:43'),
(30, 36, '2022-08-02 13:57:43', '2022-08-02 13:57:43'),
(16, 35, '2022-08-02 13:57:43', '2022-08-02 13:57:43'),
(36, 35, '2022-08-02 13:57:43', '2022-08-02 13:57:43'),
(15, 35, '2022-08-02 13:57:43', '2022-08-02 13:57:43'),
(19, 25, '2022-08-02 13:57:52', '2022-08-02 13:57:52'),
(19, 36, '2022-08-02 13:57:52', '2022-08-02 13:57:52'),
(19, 31, '2022-08-02 13:57:52', '2022-08-02 13:57:52'),
(19, 4, '2022-08-02 13:57:52', '2022-08-02 13:57:52'),
(19, 31, '2022-08-02 13:57:52', '2022-08-02 13:57:52'),
(19, 1, '2022-08-02 13:57:52', '2022-08-02 13:57:52'),
(19, 10, '2022-08-02 13:57:52', '2022-08-02 13:57:52'),
(19, 49, '2022-08-02 13:57:52', '2022-08-02 13:57:52'),
(19, 7, '2022-08-02 13:57:52', '2022-08-02 13:57:52'),
(34, 49, '2022-08-02 13:57:52', '2022-08-02 13:57:52'),
(34, 28, '2022-08-02 13:57:52', '2022-08-02 13:57:52'),
(34, 24, '2022-08-02 13:57:52', '2022-08-02 13:57:52'),
(34, 47, '2022-08-02 13:57:52', '2022-08-02 13:57:52'),
(34, 48, '2022-08-02 13:57:52', '2022-08-02 13:57:52'),
(34, 18, '2022-08-02 13:57:52', '2022-08-02 13:57:52'),
(34, 3, '2022-08-02 13:57:52', '2022-08-02 13:57:52'),
(34, 40, '2022-08-02 13:57:52', '2022-08-02 13:57:52'),
(34, 45, '2022-08-02 13:57:52', '2022-08-02 13:57:52'),
(34, 41, '2022-08-02 13:57:52', '2022-08-02 13:57:52'),
(34, 42, '2022-08-02 13:57:52', '2022-08-02 13:57:52'),
(34, 24, '2022-08-02 13:57:52', '2022-08-02 13:57:52'),
(34, 27, '2022-08-02 13:57:52', '2022-08-02 13:57:52'),
(5, 12, '2022-08-02 13:57:52', '2022-08-02 13:57:52'),
(5, 43, '2022-08-02 13:57:52', '2022-08-02 13:57:52'),
(5, 22, '2022-08-02 13:57:52', '2022-08-02 13:57:52'),
(5, 38, '2022-08-02 13:57:52', '2022-08-02 13:57:52'),
(5, 21, '2022-08-02 13:57:52', '2022-08-02 13:57:52'),
(5, 29, '2022-08-02 13:57:52', '2022-08-02 13:57:52'),
(5, 29, '2022-08-02 13:57:52', '2022-08-02 13:57:52'),
(5, 22, '2022-08-02 13:57:52', '2022-08-02 13:57:52'),
(5, 16, '2022-08-02 13:57:52', '2022-08-02 13:57:52'),
(36, 52, '2022-12-14 01:37:44', '2022-12-14 01:37:44'),
(27, 52, '2022-12-14 01:37:44', '2022-12-14 01:37:44'),
(31, 52, '2022-12-14 01:37:44', '2022-12-14 01:37:44');

-- --------------------------------------------------------

--
-- Table structure for table `category_sub_groups`
--

CREATE TABLE `category_sub_groups` (
  `id` int UNSIGNED NOT NULL,
  `category_group_id` int UNSIGNED NOT NULL,
  `name` varchar(200) CHARACTER SET utf8mb3 COLLATE utf8mb3_unicode_ci NOT NULL,
  `slug` varchar(200) CHARACTER SET utf8mb3 COLLATE utf8mb3_unicode_ci NOT NULL,
  `description` text CHARACTER SET utf8mb3 COLLATE utf8mb3_unicode_ci,
  `active` tinyint(1) NOT NULL DEFAULT '1',
  `order` int DEFAULT '100',
  `meta_title` text CHARACTER SET utf8mb3 COLLATE utf8mb3_unicode_ci,
  `meta_description` longtext CHARACTER SET utf8mb3 COLLATE utf8mb3_unicode_ci,
  `deleted_at` timestamp NULL DEFAULT NULL,
  `created_at` timestamp NULL DEFAULT NULL,
  `updated_at` timestamp NULL DEFAULT NULL
) ENGINE=InnoDB DEFAULT CHARSET=utf8mb3 COLLATE=utf8mb3_unicode_ci;

--
-- Dumping data for table `category_sub_groups`
--

INSERT INTO `category_sub_groups` (`id`, `category_group_id`, `name`, `slug`, `description`, `active`, `order`, `meta_title`, `meta_description`, `deleted_at`, `created_at`, `updated_at`) VALUES
(1, 1, 'Mobile & Accessories', 'mobile-accessories', 'Cell Phones and Accessories', 1, 100, NULL, NULL, NULL, '2022-08-02 13:57:45', '2022-08-02 13:57:45'),
(2, 1, 'Computer & Accessories', 'computer-accessories', 'Tablet, Laptop, Desktop and Accessories', 1, 100, NULL, NULL, NULL, '2022-08-02 13:57:45', '2022-08-02 13:57:45'),
(3, 1, 'Home Entertainment', 'home-entertainment', 'TVs, Home Theaters etc', 1, 100, NULL, NULL, NULL, '2022-08-02 13:57:45', '2022-08-02 13:57:45'),
(4, 1, 'Photo & Video', 'photo-video', 'PnS, DSLR, Video Camera and Accessories', 1, 100, NULL, NULL, NULL, '2022-08-02 13:57:45', '2022-08-02 13:57:45'),
(5, 2, 'Indoor', 'indoor', 'Puzzle, Keram etc', 1, 100, NULL, NULL, NULL, '2022-08-02 13:57:45', '2022-08-02 13:57:45'),
(6, 2, 'Outdoor', 'outdoor', 'Cycle, Dron etc', 1, 100, NULL, NULL, NULL, '2022-08-02 13:57:45', '2022-08-02 13:57:45'),
(7, 3, 'Men\'s Fashion', 'mens-fashion', 'Lots of fashion products.', 1, 100, NULL, NULL, NULL, '2022-08-02 13:57:45', '2022-08-02 13:57:45'),
(8, 3, 'Women\'s Fashion', 'womens-fashion', 'Lots of fashion products.', 1, 100, NULL, NULL, NULL, '2022-08-02 13:57:45', '2022-08-02 13:57:45'),
(9, 4, 'Kitchen', 'kitchen', 'Kitchen and cooking products.', 1, 100, NULL, NULL, NULL, '2022-08-02 13:57:45', '2022-08-02 13:57:45'),
(10, 4, 'Garden', 'garden', 'Gardening related products.', 1, 100, NULL, NULL, NULL, '2022-08-02 13:57:45', '2022-08-02 13:57:45'),
(11, 4, 'Pollich, Leffler and Bayer', 'et-maxime-harum-corrupti-molestiae-qui-expedita-autem', 'Dolor aspernatur dignissimos ad non molestiae maiores doloribus ea. Et sit voluptatum laboriosam eum consectetur rerum magnam. Quia et consectetur et id at magni reprehenderit rerum. Reprehenderit in est dolorem quia. Explicabo necessitatibus ea reiciendis sed aspernatur. Et et totam nihil atque voluptas adipisci. Est repellat nisi consequuntur qui libero ut. Repudiandae quia magnam labore possimus sint.', 1, 100, NULL, NULL, NULL, '2022-08-02 13:57:45', '2022-08-02 13:57:45'),
(12, 3, 'Roberts, Hagenes and Sipes', 'saepe-voluptatem-non-vitae-magni-eaque-eos-consequuntur', 'Sequi ratione magnam assumenda voluptatibus recusandae asperiores. Magnam rerum illo quis quia recusandae doloremque. Nesciunt consequatur cupiditate nihil necessitatibus eum veniam quisquam. At nam pariatur possimus sit non corporis perferendis. Id ut vel et quo. Eligendi nesciunt inventore quis quia enim sed. Ut repellendus est fugit. Est et reprehenderit qui perspiciatis fugiat expedita maiores.', 1, 100, NULL, NULL, NULL, '2022-08-02 13:57:45', '2022-08-02 13:57:45'),
(13, 3, 'Kertzmann LLC', 'non-soluta-repudiandae-quidem', 'Adipisci vero ullam qui laborum non. Ea beatae praesentium voluptatem officiis magni in. Reprehenderit dolores aut quis sit. Itaque ut non voluptatem in. Sunt est commodi cupiditate libero veritatis ut autem. Inventore nulla numquam vitae cupiditate. Aut ipsam dicta nihil iusto praesentium mollitia. Consequatur sequi cupiditate ipsam repudiandae numquam inventore. Mollitia in libero amet natus qui. Voluptas sit amet rerum assumenda expedita. Non velit explicabo beatae cumque.', 1, 100, NULL, NULL, NULL, '2022-08-02 13:57:45', '2022-08-02 13:57:45'),
(14, 6, 'Dickinson, Grady and Lehner', 'ut-beatae-enim-expedita-sit-accusantium-temporibus-velit-reiciendis', 'Quaerat quia recusandae non animi sit suscipit ea. Qui a quo debitis porro repellendus veniam. Repudiandae odit tempora molestiae est. Voluptas ut et accusantium. Eos ea modi quis qui. Ex libero nobis eius sed quia voluptatum doloribus. Nesciunt rem mollitia tempore alias. Nisi voluptas nisi ut enim et odio sit ex. Dolore quas veniam laborum harum quo ut. Consequatur consequatur dicta aut sit et. Cum non veritatis cumque totam porro ipsa.', 1, 100, NULL, NULL, NULL, '2022-08-02 13:57:45', '2022-08-02 13:57:45'),
(15, 4, 'Brown-Weimann', 'sequi-illo-excepturi-est-nostrum', 'Quo non consequatur iste fuga. Enim cum illo itaque aliquid. Necessitatibus fugiat unde cumque. Voluptate quia minus impedit sapiente. Et qui nostrum id voluptatem ut est tenetur. Placeat eligendi velit consectetur molestiae culpa recusandae eius. Doloribus dolorem enim nostrum est assumenda sed dolor occaecati. Enim minus nesciunt dolor ab quod.', 1, 100, NULL, NULL, NULL, '2022-08-02 13:57:45', '2022-08-02 13:57:45'),
(16, 1, 'Jaskolski, Prohaska and Nicolas', 'sit-possimus-in-maiores-deserunt', 'Fugiat laudantium nihil voluptas sunt. Nam maiores praesentium commodi dolorum non at. Tempore ea aperiam aut consequatur aut. Omnis autem ut labore exercitationem deserunt. Maxime tempore exercitationem tempore nisi ullam. Hic voluptas hic sunt qui qui non unde. Deserunt eos autem eveniet provident et id. Et nesciunt quis debitis voluptatem non dolorem corporis. Ipsam aspernatur sit molestiae aperiam.', 1, 100, NULL, NULL, NULL, '2022-08-02 13:57:45', '2022-08-02 13:57:45'),
(17, 5, 'Huels Group', 'voluptate-qui-ut-enim', 'Velit voluptatem aliquid molestiae atque. Adipisci minima harum fuga voluptates aliquam voluptatem facilis quia. Aut alias quibusdam nam voluptatem eaque. Omnis quia quia doloribus rerum sit perferendis quia. Laboriosam esse velit delectus possimus ipsam quia molestiae. Qui quas explicabo et excepturi beatae vero quos.', 1, 100, NULL, NULL, NULL, '2022-08-02 13:57:45', '2022-08-02 13:57:45'),
(18, 1, 'Hirthe-Kerluke', 'facilis-ab-iure-doloremque-quia-non-rerum-eveniet', 'Quo incidunt culpa eligendi molestiae. Sequi rerum ab et eos doloribus. Mollitia voluptas harum ut quo et exercitationem voluptas. Asperiores vel et ut ex. Delectus qui sequi quia sapiente praesentium dicta suscipit. Cupiditate voluptas ut aperiam nam neque nemo quas rerum. Aut et voluptatum ex ut voluptatem. Ea aut sit non nihil saepe. Provident sit suscipit a quis nihil eos. Explicabo eligendi consequuntur ab voluptatibus est adipisci repellat. Eveniet est est eum accusamus sapiente quo.', 1, 100, NULL, NULL, NULL, '2022-08-02 13:57:45', '2022-08-02 13:57:45'),
(19, 7, 'Flatley-Rosenbaum', 'ut-et-facilis-perspiciatis-architecto-repellat-aut-doloribus', 'Laborum sit harum vero consequatur et non. Magni tempora recusandae non dolorum illum quibusdam. Aut eius est error dignissimos totam. Adipisci hic blanditiis nobis quas neque esse. Fuga ab ipsum debitis ea. Omnis incidunt adipisci omnis sed dolorum optio. Cum cupiditate itaque sed. Qui fugit dolore consequatur nesciunt. Sed omnis et soluta. Vel aut et eum non doloremque.', 1, 100, NULL, NULL, NULL, '2022-08-02 13:57:45', '2022-08-02 13:57:45'),
(20, 3, 'Haag LLC', 'cumque-cum-inventore-perspiciatis-voluptatibus-ut-officiis-itaque-doloremque', 'Culpa debitis ratione nesciunt commodi qui quaerat. Temporibus temporibus et consequatur et velit ut quo. Consequatur culpa repellat et laudantium. Doloremque vel fugit et sit. Fugit id officia ut aliquid et voluptas. Voluptas dolores in non quasi. Ut placeat mollitia animi odio excepturi eum aut.', 1, 100, NULL, NULL, NULL, '2022-08-02 13:57:45', '2022-08-02 13:57:45'),
(21, 4, 'Gottlieb Group', 'distinctio-consequuntur-qui-non-consequuntur', 'Nobis tempora porro fugit. Et soluta explicabo fuga harum ut. Deserunt quia modi cumque quo sed optio totam. Eum suscipit assumenda culpa est. Quia est eius in quam nam. Tempore suscipit blanditiis non excepturi. Quod magni et debitis laudantium labore voluptas. Iusto non occaecati corporis laboriosam ratione architecto dolores. Sapiente in ratione maiores fugit quibusdam minima ea. Voluptatem ut quaerat sed similique explicabo nesciunt sit.', 1, 100, NULL, NULL, NULL, '2022-08-02 13:57:45', '2022-08-02 13:57:45'),
(22, 6, 'Bauch-Nitzsche', 'quia-enim-quo-natus-illum-voluptatum', 'Perferendis provident quos sed aliquam omnis soluta a. Magnam voluptatem eum aut sint et. Aperiam aperiam voluptatem sit distinctio ducimus ea. Quam voluptas aut enim quia dicta. Unde tempora sint eaque vel sed est ex. Voluptas adipisci cumque nesciunt aut. Error voluptas ratione voluptas aperiam voluptas recusandae. Non debitis sunt assumenda aperiam. Quas id qui qui explicabo. Consequatur rerum amet magnam eos omnis aut beatae.', 1, 100, NULL, NULL, NULL, '2022-08-02 13:57:45', '2022-08-02 13:57:45'),
(23, 1, 'Rosenbaum, Schamberger and Johnston', 'tenetur-similique-magnam-amet-qui-voluptatem-consectetur-ut-quas', 'Doloremque minus dolor sequi molestiae perspiciatis soluta harum. Error vel accusamus quo distinctio sit pariatur eos ipsam. Odit hic quaerat dolores dignissimos ut consequuntur saepe. Placeat cumque rem corporis sunt. Incidunt veniam mollitia dolorum neque mollitia aut sit. Aut et ab nemo optio quia. Similique ut cupiditate ea consequatur eaque soluta provident autem. Quia dicta aut fuga nemo sed ut perferendis a. Sunt officia dicta rerum rerum aut rerum.', 1, 100, NULL, NULL, NULL, '2022-08-02 13:57:45', '2022-08-02 13:57:45'),
(24, 3, 'Schultz, Cruickshank and Will', 'a-impedit-sed-ad-sint', 'Praesentium placeat magni voluptates nam. Repellendus voluptas cupiditate deleniti quae aliquid exercitationem. Beatae doloribus harum voluptas enim. Ut eveniet ea qui architecto error veritatis. Rerum perspiciatis et deleniti voluptas odit inventore nobis. Amet ullam cumque aut labore. Unde magni et alias iste. Soluta et saepe delectus aut necessitatibus. Autem odit dolor eaque dolores deleniti aut. Ducimus excepturi culpa velit voluptas fugiat tenetur occaecati non.', 1, 100, NULL, NULL, NULL, '2022-08-02 13:57:45', '2022-08-02 13:57:45'),
(25, 2, 'Nicolas-King', 'id-blanditiis-iste-molestiae', 'Dignissimos nihil natus eaque voluptas velit a. Autem sint qui voluptas fugiat unde maiores eius. Commodi culpa assumenda eum quam enim. Illo consequatur eum voluptatem et aliquid deleniti iure. Qui quae deleniti odio reprehenderit beatae. Voluptas voluptas occaecati consectetur nisi neque laudantium qui. Sunt deleniti in ullam. Nemo sequi voluptas id quam magnam corporis. Dolorum animi sequi et tempore. Et officiis quis at ab quis quo. Odit rerum nobis et veniam sint.', 1, 100, NULL, NULL, NULL, '2022-08-02 13:57:45', '2022-08-02 13:57:45');

-- --------------------------------------------------------

--
-- Table structure for table `chat_conversations`
--

CREATE TABLE `chat_conversations` (
  `id` bigint UNSIGNED NOT NULL,
  `shop_id` int UNSIGNED DEFAULT NULL,
  `customer_id` bigint UNSIGNED DEFAULT NULL,
  `message` text CHARACTER SET utf8mb3 COLLATE utf8mb3_unicode_ci,
  `status` int NOT NULL DEFAULT '1',
  `private` tinyint(1) NOT NULL DEFAULT '1',
  `read` tinyint(1) DEFAULT NULL,
  `deleted_at` timestamp NULL DEFAULT NULL,
  `created_at` timestamp NULL DEFAULT NULL,
  `updated_at` timestamp NULL DEFAULT NULL
) ENGINE=InnoDB DEFAULT CHARSET=utf8mb3 COLLATE=utf8mb3_unicode_ci;

--
-- Dumping data for table `chat_conversations`
--

INSERT INTO `chat_conversations` (`id`, `shop_id`, `customer_id`, `message`, `status`, `private`, `read`, `deleted_at`, `created_at`, `updated_at`) VALUES
(1, 2, 18, 'hello', 2, 1, NULL, NULL, '2022-12-12 03:58:11', '2022-12-12 03:58:29'),
(2, 4, 1, 'I want to know how long it\'s take to delivery?', 1, 1, NULL, NULL, '2022-12-14 03:39:29', '2022-12-14 03:39:29');

-- --------------------------------------------------------

--
-- Table structure for table `config_authorize_net`
--

CREATE TABLE `config_authorize_net` (
  `shop_id` int UNSIGNED NOT NULL,
  `api_login_id` text CHARACTER SET utf8mb3 COLLATE utf8mb3_unicode_ci,
  `transaction_key` text CHARACTER SET utf8mb3 COLLATE utf8mb3_unicode_ci,
  `sandbox` tinyint(1) DEFAULT '1',
  `created_at` timestamp NULL DEFAULT NULL,
  `updated_at` timestamp NULL DEFAULT NULL
) ENGINE=InnoDB DEFAULT CHARSET=utf8mb3 COLLATE=utf8mb3_unicode_ci;

-- --------------------------------------------------------

--
-- Table structure for table `config_flutterwave`
--

CREATE TABLE `config_flutterwave` (
  `shop_id` int UNSIGNED NOT NULL,
  `pub_key` text CHARACTER SET utf8mb3 COLLATE utf8mb3_unicode_ci,
  `sec_key` text CHARACTER SET utf8mb3 COLLATE utf8mb3_unicode_ci,
  `sandbox` tinyint(1) DEFAULT '1',
  `created_at` timestamp NULL DEFAULT NULL,
  `updated_at` timestamp NULL DEFAULT NULL
) ENGINE=InnoDB DEFAULT CHARSET=utf8mb3 COLLATE=utf8mb3_unicode_ci;

-- --------------------------------------------------------

--
-- Table structure for table `config_manual_payments`
--

CREATE TABLE `config_manual_payments` (
  `shop_id` int UNSIGNED NOT NULL,
  `payment_method_id` int UNSIGNED NOT NULL,
  `additional_details` text CHARACTER SET utf8mb3 COLLATE utf8mb3_unicode_ci,
  `payment_instructions` text CHARACTER SET utf8mb3 COLLATE utf8mb3_unicode_ci,
  `created_at` timestamp NULL DEFAULT NULL,
  `updated_at` timestamp NULL DEFAULT NULL
) ENGINE=InnoDB DEFAULT CHARSET=utf8mb3 COLLATE=utf8mb3_unicode_ci;

--
-- Dumping data for table `config_manual_payments`
--

INSERT INTO `config_manual_payments` (`shop_id`, `payment_method_id`, `additional_details`, `payment_instructions`, `created_at`, `updated_at`) VALUES
(1, 4, 'Send the payment via Bank Wire Transfer.', 'Payment instructions for Bank Wire Transfer', '2022-08-02 13:57:43', '2022-08-02 13:57:43'),
(1, 3, 'Our man will collect the payment when deliver the item to your doorstep.', 'Payment instructions for COD', '2022-08-02 13:57:43', '2022-08-02 13:57:43'),
(2, 4, 'Send the payment via Bank Wire Transfer.', 'Payment instructions for Bank Wire Transfer', '2022-08-02 13:57:43', '2022-08-02 13:57:43'),
(2, 3, 'Our man will collect the payment when deliver the item to your doorstep.', 'Payment instructions for COD', '2022-08-02 13:57:43', '2022-08-02 13:57:43'),
(3, 4, 'Send the payment via Bank Wire Transfer.', 'Payment instructions for Bank Wire Transfer', '2022-08-02 13:57:43', '2022-08-02 13:57:43'),
(3, 3, 'Our man will collect the payment when deliver the item to your doorstep.', 'Payment instructions for COD', '2022-08-02 13:57:43', '2022-08-02 13:57:43'),
(4, 4, 'Send the payment via Bank Wire Transfer.', 'Payment instructions for Bank Wire Transfer', '2022-08-02 13:57:43', '2022-08-02 13:57:43'),
(4, 3, 'Our man will collect the payment when deliver the item to your doorstep.', 'Payment instructions for COD', '2022-08-02 13:57:43', '2022-08-02 13:57:43'),
(5, 4, 'Send the payment via Bank Wire Transfer.', 'Payment instructions for Bank Wire Transfer', '2022-08-02 13:57:43', '2022-08-02 13:57:43'),
(5, 3, 'Our man will collect the payment when deliver the item to your doorstep.', 'Payment instructions for COD', '2022-08-02 13:57:43', '2022-08-02 13:57:43');

-- --------------------------------------------------------

--
-- Table structure for table `config_paypal_marketplace`
--

CREATE TABLE `config_paypal_marketplace` (
  `shop_id` int UNSIGNED NOT NULL,
  `merchant_id` varchar(255) CHARACTER SET utf8mb3 COLLATE utf8mb3_unicode_ci DEFAULT NULL,
  `account_email` varchar(255) CHARACTER SET utf8mb3 COLLATE utf8mb3_unicode_ci DEFAULT NULL,
  `created_at` timestamp NULL DEFAULT NULL,
  `updated_at` timestamp NULL DEFAULT NULL
) ENGINE=InnoDB DEFAULT CHARSET=utf8mb3 COLLATE=utf8mb3_unicode_ci;

-- --------------------------------------------------------

--
-- Table structure for table `contact_us`
--

CREATE TABLE `contact_us` (
  `id` bigint UNSIGNED NOT NULL,
  `name` varchar(255) CHARACTER SET utf8mb3 COLLATE utf8mb3_unicode_ci DEFAULT NULL,
  `phone` varchar(255) CHARACTER SET utf8mb3 COLLATE utf8mb3_unicode_ci DEFAULT NULL,
  `email` varchar(255) CHARACTER SET utf8mb3 COLLATE utf8mb3_unicode_ci NOT NULL,
  `subject` varchar(255) CHARACTER SET utf8mb3 COLLATE utf8mb3_unicode_ci NOT NULL,
  `message` longtext CHARACTER SET utf8mb3 COLLATE utf8mb3_unicode_ci NOT NULL,
  `read` tinyint(1) DEFAULT NULL,
  `created_at` timestamp NULL DEFAULT NULL,
  `updated_at` timestamp NULL DEFAULT NULL
) ENGINE=InnoDB DEFAULT CHARSET=utf8mb3 COLLATE=utf8mb3_unicode_ci;

-- --------------------------------------------------------

--
-- Table structure for table `countries`
--

CREATE TABLE `countries` (
  `id` int UNSIGNED NOT NULL,
  `name` varchar(255) CHARACTER SET utf8mb3 COLLATE utf8mb3_unicode_ci NOT NULL,
  `full_name` varchar(255) CHARACTER SET utf8mb3 COLLATE utf8mb3_unicode_ci DEFAULT NULL,
  `capital` varchar(255) CHARACTER SET utf8mb3 COLLATE utf8mb3_unicode_ci DEFAULT NULL,
  `currency_id` int UNSIGNED DEFAULT NULL,
  `timezone_id` int UNSIGNED DEFAULT NULL,
  `citizenship` varchar(255) CHARACTER SET utf8mb3 COLLATE utf8mb3_unicode_ci DEFAULT NULL,
  `iso_code` varchar(2) CHARACTER SET utf8mb3 COLLATE utf8mb3_unicode_ci NOT NULL,
  `iso_numeric` varchar(3) CHARACTER SET utf8mb3 COLLATE utf8mb3_unicode_ci DEFAULT NULL,
  `calling_code` varchar(3) CHARACTER SET utf8mb3 COLLATE utf8mb3_unicode_ci DEFAULT NULL,
  `flag` varchar(6) CHARACTER SET utf8mb3 COLLATE utf8mb3_unicode_ci DEFAULT NULL,
  `eea` tinyint(1) DEFAULT '0',
  `active` tinyint(1) DEFAULT '0',
  `created_at` timestamp NULL DEFAULT NULL,
  `updated_at` timestamp NULL DEFAULT NULL
) ENGINE=InnoDB DEFAULT CHARSET=utf8mb3 COLLATE=utf8mb3_unicode_ci;

--
-- Dumping data for table `countries`
--

INSERT INTO `countries` (`id`, `name`, `full_name`, `capital`, `currency_id`, `timezone_id`, `citizenship`, `iso_code`, `iso_numeric`, `calling_code`, `flag`, `eea`, `active`, `created_at`, `updated_at`) VALUES
(4, 'Afghanistan', 'Islamic Republic of Afghanistan', 'Kabul', 2, NULL, 'Afghan', 'AF', '004', '93', 'AF.png', 0, 1, '2022-08-02 13:57:41', '2022-08-02 13:57:41'),
(8, 'Albania', 'Republic of Albania', 'Tirana', 3, NULL, 'Albanian', 'AL', '008', '355', 'AL.png', 0, 1, '2022-08-02 13:57:41', '2022-08-02 13:57:41'),
(10, 'Antarctica', 'Antarctica', 'Antartica', NULL, NULL, 'of Antartica', 'AQ', '010', '672', 'AQ.png', 0, 1, '2022-08-02 13:57:41', '2022-08-02 13:57:41'),
(12, 'Algeria', 'People’s Democratic Republic of Algeria', 'Algiers', 42, NULL, 'Algerian', 'DZ', '012', '213', 'DZ.png', 0, 1, '2022-08-02 13:57:41', '2022-08-02 13:57:41'),
(16, 'American Samoa', 'Territory of American', 'Pago Pago', 148, NULL, 'American Samoan', 'AS', '016', '1', 'AS.png', 0, 1, '2022-08-02 13:57:41', '2022-08-02 13:57:41'),
(20, 'Andorra', 'Principality of Andorra', 'Andorra la Vella', 46, NULL, 'Andorran', 'AD', '020', '376', 'AD.png', 0, 1, '2022-08-02 13:57:41', '2022-08-02 13:57:41'),
(24, 'Angola', 'Republic of Angola', 'Luanda', 6, NULL, 'Angolan', 'AO', '024', '244', 'AO.png', 0, 1, '2022-08-02 13:57:41', '2022-08-02 13:57:41'),
(28, 'Antigua and Barbuda', 'Antigua and Barbuda', 'St John’s', 162, NULL, 'of Antigua and Barbuda', 'AG', '028', '1', 'AG.png', 0, 1, '2022-08-02 13:57:41', '2022-08-02 13:57:41'),
(31, 'Azerbaijan', 'Republic of Azerbaijan', 'Baku', 10, NULL, 'Azerbaijani', 'AZ', '031', '994', 'AZ.png', 0, 1, '2022-08-02 13:57:41', '2022-08-02 13:57:41'),
(32, 'Argentina', 'Argentine Republic', 'Buenos Aires', 7, NULL, 'Argentinian', 'AR', '032', '54', 'AR.png', 0, 1, '2022-08-02 13:57:41', '2022-08-02 13:57:41'),
(36, 'Australia', 'Commonwealth of Australia', 'Canberra', 8, NULL, 'Australian', 'AU', '036', '61', 'AU.png', 0, 1, '2022-08-02 13:57:41', '2022-08-02 13:57:41'),
(40, 'Austria', 'Republic of Austria', 'Vienna', 46, NULL, 'Austrian', 'AT', '040', '43', 'AT.png', 1, 1, '2022-08-02 13:57:41', '2022-08-02 13:57:41'),
(44, 'Bahamas', 'Commonwealth of the Bahamas', 'Nassau', 21, NULL, 'Bahamian', 'BS', '044', '1', 'BS.png', 0, 1, '2022-08-02 13:57:41', '2022-08-02 13:57:41'),
(48, 'Bahrain', 'Kingdom of Bahrain', 'Manama', 15, NULL, 'Bahraini', 'BH', '048', '973', 'BH.png', 0, 1, '2022-08-02 13:57:41', '2022-08-02 13:57:41'),
(50, 'Bangladesh', 'People’s Republic of Bangladesh', 'Dhaka', 13, NULL, 'Bangladeshi', 'BD', '050', '880', 'BD.png', 0, 1, '2022-08-02 13:57:41', '2022-08-02 13:57:41'),
(51, 'Armenia', 'Republic of Armenia', 'Yerevan', 4, NULL, 'Armenian', 'AM', '051', '374', 'AM.png', 0, 1, '2022-08-02 13:57:41', '2022-08-02 13:57:41'),
(52, 'Barbados', 'Barbados', 'Bridgetown', 12, NULL, 'Barbadian', 'BB', '052', '1', 'BB.png', 0, 1, '2022-08-02 13:57:41', '2022-08-02 13:57:41'),
(56, 'Belgium', 'Kingdom of Belgium', 'Brussels', 46, NULL, 'Belgian', 'BE', '056', '32', 'BE.png', 1, 1, '2022-08-02 13:57:41', '2022-08-02 13:57:41'),
(60, 'Bermuda', 'Bermuda', 'Hamilton', 17, NULL, 'Bermudian', 'BM', '060', '1', 'BM.png', 0, 1, '2022-08-02 13:57:41', '2022-08-02 13:57:41'),
(64, 'Bhutan', 'Kingdom of Bhutan', 'Thimphu', 22, NULL, 'Bhutanese', 'BT', '064', '975', 'BT.png', 0, 1, '2022-08-02 13:57:41', '2022-08-02 13:57:41'),
(68, 'Bolivia, Plurinational State of', 'Plurinational State of Bolivia', 'Sucre (BO1)', 19, NULL, 'Bolivian', 'BO', '068', '591', 'BO.png', 0, 1, '2022-08-02 13:57:41', '2022-08-02 13:57:41'),
(70, 'Bosnia and Herzegovina', 'Bosnia and Herzegovina', 'Sarajevo', 11, NULL, 'of Bosnia and Herzegovina', 'BA', '070', '387', 'BA.png', 0, 1, '2022-08-02 13:57:41', '2022-08-02 13:57:41'),
(72, 'Botswana', 'Republic of Botswana', 'Gaborone', 23, NULL, 'Botswanan', 'BW', '072', '267', 'BW.png', 0, 1, '2022-08-02 13:57:41', '2022-08-02 13:57:41'),
(74, 'Bouvet Island', 'Bouvet Island', 'Bouvet island', NULL, NULL, 'of Bouvet island', 'BV', '074', '47', 'BV.png', 0, 1, '2022-08-02 13:57:41', '2022-08-02 13:57:41'),
(76, 'Brazil', 'Federative Republic of Brazil', 'Brasilia', 20, NULL, 'Brazilian', 'BR', '076', '55', 'BR.png', 0, 1, '2022-08-02 13:57:41', '2022-08-02 13:57:41'),
(84, 'Belize', 'Belize', 'Belmopan', 26, NULL, 'Belizean', 'BZ', '084', '501', 'BZ.png', 0, 1, '2022-08-02 13:57:41', '2022-08-02 13:57:41'),
(86, 'British Indian Ocean Territory', 'British Indian Ocean Territory', 'Diego Garcia', 148, NULL, 'Changosian', 'IO', '086', '246', 'IO.png', 0, 1, '2022-08-02 13:57:41', '2022-08-02 13:57:41'),
(90, 'Solomon Islands', 'Solomon Islands', 'Honiara', 122, NULL, 'Solomon Islander', 'SB', '090', '677', 'SB.png', 0, 1, '2022-08-02 13:57:41', '2022-08-02 13:57:41'),
(92, 'Virgin Islands, British', 'British Virgin Islands', 'Road Town', 148, NULL, 'British Virgin Islander;', 'VG', '092', '1', 'VG.png', 0, 1, '2022-08-02 13:57:41', '2022-08-02 13:57:41'),
(96, 'Brunei Darussalam', 'Brunei Darussalam', 'Bandar Seri Begawan', 18, NULL, 'Bruneian', 'BN', '096', '673', 'BN.png', 0, 1, '2022-08-02 13:57:41', '2022-08-02 13:57:41'),
(100, 'Bulgaria', 'Republic of Bulgaria', 'Sofia', 14, NULL, 'Bulgarian', 'BG', '100', '359', 'BG.png', 1, 1, '2022-08-02 13:57:41', '2022-08-02 13:57:41'),
(104, 'Myanmar', 'Union of Myanmar/', 'Yangon', 92, NULL, 'Burmese', 'MM', '104', '95', 'MM.png', 0, 1, '2022-08-02 13:57:41', '2022-08-02 13:57:41'),
(108, 'Burundi', 'Republic of Burundi', 'Bujumbura', 16, NULL, 'Burundian', 'BI', '108', '257', 'BI.png', 0, 1, '2022-08-02 13:57:41', '2022-08-02 13:57:41'),
(112, 'Belarus', 'Republic of Belarus', 'Minsk', 25, NULL, 'Belarusian', 'BY', '112', '375', 'BY.png', 0, 1, '2022-08-02 13:57:41', '2022-08-02 13:57:41'),
(116, 'Cambodia', 'Kingdom of Cambodia', 'Phnom Penh', 73, NULL, 'Cambodian', 'KH', '116', '855', 'KH.png', 0, 1, '2022-08-02 13:57:41', '2022-08-02 13:57:41'),
(120, 'Cameroon', 'Republic of Cameroon', 'Yaoundé', 155, NULL, 'Cameroonian', 'CM', '120', '237', 'CM.png', 0, 1, '2022-08-02 13:57:41', '2022-08-02 13:57:41'),
(124, 'Canada', 'Canada', 'Ottawa', 27, NULL, 'Canadian', 'CA', '124', '1', 'CA.png', 0, 1, '2022-08-02 13:57:41', '2022-08-02 13:57:41'),
(132, 'Cape Verde', 'Republic of Cape Verde', 'Praia', 37, NULL, 'Cape Verdean', 'CV', '132', '238', 'CV.png', 0, 1, '2022-08-02 13:57:41', '2022-08-02 13:57:41'),
(136, 'Cayman Islands', 'Cayman Islands', 'George Town', 78, NULL, 'Caymanian', 'KY', '136', '1', 'KY.png', 0, 1, '2022-08-02 13:57:41', '2022-08-02 13:57:41'),
(140, 'Central African Republic', 'Central African Republic', 'Bangui', 155, NULL, 'Central African', 'CF', '140', '236', 'CF.png', 0, 1, '2022-08-02 13:57:41', '2022-08-02 13:57:41'),
(144, 'Sri Lanka', 'Democratic Socialist Republic of Sri Lanka', 'Colombo', 82, NULL, 'Sri Lankan', 'LK', '144', '94', 'LK.png', 0, 1, '2022-08-02 13:57:41', '2022-08-02 13:57:41'),
(148, 'Chad', 'Republic of Chad', 'N’Djamena', 155, NULL, 'Chadian', 'TD', '148', '235', 'TD.png', 0, 1, '2022-08-02 13:57:41', '2022-08-02 13:57:41'),
(152, 'Chile', 'Republic of Chile', 'Santiago', 31, NULL, 'Chilean', 'CL', '152', '56', 'CL.png', 0, 1, '2022-08-02 13:57:41', '2022-08-02 13:57:41'),
(156, 'China', 'People’s Republic of China', 'Beijing', 32, NULL, 'Chinese', 'CN', '156', '86', 'CN.png', 0, 1, '2022-08-02 13:57:41', '2022-08-02 13:57:41'),
(158, 'Taiwan, Province of China', 'Republic of China, Taiwan (TW1)', 'Taipei', 144, NULL, 'Taiwanese', 'TW', '158', '886', 'TW.png', 0, 1, '2022-08-02 13:57:41', '2022-08-02 13:57:41'),
(162, 'Christmas Island', 'Christmas Island Territory', 'Flying Fish Cove', 8, NULL, 'Christmas Islander', 'CX', '162', '61', 'CX.png', 0, 1, '2022-08-02 13:57:41', '2022-08-02 13:57:41'),
(166, 'Cocos (Keeling) Islands', 'Territory of Cocos (Keeling) Islands', 'Bantam', 8, NULL, 'Cocos Islander', 'CC', '166', '61', 'CC.png', 0, 1, '2022-08-02 13:57:41', '2022-08-02 13:57:41'),
(170, 'Colombia', 'Republic of Colombia', 'Santa Fe de Bogotá', 33, NULL, 'Colombian', 'CO', '170', '57', 'CO.png', 0, 1, '2022-08-02 13:57:41', '2022-08-02 13:57:41'),
(174, 'Comoros', 'Union of the Comoros', 'Moroni', 74, NULL, 'Comorian', 'KM', '174', '269', 'KM.png', 0, 1, '2022-08-02 13:57:41', '2022-08-02 13:57:41'),
(175, 'Mayotte', 'Departmental Collectivity of Mayotte', 'Mamoudzou', 46, NULL, 'Mahorais', 'YT', '175', '262', 'YT.png', 0, 1, '2022-08-02 13:57:41', '2022-08-02 13:57:41'),
(178, 'Congo', 'Republic of the Congo', 'Brazzaville', 155, NULL, 'Congolese', 'CG', '178', '242', 'CG.png', 0, 1, '2022-08-02 13:57:41', '2022-08-02 13:57:41'),
(180, 'Congo, the Democratic Republic of the', 'Democratic Republic of the Congo', 'Kinshasa', 28, NULL, 'Congolese', 'CD', '180', '243', 'CD.png', 0, 1, '2022-08-02 13:57:41', '2022-08-02 13:57:41'),
(184, 'Cook Islands', 'Cook Islands', 'Avarua', 107, NULL, 'Cook Islander', 'CK', '184', '682', 'CK.png', 0, 1, '2022-08-02 13:57:41', '2022-08-02 13:57:41'),
(188, 'Costa Rica', 'Republic of Costa Rica', 'San José', 34, NULL, 'Costa Rican', 'CR', '188', '506', 'CR.png', 0, 1, '2022-08-02 13:57:41', '2022-08-02 13:57:41'),
(191, 'Croatia', 'Republic of Croatia', 'Zagreb', 59, NULL, 'Croatian', 'HR', '191', '385', 'HR.png', 1, 1, '2022-08-02 13:57:41', '2022-08-02 13:57:41'),
(192, 'Cuba', 'Republic of Cuba', 'Havana', 36, NULL, 'Cuban', 'CU', '192', '53', 'CU.png', 0, 1, '2022-08-02 13:57:41', '2022-08-02 13:57:41'),
(196, 'Cyprus', 'Republic of Cyprus', 'Nicosia', 46, NULL, 'Cypriot', 'CY', '196', '357', 'CY.png', 1, 1, '2022-08-02 13:57:41', '2022-08-02 13:57:41'),
(203, 'Czech Republic', 'Czech Republic', 'Prague', 38, NULL, 'Czech', 'CZ', '203', '420', 'CZ.png', 1, 1, '2022-08-02 13:57:41', '2022-08-02 13:57:41'),
(204, 'Benin', 'Republic of Benin', 'Porto Novo (BJ1)', 164, NULL, 'Beninese', 'BJ', '204', '229', 'BJ.png', 0, 1, '2022-08-02 13:57:41', '2022-08-02 13:57:41'),
(208, 'Denmark', 'Kingdom of Denmark', 'Copenhagen', 40, NULL, 'Danish', 'DK', '208', '45', 'DK.png', 1, 1, '2022-08-02 13:57:41', '2022-08-02 13:57:41'),
(212, 'Dominica', 'Commonwealth of Dominica', 'Roseau', 162, NULL, 'Dominican', 'DM', '212', '1', 'DM.png', 0, 1, '2022-08-02 13:57:41', '2022-08-02 13:57:41'),
(214, 'Dominican Republic', 'Dominican Republic', 'Santo Domingo', 41, NULL, 'Dominican', 'DO', '214', '1', 'DO.png', 0, 1, '2022-08-02 13:57:41', '2022-08-02 13:57:41'),
(218, 'Ecuador', 'Republic of Ecuador', 'Quito', 148, NULL, 'Ecuadorian', 'EC', '218', '593', 'EC.png', 0, 1, '2022-08-02 13:57:41', '2022-08-02 13:57:41'),
(222, 'El Salvador', 'Republic of El Salvador', 'San Salvador', 134, NULL, 'Salvadoran', 'SV', '222', '503', 'SV.png', 0, 1, '2022-08-02 13:57:41', '2022-08-02 13:57:41'),
(226, 'Equatorial Guinea', 'Republic of Equatorial Guinea', 'Malabo', 155, NULL, 'Equatorial Guinean', 'GQ', '226', '240', 'GQ.png', 0, 1, '2022-08-02 13:57:41', '2022-08-02 13:57:41'),
(231, 'Ethiopia', 'Federal Democratic Republic of Ethiopia', 'Addis Ababa', 45, NULL, 'Ethiopian', 'ET', '231', '251', 'ET.png', 0, 1, '2022-08-02 13:57:41', '2022-08-02 13:57:41'),
(232, 'Eritrea', 'State of Eritrea', 'Asmara', 44, NULL, 'Eritrean', 'ER', '232', '291', 'ER.png', 0, 1, '2022-08-02 13:57:41', '2022-08-02 13:57:41'),
(233, 'Estonia', 'Republic of Estonia', 'Tallinn', 46, NULL, 'Estonian', 'EE', '233', '372', 'EE.png', 1, 1, '2022-08-02 13:57:41', '2022-08-02 13:57:41'),
(234, 'Faroe Islands', 'Faeroe Islands', 'Tórshavn', 40, NULL, 'Faeroese', 'FO', '234', '298', 'FO.png', 0, 1, '2022-08-02 13:57:41', '2022-08-02 13:57:41'),
(238, 'Falkland Islands (Malvinas)', 'Falkland Islands', 'Stanley', 48, NULL, 'Falkland Islander', 'FK', '238', '500', 'FK.png', 0, 1, '2022-08-02 13:57:41', '2022-08-02 13:57:41'),
(239, 'South Georgia and the South Sandwich Islands', 'South Georgia and the South Sandwich Islands', 'King Edward Point (Grytviken)', NULL, NULL, 'of South Georgia and the South Sandwich Islands', 'GS', '239', '44', 'GS.png', 0, 1, '2022-08-02 13:57:41', '2022-08-02 13:57:41'),
(242, 'Fiji', 'Republic of Fiji', 'Suva', 47, NULL, 'Fijian', 'FJ', '242', '679', 'FJ.png', 0, 1, '2022-08-02 13:57:41', '2022-08-02 13:57:41'),
(246, 'Finland', 'Republic of Finland', 'Helsinki', 46, NULL, 'Finnish', 'FI', '246', '358', 'FI.png', 1, 1, '2022-08-02 13:57:41', '2022-08-02 13:57:41'),
(248, 'Åland Islands', 'Åland Islands', 'Mariehamn', 46, NULL, 'Åland Islander', 'AX', '248', '358', NULL, 0, 1, '2022-08-02 13:57:41', '2022-08-02 13:57:41'),
(250, 'France', 'French Republic', 'Paris', 46, NULL, 'French', 'FR', '250', '33', 'FR.png', 1, 1, '2022-08-02 13:57:41', '2022-08-02 13:57:41'),
(254, 'French Guiana', 'French Guiana', 'Cayenne', 46, NULL, 'Guianese', 'GF', '254', '594', 'GF.png', 0, 1, '2022-08-02 13:57:41', '2022-08-02 13:57:41'),
(258, 'French Polynesia', 'French Polynesia', 'Papeete', 166, NULL, 'Polynesian', 'PF', '258', '689', 'PF.png', 0, 1, '2022-08-02 13:57:41', '2022-08-02 13:57:41'),
(260, 'French Southern Territories', 'French Southern and Antarctic Lands', 'Port-aux-Francais', 46, NULL, 'of French Southern and Antarctic Lands', 'TF', '260', '33', 'TF.png', 0, 1, '2022-08-02 13:57:41', '2022-08-02 13:57:41'),
(262, 'Djibouti', 'Republic of Djibouti', 'Djibouti', 39, NULL, 'Djiboutian', 'DJ', '262', '253', 'DJ.png', 0, 1, '2022-08-02 13:57:41', '2022-08-02 13:57:41'),
(266, 'Gabon', 'Gabonese Republic', 'Libreville', 155, NULL, 'Gabonese', 'GA', '266', '241', 'GA.png', 0, 1, '2022-08-02 13:57:41', '2022-08-02 13:57:41'),
(268, 'Georgia', 'Georgia', 'Tbilisi', 50, NULL, 'Georgian', 'GE', '268', '995', 'GE.png', 0, 1, '2022-08-02 13:57:41', '2022-08-02 13:57:41'),
(270, 'Gambia', 'Republic of the Gambia', 'Banjul', 53, NULL, 'Gambian', 'GM', '270', '220', 'GM.png', 0, 1, '2022-08-02 13:57:41', '2022-08-02 13:57:41'),
(275, 'Palestinian Territory, Occupied', NULL, NULL, 53, NULL, 'Palestinian', 'PS', '275', '970', 'PS.png', 0, 1, '2022-08-02 13:57:41', '2022-08-02 13:57:41'),
(276, 'Germany', 'Federal Republic of Germany', 'Berlin', 46, NULL, 'German', 'DE', '276', '49', 'DE.png', 1, 1, '2022-08-02 13:57:41', '2022-08-02 13:57:41'),
(288, 'Ghana', 'Republic of Ghana', 'Accra', 51, NULL, 'Ghanaian', 'GH', '288', '233', 'GH.png', 0, 1, '2022-08-02 13:57:41', '2022-08-02 13:57:41'),
(292, 'Gibraltar', 'Gibraltar', 'Gibraltar', 52, NULL, 'Gibraltarian', 'GI', '292', '350', 'GI.png', 0, 1, '2022-08-02 13:57:41', '2022-08-02 13:57:41'),
(296, 'Kiribati', 'Republic of Kiribati', 'Tarawa', 8, NULL, 'Kiribatian', 'KI', '296', '686', 'KI.png', 0, 1, '2022-08-02 13:57:41', '2022-08-02 13:57:41'),
(300, 'Greece', 'Hellenic Republic', 'Athens', 46, NULL, 'Greek', 'GR', '300', '30', 'GR.png', 1, 1, '2022-08-02 13:57:41', '2022-08-02 13:57:41'),
(304, 'Greenland', 'Greenland', 'Nuuk', 40, NULL, 'Greenlander', 'GL', '304', '299', 'GL.png', 0, 1, '2022-08-02 13:57:41', '2022-08-02 13:57:41'),
(308, 'Grenada', 'Grenada', 'St George’s', 162, NULL, 'Grenadian', 'GD', '308', '1', 'GD.png', 0, 1, '2022-08-02 13:57:41', '2022-08-02 13:57:41'),
(312, 'Guadeloupe', 'Guadeloupe', 'Basse Terre', 46, NULL, 'Guadeloupean', 'GP', '312', '590', 'GP.png', 0, 1, '2022-08-02 13:57:41', '2022-08-02 13:57:41'),
(316, 'Guam', 'Territory of Guam', 'Agaña (Hagåtña)', 148, NULL, 'Guamanian', 'GU', '316', '1', 'GU.png', 0, 1, '2022-08-02 13:57:41', '2022-08-02 13:57:41'),
(320, 'Guatemala', 'Republic of Guatemala', 'Guatemala City', 55, NULL, 'Guatemalan', 'GT', '320', '502', 'GT.png', 0, 1, '2022-08-02 13:57:41', '2022-08-02 13:57:41'),
(324, 'Guinea', 'Republic of Guinea', 'Conakry', 54, NULL, 'Guinean', 'GN', '324', '224', 'GN.png', 0, 1, '2022-08-02 13:57:41', '2022-08-02 13:57:41'),
(328, 'Guyana', 'Cooperative Republic of Guyana', 'Georgetown', 56, NULL, 'Guyanese', 'GY', '328', '592', 'GY.png', 0, 1, '2022-08-02 13:57:41', '2022-08-02 13:57:41'),
(332, 'Haiti', 'Republic of Haiti', 'Port-au-Prince', 60, NULL, 'Haitian', 'HT', '332', '509', 'HT.png', 0, 1, '2022-08-02 13:57:41', '2022-08-02 13:57:41'),
(334, 'Heard Island and McDonald Islands', 'Territory of Heard Island and McDonald Islands', 'Territory of Heard Island and McDonald Islands', NULL, NULL, 'of Territory of Heard Island and McDonald Islands', 'HM', '334', '61', 'HM.png', 0, 1, '2022-08-02 13:57:41', '2022-08-02 13:57:41'),
(336, 'Holy See (Vatican City State)', 'the Holy See/ Vatican City State', 'Vatican City', 46, NULL, 'of the Holy See/of the Vatican', 'VA', '336', '39', 'VA.png', 0, 1, '2022-08-02 13:57:41', '2022-08-02 13:57:41'),
(340, 'Honduras', 'Republic of Honduras', 'Tegucigalpa', 58, NULL, 'Honduran', 'HN', '340', '504', 'HN.png', 0, 1, '2022-08-02 13:57:41', '2022-08-02 13:57:41'),
(344, 'Hong Kong', 'Hong Kong Special Administrative Region of the People’s Republic of China (HK2)', '(HK3)', 57, NULL, 'Hong Kong Chinese', 'HK', '344', '852', 'HK.png', 0, 1, '2022-08-02 13:57:41', '2022-08-02 13:57:41'),
(348, 'Hungary', 'Republic of Hungary', 'Budapest', 61, NULL, 'Hungarian', 'HU', '348', '36', 'HU.png', 1, 1, '2022-08-02 13:57:41', '2022-08-02 13:57:41'),
(352, 'Iceland', 'Republic of Iceland', 'Reykjavik', 67, NULL, 'Icelander', 'IS', '352', '354', 'IS.png', 1, 1, '2022-08-02 13:57:41', '2022-08-02 13:57:41'),
(356, 'India', 'Republic of India', 'New Delhi', 64, NULL, 'Indian', 'IN', '356', '91', 'IN.png', 0, 1, '2022-08-02 13:57:41', '2022-08-02 13:57:41'),
(360, 'Indonesia', 'Republic of Indonesia', 'Jakarta', 62, NULL, 'Indonesian', 'ID', '360', '62', 'ID.png', 0, 1, '2022-08-02 13:57:41', '2022-08-02 13:57:41'),
(364, 'Iran, Islamic Republic of', 'Islamic Republic of Iran', 'Tehran', 66, NULL, 'Iranian', 'IR', '364', '98', 'IR.png', 0, 1, '2022-08-02 13:57:41', '2022-08-02 13:57:41'),
(368, 'Iraq', 'Republic of Iraq', 'Baghdad', 65, NULL, 'Iraqi', 'IQ', '368', '964', 'IQ.png', 0, 1, '2022-08-02 13:57:41', '2022-08-02 13:57:41'),
(372, 'Ireland', 'Ireland (IE1)', 'Dublin', 46, NULL, 'Irish', 'IE', '372', '353', 'IE.png', 1, 1, '2022-08-02 13:57:41', '2022-08-02 13:57:41'),
(376, 'Israel', 'State of Israel', '(IL1)', 63, NULL, 'Israeli', 'IL', '376', '972', 'IL.png', 0, 1, '2022-08-02 13:57:41', '2022-08-02 13:57:41'),
(380, 'Italy', 'Italian Republic', 'Rome', 46, NULL, 'Italian', 'IT', '380', '39', 'IT.png', 1, 1, '2022-08-02 13:57:41', '2022-08-02 13:57:41'),
(384, 'Côte d\'Ivoire', 'Republic of Côte d’Ivoire', 'Yamoussoukro (CI1)', 164, NULL, 'Ivorian', 'CI', '384', '225', 'CI.png', 0, 1, '2022-08-02 13:57:41', '2022-08-02 13:57:41'),
(388, 'Jamaica', 'Jamaica', 'Kingston', 68, NULL, 'Jamaican', 'JM', '388', '1', 'JM.png', 0, 1, '2022-08-02 13:57:41', '2022-08-02 13:57:41'),
(392, 'Japan', 'Japan', 'Tokyo', 70, NULL, 'Japanese', 'JP', '392', '81', 'JP.png', 0, 1, '2022-08-02 13:57:41', '2022-08-02 13:57:41'),
(398, 'Kazakhstan', 'Republic of Kazakhstan', 'Astana', 79, NULL, 'Kazakh', 'KZ', '398', '7', 'KZ.png', 0, 1, '2022-08-02 13:57:41', '2022-08-02 13:57:41'),
(400, 'Jordan', 'Hashemite Kingdom of Jordan', 'Amman', 69, NULL, 'Jordanian', 'JO', '400', '962', 'JO.png', 0, 1, '2022-08-02 13:57:41', '2022-08-02 13:57:41'),
(404, 'Kenya', 'Republic of Kenya', 'Nairobi', 71, NULL, 'Kenyan', 'KE', '404', '254', 'KE.png', 0, 1, '2022-08-02 13:57:41', '2022-08-02 13:57:41'),
(408, 'Korea, Democratic People\'s Republic of', 'Democratic People’s Republic of Korea', 'Pyongyang', 75, NULL, 'North Korean', 'KP', '408', '850', 'KP.png', 0, 1, '2022-08-02 13:57:41', '2022-08-02 13:57:41'),
(410, 'Korea, Republic of', 'Republic of Korea', 'Seoul', 76, NULL, 'South Korean', 'KR', '410', '82', 'KR.png', 0, 1, '2022-08-02 13:57:41', '2022-08-02 13:57:41'),
(414, 'Kuwait', 'State of Kuwait', 'Kuwait City', 77, NULL, 'Kuwaiti', 'KW', '414', '965', 'KW.png', 0, 1, '2022-08-02 13:57:41', '2022-08-02 13:57:41'),
(417, 'Kyrgyzstan', 'Kyrgyz Republic', 'Bishkek', 72, NULL, 'Kyrgyz', 'KG', '417', '996', 'KG.png', 0, 1, '2022-08-02 13:57:41', '2022-08-02 13:57:41'),
(418, 'Lao People\'s Democratic Republic', 'Lao People’s Democratic Republic', 'Vientiane', 80, NULL, 'Lao', 'LA', '418', '856', 'LA.png', 0, 1, '2022-08-02 13:57:41', '2022-08-02 13:57:41'),
(422, 'Lebanon', 'Lebanese Republic', 'Beirut', 81, NULL, 'Lebanese', 'LB', '422', '961', 'LB.png', 0, 1, '2022-08-02 13:57:41', '2022-08-02 13:57:41'),
(426, 'Lesotho', 'Kingdom of Lesotho', 'Maseru', 84, NULL, 'Basotho', 'LS', '426', '266', 'LS.png', 0, 1, '2022-08-02 13:57:41', '2022-08-02 13:57:41'),
(428, 'Latvia', 'Republic of Latvia', 'Riga', 46, NULL, 'Latvian', 'LV', '428', '371', 'LV.png', 1, 1, '2022-08-02 13:57:41', '2022-08-02 13:57:41'),
(430, 'Liberia', 'Republic of Liberia', 'Monrovia', 83, NULL, 'Liberian', 'LR', '430', '231', 'LR.png', 0, 1, '2022-08-02 13:57:41', '2022-08-02 13:57:41'),
(434, 'Libya', 'Socialist People’s Libyan Arab Jamahiriya', 'Tripoli', 87, NULL, 'Libyan', 'LY', '434', '218', 'LY.png', 0, 1, '2022-08-02 13:57:41', '2022-08-02 13:57:41'),
(438, 'Liechtenstein', 'Principality of Liechtenstein', 'Vaduz', 29, NULL, 'Liechtensteiner', 'LI', '438', '423', 'LI.png', 1, 1, '2022-08-02 13:57:41', '2022-08-02 13:57:41'),
(440, 'Lithuania', 'Republic of Lithuania', 'Vilnius', 46, NULL, 'Lithuanian', 'LT', '440', '370', 'LT.png', 1, 1, '2022-08-02 13:57:41', '2022-08-02 13:57:41'),
(442, 'Luxembourg', 'Grand Duchy of Luxembourg', 'Luxembourg', 46, NULL, 'Luxembourger', 'LU', '442', '352', 'LU.png', 1, 1, '2022-08-02 13:57:41', '2022-08-02 13:57:41'),
(446, 'Macao', 'Macao Special Administrative Region of the People’s Republic of China (MO2)', 'Macao (MO3)', 94, NULL, 'Macanese', 'MO', '446', '853', 'MO.png', 0, 1, '2022-08-02 13:57:41', '2022-08-02 13:57:41'),
(450, 'Madagascar', 'Republic of Madagascar', 'Antananarivo', 90, NULL, 'Malagasy', 'MG', '450', '261', 'MG.png', 0, 1, '2022-08-02 13:57:41', '2022-08-02 13:57:41'),
(454, 'Malawi', 'Republic of Malawi', 'Lilongwe', 98, NULL, 'Malawian', 'MW', '454', '265', 'MW.png', 0, 1, '2022-08-02 13:57:41', '2022-08-02 13:57:41'),
(458, 'Malaysia', 'Malaysia', 'Kuala Lumpur (MY1)', 100, NULL, 'Malaysian', 'MY', '458', '60', 'MY.png', 0, 1, '2022-08-02 13:57:41', '2022-08-02 13:57:41'),
(462, 'Maldives', 'Republic of Maldives', 'Malé', 97, NULL, 'Maldivian', 'MV', '462', '960', 'MV.png', 0, 1, '2022-08-02 13:57:41', '2022-08-02 13:57:41'),
(466, 'Mali', 'Republic of Mali', 'Bamako', 164, NULL, 'Malian', 'ML', '466', '223', 'ML.png', 0, 1, '2022-08-02 13:57:41', '2022-08-02 13:57:41'),
(470, 'Malta', 'Republic of Malta', 'Valletta', 46, NULL, 'Maltese', 'MT', '470', '356', 'MT.png', 1, 1, '2022-08-02 13:57:41', '2022-08-02 13:57:41'),
(474, 'Martinique', 'Martinique', 'Fort-de-France', 46, NULL, 'Martinican', 'MQ', '474', '596', 'MQ.png', 0, 1, '2022-08-02 13:57:41', '2022-08-02 13:57:41'),
(478, 'Mauritania', 'Islamic Republic of Mauritania', 'Nouakchott', 95, NULL, 'Mauritanian', 'MR', '478', '222', 'MR.png', 0, 1, '2022-08-02 13:57:41', '2022-08-02 13:57:41'),
(480, 'Mauritius', 'Republic of Mauritius', 'Port Louis', 96, NULL, 'Mauritian', 'MU', '480', '230', 'MU.png', 0, 1, '2022-08-02 13:57:41', '2022-08-02 13:57:41'),
(484, 'Mexico', 'United Mexican States', 'Mexico City', 99, NULL, 'Mexican', 'MX', '484', '52', 'MX.png', 0, 1, '2022-08-02 13:57:41', '2022-08-02 13:57:41'),
(492, 'Monaco', 'Principality of Monaco', 'Monaco', 46, NULL, 'Monegasque', 'MC', '492', '377', 'MC.png', 0, 1, '2022-08-02 13:57:41', '2022-08-02 13:57:41'),
(496, 'Mongolia', 'Mongolia', 'Ulan Bator', 93, NULL, 'Mongolian', 'MN', '496', '976', 'MN.png', 0, 1, '2022-08-02 13:57:41', '2022-08-02 13:57:41'),
(498, 'Moldova, Republic of', 'Republic of Moldova', 'Chisinau', 89, NULL, 'Moldovan', 'MD', '498', '373', 'MD.png', 0, 1, '2022-08-02 13:57:41', '2022-08-02 13:57:41'),
(499, 'Montenegro', 'Montenegro', 'Podgorica', 46, NULL, 'Montenegrin', 'ME', '499', '382', NULL, 0, 1, '2022-08-02 13:57:41', '2022-08-02 13:57:41'),
(500, 'Montserrat', 'Montserrat', 'Plymouth (MS2)', 162, NULL, 'Montserratian', 'MS', '500', '1', 'MS.png', 0, 1, '2022-08-02 13:57:41', '2022-08-02 13:57:41'),
(504, 'Morocco', 'Kingdom of Morocco', 'Rabat', 88, NULL, 'Moroccan', 'MA', '504', '212', 'MA.png', 0, 1, '2022-08-02 13:57:41', '2022-08-02 13:57:41'),
(508, 'Mozambique', 'Republic of Mozambique', 'Maputo', 101, NULL, 'Mozambican', 'MZ', '508', '258', 'MZ.png', 0, 1, '2022-08-02 13:57:41', '2022-08-02 13:57:41'),
(512, 'Oman', 'Sultanate of Oman', 'Muscat', 108, NULL, 'Omani', 'OM', '512', '968', 'OM.png', 0, 1, '2022-08-02 13:57:41', '2022-08-02 13:57:41'),
(516, 'Namibia', 'Republic of Namibia', 'Windhoek', 102, NULL, 'Namibian', 'NA', '516', '264', 'NA.png', 0, 1, '2022-08-02 13:57:41', '2022-08-02 13:57:41'),
(520, 'Nauru', 'Republic of Nauru', 'Yaren', 8, NULL, 'Nauruan', 'NR', '520', '674', 'NR.png', 0, 1, '2022-08-02 13:57:41', '2022-08-02 13:57:41'),
(524, 'Nepal', 'Nepal', 'Kathmandu', 106, NULL, 'Nepalese', 'NP', '524', '977', 'NP.png', 0, 1, '2022-08-02 13:57:41', '2022-08-02 13:57:41'),
(528, 'Netherlands', 'Kingdom of the Netherlands', 'Amsterdam (NL2)', 46, NULL, 'Dutch', 'NL', '528', '31', 'NL.png', 1, 1, '2022-08-02 13:57:41', '2022-08-02 13:57:41'),
(531, 'Curaçao', 'Curaçao', 'Willemstad', 5, NULL, 'Curaçaoan', 'CW', '531', '599', NULL, 0, 1, '2022-08-02 13:57:41', '2022-08-02 13:57:41'),
(533, 'Aruba', 'Aruba', 'Oranjestad', 9, NULL, 'Aruban', 'AW', '533', '297', 'AW.png', 0, 1, '2022-08-02 13:57:41', '2022-08-02 13:57:41'),
(534, 'Sint Maarten (Dutch part)', 'Sint Maarten', 'Philipsburg', 5, NULL, 'Sint Maartener', 'SX', '534', '721', NULL, 0, 1, '2022-08-02 13:57:41', '2022-08-02 13:57:41'),
(535, 'Bonaire, Sint Eustatius and Saba', NULL, NULL, 148, NULL, 'of Bonaire, Sint Eustatius and Saba', 'BQ', '535', '599', NULL, 0, 1, '2022-08-02 13:57:41', '2022-08-02 13:57:41'),
(540, 'New Caledonia', 'New Caledonia', 'Nouméa', 166, NULL, 'New Caledonian', 'NC', '540', '687', 'NC.png', 0, 1, '2022-08-02 13:57:41', '2022-08-02 13:57:41'),
(548, 'Vanuatu', 'Republic of Vanuatu', 'Port Vila', 153, NULL, 'Vanuatuan', 'VU', '548', '678', 'VU.png', 0, 1, '2022-08-02 13:57:41', '2022-08-02 13:57:41'),
(554, 'New Zealand', 'New Zealand', 'Wellington', 107, NULL, 'New Zealander', 'NZ', '554', '64', 'NZ.png', 0, 1, '2022-08-02 13:57:41', '2022-08-02 13:57:41'),
(558, 'Nicaragua', 'Republic of Nicaragua', 'Managua', 104, NULL, 'Nicaraguan', 'NI', '558', '505', 'NI.png', 0, 1, '2022-08-02 13:57:41', '2022-08-02 13:57:41'),
(562, 'Niger', 'Republic of Niger', 'Niamey', 164, NULL, 'Nigerien', 'NE', '562', '227', 'NE.png', 0, 1, '2022-08-02 13:57:41', '2022-08-02 13:57:41'),
(566, 'Nigeria', 'Federal Republic of Nigeria', 'Abuja', 103, NULL, 'Nigerian', 'NG', '566', '234', 'NG.png', 0, 1, '2022-08-02 13:57:41', '2022-08-02 13:57:41'),
(570, 'Niue', 'Niue', 'Alofi', 107, NULL, 'Niuean', 'NU', '570', '683', 'NU.png', 0, 1, '2022-08-02 13:57:41', '2022-08-02 13:57:41'),
(574, 'Norfolk Island', 'Territory of Norfolk Island', 'Kingston', 8, NULL, 'Norfolk Islander', 'NF', '574', '672', 'NF.png', 0, 1, '2022-08-02 13:57:41', '2022-08-02 13:57:41'),
(578, 'Norway', 'Kingdom of Norway', 'Oslo', 105, NULL, 'Norwegian', 'NO', '578', '47', 'NO.png', 1, 1, '2022-08-02 13:57:41', '2022-08-02 13:57:41'),
(580, 'Northern Mariana Islands', 'Commonwealth of the Northern Mariana Islands', 'Saipan', 148, NULL, 'Northern Mariana Islander', 'MP', '580', '1', 'MP.png', 0, 1, '2022-08-02 13:57:41', '2022-08-02 13:57:41'),
(581, 'United States Minor Outlying Islands', 'United States Minor Outlying Islands', 'United States Minor Outlying Islands', 148, NULL, 'of United States Minor Outlying Islands', 'UM', '581', '1', 'UM.png', 0, 1, '2022-08-02 13:57:41', '2022-08-02 13:57:41'),
(583, 'Micronesia, Federated States of', 'Federated States of Micronesia', 'Palikir', 148, NULL, 'Micronesian', 'FM', '583', '691', 'FM.png', 0, 1, '2022-08-02 13:57:41', '2022-08-02 13:57:41'),
(584, 'Marshall Islands', 'Republic of the Marshall Islands', 'Majuro', 148, NULL, 'Marshallese', 'MH', '584', '692', 'MH.png', 0, 1, '2022-08-02 13:57:41', '2022-08-02 13:57:41'),
(585, 'Palau', 'Republic of Palau', 'Melekeok', 148, NULL, 'Palauan', 'PW', '585', '680', 'PW.png', 0, 1, '2022-08-02 13:57:41', '2022-08-02 13:57:41'),
(586, 'Pakistan', 'Islamic Republic of Pakistan', 'Islamabad', 113, NULL, 'Pakistani', 'PK', '586', '92', 'PK.png', 0, 1, '2022-08-02 13:57:41', '2022-08-02 13:57:41'),
(591, 'Panama', 'Republic of Panama', 'Panama City', 109, NULL, 'Panamanian', 'PA', '591', '507', 'PA.png', 0, 1, '2022-08-02 13:57:41', '2022-08-02 13:57:41'),
(598, 'Papua New Guinea', 'Independent State of Papua New Guinea', 'Port Moresby', 111, NULL, 'Papua New Guinean', 'PG', '598', '675', 'PG.png', 0, 1, '2022-08-02 13:57:41', '2022-08-02 13:57:41'),
(600, 'Paraguay', 'Republic of Paraguay', 'Asunción', 115, NULL, 'Paraguayan', 'PY', '600', '595', 'PY.png', 0, 1, '2022-08-02 13:57:41', '2022-08-02 13:57:41'),
(604, 'Peru', 'Republic of Peru', 'Lima', 110, NULL, 'Peruvian', 'PE', '604', '51', 'PE.png', 0, 1, '2022-08-02 13:57:41', '2022-08-02 13:57:41'),
(608, 'Philippines', 'Republic of the Philippines', 'Manila', 112, NULL, 'Filipino', 'PH', '608', '63', 'PH.png', 0, 1, '2022-08-02 13:57:41', '2022-08-02 13:57:41'),
(612, 'Pitcairn', 'Pitcairn Islands', 'Adamstown', 107, NULL, 'Pitcairner', 'PN', '612', '649', 'PN.png', 0, 1, '2022-08-02 13:57:41', '2022-08-02 13:57:41'),
(616, 'Poland', 'Republic of Poland', 'Warsaw', 114, NULL, 'Polish', 'PL', '616', '48', 'PL.png', 1, 1, '2022-08-02 13:57:41', '2022-08-02 13:57:41'),
(620, 'Portugal', 'Portuguese Republic', 'Lisbon', 46, NULL, 'Portuguese', 'PT', '620', '351', 'PT.png', 1, 1, '2022-08-02 13:57:41', '2022-08-02 13:57:41'),
(624, 'Guinea-Bissau', 'Republic of Guinea-Bissau', 'Bissau', 164, NULL, 'Guinea-Bissau national', 'GW', '624', '245', 'GW.png', 0, 1, '2022-08-02 13:57:41', '2022-08-02 13:57:41'),
(626, 'Timor-Leste', 'Democratic Republic of East Timor', 'Dili', 148, NULL, 'East Timorese', 'TL', '626', '670', 'TL.png', 0, 1, '2022-08-02 13:57:41', '2022-08-02 13:57:41'),
(630, 'Puerto Rico', 'Commonwealth of Puerto Rico', 'San Juan', 148, NULL, 'Puerto Rican', 'PR', '630', '1', 'PR.png', 0, 1, '2022-08-02 13:57:41', '2022-08-02 13:57:41'),
(634, 'Qatar', 'State of Qatar', 'Doha', 116, NULL, 'Qatari', 'QA', '634', '974', 'QA.png', 0, 1, '2022-08-02 13:57:41', '2022-08-02 13:57:41'),
(638, 'Réunion', 'Réunion', 'Saint-Denis', 46, NULL, 'Reunionese', 'RE', '638', '262', 'RE.png', 0, 1, '2022-08-02 13:57:41', '2022-08-02 13:57:41'),
(642, 'Romania', 'Romania', 'Bucharest', 117, NULL, 'Romanian', 'RO', '642', '40', 'RO.png', 1, 1, '2022-08-02 13:57:41', '2022-08-02 13:57:41'),
(643, 'Russian Federation', 'Russian Federation', 'Moscow', 119, NULL, 'Russian', 'RU', '643', '7', 'RU.png', 0, 1, '2022-08-02 13:57:41', '2022-08-02 13:57:41'),
(646, 'Rwanda', 'Republic of Rwanda', 'Kigali', 120, NULL, 'Rwandan; Rwandese', 'RW', '646', '250', 'RW.png', 0, 1, '2022-08-02 13:57:41', '2022-08-02 13:57:41'),
(652, 'Saint Barthélemy', 'Collectivity of Saint Barthélemy', 'Gustavia', 46, NULL, 'of Saint Barthélemy', 'BL', '652', '590', NULL, 0, 1, '2022-08-02 13:57:41', '2022-08-02 13:57:41'),
(654, 'Saint Helena, Ascension and Tristan da Cunha', 'Saint Helena, Ascension and Tristan da Cunha', 'Jamestown', 127, NULL, 'Saint Helenian', 'SH', '654', '290', 'SH.png', 0, 1, '2022-08-02 13:57:41', '2022-08-02 13:57:41'),
(659, 'Saint Kitts and Nevis', 'Federation of Saint Kitts and Nevis', 'Basseterre', 162, NULL, 'Kittsian; Nevisian', 'KN', '659', '1', 'KN.png', 0, 1, '2022-08-02 13:57:41', '2022-08-02 13:57:41'),
(660, 'Anguilla', 'Anguilla', 'The Valley', 162, NULL, 'Anguillan', 'AI', '660', '1', 'AI.png', 0, 1, '2022-08-02 13:57:41', '2022-08-02 13:57:41'),
(662, 'Saint Lucia', 'Saint Lucia', 'Castries', 162, NULL, 'Saint Lucian', 'LC', '662', '1', 'LC.png', 0, 1, '2022-08-02 13:57:41', '2022-08-02 13:57:41'),
(663, 'Saint Martin (French part)', 'Collectivity of Saint Martin', 'Marigot', 46, NULL, 'of Saint Martin', 'MF', '663', '590', NULL, 0, 1, '2022-08-02 13:57:41', '2022-08-02 13:57:41'),
(666, 'Saint Pierre and Miquelon', 'Territorial Collectivity of Saint Pierre and Miquelon', 'Saint-Pierre', 46, NULL, 'St-Pierrais; Miquelonnais', 'PM', '666', '508', 'PM.png', 0, 1, '2022-08-02 13:57:41', '2022-08-02 13:57:41'),
(670, 'Saint Vincent and the Grenadines', 'Saint Vincent and the Grenadines', 'Kingstown', 162, NULL, 'Vincentian', 'VC', '670', '1', 'VC.png', 0, 1, '2022-08-02 13:57:41', '2022-08-02 13:57:41'),
(674, 'San Marino', 'Republic of San Marino', 'San Marino', 46, NULL, 'San Marinese', 'SM', '674', '378', 'SM.png', 0, 1, '2022-08-02 13:57:41', '2022-08-02 13:57:41'),
(678, 'Sao Tome and Principe', 'Democratic Republic of São Tomé and Príncipe', 'São Tomé', 133, NULL, 'São Toméan', 'ST', '678', '239', 'ST.png', 0, 1, '2022-08-02 13:57:41', '2022-08-02 13:57:41'),
(682, 'Saudi Arabia', 'Kingdom of Saudi Arabia', 'Riyadh', 121, NULL, 'Saudi Arabian', 'SA', '682', '966', 'SA.png', 0, 1, '2022-08-02 13:57:41', '2022-08-02 13:57:41'),
(686, 'Senegal', 'Republic of Senegal', 'Dakar', 164, NULL, 'Senegalese', 'SN', '686', '221', 'SN.png', 0, 1, '2022-08-02 13:57:41', '2022-08-02 13:57:41'),
(688, 'Serbia', 'Republic of Serbia', 'Belgrade', 118, NULL, 'Serb', 'RS', '688', '381', NULL, 0, 1, '2022-08-02 13:57:41', '2022-08-02 13:57:41'),
(690, 'Seychelles', 'Republic of Seychelles', 'Victoria', 123, NULL, 'Seychellois', 'SC', '690', '248', 'SC.png', 0, 1, '2022-08-02 13:57:41', '2022-08-02 13:57:41'),
(694, 'Sierra Leone', 'Republic of Sierra Leone', 'Freetown', 129, NULL, 'Sierra Leonean', 'SL', '694', '232', 'SL.png', 0, 1, '2022-08-02 13:57:41', '2022-08-02 13:57:41'),
(702, 'Singapore', 'Republic of Singapore', 'Singapore', 126, NULL, 'Singaporean', 'SG', '702', '65', 'SG.png', 0, 1, '2022-08-02 13:57:41', '2022-08-02 13:57:41'),
(703, 'Slovakia', 'Slovak Republic', 'Bratislava', 46, NULL, 'Slovak', 'SK', '703', '421', 'SK.png', 1, 1, '2022-08-02 13:57:41', '2022-08-02 13:57:41'),
(704, 'Viet Nam', 'Socialist Republic of Vietnam', 'Hanoi', 152, NULL, 'Vietnamese', 'VN', '704', '84', 'VN.png', 0, 1, '2022-08-02 13:57:41', '2022-08-02 13:57:41'),
(705, 'Slovenia', 'Republic of Slovenia', 'Ljubljana', 46, NULL, 'Slovene', 'SI', '705', '386', 'SI.png', 1, 1, '2022-08-02 13:57:41', '2022-08-02 13:57:41'),
(706, 'Somalia', 'Somali Republic', 'Mogadishu', 130, NULL, 'Somali', 'SO', '706', '252', 'SO.png', 0, 1, '2022-08-02 13:57:41', '2022-08-02 13:57:41'),
(710, 'South Africa', 'Republic of South Africa', 'Pretoria (ZA1)', 170, NULL, 'South African', 'ZA', '710', '27', 'ZA.png', 0, 1, '2022-08-02 13:57:41', '2022-08-02 13:57:41'),
(716, 'Zimbabwe', 'Republic of Zimbabwe', 'Harare', NULL, NULL, 'Zimbabwean', 'ZW', '716', '263', 'ZW.png', 0, 1, '2022-08-02 13:57:41', '2022-08-02 13:57:41'),
(724, 'Spain', 'Kingdom of Spain', 'Madrid', 46, NULL, 'Spaniard', 'ES', '724', '34', 'ES.png', 1, 1, '2022-08-02 13:57:41', '2022-08-02 13:57:41'),
(728, 'South Sudan', 'Republic of South Sudan', 'Juba', 132, NULL, 'South Sudanese', 'SS', '728', '211', NULL, 0, 1, '2022-08-02 13:57:41', '2022-08-02 13:57:41'),
(729, 'Sudan', 'Republic of the Sudan', 'Khartoum', 124, NULL, 'Sudanese', 'SD', '729', '249', NULL, 0, 1, '2022-08-02 13:57:41', '2022-08-02 13:57:41'),
(732, 'Western Sahara', 'Western Sahara', 'Al aaiun', 88, NULL, 'Sahrawi', 'EH', '732', '212', 'EH.png', 0, 1, '2022-08-02 13:57:41', '2022-08-02 13:57:41'),
(740, 'Suriname', 'Republic of Suriname', 'Paramaribo', 131, NULL, 'Surinamese', 'SR', '740', '597', 'SR.png', 0, 1, '2022-08-02 13:57:41', '2022-08-02 13:57:41'),
(744, 'Svalbard and Jan Mayen', 'Svalbard and Jan Mayen', 'Longyearbyen', 105, NULL, 'of Svalbard', 'SJ', '744', '47', 'SJ.png', 0, 1, '2022-08-02 13:57:41', '2022-08-02 13:57:41'),
(748, 'Swaziland', 'Kingdom of Swaziland', 'Mbabane', 136, NULL, 'Swazi', 'SZ', '748', '268', 'SZ.png', 0, 1, '2022-08-02 13:57:41', '2022-08-02 13:57:41'),
(752, 'Sweden', 'Kingdom of Sweden', 'Stockholm', 125, NULL, 'Swedish', 'SE', '752', '46', 'SE.png', 1, 1, '2022-08-02 13:57:41', '2022-08-02 13:57:41'),
(756, 'Switzerland', 'Swiss Confederation', 'Berne', 29, NULL, 'Swiss', 'CH', '756', '41', 'CH.png', 1, 1, '2022-08-02 13:57:41', '2022-08-02 13:57:41'),
(760, 'Syrian Arab Republic', 'Syrian Arab Republic', 'Damascus', 135, NULL, 'Syrian', 'SY', '760', '963', 'SY.png', 0, 1, '2022-08-02 13:57:41', '2022-08-02 13:57:41'),
(762, 'Tajikistan', 'Republic of Tajikistan', 'Dushanbe', 138, NULL, 'Tajik', 'TJ', '762', '992', 'TJ.png', 0, 1, '2022-08-02 13:57:41', '2022-08-02 13:57:41'),
(764, 'Thailand', 'Kingdom of Thailand', 'Bangkok', 137, NULL, 'Thai', 'TH', '764', '66', 'TH.png', 0, 1, '2022-08-02 13:57:41', '2022-08-02 13:57:41'),
(768, 'Togo', 'Togolese Republic', 'Lomé', 164, NULL, 'Togolese', 'TG', '768', '228', 'TG.png', 0, 1, '2022-08-02 13:57:41', '2022-08-02 13:57:41'),
(772, 'Tokelau', 'Tokelau', '(TK2)', 107, NULL, 'Tokelauan', 'TK', '772', '690', 'TK.png', 0, 1, '2022-08-02 13:57:41', '2022-08-02 13:57:41'),
(776, 'Tonga', 'Kingdom of Tonga', 'Nuku’alofa', 141, NULL, 'Tongan', 'TO', '776', '676', 'TO.png', 0, 1, '2022-08-02 13:57:41', '2022-08-02 13:57:41'),
(780, 'Trinidad and Tobago', 'Republic of Trinidad and Tobago', 'Port of Spain', 143, NULL, 'Trinidadian; Tobagonian', 'TT', '780', '1', 'TT.png', 0, 1, '2022-08-02 13:57:41', '2022-08-02 13:57:41'),
(784, 'United Arab Emirates', 'United Arab Emirates', 'Abu Dhabi', 1, NULL, 'Emirian', 'AE', '784', '971', 'AE.png', 0, 1, '2022-08-02 13:57:41', '2022-08-02 13:57:41'),
(788, 'Tunisia', 'Republic of Tunisia', 'Tunis', 140, NULL, 'Tunisian', 'TN', '788', '216', 'TN.png', 0, 1, '2022-08-02 13:57:41', '2022-08-02 13:57:41'),
(792, 'Turkey', 'Republic of Turkey', 'Ankara', 142, NULL, 'Turk', 'TR', '792', '90', 'TR.png', 0, 1, '2022-08-02 13:57:41', '2022-08-02 13:57:41'),
(795, 'Turkmenistan', 'Turkmenistan', 'Ashgabat', 139, NULL, 'Turkmen', 'TM', '795', '993', 'TM.png', 0, 1, '2022-08-02 13:57:41', '2022-08-02 13:57:41'),
(796, 'Turks and Caicos Islands', 'Turks and Caicos Islands', 'Cockburn Town', 148, NULL, 'Turks and Caicos Islander', 'TC', '796', '1', 'TC.png', 0, 1, '2022-08-02 13:57:41', '2022-08-02 13:57:41'),
(798, 'Tuvalu', 'Tuvalu', 'Funafuti', 8, NULL, 'Tuvaluan', 'TV', '798', '688', 'TV.png', 0, 1, '2022-08-02 13:57:41', '2022-08-02 13:57:41'),
(800, 'Uganda', 'Republic of Uganda', 'Kampala', 147, NULL, 'Ugandan', 'UG', '800', '256', 'UG.png', 0, 1, '2022-08-02 13:57:41', '2022-08-02 13:57:41'),
(804, 'Ukraine', 'Ukraine', 'Kiev', 146, NULL, 'Ukrainian', 'UA', '804', '380', 'UA.png', 0, 1, '2022-08-02 13:57:41', '2022-08-02 13:57:41'),
(807, 'Macedonia, the former Yugoslav Republic of', 'the former Yugoslav Republic of Macedonia', 'Skopje', 91, NULL, 'of the former Yugoslav Republic of Macedonia', 'MK', '807', '389', 'MK.png', 0, 1, '2022-08-02 13:57:41', '2022-08-02 13:57:41'),
(818, 'Egypt', 'Arab Republic of Egypt', 'Cairo', 43, NULL, 'Egyptian', 'EG', '818', '20', 'EG.png', 0, 1, '2022-08-02 13:57:41', '2022-08-02 13:57:41'),
(826, 'United Kingdom', 'United Kingdom of Great Britain and Northern Ireland', 'London', 49, NULL, 'British', 'GB', '826', '44', 'GB.png', 1, 1, '2022-08-02 13:57:41', '2022-08-02 13:57:41'),
(831, 'Guernsey', 'Bailiwick of Guernsey', 'St Peter Port', NULL, NULL, 'of Guernsey', 'GG', '831', '44', NULL, 0, 1, '2022-08-02 13:57:41', '2022-08-02 13:57:41'),
(832, 'Jersey', 'Bailiwick of Jersey', 'St Helier', NULL, NULL, 'of Jersey', 'JE', '832', '44', NULL, 0, 1, '2022-08-02 13:57:41', '2022-08-02 13:57:41'),
(833, 'Isle of Man', 'Isle of Man', 'Douglas', NULL, NULL, 'Manxman; Manxwoman', 'IM', '833', '44', NULL, 0, 1, '2022-08-02 13:57:41', '2022-08-02 13:57:41'),
(834, 'Tanzania, United Republic of', 'United Republic of Tanzania', 'Dodoma (TZ1)', 145, NULL, 'Tanzanian', 'TZ', '834', '255', 'TZ.png', 0, 1, '2022-08-02 13:57:41', '2022-08-02 13:57:41'),
(840, 'United States', 'United States of America', 'Washington DC', 148, NULL, 'American', 'US', '840', '1', 'US.png', 0, 1, '2022-08-02 13:57:41', '2022-08-02 13:57:41'),
(850, 'Virgin Islands, U.S.', 'United States Virgin Islands', 'Charlotte Amalie', 148, NULL, 'US Virgin Islander', 'VI', '850', '1', 'VI.png', 0, 1, '2022-08-02 13:57:41', '2022-08-02 13:57:41'),
(854, 'Burkina Faso', 'Burkina Faso', 'Ouagadougou', 164, NULL, 'Burkinabe', 'BF', '854', '226', 'BF.png', 0, 1, '2022-08-02 13:57:41', '2022-08-02 13:57:41'),
(858, 'Uruguay', 'Eastern Republic of Uruguay', 'Montevideo', 149, NULL, 'Uruguayan', 'UY', '858', '598', 'UY.png', 0, 1, '2022-08-02 13:57:41', '2022-08-02 13:57:41'),
(860, 'Uzbekistan', 'Republic of Uzbekistan', 'Tashkent', 150, NULL, 'Uzbek', 'UZ', '860', '998', 'UZ.png', 0, 1, '2022-08-02 13:57:41', '2022-08-02 13:57:41'),
(862, 'Venezuela, Bolivarian Republic of', 'Bolivarian Republic of Venezuela', 'Caracas', 151, NULL, 'Venezuelan', 'VE', '862', '58', 'VE.png', 0, 1, '2022-08-02 13:57:41', '2022-08-02 13:57:41'),
(876, 'Wallis and Futuna', 'Wallis and Futuna', 'Mata-Utu', 166, NULL, 'Wallisian; Futunan; Wallis and Futuna Islander', 'WF', '876', '681', 'WF.png', 0, 1, '2022-08-02 13:57:41', '2022-08-02 13:57:41'),
(882, 'Samoa', 'Independent State of Samoa', 'Apia', 154, NULL, 'Samoan', 'WS', '882', '685', 'WS.png', 0, 1, '2022-08-02 13:57:41', '2022-08-02 13:57:41'),
(887, 'Yemen', 'Republic of Yemen', 'San’a', 169, NULL, 'Yemenite', 'YE', '887', '967', 'YE.png', 0, 1, '2022-08-02 13:57:41', '2022-08-02 13:57:41'),
(894, 'Zambia', 'Republic of Zambia', 'Lusaka', 172, NULL, 'Zambian', 'ZM', '894', '260', 'ZM.png', 0, 1, '2022-08-02 13:57:41', '2022-08-02 13:57:41');

-- --------------------------------------------------------

--
