-- Table structure for table `shipping_rates`
--

CREATE TABLE `shipping_rates` (
  `id` int UNSIGNED NOT NULL,
  `name` varchar(255) CHARACTER SET utf8mb3 COLLATE utf8mb3_unicode_ci NOT NULL,
  `shipping_zone_id` int UNSIGNED NOT NULL,
  `carrier_id` int UNSIGNED DEFAULT NULL,
  `based_on` enum('price','weight') CHARACTER SET utf8mb3 COLLATE utf8mb3_unicode_ci NOT NULL DEFAULT 'price',
  `minimum` decimal(20,6) DEFAULT NULL,
  `maximum` decimal(20,6) DEFAULT NULL,
  `rate` decimal(20,6) DEFAULT NULL,
  `delivery_takes` varchar(255) CHARACTER SET utf8mb3 COLLATE utf8mb3_unicode_ci DEFAULT NULL,
  `created_at` timestamp NULL DEFAULT NULL,
  `updated_at` timestamp NULL DEFAULT NULL
) ENGINE=InnoDB DEFAULT CHARSET=utf8mb3 COLLATE=utf8mb3_unicode_ci;

--
-- Dumping data for table `shipping_rates`
--

INSERT INTO `shipping_rates` (`id`, `name`, `shipping_zone_id`, `carrier_id`, `based_on`, `minimum`, `maximum`, `rate`, `delivery_takes`, `created_at`, `updated_at`) VALUES
(1, 'itaque', 1, 4, 'weight', 0.000000, 2000.000000, 5.000000, '9-21 days', '2022-08-02 13:57:47', '2022-08-02 13:57:47'),
(2, 'impedit', 1, 3, 'price', 0.000000, NULL, 14.000000, '9-26 days', '2022-08-02 13:57:47', '2022-08-02 13:57:47'),
(3, 'repudiandae', 1, 5, 'weight', 0.000000, 2000.000000, 13.000000, '20-21 days', '2022-08-02 13:57:47', '2022-08-02 13:57:47'),
(4, 'est', 1, 3, 'price', 0.000000, NULL, 6.000000, '3-7 days', '2022-08-02 13:57:47', '2022-08-02 13:57:47'),
(5, 'ea', 1, 3, 'weight', 0.000000, 2000.000000, 4.000000, '4-11 days', '2022-08-02 13:57:47', '2022-08-02 13:57:47'),
(6, 'facilis', 2, 1, 'price', 0.000000, NULL, 10.000000, '20-40 days', '2022-08-02 13:57:47', '2022-08-02 13:57:47'),
(7, 'adipisci', 2, 2, 'price', 0.000000, NULL, 9.000000, '7-19 days', '2022-08-02 13:57:47', '2022-08-02 13:57:47'),
(8, 'libero', 2, 4, 'weight', 0.000000, 2000.000000, 9.000000, '13-32 days', '2022-08-02 13:57:47', '2022-08-02 13:57:47'),
(9, 'dolore', 2, 5, 'weight', 0.000000, 2000.000000, 13.000000, '8-19 days', '2022-08-02 13:57:47', '2022-08-02 13:57:47'),
(10, 'nam', 2, 4, 'price', 0.000000, NULL, 14.000000, '2-22 days', '2022-08-02 13:57:47', '2022-08-02 13:57:47'),
(11, 'voluptatibus', 3, 4, 'weight', 0.000000, 2000.000000, 3.000000, '9-17 days', '2022-08-02 13:57:47', '2022-08-02 13:57:47'),
(12, 'perspiciatis', 3, 1, 'price', 0.000000, NULL, 1.000000, '17-24 days', '2022-08-02 13:57:47', '2022-08-02 13:57:47'),
(13, 'dolore', 3, 3, 'weight', 0.000000, 2000.000000, 16.000000, '16-33 days', '2022-08-02 13:57:47', '2022-08-02 13:57:47'),
(14, 'nemo', 3, 5, 'price', 0.000000, NULL, 9.000000, '10-16 days', '2022-08-02 13:57:47', '2022-08-02 13:57:47'),
(15, 'eum', 3, 5, 'weight', 0.000000, 2000.000000, 0.000000, '16-28 days', '2022-08-02 13:57:47', '2022-08-02 13:57:47'),
(16, 'qui', 4, 2, 'weight', 0.000000, 2000.000000, 9.000000, '1-5 days', '2022-08-02 13:57:47', '2022-08-02 13:57:47'),
(17, 'modi', 4, 5, 'price', 0.000000, NULL, 15.000000, '15-28 days', '2022-08-02 13:57:47', '2022-08-02 13:57:47'),
(18, 'nam', 4, 5, 'price', 0.000000, NULL, 1.000000, '16-17 days', '2022-08-02 13:57:47', '2022-08-02 13:57:47'),
(19, 'rerum', 4, 4, 'price', 0.000000, NULL, 5.000000, '16-30 days', '2022-08-02 13:57:47', '2022-08-02 13:57:47'),
(20, 'facere', 4, 4, 'price', 0.000000, NULL, 17.000000, '15-30 days', '2022-08-02 13:57:47', '2022-08-02 13:57:47'),
(21, 'eum', 5, 1, 'weight', 0.000000, 2000.000000, 15.000000, '14-25 days', '2022-08-02 13:57:47', '2022-08-02 13:57:47'),
(22, 'vel', 5, 2, 'price', 0.000000, NULL, 4.000000, '3-6 days', '2022-08-02 13:57:47', '2022-08-02 13:57:47'),
(23, 'commodi', 5, 3, 'price', 0.000000, NULL, 16.000000, '1-6 days', '2022-08-02 13:57:47', '2022-08-02 13:57:47'),
(24, 'doloribus', 5, 2, 'price', 0.000000, NULL, 19.000000, '8-18 days', '2022-08-02 13:57:47', '2022-08-02 13:57:47'),
(25, 'sed', 5, 1, 'price', 0.000000, NULL, 20.000000, '4-16 days', '2022-08-02 13:57:47', '2022-08-02 13:57:47'),
(26, 'quod', 6, 1, 'price', 0.000000, NULL, 2.000000, '10-22 days', '2022-08-02 13:57:47', '2022-08-02 13:57:47'),
(27, 'quos', 6, 3, 'price', 0.000000, NULL, 3.000000, '20-35 days', '2022-08-02 13:57:47', '2022-08-02 13:57:47'),
(28, 'quisquam', 6, 4, 'price', 0.000000, NULL, 2.000000, '8-28 days', '2022-08-02 13:57:47', '2022-08-02 13:57:47'),
(29, 'et', 6, 1, 'price', 0.000000, NULL, 2.000000, '17-35 days', '2022-08-02 13:57:47', '2022-08-02 13:57:47'),
(30, 'aut', 6, 3, 'price', 0.000000, NULL, 11.000000, '3-4 days', '2022-08-02 13:57:47', '2022-08-02 13:57:47'),
(31, 'nobis', 7, 4, 'price', 0.000000, NULL, 16.000000, '12-21 days', '2022-08-02 13:57:47', '2022-08-02 13:57:47'),
(32, 'minus', 7, 3, 'price', 0.000000, NULL, 17.000000, '2-22 days', '2022-08-02 13:57:47', '2022-08-02 13:57:47'),
(33, 'qui', 7, 1, 'price', 0.000000, NULL, 19.000000, '2-15 days', '2022-08-02 13:57:47', '2022-08-02 13:57:47'),
(34, 'porro', 7, 1, 'price', 0.000000, NULL, 14.000000, '8-19 days', '2022-08-02 13:57:47', '2022-08-02 13:57:47'),
(35, 'quasi', 7, 4, 'price', 0.000000, NULL, 11.000000, '9-12 days', '2022-08-02 13:57:47', '2022-08-02 13:57:47'),
(36, 'magni', 8, 4, 'weight', 0.000000, 2000.000000, 9.000000, '11-25 days', '2022-08-02 13:57:47', '2022-08-02 13:57:47'),
(37, 'aliquid', 8, 5, 'weight', 0.000000, 2000.000000, 1.000000, '19-36 days', '2022-08-02 13:57:47', '2022-08-02 13:57:47'),
(38, 'pariatur', 8, 2, 'price', 0.000000, NULL, 19.000000, '12-26 days', '2022-08-02 13:57:47', '2022-08-02 13:57:47'),
(39, 'sit', 8, 5, 'price', 0.000000, NULL, 17.000000, '1-8 days', '2022-08-02 13:57:47', '2022-08-02 13:57:47'),
(40, 'distinctio', 8, 1, 'price', 0.000000, NULL, 20.000000, '10-18 days', '2022-08-02 13:57:47', '2022-08-02 13:57:47'),
(41, 'modi', 9, 4, 'weight', 0.000000, 2000.000000, 14.000000, '3-8 days', '2022-08-02 13:57:47', '2022-08-02 13:57:47'),
(42, 'commodi', 9, 4, 'price', 0.000000, NULL, 8.000000, '20-24 days', '2022-08-02 13:57:47', '2022-08-02 13:57:47'),
(43, 'et', 9, 3, 'price', 0.000000, NULL, 4.000000, '1-13 days', '2022-08-02 13:57:47', '2022-08-02 13:57:47'),
(44, 'ad', 9, 1, 'price', 0.000000, NULL, 2.000000, '11-22 days', '2022-08-02 13:57:47', '2022-08-02 13:57:47'),
(45, 'voluptatem', 9, 3, 'price', 0.000000, NULL, 6.000000, '11-23 days', '2022-08-02 13:57:47', '2022-08-02 13:57:47'),
(46, 'veritatis', 10, 4, 'price', 0.000000, NULL, 0.000000, '19-34 days', '2022-08-02 13:57:47', '2022-08-02 13:57:47'),
(47, 'qui', 10, 3, 'price', 0.000000, NULL, 20.000000, '20-39 days', '2022-08-02 13:57:47', '2022-08-02 13:57:47'),
(48, 'dolores', 10, 5, 'weight', 0.000000, 2000.000000, 4.000000, '7-26 days', '2022-08-02 13:57:47', '2022-08-02 13:57:47'),
(49, 'labore', 10, 4, 'price', 0.000000, NULL, 14.000000, '10-28 days', '2022-08-02 13:57:47', '2022-08-02 13:57:47'),
(50, 'aspernatur', 10, 5, 'weight', 0.000000, 2000.000000, 8.000000, '10-11 days', '2022-08-02 13:57:47', '2022-08-02 13:57:47');

-- --------------------------------------------------------

--
-- Table structure for table `shipping_zones`
--

CREATE TABLE `shipping_zones` (
  `id` int UNSIGNED NOT NULL,
  `shop_id` int UNSIGNED DEFAULT NULL,
  `name` varchar(255) CHARACTER SET utf8mb3 COLLATE utf8mb3_unicode_ci NOT NULL,
  `tax_id` int UNSIGNED DEFAULT NULL,
  `country_ids` text CHARACTER SET utf8mb3 COLLATE utf8mb3_unicode_ci,
  `state_ids` longtext CHARACTER SET utf8mb3 COLLATE utf8mb3_unicode_ci,
  `rest_of_the_world` tinyint(1) NOT NULL DEFAULT '0',
  `active` tinyint(1) NOT NULL DEFAULT '1',
  `created_at` timestamp NULL DEFAULT NULL,
  `updated_at` timestamp NULL DEFAULT NULL
) ENGINE=InnoDB DEFAULT CHARSET=utf8mb3 COLLATE=utf8mb3_unicode_ci;

--
-- Dumping data for table `shipping_zones`
--

INSERT INTO `shipping_zones` (`id`, `shop_id`, `name`, `tax_id`, `country_ids`, `state_ids`, `rest_of_the_world`, `active`, `created_at`, `updated_at`) VALUES
(1, 1, 'Domestic', 1, 'a:2:{i:0;i:50;i:1;i:840;}', 'a:67:{i:0;i:64;i:1;i:65;i:2;i:66;i:3;i:67;i:4;i:68;i:5;i:69;i:6;i:70;i:7;i:71;i:8;i:1322;i:9;i:1323;i:10;i:1324;i:11;i:1325;i:12;i:1326;i:13;i:1327;i:14;i:1328;i:15;i:1329;i:16;i:1330;i:17;i:1331;i:18;i:1332;i:19;i:1333;i:20;i:1334;i:21;i:1335;i:22;i:1336;i:23;i:1337;i:24;i:1338;i:25;i:1339;i:26;i:1340;i:27;i:1341;i:28;i:1342;i:29;i:1343;i:30;i:1344;i:31;i:1345;i:32;i:1346;i:33;i:1347;i:34;i:1348;i:35;i:1349;i:36;i:1350;i:37;i:1351;i:38;i:1352;i:39;i:1353;i:40;i:1354;i:41;i:1355;i:42;i:1356;i:43;i:1357;i:44;i:1358;i:45;i:1359;i:46;i:1360;i:47;i:1361;i:48;i:1362;i:49;i:1363;i:50;i:1364;i:51;i:1365;i:52;i:1366;i:53;i:1367;i:54;i:1368;i:55;i:1369;i:56;i:1370;i:57;i:1371;i:58;i:1372;i:59;i:1373;i:60;i:1374;i:61;i:1375;i:62;i:1376;i:63;i:1377;i:64;i:1378;i:65;i:1379;i:66;i:1380;}', 0, 1, '2022-08-15 13:57:43', '2022-08-15 13:57:43'),
(2, 1, 'Worldwide', 1, NULL, NULL, 1, 1, '2022-08-15 13:57:43', '2022-08-15 13:57:43'),
(3, 2, 'Domestic', 1, 'a:2:{i:0;i:50;i:1;i:840;}', 'a:67:{i:0;i:64;i:1;i:65;i:2;i:66;i:3;i:67;i:4;i:68;i:5;i:69;i:6;i:70;i:7;i:71;i:8;i:1322;i:9;i:1323;i:10;i:1324;i:11;i:1325;i:12;i:1326;i:13;i:1327;i:14;i:1328;i:15;i:1329;i:16;i:1330;i:17;i:1331;i:18;i:1332;i:19;i:1333;i:20;i:1334;i:21;i:1335;i:22;i:1336;i:23;i:1337;i:24;i:1338;i:25;i:1339;i:26;i:1340;i:27;i:1341;i:28;i:1342;i:29;i:1343;i:30;i:1344;i:31;i:1345;i:32;i:1346;i:33;i:1347;i:34;i:1348;i:35;i:1349;i:36;i:1350;i:37;i:1351;i:38;i:1352;i:39;i:1353;i:40;i:1354;i:41;i:1355;i:42;i:1356;i:43;i:1357;i:44;i:1358;i:45;i:1359;i:46;i:1360;i:47;i:1361;i:48;i:1362;i:49;i:1363;i:50;i:1364;i:51;i:1365;i:52;i:1366;i:53;i:1367;i:54;i:1368;i:55;i:1369;i:56;i:1370;i:57;i:1371;i:58;i:1372;i:59;i:1373;i:60;i:1374;i:61;i:1375;i:62;i:1376;i:63;i:1377;i:64;i:1378;i:65;i:1379;i:66;i:1380;}', 0, 1, '2022-08-15 13:57:43', '2022-08-15 13:57:43'),
(4, 2, 'Worldwide', 1, NULL, NULL, 1, 1, '2022-08-15 13:57:43', '2022-08-15 13:57:43'),
(5, 3, 'Domestic', 1, 'a:2:{i:0;i:50;i:1;i:840;}', 'a:67:{i:0;i:64;i:1;i:65;i:2;i:66;i:3;i:67;i:4;i:68;i:5;i:69;i:6;i:70;i:7;i:71;i:8;i:1322;i:9;i:1323;i:10;i:1324;i:11;i:1325;i:12;i:1326;i:13;i:1327;i:14;i:1328;i:15;i:1329;i:16;i:1330;i:17;i:1331;i:18;i:1332;i:19;i:1333;i:20;i:1334;i:21;i:1335;i:22;i:1336;i:23;i:1337;i:24;i:1338;i:25;i:1339;i:26;i:1340;i:27;i:1341;i:28;i:1342;i:29;i:1343;i:30;i:1344;i:31;i:1345;i:32;i:1346;i:33;i:1347;i:34;i:1348;i:35;i:1349;i:36;i:1350;i:37;i:1351;i:38;i:1352;i:39;i:1353;i:40;i:1354;i:41;i:1355;i:42;i:1356;i:43;i:1357;i:44;i:1358;i:45;i:1359;i:46;i:1360;i:47;i:1361;i:48;i:1362;i:49;i:1363;i:50;i:1364;i:51;i:1365;i:52;i:1366;i:53;i:1367;i:54;i:1368;i:55;i:1369;i:56;i:1370;i:57;i:1371;i:58;i:1372;i:59;i:1373;i:60;i:1374;i:61;i:1375;i:62;i:1376;i:63;i:1377;i:64;i:1378;i:65;i:1379;i:66;i:1380;}', 0, 1, '2022-08-15 13:57:43', '2022-08-15 13:57:43'),
(6, 3, 'Worldwide', 1, NULL, NULL, 1, 1, '2022-08-15 13:57:43', '2022-08-15 13:57:43'),
(7, 4, 'Domestic', 1, 'a:2:{i:0;i:50;i:1;i:840;}', 'a:67:{i:0;i:64;i:1;i:65;i:2;i:66;i:3;i:67;i:4;i:68;i:5;i:69;i:6;i:70;i:7;i:71;i:8;i:1322;i:9;i:1323;i:10;i:1324;i:11;i:1325;i:12;i:1326;i:13;i:1327;i:14;i:1328;i:15;i:1329;i:16;i:1330;i:17;i:1331;i:18;i:1332;i:19;i:1333;i:20;i:1334;i:21;i:1335;i:22;i:1336;i:23;i:1337;i:24;i:1338;i:25;i:1339;i:26;i:1340;i:27;i:1341;i:28;i:1342;i:29;i:1343;i:30;i:1344;i:31;i:1345;i:32;i:1346;i:33;i:1347;i:34;i:1348;i:35;i:1349;i:36;i:1350;i:37;i:1351;i:38;i:1352;i:39;i:1353;i:40;i:1354;i:41;i:1355;i:42;i:1356;i:43;i:1357;i:44;i:1358;i:45;i:1359;i:46;i:1360;i:47;i:1361;i:48;i:1362;i:49;i:1363;i:50;i:1364;i:51;i:1365;i:52;i:1366;i:53;i:1367;i:54;i:1368;i:55;i:1369;i:56;i:1370;i:57;i:1371;i:58;i:1372;i:59;i:1373;i:60;i:1374;i:61;i:1375;i:62;i:1376;i:63;i:1377;i:64;i:1378;i:65;i:1379;i:66;i:1380;}', 0, 1, '2022-08-15 13:57:43', '2022-08-15 13:57:43'),
(8, 4, 'Worldwide', 1, NULL, NULL, 1, 1, '2022-08-15 13:57:43', '2022-08-15 13:57:43'),
(9, 5, 'Domestic', 1, 'a:2:{i:0;i:50;i:1;i:840;}', 'a:67:{i:0;i:64;i:1;i:65;i:2;i:66;i:3;i:67;i:4;i:68;i:5;i:69;i:6;i:70;i:7;i:71;i:8;i:1322;i:9;i:1323;i:10;i:1324;i:11;i:1325;i:12;i:1326;i:13;i:1327;i:14;i:1328;i:15;i:1329;i:16;i:1330;i:17;i:1331;i:18;i:1332;i:19;i:1333;i:20;i:1334;i:21;i:1335;i:22;i:1336;i:23;i:1337;i:24;i:1338;i:25;i:1339;i:26;i:1340;i:27;i:1341;i:28;i:1342;i:29;i:1343;i:30;i:1344;i:31;i:1345;i:32;i:1346;i:33;i:1347;i:34;i:1348;i:35;i:1349;i:36;i:1350;i:37;i:1351;i:38;i:1352;i:39;i:1353;i:40;i:1354;i:41;i:1355;i:42;i:1356;i:43;i:1357;i:44;i:1358;i:45;i:1359;i:46;i:1360;i:47;i:1361;i:48;i:1362;i:49;i:1363;i:50;i:1364;i:51;i:1365;i:52;i:1366;i:53;i:1367;i:54;i:1368;i:55;i:1369;i:56;i:1370;i:57;i:1371;i:58;i:1372;i:59;i:1373;i:60;i:1374;i:61;i:1375;i:62;i:1376;i:63;i:1377;i:64;i:1378;i:65;i:1379;i:66;i:1380;}', 0, 1, '2022-08-15 13:57:43', '2022-08-15 13:57:43'),
(10, 5, 'Worldwide', 1, NULL, NULL, 1, 1, '2022-08-15 13:57:43', '2022-08-15 13:57:43'),
(11, 6, 'Worldwide', 1, 'a:0:{}', 'a:0:{}', 1, 1, '2022-12-14 05:37:25', '2022-12-14 05:37:25'),
(12, 7, 'Worldwide', 1, 'a:0:{}', 'a:0:{}', 1, 1, '2022-12-14 05:51:39', '2022-12-14 05:51:39');

-- --------------------------------------------------------

--
-- Table structure for table `shops`
--

CREATE TABLE `shops` (
  `id` int UNSIGNED NOT NULL,
  `owner_id` bigint UNSIGNED NOT NULL,
  `name` text CHARACTER SET utf8mb3 COLLATE utf8mb3_unicode_ci,
  `legal_name` text CHARACTER SET utf8mb3 COLLATE utf8mb3_unicode_ci,
  `slug` varchar(200) CHARACTER SET utf8mb3 COLLATE utf8mb3_unicode_ci NOT NULL,
  `email` varchar(255) CHARACTER SET utf8mb3 COLLATE utf8mb3_unicode_ci NOT NULL,
  `description` longtext CHARACTER SET utf8mb3 COLLATE utf8mb3_unicode_ci,
  `external_url` varchar(255) CHARACTER SET utf8mb3 COLLATE utf8mb3_unicode_ci DEFAULT NULL,
  `timezone_id` int DEFAULT NULL,
  `current_billing_plan` varchar(255) CHARACTER SET utf8mb3 COLLATE utf8mb3_unicode_ci DEFAULT NULL,
  `stripe_id` varchar(255) CHARACTER SET utf8mb3 COLLATE utf8mb3_unicode_ci DEFAULT NULL,
  `card_holder_name` text CHARACTER SET utf8mb3 COLLATE utf8mb3_unicode_ci,
  `pm_type` varchar(255) CHARACTER SET utf8mb3 COLLATE utf8mb3_unicode_ci DEFAULT NULL,
  `pm_last_four` varchar(255) CHARACTER SET utf8mb3 COLLATE utf8mb3_unicode_ci DEFAULT NULL,
  `trial_ends_at` timestamp NULL DEFAULT NULL,
  `custom_subscription_fee` decimal(8,2) DEFAULT NULL,
  `hide_trial_notice` tinyint(1) DEFAULT NULL,
  `active` tinyint(1) DEFAULT '0',
  `total_item_sold` int NOT NULL DEFAULT '0',
  `current_sale_amount` decimal(64,6) NOT NULL DEFAULT '0.000000',
  `payment_verified` tinyint(1) DEFAULT NULL,
  `id_verified` tinyint(1) DEFAULT NULL,
  `phone_verified` tinyint(1) DEFAULT NULL,
  `address_verified` tinyint(1) DEFAULT NULL,
  `periodic_sold_amount` decimal(20,6) NOT NULL DEFAULT '0.000000',
  `commission_rate` decimal(8,2) DEFAULT NULL,
  `deleted_at` timestamp NULL DEFAULT NULL,
  `created_at` timestamp NULL DEFAULT NULL,
  `updated_at` timestamp NULL DEFAULT NULL
) ENGINE=InnoDB DEFAULT CHARSET=utf8mb3 COLLATE=utf8mb3_unicode_ci;

--
-- Dumping data for table `shops`
--

INSERT INTO `shops` (`id`, `owner_id`, `name`, `legal_name`, `slug`, `email`, `description`, `external_url`, `timezone_id`, `current_billing_plan`, `stripe_id`, `card_holder_name`, `pm_type`, `pm_last_four`, `trial_ends_at`, `custom_subscription_fee`, `hide_trial_notice`, `active`, `total_item_sold`, `current_sale_amount`, `payment_verified`, `id_verified`, `phone_verified`, `address_verified`, `periodic_sold_amount`, `commission_rate`, `deleted_at`, `created_at`, `updated_at`) VALUES
(1, 3, 'Big Shop', 'Big Shop Ltd.', 'big-shop', 'shop3@demo.com', 'Lorem ipsum dolor sit amet, consectetur adipisicing elit, sed do eiusmod tempor incididunt ut labore et dolore magna aliqua. Ut enim ad minim veniam, quis nostrud exercitation ullamco laboris nisi ut aliquip ex ea commodo consequat. Duis aute irure dolor in reprehenderit in voluptate velit esse cillum dolore eu fugiat nulla pariatur. Excepteur sint occaecat cupidatat non proident, sunt in culpa qui officia deserunt mollit anim id est laborum.', NULL, 73, 'price_1KBAXaG09em6dIPhblIucipd', NULL, NULL, NULL, NULL, '2023-04-10 08:55:06', NULL, NULL, 1, 0, 0.000000, 1, 1, 1, 1, 8950.025048, NULL, NULL, '2022-08-15 13:57:43', '2023-03-29 08:55:06'),
(2, 4, 'Amz Mart', 'Amz Mart Ltd.', 'amz-mart', 'shop4@demo.com', 'Lorem ipsum dolor sit amet, consectetur adipisicing elit, sed do eiusmod tempor incididunt ut labore et dolore magna aliqua. Ut enim ad minim veniam, quis nostrud exercitation ullamco laboris nisi ut aliquip ex ea commodo consequat. Duis aute irure dolor in reprehenderit in voluptate velit esse cillum dolore eu fugiat nulla pariatur. Excepteur sint occaecat cupidatat non proident, sunt in culpa qui officia deserunt mollit anim id est laborum.', NULL, 73, 'price_1KBAXaG09em6dIPhf2VWWIXO', NULL, NULL, NULL, NULL, '2023-04-09 08:51:27', NULL, NULL, 1, 0, 0.000000, 1, 1, 1, 1, 0.000000, NULL, NULL, '2022-08-15 13:57:43', '2023-03-29 08:51:27'),
(3, 5, 'Peda Ting Ting', 'Peda Ting Ting Ltd.', 'peda-ting-ting', 'shop5@demo.com', 'Lorem ipsum dolor sit amet, consectetur adipisicing elit, sed do eiusmod tempor incididunt ut labore et dolore magna aliqua. Ut enim ad minim veniam, quis nostrud exercitation ullamco laboris nisi ut aliquip ex ea commodo consequat. Duis aute irure dolor in reprehenderit in voluptate velit esse cillum dolore eu fugiat nulla pariatur. Excepteur sint occaecat cupidatat non proident, sunt in culpa qui officia deserunt mollit anim id est laborum.', NULL, 73, 'price_1KBAXaG09em6dIPhf2VWWIXO', NULL, NULL, NULL, NULL, '2023-04-10 08:55:31', NULL, NULL, 1, 0, 0.000000, 1, 1, 1, 1, 2206.001141, NULL, NULL, '2022-08-15 13:57:43', '2023-03-29 08:55:31'),
(4, 6, 'Phuket Retailer', 'Phuket Retailer Ltd.', 'phuket-retailer', 'shop6@demo.com', 'Lorem ipsum dolor sit amet, consectetur adipisicing elit, sed do eiusmod tempor incididunt ut labore et dolore magna aliqua. Ut enim ad minim veniam, quis nostrud exercitation ullamco laboris nisi ut aliquip ex ea commodo consequat. Duis aute irure dolor in reprehenderit in voluptate velit esse cillum dolore eu fugiat nulla pariatur. Excepteur sint occaecat cupidatat non proident, sunt in culpa qui officia deserunt mollit anim id est laborum.', NULL, 73, 'price_1KBAXaG09em6dIPhHvdGFbcD', 'cus_OVcTMprgOd0EOI', 'Ladarius Wunsch', 'visa', '4242', '2023-04-10 08:56:02', NULL, NULL, 1, 0, 0.000000, 1, 1, 1, 1, 1501.022009, NULL, NULL, '2022-08-15 13:57:43', '2023-08-24 06:55:28'),
(5, 7, 'Tindu Gears', 'Tindu Gears Ltd.', 'tindu-gears', 'shop7@demo.com', 'Lorem ipsum dolor sit amet, consectetur adipisicing elit, sed do eiusmod tempor incididunt ut labore et dolore magna aliqua. Ut enim ad minim veniam, quis nostrud exercitation ullamco laboris nisi ut aliquip ex ea commodo consequat. Duis aute irure dolor in reprehenderit in voluptate velit esse cillum dolore eu fugiat nulla pariatur. Excepteur sint occaecat cupidatat non proident, sunt in culpa qui officia deserunt mollit anim id est laborum.', NULL, 73, 'price_1KBAXaG09em6dIPhblIucipd', NULL, NULL, NULL, NULL, '2023-04-10 08:55:50', NULL, NULL, 1, 0, 0.000000, 1, 1, 1, 1, 693.900000, NULL, NULL, '2022-08-15 13:57:43', '2023-03-29 08:55:50');

-- --------------------------------------------------------

--
-- Table structure for table `shop_payment_methods`
--

CREATE TABLE `shop_payment_methods` (
  `payment_method_id` int UNSIGNED NOT NULL,
  `shop_id` int UNSIGNED NOT NULL,
  `created_at` timestamp NULL DEFAULT NULL,
  `updated_at` timestamp NULL DEFAULT NULL
) ENGINE=InnoDB DEFAULT CHARSET=utf8mb3 COLLATE=utf8mb3_unicode_ci;

--
-- Dumping data for table `shop_payment_methods`
--

INSERT INTO `shop_payment_methods` (`payment_method_id`, `shop_id`, `created_at`, `updated_at`) VALUES
(3, 1, '2022-08-02 13:57:43', '2022-08-02 13:57:43'),
(4, 1, '2022-08-02 13:57:43', '2022-08-02 13:57:43'),
(3, 2, '2022-08-02 13:57:43', '2022-08-02 13:57:43'),
(4, 2, '2022-08-02 13:57:43', '2022-08-02 13:57:43'),
(3, 3, '2022-08-02 13:57:43', '2022-08-02 13:57:43'),
(4, 3, '2022-08-02 13:57:43', '2022-08-02 13:57:43'),
(3, 4, '2022-08-02 13:57:43', '2022-08-02 13:57:43'),
(4, 4, '2022-08-02 13:57:43', '2022-08-02 13:57:43'),
(3, 5, '2022-08-02 13:57:43', '2022-08-02 13:57:43'),
(4, 5, '2022-08-02 13:57:43', '2022-08-02 13:57:43');

-- --------------------------------------------------------

--
-- Table structure for table `sliders`
--

CREATE TABLE `sliders` (
  `id` int UNSIGNED NOT NULL,
  `title` varchar(255) CHARACTER SET utf8mb3 COLLATE utf8mb3_unicode_ci DEFAULT NULL,
  `title_color` varchar(20) CHARACTER SET utf8mb3 COLLATE utf8mb3_unicode_ci DEFAULT '#333E48',
  `sub_title` varchar(255) CHARACTER SET utf8mb3 COLLATE utf8mb3_unicode_ci DEFAULT NULL,
  `sub_title_color` varchar(20) CHARACTER SET utf8mb3 COLLATE utf8mb3_unicode_ci DEFAULT '#333E48',
  `description` varchar(255) CHARACTER SET utf8mb3 COLLATE utf8mb3_unicode_ci DEFAULT NULL,
  `description_color` varchar(20) CHARACTER SET utf8mb3 COLLATE utf8mb3_unicode_ci NOT NULL DEFAULT '#868E8E',
  `alt_color` varchar(20) CHARACTER SET utf8mb3 COLLATE utf8mb3_unicode_ci NOT NULL DEFAULT '#FED700',
  `link` text CHARACTER SET utf8mb3 COLLATE utf8mb3_unicode_ci,
  `order` int NOT NULL DEFAULT '100',
  `shop_id` int UNSIGNED DEFAULT NULL,
  `text_position` varchar(10) CHARACTER SET utf8mb3 COLLATE utf8mb3_unicode_ci NOT NULL DEFAULT 'right',
  `created_at` timestamp NULL DEFAULT NULL,
  `updated_at` timestamp NULL DEFAULT NULL
) ENGINE=InnoDB DEFAULT CHARSET=utf8mb3 COLLATE=utf8mb3_unicode_ci;

--
-- Dumping data for table `sliders`
--

INSERT INTO `sliders` (`id`, `title`, `title_color`, `sub_title`, `sub_title_color`, `description`, `description_color`, `alt_color`, `link`, `order`, `shop_id`, `text_position`, `created_at`, `updated_at`) VALUES
(1, NULL, '#333d48', NULL, '#333d48', NULL, '#868e8e', '#fed100', '/category/reiciendis-qui-voluptatem-numquam-quia-aliquid-laudantium-autem', 1, NULL, 'left', '2022-08-02 13:57:51', '2023-08-25 00:49:35'),
(2, NULL, '#333d48', NULL, '#333d48', NULL, '#868e8e', '#fecd00', '/category/architecto-consequatur-est-aut-ducimus-velit-nostrum', 2, NULL, 'right', '2022-08-02 13:57:51', '2023-03-29 04:10:56'),
(3, 'Shop in this <span>Monday</span>', '#333d48', 'Without span subtitle', '#333d48', 'Description with <span>span</span> and color', '#868e8e', '#fed300', '/category/et-aut-quae-et-quia-molestias-ratione', 3, NULL, 'left', '2022-08-02 13:57:51', '2023-03-29 04:10:22'),
(4, NULL, '#333d48', NULL, '#333d48', NULL, '#868e8e', '#fecb00', NULL, 4, NULL, 'right', '2022-08-02 13:57:51', '2023-03-29 04:12:02'),
(5, NULL, '#333333', NULL, '#b5b5b5', NULL, '#b5b5b5', '#fed600', NULL, 100, 1, 'right', '2023-08-24 05:29:25', '2023-08-24 05:29:25'),
(6, NULL, '#333333', NULL, '#b5b5b5', NULL, '#b5b5b5', '#fed600', NULL, 100, 1, 'right', '2023-08-24 05:29:41', '2023-08-24 05:29:41'),
(7, NULL, '#333333', NULL, '#b5b5b5', NULL, '#b5b5b5', '#fed600', NULL, 100, 1, 'right', '2023-08-24 05:29:52', '2023-08-24 05:29:52'),
(8, NULL, '#333333', NULL, '#b5b5b5', NULL, '#b5b5b5', '#fed600', NULL, 100, 2, 'right', '2023-08-24 05:40:54', '2023-08-24 05:40:54'),
(9, NULL, '#333333', NULL, '#b5b5b5', NULL, '#b5b5b5', '#fed600', NULL, 100, 2, 'right', '2023-08-24 05:41:06', '2023-08-24 05:41:06'),
(10, NULL, '#333333', NULL, '#b5b5b5', NULL, '#b5b5b5', '#fed600', NULL, 100, 2, 'right', '2023-08-24 05:41:21', '2023-08-24 05:41:21'),
(11, NULL, '#333333', NULL, '#b5b5b5', NULL, '#b5b5b5', '#fed600', NULL, 100, 3, 'right', '2023-08-24 05:54:55', '2023-08-24 05:54:55'),
(12, NULL, '#333333', NULL, '#b5b5b5', NULL, '#b5b5b5', '#fed600', NULL, 100, 3, 'right', '2023-08-24 05:55:12', '2023-08-24 05:55:12'),
(13, NULL, '#333333', NULL, '#b5b5b5', NULL, '#b5b5b5', '#fed600', NULL, 100, 3, 'right', '2023-08-24 05:55:30', '2023-08-24 05:55:30'),
(14, NULL, '#333333', NULL, '#b5b5b5', NULL, '#b5b5b5', '#fed600', NULL, 100, 5, 'right', '2023-08-24 06:51:28', '2023-08-24 06:51:28'),
(15, NULL, '#333333', NULL, '#b5b5b5', NULL, '#b5b5b5', '#fed600', NULL, 100, 5, 'right', '2023-08-24 06:51:44', '2023-08-24 06:51:44'),
(16, NULL, '#333333', NULL, '#b5b5b5', NULL, '#b5b5b5', '#fed600', NULL, 100, 5, 'right', '2023-08-24 06:51:57', '2023-08-24 06:51:57'),
(17, NULL, '#333333', NULL, '#b5b5b5', NULL, '#b5b5b5', '#fed600', NULL, 100, 4, 'right', '2023-08-24 07:03:06', '2023-08-24 07:03:06'),
(18, NULL, '#333333', NULL, '#b5b5b5', NULL, '#b5b5b5', '#fed600', NULL, 100, 4, 'right', '2023-08-24 07:03:19', '2023-08-24 07:03:19'),
(19, NULL, '#333333', NULL, '#b5b5b5', NULL, '#b5b5b5', '#fed600', NULL, 100, 4, 'right', '2023-08-24 07:03:29', '2023-08-24 07:03:29');

-- --------------------------------------------------------

--
-- Table structure for table `ssl_orders`
--

CREATE TABLE `ssl_orders` (
  `id` bigint UNSIGNED NOT NULL,
  `name` varchar(255) CHARACTER SET utf8mb3 COLLATE utf8mb3_unicode_ci DEFAULT NULL,
  `email` varchar(255) CHARACTER SET utf8mb3 COLLATE utf8mb3_unicode_ci DEFAULT NULL,
  `phone` varchar(255) CHARACTER SET utf8mb3 COLLATE utf8mb3_unicode_ci DEFAULT NULL,
  `amount` double DEFAULT NULL,
  `address` longtext CHARACTER SET utf8mb3 COLLATE utf8mb3_unicode_ci,
  `status` varchar(255) CHARACTER SET utf8mb3 COLLATE utf8mb3_unicode_ci DEFAULT NULL,
  `transaction_id` varchar(255) CHARACTER SET utf8mb3 COLLATE utf8mb3_unicode_ci DEFAULT NULL,
  `currency` varchar(255) CHARACTER SET utf8mb3 COLLATE utf8mb3_unicode_ci DEFAULT NULL,
  `created_at` timestamp NULL DEFAULT NULL,
  `updated_at` timestamp NULL DEFAULT NULL
) ENGINE=InnoDB DEFAULT CHARSET=utf8mb3 COLLATE=utf8mb3_unicode_ci;

-- --------------------------------------------------------

--
-- Table structure for table `states`
--

CREATE TABLE `states` (
  `id` int UNSIGNED NOT NULL,
  `country_id` int UNSIGNED NOT NULL,
  `iso_code` varchar(255) CHARACTER SET utf8mb3 COLLATE utf8mb3_unicode_ci NOT NULL,
  `iso_numeric` varchar(255) CHARACTER SET utf8mb3 COLLATE utf8mb3_unicode_ci DEFAULT NULL,
  `name` varchar(255) CHARACTER SET utf8mb3 COLLATE utf8mb3_unicode_ci DEFAULT NULL,
  `calling_code` varchar(5) CHARACTER SET utf8mb3 COLLATE utf8mb3_unicode_ci DEFAULT NULL,
  `active` tinyint(1) DEFAULT '1',
  `created_at` timestamp NULL DEFAULT NULL,
  `updated_at` timestamp NULL DEFAULT NULL
) ENGINE=InnoDB DEFAULT CHARSET=utf8mb3 COLLATE=utf8mb3_unicode_ci;

--
-- Dumping data for table `states`
--

INSERT INTO `states` (`id`, `country_id`, `iso_code`, `iso_numeric`, `name`, `calling_code`, `active`, `created_at`, `updated_at`) VALUES
(1, 784, 'AZ', NULL, 'Abū Ȥaby[Abu Dhabi]', NULL, 1, '2022-08-02 13:57:41', '2022-08-02 13:57:41'),
(2, 784, 'AJ', NULL, 'Ajman', NULL, 1, '2022-08-02 13:57:41', '2022-08-02 13:57:41'),
(3, 784, 'FU', NULL, 'Al Fujayrah', NULL, 1, '2022-08-02 13:57:41', '2022-08-02 13:57:41'),
(4, 784, 'SH', NULL, 'Ash ShÄriqah [Sharjah]', NULL, 1, '2022-08-02 13:57:41', '2022-08-02 13:57:41'),
(5, 784, 'DU', NULL, 'Dubayy [Dubai]', NULL, 1, '2022-08-02 13:57:41', '2022-08-02 13:57:41'),
(6, 784, 'RK', NULL, 'RÄ\'s al Khaymah', NULL, 1, '2022-08-02 13:57:41', '2022-08-02 13:57:41'),
(7, 784, 'UQ', NULL, 'Umm al Qaywayn', NULL, 1, '2022-08-02 13:57:41', '2022-08-02 13:57:41'),
(8, 51, 'AG', NULL, 'Aragaçotn', NULL, 1, '2022-08-02 13:57:41', '2022-08-02 13:57:41'),
(9, 51, 'AR', NULL, 'Ararat', NULL, 1, '2022-08-02 13:57:41', '2022-08-02 13:57:41'),
(10, 51, 'AV', NULL, 'Armavir', NULL, 1, '2022-08-02 13:57:41', '2022-08-02 13:57:41'),
(11, 51, 'ER', NULL, 'Erevan', NULL, 1, '2022-08-02 13:57:41', '2022-08-02 13:57:41'),
(12, 51, 'GR', NULL, 'Geġark\'unik\'', NULL, 1, '2022-08-02 13:57:41', '2022-08-02 13:57:41'),
(13, 51, 'KT', NULL, 'Kotayk\'', NULL, 1, '2022-08-02 13:57:41', '2022-08-02 13:57:41'),
(14, 51, 'LO', NULL, 'Loṙy', NULL, 1, '2022-08-02 13:57:41', '2022-08-02 13:57:41'),
(15, 51, 'SU', NULL, 'Syunik\'', NULL, 1, '2022-08-02 13:57:41', '2022-08-02 13:57:41'),
(16, 51, 'TV', NULL, 'Tavuš', NULL, 1, '2022-08-02 13:57:41', '2022-08-02 13:57:41'),
(17, 51, 'VD', NULL, 'Vayoć Jor', NULL, 1, '2022-08-02 13:57:41', '2022-08-02 13:57:41'),
(18, 51, 'SH', NULL, 'Å irak', NULL, 1, '2022-08-02 13:57:41', '2022-08-02 13:57:41'),
(19, 32, 'B', NULL, 'Buenos Aires', NULL, 1, '2022-08-02 13:57:41', '2022-08-02 13:57:41'),
(20, 32, 'K', NULL, 'Catamarca ', NULL, 1, '2022-08-02 13:57:41', '2022-08-02 13:57:41'),
(21, 32, 'H', NULL, 'Chaco ', NULL, 1, '2022-08-02 13:57:41', '2022-08-02 13:57:41'),
(22, 32, 'U', NULL, 'Chubut', NULL, 1, '2022-08-02 13:57:41', '2022-08-02 13:57:41'),
(23, 32, 'C', NULL, 'Ciudad Autónoma de Buenos Aires', NULL, 1, '2022-08-02 13:57:41', '2022-08-02 13:57:41'),
(24, 32, 'W', NULL, 'Corrientes', NULL, 1, '2022-08-02 13:57:41', '2022-08-02 13:57:41'),
(25, 32, 'X', NULL, 'Córdoba ', NULL, 1, '2022-08-02 13:57:41', '2022-08-02 13:57:41'),
(26, 32, 'E', NULL, 'Entre Ríos', NULL, 1, '2022-08-02 13:57:41', '2022-08-02 13:57:41'),
(27, 32, 'P', NULL, 'Formosa ', NULL, 1, '2022-08-02 13:57:41', '2022-08-02 13:57:41'),
(28, 32, 'Y', NULL, 'Jujuy ', NULL, 1, '2022-08-02 13:57:41', '2022-08-02 13:57:41'),
(29, 32, 'L', NULL, 'La Pampa', NULL, 1, '2022-08-02 13:57:41', '2022-08-02 13:57:41'),
(30, 32, 'F', NULL, 'La Rioja', NULL, 1, '2022-08-02 13:57:41', '2022-08-02 13:57:41'),
(31, 32, 'M', NULL, 'Mendoza ', NULL, 1, '2022-08-02 13:57:41', '2022-08-02 13:57:41'),
(32, 32, 'N', NULL, 'Misiones', NULL, 1, '2022-08-02 13:57:41', '2022-08-02 13:57:41'),
(33, 32, 'Q', NULL, 'Neuquén ', NULL, 1, '2022-08-02 13:57:41', '2022-08-02 13:57:41'),
(34, 32, 'R', NULL, 'Río Negro ', NULL, 1, '2022-08-02 13:57:41', '2022-08-02 13:57:41'),
(35, 32, 'A', NULL, 'Salta ', NULL, 1, '2022-08-02 13:57:41', '2022-08-02 13:57:41'),
(36, 32, 'J', NULL, 'San Juan', NULL, 1, '2022-08-02 13:57:41', '2022-08-02 13:57:41'),
(37, 32, 'D', NULL, 'San Luis', NULL, 1, '2022-08-02 13:57:41', '2022-08-02 13:57:41'),
(38, 32, 'Z', NULL, 'Santa Cruz', NULL, 1, '2022-08-02 13:57:41', '2022-08-02 13:57:41'),
(39, 32, 'S', NULL, 'Santa Fe', NULL, 1, '2022-08-02 13:57:41', '2022-08-02 13:57:41'),
(40, 32, 'G', NULL, 'Santiago del Estero ', NULL, 1, '2022-08-02 13:57:41', '2022-08-02 13:57:41'),
(41, 32, 'V', NULL, 'Tierra del Fuego', NULL, 1, '2022-08-02 13:57:41', '2022-08-02 13:57:41'),
(42, 32, 'T', NULL, 'Tucumán ', NULL, 1, '2022-08-02 13:57:41', '2022-08-02 13:57:41'),
(43, 40, '1', NULL, 'Burgenland', NULL, 1, '2022-08-02 13:57:41', '2022-08-02 13:57:41'),
(44, 40, '2', NULL, 'Kärnten', NULL, 1, '2022-08-02 13:57:41', '2022-08-02 13:57:41'),
(45, 40, '3', NULL, 'Niederösterreich', NULL, 1, '2022-08-02 13:57:41', '2022-08-02 13:57:41'),
(46, 40, '4', NULL, 'Oberösterreich', NULL, 1, '2022-08-02 13:57:41', '2022-08-02 13:57:41'),
(47, 40, '5', NULL, 'Salzburg', NULL, 1, '2022-08-02 13:57:41', '2022-08-02 13:57:41'),
(48, 40, '6', NULL, 'Steiermark', NULL, 1, '2022-08-02 13:57:41', '2022-08-02 13:57:41'),
(49, 40, '7', NULL, 'Tirol', NULL, 1, '2022-08-02 13:57:41', '2022-08-02 13:57:41'),
(50, 40, '8', NULL, 'Vorarlberg', NULL, 1, '2022-08-02 13:57:41', '2022-08-02 13:57:41'),
(51, 40, '9', NULL, 'Wien', NULL, 1, '2022-08-02 13:57:41', '2022-08-02 13:57:41'),
(52, 36, 'ACT', NULL, 'Australian Capital Territory', NULL, 1, '2022-08-02 13:57:41', '2022-08-02 13:57:41'),
(53, 36, 'CX', NULL, 'Christmas Island', NULL, 1, '2022-08-02 13:57:41', '2022-08-02 13:57:41'),
(54, 36, 'CC', NULL, 'Cocos Islands', NULL, 1, '2022-08-02 13:57:41', '2022-08-02 13:57:41'),
(55, 36, 'HM', NULL, 'Heard Island and McDonald Islands', NULL, 1, '2022-08-02 13:57:41', '2022-08-02 13:57:41'),
(56, 36, 'NSW', NULL, 'New South Wales', NULL, 1, '2022-08-02 13:57:41', '2022-08-02 13:57:41'),
(57, 36, 'NF', NULL, 'Norfolk Island', NULL, 1, '2022-08-02 13:57:41', '2022-08-02 13:57:41'),
(58, 36, 'NT', NULL, 'Northern Territory', NULL, 1, '2022-08-02 13:57:41', '2022-08-02 13:57:41'),
(59, 36, 'QLD', NULL, 'Queensland', NULL, 1, '2022-08-02 13:57:41', '2022-08-02 13:57:41'),
(60, 36, 'SA', NULL, 'South Australia', NULL, 1, '2022-08-02 13:57:41', '2022-08-02 13:57:41'),
(61, 36, 'TAS', NULL, 'Tasmania', NULL, 1, '2022-08-02 13:57:41', '2022-08-02 13:57:41'),
(62, 36, 'VIC', NULL, 'Victoria', NULL, 1, '2022-08-02 13:57:41', '2022-08-02 13:57:41'),
(63, 36, 'WA', NULL, 'Western Australia', NULL, 1, '2022-08-02 13:57:41', '2022-08-02 13:57:41'),
(64, 50, 'A', NULL, 'Barisal', NULL, 1, '2022-08-02 13:57:41', '2022-08-02 13:57:41'),
(65, 50, 'B', NULL, 'Chittagong', NULL, 1, '2022-08-02 13:57:41', '2022-08-02 13:57:41'),
(66, 50, 'C', NULL, 'Dhaka', NULL, 1, '2022-08-02 13:57:41', '2022-08-02 13:57:41'),
(67, 50, 'D', NULL, 'Khulna', NULL, 1, '2022-08-02 13:57:41', '2022-08-02 13:57:41'),
(68, 50, 'H', NULL, 'Mymensingh', NULL, 1, '2022-08-02 13:57:41', '2022-08-02 13:57:41'),
(69, 50, 'E', NULL, 'Rajshahi', NULL, 1, '2022-08-02 13:57:41', '2022-08-02 13:57:41'),
(70, 50, 'F', NULL, 'Rangpur', NULL, 1, '2022-08-02 13:57:41', '2022-08-02 13:57:41'),
(71, 50, 'G', NULL, 'Sylhet', NULL, 1, '2022-08-02 13:57:41', '2022-08-02 13:57:41'),
(72, 56, 'VAN', NULL, 'Antwerpen', NULL, 1, '2022-08-02 13:57:41', '2022-08-02 13:57:41'),
(73, 56, 'WBR', NULL, 'Brabant wallon', NULL, 1, '2022-08-02 13:57:41', '2022-08-02 13:57:41'),
(74, 56, 'WHT', NULL, 'Hainaut', NULL, 1, '2022-08-02 13:57:41', '2022-08-02 13:57:41'),
(75, 56, 'VLI', NULL, 'Limburg', NULL, 1, '2022-08-02 13:57:41', '2022-08-02 13:57:41'),
(76, 56, 'WLG', NULL, 'Luik', NULL, 1, '2022-08-02 13:57:41', '2022-08-02 13:57:41'),
(77, 56, 'WLX', NULL, 'Luxemburg', NULL, 1, '2022-08-02 13:57:41', '2022-08-02 13:57:41'),
(78, 56, 'WNA', NULL, 'Namur', NULL, 1, '2022-08-02 13:57:41', '2022-08-02 13:57:41'),
(79, 56, 'VOV', NULL, 'Oost-Vlaanderen', NULL, 1, '2022-08-02 13:57:41', '2022-08-02 13:57:41'),
(80, 56, 'VBR', NULL, 'Vlaams-Brabant', NULL, 1, '2022-08-02 13:57:41', '2022-08-02 13:57:41'),
(81, 56, 'VWV', NULL, 'West-Vlaanderen', NULL, 1, '2022-08-02 13:57:41', '2022-08-02 13:57:41'),
(82, 48, '14', NULL, 'Al Janūbīyah', NULL, 1, '2022-08-02 13:57:41', '2022-08-02 13:57:41'),
(83, 48, '13', NULL, 'Al ManÄmah', NULL, 1, '2022-08-02 13:57:41', '2022-08-02 13:57:41'),
(84, 48, '15', NULL, 'Al Muḩarraq', NULL, 1, '2022-08-02 13:57:41', '2022-08-02 13:57:41'),
(85, 48, '16', NULL, 'Al Wusţá', NULL, 1, '2022-08-02 13:57:41', '2022-08-02 13:57:41'),
(86, 48, '17', NULL, 'Ash ShamÄlīyah ', NULL, 1, '2022-08-02 13:57:41', '2022-08-02 13:57:41'),
(87, 204, 'AL', NULL, 'Alibori', NULL, 1, '2022-08-02 13:57:41', '2022-08-02 13:57:41'),
(88, 204, 'AK', NULL, 'Atakora', NULL, 1, '2022-08-02 13:57:41', '2022-08-02 13:57:41'),
(89, 204, 'AQ', NULL, 'Atlantique', NULL, 1, '2022-08-02 13:57:41', '2022-08-02 13:57:41'),
(90, 204, 'BO', NULL, 'Borgou', NULL, 1, '2022-08-02 13:57:41', '2022-08-02 13:57:41'),
(91, 204, 'CO', NULL, 'Collines', NULL, 1, '2022-08-02 13:57:41', '2022-08-02 13:57:41'),
(92, 204, 'DO', NULL, 'Donga', NULL, 1, '2022-08-02 13:57:41', '2022-08-02 13:57:41'),
(93, 204, 'KO', NULL, 'Kouffo', NULL, 1, '2022-08-02 13:57:41', '2022-08-02 13:57:41'),
(94, 204, 'LI', NULL, 'Littoral', NULL, 1, '2022-08-02 13:57:41', '2022-08-02 13:57:41'),
(95, 204, 'MO', NULL, 'Mono', NULL, 1, '2022-08-02 13:57:41', '2022-08-02 13:57:41'),
(96, 204, 'OU', NULL, 'Ouémé', NULL, 1, '2022-08-02 13:57:41', '2022-08-02 13:57:41'),
(97, 204, 'PL', NULL, 'Plateau', NULL, 1, '2022-08-02 13:57:41', '2022-08-02 13:57:41'),
(98, 204, 'ZO', NULL, 'Zou', NULL, 1, '2022-08-02 13:57:41', '2022-08-02 13:57:41'),
(99, 68, 'H', NULL, 'Chuquisaca', NULL, 1, '2022-08-02 13:57:41', '2022-08-02 13:57:41'),
(100, 68, 'C', NULL, 'Cochabamba', NULL, 1, '2022-08-02 13:57:41', '2022-08-02 13:57:41'),
(101, 68, 'B', NULL, 'El Beni', NULL, 1, '2022-08-02 13:57:41', '2022-08-02 13:57:41'),
(102, 68, 'L', NULL, 'La Paz', NULL, 1, '2022-08-02 13:57:41', '2022-08-02 13:57:41'),
(103, 68, 'O', NULL, 'Oruro', NULL, 1, '2022-08-02 13:57:41', '2022-08-02 13:57:41'),
(104, 68, 'N', NULL, 'Pando', NULL, 1, '2022-08-02 13:57:41', '2022-08-02 13:57:41'),
(105, 68, 'P', NULL, 'Potosí', NULL, 1, '2022-08-02 13:57:41', '2022-08-02 13:57:41'),
(106, 68, 'S', NULL, 'Santa Cruz', NULL, 1, '2022-08-02 13:57:41', '2022-08-02 13:57:41'),
(107, 68, 'T', NULL, 'Tarija', NULL, 1, '2022-08-02 13:57:41', '2022-08-02 13:57:41'),
(108, 76, 'AC', NULL, 'Acre', NULL, 1, '2022-08-02 13:57:41', '2022-08-02 13:57:41'),
(109, 76, 'AL', NULL, 'Alagoas', NULL, 1, '2022-08-02 13:57:41', '2022-08-02 13:57:41'),
(110, 76, 'AP', NULL, 'Amapá', NULL, 1, '2022-08-02 13:57:41', '2022-08-02 13:57:41'),
(111, 76, 'AM', NULL, 'Amazonas', NULL, 1, '2022-08-02 13:57:41', '2022-08-02 13:57:41'),
(112, 76, 'BA', NULL, 'Bahia', NULL, 1, '2022-08-02 13:57:41', '2022-08-02 13:57:41'),
(113, 76, 'CE', NULL, 'Ceará', NULL, 1, '2022-08-02 13:57:41', '2022-08-02 13:57:41'),
(114, 76, 'DF', NULL, 'Distrito Federal', NULL, 1, '2022-08-02 13:57:41', '2022-08-02 13:57:41'),
(115, 76, 'ES', NULL, 'Espírito Santo', NULL, 1, '2022-08-02 13:57:41', '2022-08-02 13:57:41'),
(116, 76, 'GO', NULL, 'Goiás', NULL, 1, '2022-08-02 13:57:41', '2022-08-02 13:57:41'),
(117, 76, 'MA', NULL, 'Maranhão', NULL, 1, '2022-08-02 13:57:41', '2022-08-02 13:57:41'),
(118, 76, 'MT', NULL, 'Mato Grosso', NULL, 1, '2022-08-02 13:57:41', '2022-08-02 13:57:41'),
(119, 76, 'MS', NULL, 'Mato Grosso do Sul', NULL, 1, '2022-08-02 13:57:41', '2022-08-02 13:57:41'),
(120, 76, 'MG', NULL, 'Minas Gerais', NULL, 1, '2022-08-02 13:57:41', '2022-08-02 13:57:41'),
(121, 76, 'PR', NULL, 'Paraná', NULL, 1, '2022-08-02 13:57:41', '2022-08-02 13:57:41'),
(122, 76, 'PB', NULL, 'Paraíba', NULL, 1, '2022-08-02 13:57:41', '2022-08-02 13:57:41'),
(123, 76, 'PA', NULL, 'Pará', NULL, 1, '2022-08-02 13:57:41', '2022-08-02 13:57:41'),
(124, 76, 'PE', NULL, 'Pernambuco', NULL, 1, '2022-08-02 13:57:41', '2022-08-02 13:57:41'),
(125, 76, 'PI', NULL, 'Piauí', NULL, 1, '2022-08-02 13:57:41', '2022-08-02 13:57:41'),
(126, 76, 'RN', NULL, 'Rio Grande do Norte', NULL, 1, '2022-08-02 13:57:41', '2022-08-02 13:57:41'),
(127, 76, 'RS', NULL, 'Rio Grande do Sul', NULL, 1, '2022-08-02 13:57:41', '2022-08-02 13:57:41'),
(128, 76, 'RJ', NULL, 'Rio de Janeiro', NULL, 1, '2022-08-02 13:57:41', '2022-08-02 13:57:41'),
(129, 76, 'RO', NULL, 'Rondônia', NULL, 1, '2022-08-02 13:57:41', '2022-08-02 13:57:41'),
(130, 76, 'RR', NULL, 'Roraima', NULL, 1, '2022-08-02 13:57:41', '2022-08-02 13:57:41'),
(131, 76, 'SC', NULL, 'Santa Catarina', NULL, 1, '2022-08-02 13:57:41', '2022-08-02 13:57:41'),
(132, 76, 'SE', NULL, 'Sergipe', NULL, 1, '2022-08-02 13:57:41', '2022-08-02 13:57:41'),
(133, 76, 'SP', NULL, 'São Paulo', NULL, 1, '2022-08-02 13:57:41', '2022-08-02 13:57:41'),
(134, 76, 'TO', NULL, 'Tocantins', NULL, 1, '2022-08-02 13:57:41', '2022-08-02 13:57:41'),
(135, 124, 'AB', NULL, 'Alberta', NULL, 1, '2022-08-02 13:57:41', '2022-08-02 13:57:41'),
(136, 124, 'BC', NULL, 'British Columbia', NULL, 1, '2022-08-02 13:57:41', '2022-08-02 13:57:41'),
(137, 124, 'MB', NULL, 'Manitoba', NULL, 1, '2022-08-02 13:57:41', '2022-08-02 13:57:41'),
(138, 124, 'NB', NULL, 'New Brunswick', NULL, 1, '2022-08-02 13:57:41', '2022-08-02 13:57:41'),
(139, 124, 'NL', NULL, 'Newfoundland and Labrador', NULL, 1, '2022-08-02 13:57:41', '2022-08-02 13:57:41'),
(140, 124, 'NT', NULL, 'Northwest Territories', NULL, 1, '2022-08-02 13:57:41', '2022-08-02 13:57:41'),
(141, 124, 'NS', NULL, 'Nova Scotia', NULL, 1, '2022-08-02 13:57:41', '2022-08-02 13:57:41'),
(142, 124, 'NU', NULL, 'Nunavut', NULL, 1, '2022-08-02 13:57:41', '2022-08-02 13:57:41'),
(143, 124, 'ON', NULL, 'Ontario', NULL, 1, '2022-08-02 13:57:41', '2022-08-02 13:57:41'),
(144, 124, 'PE', NULL, 'Prince Edward Island', NULL, 1, '2022-08-02 13:57:41', '2022-08-02 13:57:41'),
(145, 124, 'QC', NULL, 'Quebec', NULL, 1, '2022-08-02 13:57:41', '2022-08-02 13:57:41'),
(146, 124, 'SK', NULL, 'Saskatchewan', NULL, 1, '2022-08-02 13:57:41', '2022-08-02 13:57:41'),
(147, 124, 'YT', NULL, 'Yukon', NULL, 1, '2022-08-02 13:57:41', '2022-08-02 13:57:41'),
(148, 152, 'AI', NULL, 'Aisén del General Carlos Ibáñez del Campo', NULL, 1, '2022-08-02 13:57:41', '2022-08-02 13:57:41'),
(149, 152, 'AN', NULL, 'Antofagasta', NULL, 1, '2022-08-02 13:57:41', '2022-08-02 13:57:41'),
(150, 152, 'AR', NULL, 'Araucanía', NULL, 1, '2022-08-02 13:57:41', '2022-08-02 13:57:41'),
(151, 152, 'AP', NULL, 'Arica y Parinacota', NULL, 1, '2022-08-02 13:57:41', '2022-08-02 13:57:41'),
(152, 152, 'AT', NULL, 'Atacama', NULL, 1, '2022-08-02 13:57:41', '2022-08-02 13:57:41'),
(153, 152, 'BI', NULL, 'Bío-Bío', NULL, 1, '2022-08-02 13:57:41', '2022-08-02 13:57:41'),
(154, 152, 'CO', NULL, 'Coquimbo', NULL, 1, '2022-08-02 13:57:41', '2022-08-02 13:57:41'),
(155, 152, 'LI', NULL, 'Libertador General Bernardo O\'Higgins', NULL, 1, '2022-08-02 13:57:41', '2022-08-02 13:57:41'),
(156, 152, 'LL', NULL, 'Los Lagos', NULL, 1, '2022-08-02 13:57:41', '2022-08-02 13:57:41'),
(157, 152, 'LR', NULL, 'Los Ríos', NULL, 1, '2022-08-02 13:57:41', '2022-08-02 13:57:41'),
(158, 152, 'MA', NULL, 'Magallanes', NULL, 1, '2022-08-02 13:57:41', '2022-08-02 13:57:41'),
(159, 152, 'ML', NULL, 'Maule', NULL, 1, '2022-08-02 13:57:41', '2022-08-02 13:57:41'),
(160, 152, 'RM', NULL, 'Región Metropolitana de Santiago', NULL, 1, '2022-08-02 13:57:41', '2022-08-02 13:57:41'),
(161, 152, 'TA', NULL, 'Tarapacá', NULL, 1, '2022-08-02 13:57:41', '2022-08-02 13:57:41'),
(162, 152, 'VS', NULL, 'Valparaíso', NULL, 1, '2022-08-02 13:57:41', '2022-08-02 13:57:41'),
(163, 120, 'AD', NULL, 'Adamaoua', NULL, 1, '2022-08-02 13:57:41', '2022-08-02 13:57:41'),
(164, 120, 'CE', NULL, 'Centre', NULL, 1, '2022-08-02 13:57:41', '2022-08-02 13:57:41'),
(165, 120, 'ES', NULL, 'East', NULL, 1, '2022-08-02 13:57:41', '2022-08-02 13:57:41'),
(166, 120, 'EN', NULL, 'Far North', NULL, 1, '2022-08-02 13:57:41', '2022-08-02 13:57:41'),
(167, 120, 'LT', NULL, 'Littoral', NULL, 1, '2022-08-02 13:57:41', '2022-08-02 13:57:41'),
(168, 120, 'NO', NULL, 'North', NULL, 1, '2022-08-02 13:57:41', '2022-08-02 13:57:41'),
(169, 120, 'NW', NULL, 'North-West', NULL, 1, '2022-08-02 13:57:41', '2022-08-02 13:57:41'),
(170, 120, 'SU', NULL, 'South', NULL, 1, '2022-08-02 13:57:41', '2022-08-02 13:57:41'),
(171, 120, 'SW', NULL, 'South-West', NULL, 1, '2022-08-02 13:57:41', '2022-08-02 13:57:41'),
(172, 120, 'OU', NULL, 'West', NULL, 1, '2022-08-02 13:57:41', '2022-08-02 13:57:41'),
(173, 156, '沪', NULL, '上海', NULL, 1, '2022-08-02 13:57:41', '2022-08-02 13:57:41'),
(174, 156, '滇', NULL, '云å—', NULL, 1, '2022-08-02 13:57:41', '2022-08-02 13:57:41'),
(175, 156, '蒙', NULL, '内蒙å¤', NULL, 1, '2022-08-02 13:57:41', '2022-08-02 13:57:41'),
(176, 156, '京', NULL, '北京', NULL, 1, '2022-08-02 13:57:41', '2022-08-02 13:57:41'),
(177, 156, 'å°', NULL, 'å°湾', NULL, 1, '2022-08-02 13:57:41', '2022-08-02 13:57:41'),
(178, 156, 'å‰', NULL, 'å‰林', NULL, 1, '2022-08-02 13:57:41', '2022-08-02 13:57:41'),
(179, 156, 'å·', NULL, '四å·', NULL, 1, '2022-08-02 13:57:41', '2022-08-02 13:57:41'),
(180, 156, '津', NULL, '天津', NULL, 1, '2022-08-02 13:57:41', '2022-08-02 13:57:41'),
(181, 156, 'å®', NULL, 'å®å¤', NULL, 1, '2022-08-02 13:57:41', '2022-08-02 13:57:41'),
(182, 156, '皖', NULL, '安徽', NULL, 1, '2022-08-02 13:57:41', '2022-08-02 13:57:41'),
(183, 156, 'é²', NULL, '山东', NULL, 1, '2022-08-02 13:57:41', '2022-08-02 13:57:41'),
(184, 156, '晋', NULL, '山西', NULL, 1, '2022-08-02 13:57:41', '2022-08-02 13:57:41'),
(185, 156, '粤', NULL, '广东', NULL, 1, '2022-08-02 13:57:41', '2022-08-02 13:57:41'),
(186, 156, '桂', NULL, '广西', NULL, 1, '2022-08-02 13:57:41', '2022-08-02 13:57:41'),
(187, 156, '新', NULL, '新疆', NULL, 1, '2022-08-02 13:57:41', '2022-08-02 13:57:41'),
(188, 156, 'è‹', NULL, '江è‹', NULL, 1, '2022-08-02 13:57:41', '2022-08-02 13:57:41'),
(189, 156, '赣', NULL, '江西', NULL, 1, '2022-08-02 13:57:41', '2022-08-02 13:57:41'),
(190, 156, '冀', NULL, '河北', NULL, 1, '2022-08-02 13:57:41', '2022-08-02 13:57:41'),
(191, 156, '豫', NULL, '河å—', NULL, 1, '2022-08-02 13:57:41', '2022-08-02 13:57:41'),
(192, 156, '浙', NULL, '浙江', NULL, 1, '2022-08-02 13:57:41', '2022-08-02 13:57:41'),
(193, 156, 'ç¼', NULL, '海å—', NULL, 1, '2022-08-02 13:57:41', '2022-08-02 13:57:41'),
(194, 156, '鄂', NULL, '湖北', NULL, 1, '2022-08-02 13:57:41', '2022-08-02 13:57:41'),
(195, 156, '湘', NULL, '湖å—', NULL, 1, '2022-08-02 13:57:41', '2022-08-02 13:57:41'),
(196, 156, '澳', NULL, '澳门', NULL, 1, '2022-08-02 13:57:41', '2022-08-02 13:57:41'),
(197, 156, '甘', NULL, '甘肃', NULL, 1, '2022-08-02 13:57:41', '2022-08-02 13:57:41'),
(198, 156, '闽', NULL, 'ç¦建', NULL, 1, '2022-08-02 13:57:41', '2022-08-02 13:57:41'),
(199, 156, 'è—', NULL, '西è—', NULL, 1, '2022-08-02 13:57:41', '2022-08-02 13:57:41'),
(200, 156, '黔', NULL, '贵州', NULL, 1, '2022-08-02 13:57:41', '2022-08-02 13:57:41'),
(201, 156, '辽', NULL, '辽å®', NULL, 1, '2022-08-02 13:57:41', '2022-08-02 13:57:41'),
(202, 156, 'æ¸', NULL, 'é‡庆', NULL, 1, '2022-08-02 13:57:41', '2022-08-02 13:57:41'),
(203, 156, '陕', NULL, '陕西', NULL, 1, '2022-08-02 13:57:41', '2022-08-02 13:57:41'),
(204, 156, 'é’', NULL, 'é’海', NULL, 1, '2022-08-02 13:57:41', '2022-08-02 13:57:41'),
(205, 156, '港', NULL, '香港', NULL, 1, '2022-08-02 13:57:41', '2022-08-02 13:57:41'),
(206, 156, '黑', NULL, '黑龙江', NULL, 1, '2022-08-02 13:57:41', '2022-08-02 13:57:41'),
(207, 188, 'A', NULL, 'Alajuela Province', NULL, 1, '2022-08-02 13:57:41', '2022-08-02 13:57:41'),
(208, 188, 'C', NULL, 'Cartago Province', NULL, 1, '2022-08-02 13:57:41', '2022-08-02 13:57:41'),
(209, 188, 'G', NULL, 'Guanacaste Province', NULL, 1, '2022-08-02 13:57:41', '2022-08-02 13:57:41'),
(210, 188, 'H', NULL, 'Heredia Province', NULL, 1, '2022-08-02 13:57:41', '2022-08-02 13:57:41'),
(211, 188, 'L', NULL, 'Limón Province', NULL, 1, '2022-08-02 13:57:41', '2022-08-02 13:57:41'),
(212, 188, 'P', NULL, 'Puntarenas Province', NULL, 1, '2022-08-02 13:57:41', '2022-08-02 13:57:41'),
(213, 188, 'SJ', NULL, 'San José', NULL, 1, '2022-08-02 13:57:41', '2022-08-02 13:57:41'),
(214, 276, 'BW', NULL, 'Baden-Württemberg', NULL, 1, '2022-08-02 13:57:41', '2022-08-02 13:57:41'),
(215, 276, 'BY', NULL, 'Bayern', NULL, 1, '2022-08-02 13:57:41', '2022-08-02 13:57:41'),
(216, 276, 'BE', NULL, 'Berlin', NULL, 1, '2022-08-02 13:57:41', '2022-08-02 13:57:41'),
(217, 276, 'BB', NULL, 'Brandenburg', NULL, 1, '2022-08-02 13:57:41', '2022-08-02 13:57:41'),
(218, 276, 'HB', NULL, 'Bremen', NULL, 1, '2022-08-02 13:57:41', '2022-08-02 13:57:41'),
(219, 276, 'HH', NULL, 'Hamburg', NULL, 1, '2022-08-02 13:57:41', '2022-08-02 13:57:41'),
(220, 276, 'HE', NULL, 'Hessen', NULL, 1, '2022-08-02 13:57:41', '2022-08-02 13:57:41'),
(221, 276, 'MV', NULL, 'Mecklenburg-Vorpommern', NULL, 1, '2022-08-02 13:57:41', '2022-08-02 13:57:41'),
(222, 276, 'NI', NULL, 'Niedersachsen', NULL, 1, '2022-08-02 13:57:41', '2022-08-02 13:57:41'),
(223, 276, 'NW', NULL, 'Nordrhein-Westfalen', NULL, 1, '2022-08-02 13:57:41', '2022-08-02 13:57:41'),
(224, 276, 'RP', NULL, 'Rheinland-Pfalz', NULL, 1, '2022-08-02 13:57:41', '2022-08-02 13:57:41'),
(225, 276, 'SL', NULL, 'Saarland', NULL, 1, '2022-08-02 13:57:41', '2022-08-02 13:57:41'),
(226, 276, 'SN', NULL, 'Sachsen', NULL, 1, '2022-08-02 13:57:41', '2022-08-02 13:57:41'),
(227, 276, 'ST', NULL, 'Sachsen-Anhalt', NULL, 1, '2022-08-02 13:57:41', '2022-08-02 13:57:41'),
(228, 276, 'SH', NULL, 'Schleswig-Holstein', NULL, 1, '2022-08-02 13:57:41', '2022-08-02 13:57:41'),
(229, 276, 'TH', NULL, 'Thüringen', NULL, 1, '2022-08-02 13:57:41', '2022-08-02 13:57:41'),
(230, 208, '84', NULL, 'Hovedstaden', NULL, 1, '2022-08-02 13:57:41', '2022-08-02 13:57:41'),
(231, 208, '82', NULL, 'Midtjylland', NULL, 1, '2022-08-02 13:57:41', '2022-08-02 13:57:41'),
(232, 208, '81', NULL, 'Nordjylland', NULL, 1, '2022-08-02 13:57:41', '2022-08-02 13:57:41'),
(233, 208, '85', NULL, 'Sjælland', NULL, 1, '2022-08-02 13:57:41', '2022-08-02 13:57:41'),
(234, 208, '83', NULL, 'Syddanmark', NULL, 1, '2022-08-02 13:57:41', '2022-08-02 13:57:41'),
(235, 818, 'DK', NULL, 'Ad Daqahlīyah', NULL, 1, '2022-08-02 13:57:41', '2022-08-02 13:57:41'),
(236, 818, 'BA', NULL, 'Al Baḩr al Aḩmar', NULL, 1, '2022-08-02 13:57:41', '2022-08-02 13:57:41'),
(237, 818, 'BH', NULL, 'Al Buḩayrah', NULL, 1, '2022-08-02 13:57:41', '2022-08-02 13:57:41'),
(238, 818, 'FYM', NULL, 'Al Fayyūm', NULL, 1, '2022-08-02 13:57:41', '2022-08-02 13:57:41'),
(239, 818, 'GH', NULL, 'Al Gharbīyah', NULL, 1, '2022-08-02 13:57:41', '2022-08-02 13:57:41'),
(240, 818, 'ALX', NULL, 'Al Iskandarīyah', NULL, 1, '2022-08-02 13:57:41', '2022-08-02 13:57:41'),
(241, 818, 'IS', NULL, 'Al IsmÄ\'īlīyah', NULL, 1, '2022-08-02 13:57:41', '2022-08-02 13:57:41'),
(242, 818, 'GZ', NULL, 'Al Jīzah', NULL, 1, '2022-08-02 13:57:41', '2022-08-02 13:57:41'),
(243, 818, 'MN', NULL, 'Al MinyÄ', NULL, 1, '2022-08-02 13:57:41', '2022-08-02 13:57:41'),
(244, 818, 'MNF', NULL, 'Al Minūfīyah', NULL, 1, '2022-08-02 13:57:41', '2022-08-02 13:57:41'),
(245, 818, 'KB', NULL, 'Al Qalyūbīyah', NULL, 1, '2022-08-02 13:57:41', '2022-08-02 13:57:41'),
(246, 818, 'C', NULL, 'Al QÄhirah', NULL, 1, '2022-08-02 13:57:41', '2022-08-02 13:57:41'),
(247, 818, 'LX', NULL, 'Al Uqşur', NULL, 1, '2022-08-02 13:57:41', '2022-08-02 13:57:41'),
(248, 818, 'WAD', NULL, 'Al WÄdī al Jadīd', NULL, 1, '2022-08-02 13:57:41', '2022-08-02 13:57:41'),
(249, 818, 'SUZ ', NULL, 'As Suways', NULL, 1, '2022-08-02 13:57:41', '2022-08-02 13:57:41'),
(250, 818, 'SU', NULL, 'As SÄdis min Uktūbar', NULL, 1, '2022-08-02 13:57:41', '2022-08-02 13:57:41'),
(251, 818, 'SHR', NULL, 'Ash Sharqīyah', NULL, 1, '2022-08-02 13:57:41', '2022-08-02 13:57:41'),
(252, 818, 'ASN', NULL, 'AswÄn', NULL, 1, '2022-08-02 13:57:41', '2022-08-02 13:57:41'),
(253, 818, 'AST', NULL, 'Asyūţ', NULL, 1, '2022-08-02 13:57:41', '2022-08-02 13:57:41'),
(254, 818, 'BNS', NULL, 'Banī Suwayf', NULL, 1, '2022-08-02 13:57:41', '2022-08-02 13:57:41'),
(255, 818, 'PTS', NULL, 'Būr Sa‘īd', NULL, 1, '2022-08-02 13:57:41', '2022-08-02 13:57:41'),
(256, 818, 'DT', NULL, 'DumyÄţ', NULL, 1, '2022-08-02 13:57:41', '2022-08-02 13:57:41'),
(257, 818, 'JS', NULL, 'Janūb SīnÄ\'', NULL, 1, '2022-08-02 13:57:41', '2022-08-02 13:57:41'),
(258, 818, 'KFS', NULL, 'Kafr ash Shaykh', NULL, 1, '2022-08-02 13:57:41', '2022-08-02 13:57:41'),
(259, 818, 'MT', NULL, 'Maţrūḩ', NULL, 1, '2022-08-02 13:57:41', '2022-08-02 13:57:41'),
(260, 818, 'KN', NULL, 'QinÄ', NULL, 1, '2022-08-02 13:57:41', '2022-08-02 13:57:41'),
(261, 818, 'SIN', NULL, 'ShamÄl SīnÄ\'', NULL, 1, '2022-08-02 13:57:41', '2022-08-02 13:57:41'),
(262, 818, 'SHG', NULL, 'SūhÄj', NULL, 1, '2022-08-02 13:57:41', '2022-08-02 13:57:41'),
(263, 818, 'HU', NULL, 'ḨulwÄn', NULL, 1, '2022-08-02 13:57:41', '2022-08-02 13:57:41'),
(264, 724, 'AB', NULL, 'Albacete', NULL, 1, '2022-08-02 13:57:41', '2022-08-02 13:57:41'),
(265, 724, 'A', NULL, 'Alicante', NULL, 1, '2022-08-02 13:57:41', '2022-08-02 13:57:41'),
(266, 724, 'AL', NULL, 'Almeria', NULL, 1, '2022-08-02 13:57:41', '2022-08-02 13:57:41'),
(267, 724, 'BA', NULL, 'Badajoz', NULL, 1, '2022-08-02 13:57:41', '2022-08-02 13:57:41'),
(268, 724, 'B', NULL, 'Barcelona', NULL, 1, '2022-08-02 13:57:41', '2022-08-02 13:57:41'),
(269, 724, 'BU', NULL, 'Burgos', NULL, 1, '2022-08-02 13:57:41', '2022-08-02 13:57:41'),
(270, 724, 'CS', NULL, 'Castellón', NULL, 1, '2022-08-02 13:57:41', '2022-08-02 13:57:41'),
(271, 724, 'CR', NULL, 'Ciudad Real', NULL, 1, '2022-08-02 13:57:41', '2022-08-02 13:57:41'),
(272, 724, 'CU', NULL, 'Cuenca', NULL, 1, '2022-08-02 13:57:41', '2022-08-02 13:57:41'),
(273, 724, 'CC', NULL, 'Cáceres', NULL, 1, '2022-08-02 13:57:41', '2022-08-02 13:57:41'),
(274, 724, 'CA', NULL, 'Cádiz', NULL, 1, '2022-08-02 13:57:41', '2022-08-02 13:57:41'),
(275, 724, 'CO', NULL, 'Córdoba', NULL, 1, '2022-08-02 13:57:41', '2022-08-02 13:57:41'),
(276, 724, 'GI', NULL, 'Gerona', NULL, 1, '2022-08-02 13:57:41', '2022-08-02 13:57:41'),
(277, 724, 'GR', NULL, 'Granada', NULL, 1, '2022-08-02 13:57:41', '2022-08-02 13:57:41'),
(278, 724, 'GU', NULL, 'Guadalajara', NULL, 1, '2022-08-02 13:57:41', '2022-08-02 13:57:41'),
(279, 724, 'SS', NULL, 'Guipúzcoa', NULL, 1, '2022-08-02 13:57:41', '2022-08-02 13:57:41'),
(280, 724, 'H', NULL, 'Huelva', NULL, 1, '2022-08-02 13:57:41', '2022-08-02 13:57:41'),
(281, 724, 'HU', NULL, 'Huesca', NULL, 1, '2022-08-02 13:57:41', '2022-08-02 13:57:41'),
(282, 724, 'J', NULL, 'Jaén', NULL, 1, '2022-08-02 13:57:41', '2022-08-02 13:57:41'),
(283, 724, 'C', NULL, 'La Coruña', NULL, 1, '2022-08-02 13:57:41', '2022-08-02 13:57:41'),
(284, 724, 'LO', NULL, 'La Rioja', NULL, 1, '2022-08-02 13:57:41', '2022-08-02 13:57:41'),
(285, 724, 'GC', NULL, 'Las Palmas', NULL, 1, '2022-08-02 13:57:41', '2022-08-02 13:57:41'),
(286, 724, 'LE', NULL, 'León', NULL, 1, '2022-08-02 13:57:41', '2022-08-02 13:57:41'),
(287, 724, 'LU', NULL, 'Lugo', NULL, 1, '2022-08-02 13:57:41', '2022-08-02 13:57:41'),
(288, 724, 'L', NULL, 'Lérida', NULL, 1, '2022-08-02 13:57:41', '2022-08-02 13:57:41'),
(289, 724, 'M', NULL, 'Madrid', NULL, 1, '2022-08-02 13:57:41', '2022-08-02 13:57:41'),
(290, 724, 'MU', NULL, 'Murcia', NULL, 1, '2022-08-02 13:57:41', '2022-08-02 13:57:41'),
(291, 724, 'MA', NULL, 'Málaga', NULL, 1, '2022-08-02 13:57:41', '2022-08-02 13:57:41'),
(292, 724, 'OU', NULL, 'Orense', NULL, 1, '2022-08-02 13:57:41', '2022-08-02 13:57:41'),
(293, 724, 'P', NULL, 'Palencia', NULL, 1, '2022-08-02 13:57:41', '2022-08-02 13:57:41'),
(294, 724, 'PO', NULL, 'Pontevedra', NULL, 1, '2022-08-02 13:57:41', '2022-08-02 13:57:41'),
(295, 724, 'SA', NULL, 'Salamanca', NULL, 1, '2022-08-02 13:57:41', '2022-08-02 13:57:41'),
(296, 724, 'SG', NULL, 'Segovia', NULL, 1, '2022-08-02 13:57:41', '2022-08-02 13:57:41'),
(297, 724, 'SE', NULL, 'Sevilla', NULL, 1, '2022-08-02 13:57:41', '2022-08-02 13:57:41'),
(298, 724, 'SO', NULL, 'Soria', NULL, 1, '2022-08-02 13:57:41', '2022-08-02 13:57:41'),
(299, 724, 'T', NULL, 'Tarragona', NULL, 1, '2022-08-02 13:57:41', '2022-08-02 13:57:41'),
(300, 724, 'TF', NULL, 'Tenerife', NULL, 1, '2022-08-02 13:57:41', '2022-08-02 13:57:41'),
(301, 724, 'TE', NULL, 'Teruel', NULL, 1, '2022-08-02 13:57:41', '2022-08-02 13:57:41'),
(302, 724, 'TO', NULL, 'Toledo', NULL, 1, '2022-08-02 13:57:41', '2022-08-02 13:57:41'),
(303, 724, 'V', NULL, 'Valencia', NULL, 1, '2022-08-02 13:57:41', '2022-08-02 13:57:41'),
(304, 724, 'VA', NULL, 'Valladolid', NULL, 1, '2022-08-02 13:57:41', '2022-08-02 13:57:41'),
(305, 724, 'BI', NULL, 'Vizcaya', NULL, 1, '2022-08-02 13:57:41', '2022-08-02 13:57:41'),
(306, 724, 'ZA', NULL, 'Zamora', NULL, 1, '2022-08-02 13:57:41', '2022-08-02 13:57:41'),
(307, 724, 'Z', NULL, 'Zaragoza', NULL, 1, '2022-08-02 13:57:41', '2022-08-02 13:57:41'),
(308, 724, 'VI', NULL, 'Ãlava', NULL, 1, '2022-08-02 13:57:41', '2022-08-02 13:57:41'),
(309, 724, 'AV', NULL, 'Ãvila', NULL, 1, '2022-08-02 13:57:41', '2022-08-02 13:57:41'),
(310, 250, 'ARA', NULL, 'Auvergne-Rhône-Alpes', NULL, 1, '2022-08-02 13:57:41', '2022-08-02 13:57:41'),
(311, 250, 'BFC', NULL, 'Bourgogne-Franche-Comté', NULL, 1, '2022-08-02 13:57:41', '2022-08-02 13:57:41'),
(312, 250, 'BRE', NULL, 'Bretagne', NULL, 1, '2022-08-02 13:57:41', '2022-08-02 13:57:41'),
(313, 250, 'CVL', NULL, 'Centre-Val de Loire', NULL, 1, '2022-08-02 13:57:41', '2022-08-02 13:57:41'),
(314, 250, 'COR', NULL, 'Corse', NULL, 1, '2022-08-02 13:57:41', '2022-08-02 13:57:41'),
(315, 250, 'GES', NULL, 'Grand-Est', NULL, 1, '2022-08-02 13:57:41', '2022-08-02 13:57:41'),
(316, 250, 'GUA', NULL, 'Guadeloupe', NULL, 1, '2022-08-02 13:57:41', '2022-08-02 13:57:41'),
(317, 250, 'HDF', NULL, 'Hauts-de-France', NULL, 1, '2022-08-02 13:57:41', '2022-08-02 13:57:41'),
(318, 250, 'LRE', NULL, 'La Réunion', NULL, 1, '2022-08-02 13:57:41', '2022-08-02 13:57:41'),
(319, 250, 'MAY', NULL, 'Mayotte', NULL, 1, '2022-08-02 13:57:41', '2022-08-02 13:57:41'),
(320, 250, 'NOR', NULL, 'Normandie', NULL, 1, '2022-08-02 13:57:41', '2022-08-02 13:57:41'),
(321, 250, 'NAQ', NULL, 'Nouvelle-Aquitaine', NULL, 1, '2022-08-02 13:57:41', '2022-08-02 13:57:41'),
(322, 250, 'OCC', NULL, 'Occitanie', NULL, 1, '2022-08-02 13:57:41', '2022-08-02 13:57:41'),
(323, 250, 'PDL', NULL, 'Pays-de-la-Loire', NULL, 1, '2022-08-02 13:57:41', '2022-08-02 13:57:41'),
(324, 250, 'PAC', NULL, 'Provence-Alpes-Côte-d’Azur', NULL, 1, '2022-08-02 13:57:41', '2022-08-02 13:57:41'),
(325, 250, 'IDF', NULL, 'Île-de-France', NULL, 1, '2022-08-02 13:57:41', '2022-08-02 13:57:41'),
(326, 826, 'ABE', NULL, 'Aberdeen City', NULL, 1, '2022-08-02 13:57:41', '2022-08-02 13:57:41'),
(327, 826, 'ABD', NULL, 'Aberdeenshire', NULL, 1, '2022-08-02 13:57:41', '2022-08-02 13:57:41'),
(328, 826, 'ANS', NULL, 'Angus', NULL, 1, '2022-08-02 13:57:41', '2022-08-02 13:57:41'),
(329, 826, 'ANT', NULL, 'Antrim', NULL, 1, '2022-08-02 13:57:41', '2022-08-02 13:57:41'),
(330, 826, 'ARD', NULL, 'Ards', NULL, 1, '2022-08-02 13:57:41', '2022-08-02 13:57:41'),
(331, 826, 'AGB', NULL, 'Argyll and Bute', NULL, 1, '2022-08-02 13:57:41', '2022-08-02 13:57:41'),
(332, 826, 'ARM', NULL, 'Armagh', NULL, 1, '2022-08-02 13:57:41', '2022-08-02 13:57:41'),
(333, 826, 'BLA', NULL, 'Ballymena', NULL, 1, '2022-08-02 13:57:41', '2022-08-02 13:57:41'),
(334, 826, 'BLY', NULL, 'Ballymoney', NULL, 1, '2022-08-02 13:57:41', '2022-08-02 13:57:41'),
(335, 826, 'BNB', NULL, 'Banbridge', NULL, 1, '2022-08-02 13:57:41', '2022-08-02 13:57:41'),
(336, 826, 'BDG', NULL, 'Barking and Dagenham', NULL, 1, '2022-08-02 13:57:41', '2022-08-02 13:57:41'),
(337, 826, 'BNE', NULL, 'Barnet', NULL, 1, '2022-08-02 13:57:41', '2022-08-02 13:57:41'),
(338, 826, 'BNS', NULL, 'Barnsley', NULL, 1, '2022-08-02 13:57:41', '2022-08-02 13:57:41'),
(339, 826, 'BAS', NULL, 'Bath and North East Somerset', NULL, 1, '2022-08-02 13:57:41', '2022-08-02 13:57:41'),
(340, 826, 'BDF', NULL, 'Bedfordshire', NULL, 1, '2022-08-02 13:57:41', '2022-08-02 13:57:41'),
(341, 826, 'BFS', NULL, 'Belfast', NULL, 1, '2022-08-02 13:57:41', '2022-08-02 13:57:41'),
(342, 826, 'BEX', NULL, 'Bexley', NULL, 1, '2022-08-02 13:57:41', '2022-08-02 13:57:41'),
(343, 826, 'BIR', NULL, 'Birmingham', NULL, 1, '2022-08-02 13:57:41', '2022-08-02 13:57:41'),
(344, 826, 'BBD', NULL, 'Blackburn with Darwen', NULL, 1, '2022-08-02 13:57:41', '2022-08-02 13:57:41'),
(345, 826, 'BPL', NULL, 'Blackpool', NULL, 1, '2022-08-02 13:57:41', '2022-08-02 13:57:41'),
(346, 826, 'BGW', NULL, 'Blaenau Gwent', NULL, 1, '2022-08-02 13:57:41', '2022-08-02 13:57:41'),
(347, 826, 'BOL', NULL, 'Bolton', NULL, 1, '2022-08-02 13:57:41', '2022-08-02 13:57:41'),
(348, 826, 'BMH', NULL, 'Bournemouth', NULL, 1, '2022-08-02 13:57:41', '2022-08-02 13:57:41'),
(349, 826, 'BRC', NULL, 'Bracknell Forest', NULL, 1, '2022-08-02 13:57:41', '2022-08-02 13:57:41'),
(350, 826, 'BRD', NULL, 'Bradford', NULL, 1, '2022-08-02 13:57:41', '2022-08-02 13:57:41'),
(351, 826, 'BEN', NULL, 'Brent', NULL, 1, '2022-08-02 13:57:41', '2022-08-02 13:57:41'),
(352, 826, 'BGE', NULL, 'Bridgend [Pen-y-bont ar Ogwr GB-POG]', NULL, 1, '2022-08-02 13:57:41', '2022-08-02 13:57:41'),
(353, 826, 'BNH', NULL, 'Brighton and Hove', NULL, 1, '2022-08-02 13:57:41', '2022-08-02 13:57:41'),
(354, 826, 'BST', NULL, 'Bristol, City of', NULL, 1, '2022-08-02 13:57:41', '2022-08-02 13:57:41'),
(355, 826, 'BRY', NULL, 'Bromley', NULL, 1, '2022-08-02 13:57:41', '2022-08-02 13:57:41'),
(356, 826, 'BKM', NULL, 'Buckinghamshire', NULL, 1, '2022-08-02 13:57:41', '2022-08-02 13:57:41'),
(357, 826, 'BUR', NULL, 'Bury', NULL, 1, '2022-08-02 13:57:41', '2022-08-02 13:57:41'),
(358, 826, 'CAY', NULL, 'Caerphilly [Caerffili GB-CAF]', NULL, 1, '2022-08-02 13:57:41', '2022-08-02 13:57:41'),
(359, 826, 'CLD', NULL, 'Calderdale', NULL, 1, '2022-08-02 13:57:41', '2022-08-02 13:57:41'),
(360, 826, 'CAM', NULL, 'Cambridgeshire', NULL, 1, '2022-08-02 13:57:41', '2022-08-02 13:57:41'),
(361, 826, 'CMD', NULL, 'Camden', NULL, 1, '2022-08-02 13:57:41', '2022-08-02 13:57:41'),
(362, 826, 'CRF', NULL, 'Cardiff [Caerdydd GB-CRD]', NULL, 1, '2022-08-02 13:57:41', '2022-08-02 13:57:41'),
(363, 826, 'CMN', NULL, 'Carmarthenshire [Sir Gaerfyrddin GB-GFY]', NULL, 1, '2022-08-02 13:57:41', '2022-08-02 13:57:41'),
(364, 826, 'CKF', NULL, 'Carrickfergus', NULL, 1, '2022-08-02 13:57:41', '2022-08-02 13:57:41'),
(365, 826, 'CSR', NULL, 'Castlereagh', NULL, 1, '2022-08-02 13:57:41', '2022-08-02 13:57:41'),
(366, 826, 'CBF', NULL, 'Central Bedfordshire', NULL, 1, '2022-08-02 13:57:41', '2022-08-02 13:57:41'),
(367, 826, 'CGN', NULL, 'Ceredigion [Sir Ceredigion]', NULL, 1, '2022-08-02 13:57:41', '2022-08-02 13:57:41'),
(368, 826, 'CHE', NULL, 'Cheshire East', NULL, 1, '2022-08-02 13:57:41', '2022-08-02 13:57:41'),
(369, 826, 'CHW', NULL, 'Cheshire West and Chester', NULL, 1, '2022-08-02 13:57:41', '2022-08-02 13:57:41'),
(370, 826, 'CLK', NULL, 'Clackmannanshire', NULL, 1, '2022-08-02 13:57:41', '2022-08-02 13:57:41'),
(371, 826, 'CLR', NULL, 'Coleraine', NULL, 1, '2022-08-02 13:57:41', '2022-08-02 13:57:41'),
(372, 826, 'CWY', NULL, 'Conwy', NULL, 1, '2022-08-02 13:57:41', '2022-08-02 13:57:41'),
(373, 826, 'CKT', NULL, 'Cookstown', NULL, 1, '2022-08-02 13:57:41', '2022-08-02 13:57:41'),
(374, 826, 'CON', NULL, 'Cornwall', NULL, 1, '2022-08-02 13:57:41', '2022-08-02 13:57:41'),
(375, 826, 'COV', NULL, 'Coventry', NULL, 1, '2022-08-02 13:57:41', '2022-08-02 13:57:41'),
(376, 826, 'CGV', NULL, 'Craigavon', NULL, 1, '2022-08-02 13:57:41', '2022-08-02 13:57:41'),
(377, 826, 'CRY', NULL, 'Croydon', NULL, 1, '2022-08-02 13:57:41', '2022-08-02 13:57:41'),
(378, 826, 'CMA', NULL, 'Cumbria', NULL, 1, '2022-08-02 13:57:41', '2022-08-02 13:57:41'),
(379, 826, 'DAL', NULL, 'Darlington', NULL, 1, '2022-08-02 13:57:41', '2022-08-02 13:57:41'),
(380, 826, 'DEN', NULL, 'Denbighshire [Sir Ddinbych GB-DDB]', NULL, 1, '2022-08-02 13:57:41', '2022-08-02 13:57:41'),
(381, 826, 'DER', NULL, 'Derby', NULL, 1, '2022-08-02 13:57:41', '2022-08-02 13:57:41'),
(382, 826, 'DBY', NULL, 'Derbyshire', NULL, 1, '2022-08-02 13:57:41', '2022-08-02 13:57:41'),
(383, 826, 'DRY', NULL, 'Derry', NULL, 1, '2022-08-02 13:57:41', '2022-08-02 13:57:41'),
(384, 826, 'DEV', NULL, 'Devon', NULL, 1, '2022-08-02 13:57:41', '2022-08-02 13:57:41'),
(385, 826, 'DNC', NULL, 'Doncaster', NULL, 1, '2022-08-02 13:57:41', '2022-08-02 13:57:41'),
(386, 826, 'DOR', NULL, 'Dorset', NULL, 1, '2022-08-02 13:57:41', '2022-08-02 13:57:41'),
(387, 826, 'DOW', NULL, 'Down', NULL, 1, '2022-08-02 13:57:41', '2022-08-02 13:57:41'),
(388, 826, 'DUD', NULL, 'Dudley', NULL, 1, '2022-08-02 13:57:41', '2022-08-02 13:57:41'),
(389, 826, 'DGY', NULL, 'Dumfries and Galloway', NULL, 1, '2022-08-02 13:57:41', '2022-08-02 13:57:41'),
(390, 826, 'DND', NULL, 'Dundee City', NULL, 1, '2022-08-02 13:57:41', '2022-08-02 13:57:41'),
(391, 826, 'DGN', NULL, 'Dungannon', NULL, 1, '2022-08-02 13:57:41', '2022-08-02 13:57:41'),
(392, 826, 'DUR', NULL, 'Durham', NULL, 1, '2022-08-02 13:57:41', '2022-08-02 13:57:41'),
(393, 826, 'EAL', NULL, 'Ealing', NULL, 1, '2022-08-02 13:57:41', '2022-08-02 13:57:41'),
(394, 826, 'EAY', NULL, 'East Ayrshire', NULL, 1, '2022-08-02 13:57:41', '2022-08-02 13:57:41'),
(395, 826, 'EDU', NULL, 'East Dunbartonshire', NULL, 1, '2022-08-02 13:57:41', '2022-08-02 13:57:41'),
(396, 826, 'ELN', NULL, 'East Lothian', NULL, 1, '2022-08-02 13:57:41', '2022-08-02 13:57:41'),
(397, 826, 'ERW', NULL, 'East Renfrewshire', NULL, 1, '2022-08-02 13:57:41', '2022-08-02 13:57:41'),
(398, 826, 'ERY', NULL, 'East Riding of Yorkshire', NULL, 1, '2022-08-02 13:57:41', '2022-08-02 13:57:41'),
(399, 826, 'ESX', NULL, 'East Sussex', NULL, 1, '2022-08-02 13:57:41', '2022-08-02 13:57:41'),
(400, 826, 'EDH', NULL, 'Edinburgh, City of', NULL, 1, '2022-08-02 13:57:41', '2022-08-02 13:57:41'),
(401, 826, 'ELS', NULL, 'Eilean Siar', NULL, 1, '2022-08-02 13:57:41', '2022-08-02 13:57:41'),
(402, 826, 'ENF', NULL, 'Enfield', NULL, 1, '2022-08-02 13:57:41', '2022-08-02 13:57:41'),
(403, 826, 'ESS', NULL, 'Essex', NULL, 1, '2022-08-02 13:57:41', '2022-08-02 13:57:41'),
(404, 826, 'FAL', NULL, 'Falkirk', NULL, 1, '2022-08-02 13:57:41', '2022-08-02 13:57:41'),
(405, 826, 'FER', NULL, 'Fermanagh', NULL, 1, '2022-08-02 13:57:41', '2022-08-02 13:57:41'),
(406, 826, 'FIF', NULL, 'Fife', NULL, 1, '2022-08-02 13:57:41', '2022-08-02 13:57:41'),
(407, 826, 'FLN', NULL, 'Flintshire [Sir y Fflint GB-FFL]', NULL, 1, '2022-08-02 13:57:41', '2022-08-02 13:57:41'),
(408, 826, 'GAT', NULL, 'Gateshead', NULL, 1, '2022-08-02 13:57:41', '2022-08-02 13:57:41'),
(409, 826, 'GLG', NULL, 'Glasgow City', NULL, 1, '2022-08-02 13:57:41', '2022-08-02 13:57:41'),
(410, 826, 'GLS', NULL, 'Gloucestershire', NULL, 1, '2022-08-02 13:57:41', '2022-08-02 13:57:41'),
(411, 826, 'GRE', NULL, 'Greenwich', NULL, 1, '2022-08-02 13:57:41', '2022-08-02 13:57:41'),
(412, 826, 'GWN', NULL, 'Gwynedd', NULL, 1, '2022-08-02 13:57:41', '2022-08-02 13:57:41'),
(413, 826, 'HCK', NULL, 'Hackney', NULL, 1, '2022-08-02 13:57:41', '2022-08-02 13:57:41'),
(414, 826, 'HAL', NULL, 'Halton', NULL, 1, '2022-08-02 13:57:41', '2022-08-02 13:57:41'),
(415, 826, 'HMF', NULL, 'Hammersmith and Fulham', NULL, 1, '2022-08-02 13:57:41', '2022-08-02 13:57:41'),
(416, 826, 'HAM', NULL, 'Hampshire', NULL, 1, '2022-08-02 13:57:41', '2022-08-02 13:57:41'),
(417, 826, 'HRY', NULL, 'Haringey', NULL, 1, '2022-08-02 13:57:41', '2022-08-02 13:57:41'),
(418, 826, 'HRW', NULL, 'Harrow', NULL, 1, '2022-08-02 13:57:41', '2022-08-02 13:57:41'),
(419, 826, 'HPL', NULL, 'Hartlepool', NULL, 1, '2022-08-02 13:57:41', '2022-08-02 13:57:41'),
(420, 826, 'HAV', NULL, 'Havering', NULL, 1, '2022-08-02 13:57:41', '2022-08-02 13:57:41'),
(421, 826, 'HEF', NULL, 'Herefordshire, County of', NULL, 1, '2022-08-02 13:57:41', '2022-08-02 13:57:41'),
(422, 826, 'HRT', NULL, 'Hertfordshire', NULL, 1, '2022-08-02 13:57:41', '2022-08-02 13:57:41'),
(423, 826, 'HLD', NULL, 'Highland', NULL, 1, '2022-08-02 13:57:41', '2022-08-02 13:57:41'),
(424, 826, 'HIL', NULL, 'Hillingdon', NULL, 1, '2022-08-02 13:57:41', '2022-08-02 13:57:41'),
(425, 826, 'HNS', NULL, 'Hounslow', NULL, 1, '2022-08-02 13:57:41', '2022-08-02 13:57:41'),
(426, 826, 'IVC', NULL, 'Inverclyde', NULL, 1, '2022-08-02 13:57:41', '2022-08-02 13:57:41'),
(427, 826, 'AGY', NULL, 'Isle of Anglesey [Sir Ynys Môn GB-YNM]', NULL, 1, '2022-08-02 13:57:41', '2022-08-02 13:57:41'),
(428, 826, 'IOW', NULL, 'Isle of Wight', NULL, 1, '2022-08-02 13:57:41', '2022-08-02 13:57:41'),
(429, 826, 'ISL', NULL, 'Islington', NULL, 1, '2022-08-02 13:57:41', '2022-08-02 13:57:41'),
(430, 826, 'KEC', NULL, 'Kensington and Chelsea', NULL, 1, '2022-08-02 13:57:41', '2022-08-02 13:57:41'),
(431, 826, 'KEN', NULL, 'Kent', NULL, 1, '2022-08-02 13:57:41', '2022-08-02 13:57:41'),
(432, 826, 'KHL', NULL, 'Kingston upon Hull, City of', NULL, 1, '2022-08-02 13:57:41', '2022-08-02 13:57:41'),
(433, 826, 'KTT', NULL, 'Kingston upon Thames', NULL, 1, '2022-08-02 13:57:41', '2022-08-02 13:57:41'),
(434, 826, 'KIR', NULL, 'Kirklees', NULL, 1, '2022-08-02 13:57:41', '2022-08-02 13:57:41'),
(435, 826, 'KWL', NULL, 'Knowsley', NULL, 1, '2022-08-02 13:57:41', '2022-08-02 13:57:41'),
(436, 826, 'LBH', NULL, 'Lambeth', NULL, 1, '2022-08-02 13:57:41', '2022-08-02 13:57:41'),
(437, 826, 'LAN', NULL, 'Lancashire', NULL, 1, '2022-08-02 13:57:41', '2022-08-02 13:57:41'),
(438, 826, 'LRN', NULL, 'Larne', NULL, 1, '2022-08-02 13:57:41', '2022-08-02 13:57:41'),
(439, 826, 'LDS', NULL, 'Leeds', NULL, 1, '2022-08-02 13:57:41', '2022-08-02 13:57:41'),
(440, 826, 'LCE', NULL, 'Leicester', NULL, 1, '2022-08-02 13:57:41', '2022-08-02 13:57:41'),
(441, 826, 'LEC', NULL, 'Leicestershire', NULL, 1, '2022-08-02 13:57:41', '2022-08-02 13:57:41'),
(442, 826, 'LEW', NULL, 'Lewisham', NULL, 1, '2022-08-02 13:57:41', '2022-08-02 13:57:41'),
(443, 826, 'LMV', NULL, 'Limavady', NULL, 1, '2022-08-02 13:57:41', '2022-08-02 13:57:41'),
(444, 826, 'LIN', NULL, 'Lincolnshire', NULL, 1, '2022-08-02 13:57:41', '2022-08-02 13:57:41'),
(445, 826, 'LSB', NULL, 'Lisburn', NULL, 1, '2022-08-02 13:57:41', '2022-08-02 13:57:41'),
(446, 826, 'LIV', NULL, 'Liverpool', NULL, 1, '2022-08-02 13:57:41', '2022-08-02 13:57:41'),
(447, 826, 'LND', NULL, 'London, City of', NULL, 1, '2022-08-02 13:57:41', '2022-08-02 13:57:41'),
(448, 826, 'LUT', NULL, 'Luton', NULL, 1, '2022-08-02 13:57:41', '2022-08-02 13:57:41'),
(449, 826, 'MFT', NULL, 'Magherafelt', NULL, 1, '2022-08-02 13:57:41', '2022-08-02 13:57:41'),
(450, 826, 'MAN', NULL, 'Manchester', NULL, 1, '2022-08-02 13:57:41', '2022-08-02 13:57:41'),
(451, 826, 'MDW', NULL, 'Medway', NULL, 1, '2022-08-02 13:57:41', '2022-08-02 13:57:41'),
(452, 826, 'MTY', NULL, 'Merthyr Tydfil [Merthyr Tudful GB-MTU]', NULL, 1, '2022-08-02 13:57:41', '2022-08-02 13:57:41'),
(453, 826, 'MRT', NULL, 'Merton', NULL, 1, '2022-08-02 13:57:41', '2022-08-02 13:57:41'),
(454, 826, 'MDB', NULL, 'Middlesbrough', NULL, 1, '2022-08-02 13:57:41', '2022-08-02 13:57:41'),
(455, 826, 'MLN', NULL, 'Midlothian', NULL, 1, '2022-08-02 13:57:41', '2022-08-02 13:57:41'),
(456, 826, 'MIK', NULL, 'Milton Keynes', NULL, 1, '2022-08-02 13:57:41', '2022-08-02 13:57:41'),
(457, 826, 'MON', NULL, 'Monmouthshire [Sir Fynwy GB-FYN]', NULL, 1, '2022-08-02 13:57:41', '2022-08-02 13:57:41'),
(458, 826, 'MRY', NULL, 'Moray', NULL, 1, '2022-08-02 13:57:41', '2022-08-02 13:57:41'),
(459, 826, 'MYL', NULL, 'Moyle', NULL, 1, '2022-08-02 13:57:41', '2022-08-02 13:57:41'),
(460, 826, 'NTL', NULL, 'Neath Port Talbot [Castell-nedd Port Talbot GB-CTL]', NULL, 1, '2022-08-02 13:57:41', '2022-08-02 13:57:41'),
(461, 826, 'NET', NULL, 'Newcastle upon Tyne', NULL, 1, '2022-08-02 13:57:41', '2022-08-02 13:57:41'),
(462, 826, 'NWM', NULL, 'Newham', NULL, 1, '2022-08-02 13:57:41', '2022-08-02 13:57:41'),
(463, 826, 'NWP', NULL, 'Newport [Casnewydd GB-CNW]', NULL, 1, '2022-08-02 13:57:41', '2022-08-02 13:57:41'),
(464, 826, 'NYM', NULL, 'Newry and Mourne', NULL, 1, '2022-08-02 13:57:41', '2022-08-02 13:57:41'),
(465, 826, 'NTA', NULL, 'Newtownabbey', NULL, 1, '2022-08-02 13:57:41', '2022-08-02 13:57:41'),
(466, 826, 'NFK', NULL, 'Norfolk', NULL, 1, '2022-08-02 13:57:41', '2022-08-02 13:57:41'),
(467, 826, 'NAY', NULL, 'North Ayrshire', NULL, 1, '2022-08-02 13:57:41', '2022-08-02 13:57:41'),
(468, 826, 'NDN', NULL, 'North Down', NULL, 1, '2022-08-02 13:57:41', '2022-08-02 13:57:41'),
(469, 826, 'NEL', NULL, 'North East Lincolnshire', NULL, 1, '2022-08-02 13:57:41', '2022-08-02 13:57:41'),
(470, 826, 'NLK', NULL, 'North Lanarkshire', NULL, 1, '2022-08-02 13:57:41', '2022-08-02 13:57:41'),
(471, 826, 'NLN', NULL, 'North Lincolnshire', NULL, 1, '2022-08-02 13:57:41', '2022-08-02 13:57:41'),
(472, 826, 'NSM', NULL, 'North Somerset', NULL, 1, '2022-08-02 13:57:41', '2022-08-02 13:57:41'),
(473, 826, 'NTY', NULL, 'North Tyneside', NULL, 1, '2022-08-02 13:57:41', '2022-08-02 13:57:41'),
(474, 826, 'NYK', NULL, 'North Yorkshire', NULL, 1, '2022-08-02 13:57:41', '2022-08-02 13:57:41'),
(475, 826, 'NTH', NULL, 'Northamptonshire', NULL, 1, '2022-08-02 13:57:41', '2022-08-02 13:57:41'),
(476, 826, 'NBL', NULL, 'Northumberland', NULL, 1, '2022-08-02 13:57:41', '2022-08-02 13:57:41'),
(477, 826, 'NGM', NULL, 'Nottingham', NULL, 1, '2022-08-02 13:57:41', '2022-08-02 13:57:41'),
(478, 826, 'NTT', NULL, 'Nottinghamshire', NULL, 1, '2022-08-02 13:57:41', '2022-08-02 13:57:41'),
(479, 826, 'OLD', NULL, 'Oldham', NULL, 1, '2022-08-02 13:57:41', '2022-08-02 13:57:41'),
(480, 826, 'OMH', NULL, 'Omagh', NULL, 1, '2022-08-02 13:57:41', '2022-08-02 13:57:41'),
(481, 826, 'ORK', NULL, 'Orkney Islands', NULL, 1, '2022-08-02 13:57:41', '2022-08-02 13:57:41'),
(482, 826, 'OXF', NULL, 'Oxfordshire', NULL, 1, '2022-08-02 13:57:41', '2022-08-02 13:57:41'),
(483, 826, 'PEM', NULL, 'Pembrokeshire [Sir Benfro GB-BNF]', NULL, 1, '2022-08-02 13:57:41', '2022-08-02 13:57:41'),
(484, 826, 'PKN', NULL, 'Perth and Kinross', NULL, 1, '2022-08-02 13:57:41', '2022-08-02 13:57:41'),
(485, 826, 'PTE', NULL, 'Peterborough', NULL, 1, '2022-08-02 13:57:41', '2022-08-02 13:57:41'),
(486, 826, 'PLY', NULL, 'Plymouth', NULL, 1, '2022-08-02 13:57:41', '2022-08-02 13:57:41'),
(487, 826, 'POL', NULL, 'Poole', NULL, 1, '2022-08-02 13:57:41', '2022-08-02 13:57:41'),
(488, 826, 'POR', NULL, 'Portsmouth', NULL, 1, '2022-08-02 13:57:41', '2022-08-02 13:57:41'),
(489, 826, 'POW', NULL, 'Powys', NULL, 1, '2022-08-02 13:57:41', '2022-08-02 13:57:41'),
(490, 826, 'RDG', NULL, 'Reading', NULL, 1, '2022-08-02 13:57:41', '2022-08-02 13:57:41'),
(491, 826, 'RDB', NULL, 'Redbridge', NULL, 1, '2022-08-02 13:57:41', '2022-08-02 13:57:41'),
(492, 826, 'RCC', NULL, 'Redcar and Cleveland', NULL, 1, '2022-08-02 13:57:41', '2022-08-02 13:57:41'),
(493, 826, 'RFW', NULL, 'Renfrewshire', NULL, 1, '2022-08-02 13:57:41', '2022-08-02 13:57:41'),
(494, 826, 'RCT', NULL, 'Rhondda, Cynon, Taff [Rhondda, Cynon,Taf]', NULL, 1, '2022-08-02 13:57:41', '2022-08-02 13:57:41'),
(495, 826, 'RIC', NULL, 'Richmond upon Thames', NULL, 1, '2022-08-02 13:57:41', '2022-08-02 13:57:41'),
(496, 826, 'RCH', NULL, 'Rochdale', NULL, 1, '2022-08-02 13:57:41', '2022-08-02 13:57:41'),
(497, 826, 'ROT', NULL, 'Rotherham', NULL, 1, '2022-08-02 13:57:41', '2022-08-02 13:57:41'),
(498, 826, 'RUT', NULL, 'Rutland', NULL, 1, '2022-08-02 13:57:41', '2022-08-02 13:57:41'),
(499, 826, 'SLF', NULL, 'Salford', NULL, 1, '2022-08-02 13:57:41', '2022-08-02 13:57:41'),
(500, 826, 'SAW', NULL, 'Sandwell', NULL, 1, '2022-08-02 13:57:41', '2022-08-02 13:57:41'),
(501, 826, 'SCB', NULL, 'Scottish Borders, The', NULL, 1, '2022-08-02 13:57:41', '2022-08-02 13:57:41'),
(502, 826, 'SFT', NULL, 'Sefton', NULL, 1, '2022-08-02 13:57:41', '2022-08-02 13:57:41'),
(503, 826, 'SHF', NULL, 'Sheffield', NULL, 1, '2022-08-02 13:57:41', '2022-08-02 13:57:41'),
(504, 826, 'ZET', NULL, 'Shetland Islands', NULL, 1, '2022-08-02 13:57:41', '2022-08-02 13:57:41'),
(505, 826, 'SHR', NULL, 'Shropshire', NULL, 1, '2022-08-02 13:57:41', '2022-08-02 13:57:41'),
(506, 826, 'SLG', NULL, 'Slough', NULL, 1, '2022-08-02 13:57:41', '2022-08-02 13:57:41'),
(507, 826, 'SOL', NULL, 'Solihull', NULL, 1, '2022-08-02 13:57:41', '2022-08-02 13:57:41'),
(508, 826, 'SOM', NULL, 'Somerset', NULL, 1, '2022-08-02 13:57:41', '2022-08-02 13:57:41'),
(509, 826, 'SAY', NULL, 'South Ayrshire', NULL, 1, '2022-08-02 13:57:41', '2022-08-02 13:57:41'),
(510, 826, 'SGC', NULL, 'South Gloucestershire', NULL, 1, '2022-08-02 13:57:41', '2022-08-02 13:57:41'),
(511, 826, 'SLK', NULL, 'South Lanarkshire', NULL, 1, '2022-08-02 13:57:41', '2022-08-02 13:57:41'),
(512, 826, 'STY', NULL, 'South Tyneside', NULL, 1, '2022-08-02 13:57:41', '2022-08-02 13:57:41'),
(513, 826, 'STH', NULL, 'Southampton', NULL, 1, '2022-08-02 13:57:41', '2022-08-02 13:57:41'),
(514, 826, 'SOS', NULL, 'Southend-on-Sea', NULL, 1, '2022-08-02 13:57:41', '2022-08-02 13:57:41'),
(515, 826, 'SWK', NULL, 'Southwark', NULL, 1, '2022-08-02 13:57:41', '2022-08-02 13:57:41'),
(516, 826, 'SHN', NULL, 'St. Helens', NULL, 1, '2022-08-02 13:57:41', '2022-08-02 13:57:41'),
(517, 826, 'STS', NULL, 'Staffordshire', NULL, 1, '2022-08-02 13:57:41', '2022-08-02 13:57:41'),
(518, 826, 'STG', NULL, 'Stirling', NULL, 1, '2022-08-02 13:57:41', '2022-08-02 13:57:41'),
(519, 826, 'SKP', NULL, 'Stockport', NULL, 1, '2022-08-02 13:57:41', '2022-08-02 13:57:41'),
(520, 826, 'STT', NULL, 'Stockton-on-Tees', NULL, 1, '2022-08-02 13:57:41', '2022-08-02 13:57:41'),
(521, 826, 'STE', NULL, 'Stoke-on-Trent', NULL, 1, '2022-08-02 13:57:41', '2022-08-02 13:57:41'),
(522, 826, 'STB', NULL, 'Strabane', NULL, 1, '2022-08-02 13:57:41', '2022-08-02 13:57:41'),
(523, 826, 'SFK', NULL, 'Suffolk', NULL, 1, '2022-08-02 13:57:41', '2022-08-02 13:57:41'),
(524, 826, 'SND', NULL, 'Sunderland', NULL, 1, '2022-08-02 13:57:41', '2022-08-02 13:57:41'),
(525, 826, 'SRY', NULL, 'Surrey', NULL, 1, '2022-08-02 13:57:41', '2022-08-02 13:57:41'),
(526, 826, 'STN', NULL, 'Sutton', NULL, 1, '2022-08-02 13:57:41', '2022-08-02 13:57:41'),
(527, 826, 'SWA', NULL, 'Swansea [Abertawe GB-ATA]', NULL, 1, '2022-08-02 13:57:41', '2022-08-02 13:57:41'),
(528, 826, 'SWD', NULL, 'Swindon', NULL, 1, '2022-08-02 13:57:41', '2022-08-02 13:57:41'),
(529, 826, 'TAM', NULL, 'Tameside', NULL, 1, '2022-08-02 13:57:41', '2022-08-02 13:57:41'),
(530, 826, 'TFW', NULL, 'Telford and Wrekin', NULL, 1, '2022-08-02 13:57:41', '2022-08-02 13:57:41'),
(531, 826, 'THR', NULL, 'Thurrock', NULL, 1, '2022-08-02 13:57:41', '2022-08-02 13:57:41'),
(532, 826, 'TOB', NULL, 'Torbay', NULL, 1, '2022-08-02 13:57:41', '2022-08-02 13:57:41'),
(533, 826, 'TOF', NULL, 'Torfaen [Tor-faen]', NULL, 1, '2022-08-02 13:57:41', '2022-08-02 13:57:41'),
(534, 826, 'TWH', NULL, 'Tower Hamlets', NULL, 1, '2022-08-02 13:57:41', '2022-08-02 13:57:41'),
(535, 826, 'TRF', NULL, 'Trafford', NULL, 1, '2022-08-02 13:57:41', '2022-08-02 13:57:41'),
(536, 826, 'VGL', NULL, 'Vale of Glamorgan, The [Bro Morgannwg GB-BMG]', NULL, 1, '2022-08-02 13:57:41', '2022-08-02 13:57:41'),
(537, 826, 'WKF', NULL, 'Wakefield', NULL, 1, '2022-08-02 13:57:41', '2022-08-02 13:57:41'),
(538, 826, 'WLL', NULL, 'Walsall', NULL, 1, '2022-08-02 13:57:41', '2022-08-02 13:57:41'),
(539, 826, 'WFT', NULL, 'Waltham Forest', NULL, 1, '2022-08-02 13:57:41', '2022-08-02 13:57:41'),
(540, 826, 'WND', NULL, 'Wandsworth', NULL, 1, '2022-08-02 13:57:41', '2022-08-02 13:57:41'),
(541, 826, 'WRT', NULL, 'Warrington', NULL, 1, '2022-08-02 13:57:41', '2022-08-02 13:57:41');
INSERT INTO `states` (`id`, `country_id`, `iso_code`, `iso_numeric`, `name`, `calling_code`, `active`, `created_at`, `updated_at`) VALUES
(542, 826, 'WAR', NULL, 'Warwickshire', NULL, 1, '2022-08-02 13:57:41', '2022-08-02 13:57:41'),
(543, 826, 'WBK', NULL, 'West Berkshire', NULL, 1, '2022-08-02 13:57:41', '2022-08-02 13:57:41'),
(544, 826, 'WDU', NULL, 'West Dunbartonshire', NULL, 1, '2022-08-02 13:57:41', '2022-08-02 13:57:41'),
(545, 826, 'WLN', NULL, 'West Lothian', NULL, 1, '2022-08-02 13:57:41', '2022-08-02 13:57:41'),
(546, 826, 'WSX', NULL, 'West Sussex', NULL, 1, '2022-08-02 13:57:41', '2022-08-02 13:57:41'),
(547, 826, 'WSM', NULL, 'Westminster', NULL, 1, '2022-08-02 13:57:41', '2022-08-02 13:57:41'),
(548, 826, 'WGN', NULL, 'Wigan', NULL, 1, '2022-08-02 13:57:41', '2022-08-02 13:57:41'),
(549, 826, 'WIL', NULL, 'Wiltshire', NULL, 1, '2022-08-02 13:57:41', '2022-08-02 13:57:41'),
(550, 826, 'WNM', NULL, 'Windsor and Maidenhead', NULL, 1, '2022-08-02 13:57:41', '2022-08-02 13:57:41'),
(551, 826, 'WRL', NULL, 'Wirral', NULL, 1, '2022-08-02 13:57:41', '2022-08-02 13:57:41'),
(552, 826, 'WOK', NULL, 'Wokingham', NULL, 1, '2022-08-02 13:57:41', '2022-08-02 13:57:41'),
(553, 826, 'WLV', NULL, 'Wolverhampton', NULL, 1, '2022-08-02 13:57:41', '2022-08-02 13:57:41'),
(554, 826, 'WOR', NULL, 'Worcestershire', NULL, 1, '2022-08-02 13:57:41', '2022-08-02 13:57:41'),
(555, 826, 'WRX', NULL, 'Wrexham [Wrecsam GB-WRC]', NULL, 1, '2022-08-02 13:57:41', '2022-08-02 13:57:41'),
(556, 826, 'YOR', NULL, 'York', NULL, 1, '2022-08-02 13:57:41', '2022-08-02 13:57:41'),
(557, 268, 'AB', NULL, 'Abkhazia', NULL, 1, '2022-08-02 13:57:41', '2022-08-02 13:57:41'),
(558, 268, 'AJ', NULL, 'Ajaria', NULL, 1, '2022-08-02 13:57:41', '2022-08-02 13:57:41'),
(559, 268, 'GU', NULL, 'Guria', NULL, 1, '2022-08-02 13:57:41', '2022-08-02 13:57:41'),
(560, 268, 'IM', NULL, 'Imeret\'i', NULL, 1, '2022-08-02 13:57:41', '2022-08-02 13:57:41'),
(561, 268, 'KK', NULL, 'K\'vemo K\'art\'li', NULL, 1, '2022-08-02 13:57:41', '2022-08-02 13:57:41'),
(562, 268, 'KA', NULL, 'Kakhet\'i', NULL, 1, '2022-08-02 13:57:41', '2022-08-02 13:57:41'),
(563, 268, 'MM', NULL, 'Mts\'khet\'a-Mt\'ianet\'i', NULL, 1, '2022-08-02 13:57:41', '2022-08-02 13:57:41'),
(564, 268, 'RL', NULL, 'Racha-Lech\'khumi-K\'vemo Svanet\'i', NULL, 1, '2022-08-02 13:57:41', '2022-08-02 13:57:41'),
(565, 268, 'SZ', NULL, 'Samegrelo-Zemo Svanet\'i', NULL, 1, '2022-08-02 13:57:41', '2022-08-02 13:57:41'),
(566, 268, 'SJ', NULL, 'Samts\'khe-Javakhet\'i', NULL, 1, '2022-08-02 13:57:41', '2022-08-02 13:57:41'),
(567, 268, 'SK', NULL, 'Shida K\'art\'li', NULL, 1, '2022-08-02 13:57:41', '2022-08-02 13:57:41'),
(568, 268, 'TB', NULL, 'T\'bilisi', NULL, 1, '2022-08-02 13:57:41', '2022-08-02 13:57:41'),
(569, 288, 'AH', NULL, 'Ashanti', NULL, 1, '2022-08-02 13:57:41', '2022-08-02 13:57:41'),
(570, 288, 'BA', NULL, 'Brong-Ahafo', NULL, 1, '2022-08-02 13:57:41', '2022-08-02 13:57:41'),
(571, 288, 'CP', NULL, 'Central', NULL, 1, '2022-08-02 13:57:41', '2022-08-02 13:57:41'),
(572, 288, 'EP', NULL, 'Eastern', NULL, 1, '2022-08-02 13:57:41', '2022-08-02 13:57:41'),
(573, 288, 'AA', NULL, 'Greater Accra', NULL, 1, '2022-08-02 13:57:41', '2022-08-02 13:57:41'),
(574, 288, 'NP', NULL, 'Northern', NULL, 1, '2022-08-02 13:57:41', '2022-08-02 13:57:41'),
(575, 288, 'UE', NULL, 'Upper East', NULL, 1, '2022-08-02 13:57:41', '2022-08-02 13:57:41'),
(576, 288, 'UW', NULL, 'Upper West', NULL, 1, '2022-08-02 13:57:41', '2022-08-02 13:57:41'),
(577, 288, 'TV', NULL, 'Volta', NULL, 1, '2022-08-02 13:57:41', '2022-08-02 13:57:41'),
(578, 288, 'WP', NULL, 'Western', NULL, 1, '2022-08-02 13:57:41', '2022-08-02 13:57:41'),
(579, 360, 'BA', NULL, 'Bali', NULL, 1, '2022-08-02 13:57:41', '2022-08-02 13:57:41'),
(580, 360, 'BB', NULL, 'Bangka–Belitung Islands', NULL, 1, '2022-08-02 13:57:41', '2022-08-02 13:57:41'),
(581, 360, 'BT', NULL, 'Banten', NULL, 1, '2022-08-02 13:57:41', '2022-08-02 13:57:41'),
(582, 360, 'BE', NULL, 'Bengkulu', NULL, 1, '2022-08-02 13:57:41', '2022-08-02 13:57:41'),
(583, 360, 'JT', NULL, 'Central Java', NULL, 1, '2022-08-02 13:57:41', '2022-08-02 13:57:41'),
(584, 360, 'KT', NULL, 'Central Kalimantan', NULL, 1, '2022-08-02 13:57:41', '2022-08-02 13:57:41'),
(585, 360, 'ST', NULL, 'Central Sulawesi', NULL, 1, '2022-08-02 13:57:41', '2022-08-02 13:57:41'),
(586, 360, 'JI', NULL, 'East Java', NULL, 1, '2022-08-02 13:57:41', '2022-08-02 13:57:41'),
(587, 360, 'KI', NULL, 'East Kalimantan', NULL, 1, '2022-08-02 13:57:41', '2022-08-02 13:57:41'),
(588, 360, 'NT', NULL, 'East Nusa Tenggara', NULL, 1, '2022-08-02 13:57:41', '2022-08-02 13:57:41'),
(589, 360, 'GO', NULL, 'Gorontalo', NULL, 1, '2022-08-02 13:57:41', '2022-08-02 13:57:41'),
(590, 360, 'JK', NULL, 'Jakarta Special Capital Region', NULL, 1, '2022-08-02 13:57:41', '2022-08-02 13:57:41'),
(591, 360, 'JA', NULL, 'Jambi', NULL, 1, '2022-08-02 13:57:41', '2022-08-02 13:57:41'),
(592, 360, 'LA', NULL, 'Lampung', NULL, 1, '2022-08-02 13:57:41', '2022-08-02 13:57:41'),
(593, 360, 'MA', NULL, 'Maluku', NULL, 1, '2022-08-02 13:57:41', '2022-08-02 13:57:41'),
(594, 360, 'KU', NULL, 'North Kalimantan', NULL, 1, '2022-08-02 13:57:41', '2022-08-02 13:57:41'),
(595, 360, 'MU', NULL, 'North Maluku', NULL, 1, '2022-08-02 13:57:41', '2022-08-02 13:57:41'),
(596, 360, 'SA', NULL, 'North Sulawesi', NULL, 1, '2022-08-02 13:57:41', '2022-08-02 13:57:41'),
(597, 360, 'SU', NULL, 'North Sumatra', NULL, 1, '2022-08-02 13:57:41', '2022-08-02 13:57:41'),
(598, 360, 'RI', NULL, 'Riau', NULL, 1, '2022-08-02 13:57:41', '2022-08-02 13:57:41'),
(599, 360, 'KR', NULL, 'Riau Islands', NULL, 1, '2022-08-02 13:57:41', '2022-08-02 13:57:41'),
(600, 360, 'KS', NULL, 'South Kalimantan', NULL, 1, '2022-08-02 13:57:41', '2022-08-02 13:57:41'),
(601, 360, 'SN', NULL, 'South Sulawesi', NULL, 1, '2022-08-02 13:57:41', '2022-08-02 13:57:41'),
(602, 360, 'SS', NULL, 'South Sumatra', NULL, 1, '2022-08-02 13:57:41', '2022-08-02 13:57:41'),
(603, 360, 'SG', NULL, 'Southeast Sulawesi', NULL, 1, '2022-08-02 13:57:41', '2022-08-02 13:57:41'),
(604, 360, 'AC', NULL, 'Special Region of Aceh', NULL, 1, '2022-08-02 13:57:41', '2022-08-02 13:57:41'),
(605, 360, 'PA', NULL, 'Special Region of Papua', NULL, 1, '2022-08-02 13:57:41', '2022-08-02 13:57:41'),
(606, 360, 'PB', NULL, 'Special Region of West Papua', NULL, 1, '2022-08-02 13:57:41', '2022-08-02 13:57:41'),
(607, 360, 'JB', NULL, 'West Java', NULL, 1, '2022-08-02 13:57:41', '2022-08-02 13:57:41'),
(608, 360, 'KB', NULL, 'West Kalimantan', NULL, 1, '2022-08-02 13:57:41', '2022-08-02 13:57:41'),
(609, 360, 'NB', NULL, 'West Nusa Tenggara', NULL, 1, '2022-08-02 13:57:41', '2022-08-02 13:57:41'),
(610, 360, 'SR', NULL, 'West Sulawesi', NULL, 1, '2022-08-02 13:57:41', '2022-08-02 13:57:41'),
(611, 360, 'SB', NULL, 'West Sumatra', NULL, 1, '2022-08-02 13:57:41', '2022-08-02 13:57:41'),
(612, 360, 'YO', NULL, 'Yogyakarta', NULL, 1, '2022-08-02 13:57:41', '2022-08-02 13:57:41'),
(613, 376, 'JM', NULL, 'Al Quds / Yerushalayim', NULL, 1, '2022-08-02 13:57:41', '2022-08-02 13:57:41'),
(614, 376, 'D', NULL, 'El Janūbī / HaDarom', NULL, 1, '2022-08-02 13:57:41', '2022-08-02 13:57:41'),
(615, 376, 'Z', NULL, 'Esh ShamÄlī / Ha Ẕafon', NULL, 1, '2022-08-02 13:57:41', '2022-08-02 13:57:41'),
(616, 376, 'M', NULL, 'HaDarom / HaMerkaz', NULL, 1, '2022-08-02 13:57:41', '2022-08-02 13:57:41'),
(617, 376, 'YOUR', NULL, 'Tell Abīb / Tel Aviv', NULL, 1, '2022-08-02 13:57:41', '2022-08-02 13:57:41'),
(618, 376, 'HA', NULL, 'ḤeifÄ / H̱efa', NULL, 1, '2022-08-02 13:57:41', '2022-08-02 13:57:41'),
(619, 356, 'AN', NULL, 'Andaman and Nicobar Islands', NULL, 1, '2022-08-02 13:57:41', '2022-08-02 13:57:41'),
(620, 356, 'AP', NULL, 'Andhra Pradesh', NULL, 1, '2022-08-02 13:57:41', '2022-08-02 13:57:41'),
(621, 356, 'AR', NULL, 'Arunachal Pradesh', NULL, 1, '2022-08-02 13:57:41', '2022-08-02 13:57:41'),
(622, 356, 'AS', NULL, 'Assam', NULL, 1, '2022-08-02 13:57:41', '2022-08-02 13:57:41'),
(623, 356, 'BR', NULL, 'Bihar', NULL, 1, '2022-08-02 13:57:41', '2022-08-02 13:57:41'),
(624, 356, 'CH', NULL, 'Chandigarh', NULL, 1, '2022-08-02 13:57:41', '2022-08-02 13:57:41'),
(625, 356, 'CT', NULL, 'Chhattisgarh', NULL, 1, '2022-08-02 13:57:41', '2022-08-02 13:57:41'),
(626, 356, 'DN', NULL, 'Dadra and Nagar Haveli', NULL, 1, '2022-08-02 13:57:41', '2022-08-02 13:57:41'),
(627, 356, 'DD', NULL, 'Daman and Diu', NULL, 1, '2022-08-02 13:57:41', '2022-08-02 13:57:41'),
(628, 356, 'GA', NULL, 'Goa', NULL, 1, '2022-08-02 13:57:41', '2022-08-02 13:57:41'),
(629, 356, 'GJ', NULL, 'Gujarat', NULL, 1, '2022-08-02 13:57:41', '2022-08-02 13:57:41'),
(630, 356, 'HR', NULL, 'Haryana', NULL, 1, '2022-08-02 13:57:41', '2022-08-02 13:57:41'),
(631, 356, 'HP', NULL, 'Himachal Pradesh', NULL, 1, '2022-08-02 13:57:41', '2022-08-02 13:57:41'),
(632, 356, 'JK', NULL, 'Jammu and Kashmir', NULL, 1, '2022-08-02 13:57:41', '2022-08-02 13:57:41'),
(633, 356, 'JH', NULL, 'Jharkhand', NULL, 1, '2022-08-02 13:57:41', '2022-08-02 13:57:41'),
(634, 356, 'KA', NULL, 'Karnataka', NULL, 1, '2022-08-02 13:57:41', '2022-08-02 13:57:41'),
(635, 356, 'KL', NULL, 'Kerala', NULL, 1, '2022-08-02 13:57:41', '2022-08-02 13:57:41'),
(636, 356, 'LD', NULL, 'Lakshadweep', NULL, 1, '2022-08-02 13:57:41', '2022-08-02 13:57:41'),
(637, 356, 'MP', NULL, 'Madhya Pradesh', NULL, 1, '2022-08-02 13:57:41', '2022-08-02 13:57:41'),
(638, 356, 'MH', NULL, 'Maharashtra', NULL, 1, '2022-08-02 13:57:41', '2022-08-02 13:57:41'),
(639, 356, 'MN', NULL, 'Manipur', NULL, 1, '2022-08-02 13:57:41', '2022-08-02 13:57:41'),
(640, 356, 'ML', NULL, 'Meghalaya', NULL, 1, '2022-08-02 13:57:41', '2022-08-02 13:57:41'),
(641, 356, 'MZ', NULL, 'Mizoram', NULL, 1, '2022-08-02 13:57:41', '2022-08-02 13:57:41'),
(642, 356, 'NL', NULL, 'Nagaland', NULL, 1, '2022-08-02 13:57:41', '2022-08-02 13:57:41'),
(643, 356, 'DL', NULL, 'National Capital Territory of Delhi', NULL, 1, '2022-08-02 13:57:41', '2022-08-02 13:57:41'),
(644, 356, 'OR', NULL, 'Odisha', NULL, 1, '2022-08-02 13:57:41', '2022-08-02 13:57:41'),
(645, 356, 'PY', NULL, 'Puducherry', NULL, 1, '2022-08-02 13:57:41', '2022-08-02 13:57:41'),
(646, 356, 'PB', NULL, 'Punjab', NULL, 1, '2022-08-02 13:57:41', '2022-08-02 13:57:41'),
(647, 356, 'RJ', NULL, 'Rajasthan', NULL, 1, '2022-08-02 13:57:41', '2022-08-02 13:57:41'),
(648, 356, 'SK', NULL, 'Sikkim', NULL, 1, '2022-08-02 13:57:41', '2022-08-02 13:57:41'),
(649, 356, 'TN', NULL, 'Tamil Nadu', NULL, 1, '2022-08-02 13:57:41', '2022-08-02 13:57:41'),
(650, 356, 'TG', NULL, 'Telangana', NULL, 1, '2022-08-02 13:57:41', '2022-08-02 13:57:41'),
(651, 356, 'TR', NULL, 'Tripura', NULL, 1, '2022-08-02 13:57:41', '2022-08-02 13:57:41'),
(652, 356, 'UP', NULL, 'Uttar Pradesh', NULL, 1, '2022-08-02 13:57:41', '2022-08-02 13:57:41'),
(653, 356, 'UT', NULL, 'Uttarakhand', NULL, 1, '2022-08-02 13:57:41', '2022-08-02 13:57:41'),
(654, 356, 'WB', NULL, 'West Bengal', NULL, 1, '2022-08-02 13:57:41', '2022-08-02 13:57:41'),
(655, 380, '65', NULL, 'Abruzzo', NULL, 1, '2022-08-02 13:57:41', '2022-08-02 13:57:41'),
(656, 380, '23', NULL, 'Aosta Valley', NULL, 1, '2022-08-02 13:57:41', '2022-08-02 13:57:41'),
(657, 380, '75', NULL, 'Apulia', NULL, 1, '2022-08-02 13:57:41', '2022-08-02 13:57:41'),
(658, 380, '77', NULL, 'Basilicata', NULL, 1, '2022-08-02 13:57:41', '2022-08-02 13:57:41'),
(659, 380, '78', NULL, 'Calabria', NULL, 1, '2022-08-02 13:57:41', '2022-08-02 13:57:41'),
(660, 380, '72', NULL, 'Campania', NULL, 1, '2022-08-02 13:57:41', '2022-08-02 13:57:41'),
(661, 380, '45', NULL, 'Emilia-Romagna', NULL, 1, '2022-08-02 13:57:41', '2022-08-02 13:57:41'),
(662, 380, '36', NULL, 'Friuli Venezia Giulia', NULL, 1, '2022-08-02 13:57:41', '2022-08-02 13:57:41'),
(663, 380, '62', NULL, 'Lazio', NULL, 1, '2022-08-02 13:57:41', '2022-08-02 13:57:41'),
(664, 380, '42', NULL, 'Liguria', NULL, 1, '2022-08-02 13:57:41', '2022-08-02 13:57:41'),
(665, 380, '25', NULL, 'Lombardy', NULL, 1, '2022-08-02 13:57:41', '2022-08-02 13:57:41'),
(666, 380, '57', NULL, 'Marche', NULL, 1, '2022-08-02 13:57:41', '2022-08-02 13:57:41'),
(667, 380, '67', NULL, 'Molise', NULL, 1, '2022-08-02 13:57:41', '2022-08-02 13:57:41'),
(668, 380, '21', NULL, 'Piedmont', NULL, 1, '2022-08-02 13:57:41', '2022-08-02 13:57:41'),
(669, 380, '88', NULL, 'Sardinia', NULL, 1, '2022-08-02 13:57:41', '2022-08-02 13:57:41'),
(670, 380, '82', NULL, 'Sicily', NULL, 1, '2022-08-02 13:57:41', '2022-08-02 13:57:41'),
(671, 380, '32', NULL, 'Trentino-South Tyrol', NULL, 1, '2022-08-02 13:57:41', '2022-08-02 13:57:41'),
(672, 380, '52', NULL, 'Tuscany', NULL, 1, '2022-08-02 13:57:41', '2022-08-02 13:57:41'),
(673, 380, '55', NULL, 'Umbria', NULL, 1, '2022-08-02 13:57:41', '2022-08-02 13:57:41'),
(674, 380, '34', NULL, 'Veneto', NULL, 1, '2022-08-02 13:57:41', '2022-08-02 13:57:41'),
(675, 388, '13', NULL, 'Clarendon', NULL, 1, '2022-08-02 13:57:41', '2022-08-02 13:57:41'),
(676, 388, '09', NULL, 'Hanover', NULL, 1, '2022-08-02 13:57:41', '2022-08-02 13:57:41'),
(677, 388, '01', NULL, 'Kingston', NULL, 1, '2022-08-02 13:57:41', '2022-08-02 13:57:41'),
(678, 388, '12', NULL, 'Manchester', NULL, 1, '2022-08-02 13:57:41', '2022-08-02 13:57:41'),
(679, 388, '04', NULL, 'Portland', NULL, 1, '2022-08-02 13:57:41', '2022-08-02 13:57:41'),
(680, 388, '02', NULL, 'Saint Andrew', NULL, 1, '2022-08-02 13:57:41', '2022-08-02 13:57:41'),
(681, 388, '06', NULL, 'Saint Ann', NULL, 1, '2022-08-02 13:57:41', '2022-08-02 13:57:41'),
(682, 388, '14', NULL, 'Saint Catherine', NULL, 1, '2022-08-02 13:57:41', '2022-08-02 13:57:41'),
(683, 388, '11', NULL, 'Saint Elizabeth', NULL, 1, '2022-08-02 13:57:41', '2022-08-02 13:57:41'),
(684, 388, '08', NULL, 'Saint James', NULL, 1, '2022-08-02 13:57:41', '2022-08-02 13:57:41'),
(685, 388, '05', NULL, 'Saint Mary', NULL, 1, '2022-08-02 13:57:41', '2022-08-02 13:57:41'),
(686, 388, '03', NULL, 'Saint Thomas', NULL, 1, '2022-08-02 13:57:41', '2022-08-02 13:57:41'),
(687, 388, '07', NULL, 'Trelawny', NULL, 1, '2022-08-02 13:57:41', '2022-08-02 13:57:41'),
(688, 388, '10', NULL, 'Westmoreland', NULL, 1, '2022-08-02 13:57:41', '2022-08-02 13:57:41'),
(689, 392, '23', NULL, 'Aiti', NULL, 1, '2022-08-02 13:57:41', '2022-08-02 13:57:41'),
(690, 392, '05', NULL, 'Akita', NULL, 1, '2022-08-02 13:57:41', '2022-08-02 13:57:41'),
(691, 392, '02', NULL, 'Aomori', NULL, 1, '2022-08-02 13:57:41', '2022-08-02 13:57:41'),
(692, 392, '38', NULL, 'Ehime', NULL, 1, '2022-08-02 13:57:41', '2022-08-02 13:57:41'),
(693, 392, '21', NULL, 'Gihu', NULL, 1, '2022-08-02 13:57:41', '2022-08-02 13:57:41'),
(694, 392, '10', NULL, 'Gunma', NULL, 1, '2022-08-02 13:57:41', '2022-08-02 13:57:41'),
(695, 392, '34', NULL, 'Hirosima', NULL, 1, '2022-08-02 13:57:41', '2022-08-02 13:57:41'),
(696, 392, '01', NULL, 'Hokkaidô', NULL, 1, '2022-08-02 13:57:41', '2022-08-02 13:57:41'),
(697, 392, '18', NULL, 'Hukui', NULL, 1, '2022-08-02 13:57:41', '2022-08-02 13:57:41'),
(698, 392, '40', NULL, 'Hukuoka', NULL, 1, '2022-08-02 13:57:41', '2022-08-02 13:57:41'),
(699, 392, '07', NULL, 'Hukusima', NULL, 1, '2022-08-02 13:57:41', '2022-08-02 13:57:41'),
(700, 392, '28', NULL, 'Hyôgo', NULL, 1, '2022-08-02 13:57:41', '2022-08-02 13:57:41'),
(701, 392, '08', NULL, 'Ibaraki', NULL, 1, '2022-08-02 13:57:41', '2022-08-02 13:57:41'),
(702, 392, '17', NULL, 'Isikawa', NULL, 1, '2022-08-02 13:57:41', '2022-08-02 13:57:41'),
(703, 392, '03', NULL, 'Iwate', NULL, 1, '2022-08-02 13:57:41', '2022-08-02 13:57:41'),
(704, 392, '37', NULL, 'Kagawa', NULL, 1, '2022-08-02 13:57:41', '2022-08-02 13:57:41'),
(705, 392, '46', NULL, 'Kagosima', NULL, 1, '2022-08-02 13:57:41', '2022-08-02 13:57:41'),
(706, 392, '14', NULL, 'Kanagawa ', NULL, 1, '2022-08-02 13:57:41', '2022-08-02 13:57:41'),
(707, 392, '43', NULL, 'Kumamoto ', NULL, 1, '2022-08-02 13:57:41', '2022-08-02 13:57:41'),
(708, 392, '26', NULL, 'Kyôto', NULL, 1, '2022-08-02 13:57:41', '2022-08-02 13:57:41'),
(709, 392, '39', NULL, 'Kôti', NULL, 1, '2022-08-02 13:57:41', '2022-08-02 13:57:41'),
(710, 392, '24', NULL, 'Mie', NULL, 1, '2022-08-02 13:57:41', '2022-08-02 13:57:41'),
(711, 392, '04', NULL, 'Miyagi', NULL, 1, '2022-08-02 13:57:41', '2022-08-02 13:57:41'),
(712, 392, '45', NULL, 'Miyazaki', NULL, 1, '2022-08-02 13:57:41', '2022-08-02 13:57:41'),
(713, 392, '20', NULL, 'Nagano', NULL, 1, '2022-08-02 13:57:41', '2022-08-02 13:57:41'),
(714, 392, '42', NULL, 'Nagasaki', NULL, 1, '2022-08-02 13:57:41', '2022-08-02 13:57:41'),
(715, 392, '29', NULL, 'Nara', NULL, 1, '2022-08-02 13:57:41', '2022-08-02 13:57:41'),
(716, 392, '15', NULL, 'Niigata', NULL, 1, '2022-08-02 13:57:41', '2022-08-02 13:57:41'),
(717, 392, '33', NULL, 'Okayama', NULL, 1, '2022-08-02 13:57:41', '2022-08-02 13:57:41'),
(718, 392, '47', NULL, 'Okinawa', NULL, 1, '2022-08-02 13:57:41', '2022-08-02 13:57:41'),
(719, 392, '41', NULL, 'Saga', NULL, 1, '2022-08-02 13:57:41', '2022-08-02 13:57:41'),
(720, 392, '11', NULL, 'Saitama', NULL, 1, '2022-08-02 13:57:41', '2022-08-02 13:57:41'),
(721, 392, '25', NULL, 'Siga', NULL, 1, '2022-08-02 13:57:41', '2022-08-02 13:57:41'),
(722, 392, '32', NULL, 'Simane', NULL, 1, '2022-08-02 13:57:41', '2022-08-02 13:57:41'),
(723, 392, '22', NULL, 'Sizuoka', NULL, 1, '2022-08-02 13:57:41', '2022-08-02 13:57:41'),
(724, 392, '12', NULL, 'Tiba', NULL, 1, '2022-08-02 13:57:41', '2022-08-02 13:57:41'),
(725, 392, '36', NULL, 'Tokusima', NULL, 1, '2022-08-02 13:57:41', '2022-08-02 13:57:41'),
(726, 392, '09', NULL, 'Totigi', NULL, 1, '2022-08-02 13:57:41', '2022-08-02 13:57:41'),
(727, 392, '31', NULL, 'Tottori', NULL, 1, '2022-08-02 13:57:41', '2022-08-02 13:57:41'),
(728, 392, '16', NULL, 'Toyama', NULL, 1, '2022-08-02 13:57:41', '2022-08-02 13:57:41'),
(729, 392, '13', NULL, 'Tôkyô', NULL, 1, '2022-08-02 13:57:41', '2022-08-02 13:57:41'),
(730, 392, '30', NULL, 'Wakayama', NULL, 1, '2022-08-02 13:57:41', '2022-08-02 13:57:41'),
(731, 392, '06', NULL, 'Yamagata', NULL, 1, '2022-08-02 13:57:41', '2022-08-02 13:57:41'),
(732, 392, '35', NULL, 'Yamaguti', NULL, 1, '2022-08-02 13:57:41', '2022-08-02 13:57:41'),
(733, 392, '19', NULL, 'Yamanasi', NULL, 1, '2022-08-02 13:57:41', '2022-08-02 13:57:41'),
(734, 392, '44', NULL, 'Ôita', NULL, 1, '2022-08-02 13:57:41', '2022-08-02 13:57:41'),
(735, 392, '27', NULL, 'Ôsaka', NULL, 1, '2022-08-02 13:57:41', '2022-08-02 13:57:41'),
(736, 404, '200', NULL, 'Central', NULL, 1, '2022-08-02 13:57:41', '2022-08-02 13:57:41'),
(737, 404, '300', NULL, 'Coast', NULL, 1, '2022-08-02 13:57:41', '2022-08-02 13:57:41'),
(738, 404, '400', NULL, 'Eastern', NULL, 1, '2022-08-02 13:57:41', '2022-08-02 13:57:41'),
(739, 404, '110', NULL, 'Nairobi', NULL, 1, '2022-08-02 13:57:41', '2022-08-02 13:57:41'),
(740, 404, '500', NULL, 'North-Eastern', NULL, 1, '2022-08-02 13:57:41', '2022-08-02 13:57:41'),
(741, 404, '600', NULL, 'Nyanza', NULL, 1, '2022-08-02 13:57:41', '2022-08-02 13:57:41'),
(742, 404, '700', NULL, 'Rift Valley', NULL, 1, '2022-08-02 13:57:41', '2022-08-02 13:57:41'),
(743, 404, '800', NULL, 'Western', NULL, 1, '2022-08-02 13:57:41', '2022-08-02 13:57:41'),
(744, 116, '2', NULL, 'Baat Dambang', NULL, 1, '2022-08-02 13:57:41', '2022-08-02 13:57:41'),
(745, 116, '1', NULL, 'Banteay Mean Chey', NULL, 1, '2022-08-02 13:57:41', '2022-08-02 13:57:41'),
(746, 116, '3', NULL, 'Kampong Chaam', NULL, 1, '2022-08-02 13:57:41', '2022-08-02 13:57:41'),
(747, 116, '4', NULL, 'Kampong Chhnang', NULL, 1, '2022-08-02 13:57:41', '2022-08-02 13:57:41'),
(748, 116, '5', NULL, 'Kampong Spueu', NULL, 1, '2022-08-02 13:57:41', '2022-08-02 13:57:41'),
(749, 116, '6', NULL, 'Kampong Thum', NULL, 1, '2022-08-02 13:57:41', '2022-08-02 13:57:41'),
(750, 116, '7', NULL, 'Kampot', NULL, 1, '2022-08-02 13:57:41', '2022-08-02 13:57:41'),
(751, 116, '8', NULL, 'Kandaal', NULL, 1, '2022-08-02 13:57:41', '2022-08-02 13:57:41'),
(752, 116, '9', NULL, 'Kaoh Kong', NULL, 1, '2022-08-02 13:57:41', '2022-08-02 13:57:41'),
(753, 116, '10', NULL, 'Kracheh', NULL, 1, '2022-08-02 13:57:41', '2022-08-02 13:57:41'),
(754, 116, '23', NULL, 'Krong Kaeb', NULL, 1, '2022-08-02 13:57:41', '2022-08-02 13:57:41'),
(755, 116, '24', NULL, 'Krong Pailin', NULL, 1, '2022-08-02 13:57:41', '2022-08-02 13:57:41'),
(756, 116, '18', NULL, 'Krong Preah Sihanouk', NULL, 1, '2022-08-02 13:57:41', '2022-08-02 13:57:41'),
(757, 116, '11', NULL, 'Mondol Kiri', NULL, 1, '2022-08-02 13:57:41', '2022-08-02 13:57:41'),
(758, 116, '22', NULL, 'Otdar Mean Chey', NULL, 1, '2022-08-02 13:57:41', '2022-08-02 13:57:41'),
(759, 116, '12', NULL, 'Phnom Penh', NULL, 1, '2022-08-02 13:57:41', '2022-08-02 13:57:41'),
(760, 116, '15', NULL, 'Pousaat', NULL, 1, '2022-08-02 13:57:41', '2022-08-02 13:57:41'),
(761, 116, '13', NULL, 'Preah Vihear', NULL, 1, '2022-08-02 13:57:41', '2022-08-02 13:57:41'),
(762, 116, '14', NULL, 'Prey Veaeng', NULL, 1, '2022-08-02 13:57:41', '2022-08-02 13:57:41'),
(763, 116, '16', NULL, 'Rotanak Kiri', NULL, 1, '2022-08-02 13:57:41', '2022-08-02 13:57:41'),
(764, 116, '17', NULL, 'Siem Reab', NULL, 1, '2022-08-02 13:57:41', '2022-08-02 13:57:41'),
(765, 116, '19', NULL, 'Stueng Traeng', NULL, 1, '2022-08-02 13:57:41', '2022-08-02 13:57:41'),
(766, 116, '20', NULL, 'Svaay Rieng', NULL, 1, '2022-08-02 13:57:41', '2022-08-02 13:57:41'),
(767, 116, '21', NULL, 'Taakaev', NULL, 1, '2022-08-02 13:57:41', '2022-08-02 13:57:41'),
(768, 116, '25', NULL, 'Tbong Khmum', NULL, 1, '2022-08-02 13:57:41', '2022-08-02 13:57:41'),
(769, 414, 'AH', NULL, 'Al Aḩmadī', NULL, 1, '2022-08-02 13:57:41', '2022-08-02 13:57:41'),
(770, 414, 'FA', NULL, 'Al FarwÄnīyah', NULL, 1, '2022-08-02 13:57:41', '2022-08-02 13:57:41'),
(771, 414, 'JA', NULL, 'Al JahrÄ’', NULL, 1, '2022-08-02 13:57:41', '2022-08-02 13:57:41'),
(772, 414, 'KU', NULL, 'Al Kuwayt (Al ‘Āşimah)', NULL, 1, '2022-08-02 13:57:41', '2022-08-02 13:57:41'),
(773, 414, 'MU', NULL, 'MubÄrak al Kabīr', NULL, 1, '2022-08-02 13:57:41', '2022-08-02 13:57:41'),
(774, 414, 'HA', NULL, 'Ḩawallī', NULL, 1, '2022-08-02 13:57:41', '2022-08-02 13:57:41'),
(775, 422, 'AK', NULL, 'Aakkârâli', NULL, 1, '2022-08-02 13:57:41', '2022-08-02 13:57:41'),
(776, 422, 'BH', NULL, 'Baalbek-Hermel', NULL, 1, '2022-08-02 13:57:41', '2022-08-02 13:57:41'),
(777, 422, 'BA', NULL, 'Beyrouth', NULL, 1, '2022-08-02 13:57:41', '2022-08-02 13:57:41'),
(778, 422, 'BI', NULL, 'Béqaa', NULL, 1, '2022-08-02 13:57:41', '2022-08-02 13:57:41'),
(779, 422, 'AS', NULL, 'Liban-Nordâli', NULL, 1, '2022-08-02 13:57:41', '2022-08-02 13:57:41'),
(780, 422, 'JA', NULL, 'Liban-Sudûbi', NULL, 1, '2022-08-02 13:57:41', '2022-08-02 13:57:41'),
(781, 422, 'JL', NULL, 'Mont-Liban', NULL, 1, '2022-08-02 13:57:41', '2022-08-02 13:57:41'),
(782, 422, 'NA', NULL, 'Nabatîyé', NULL, 1, '2022-08-02 13:57:41', '2022-08-02 13:57:41'),
(783, 144, '52', NULL, 'AmpÄra', NULL, 1, '2022-08-02 13:57:41', '2022-08-02 13:57:41'),
(784, 144, '71', NULL, 'AnurÄdhapura', NULL, 1, '2022-08-02 13:57:41', '2022-08-02 13:57:41'),
(785, 144, '81', NULL, 'Badulla', NULL, 1, '2022-08-02 13:57:41', '2022-08-02 13:57:41'),
(786, 144, '1', NULL, 'BasnÄhira paḷÄta', NULL, 1, '2022-08-02 13:57:41', '2022-08-02 13:57:41'),
(787, 144, '3', NULL, 'Dakuṇu paḷÄta', NULL, 1, '2022-08-02 13:57:41', '2022-08-02 13:57:41'),
(788, 144, '12', NULL, 'Gampaha', NULL, 1, '2022-08-02 13:57:41', '2022-08-02 13:57:41'),
(789, 144, '31', NULL, 'GÄlla', NULL, 1, '2022-08-02 13:57:41', '2022-08-02 13:57:41'),
(790, 144, '33', NULL, 'HambantÅṭa', NULL, 1, '2022-08-02 13:57:41', '2022-08-02 13:57:41'),
(791, 144, '13', NULL, 'Kaḷutara', NULL, 1, '2022-08-02 13:57:41', '2022-08-02 13:57:41'),
(792, 144, '42', NULL, 'KilinÅchchi', NULL, 1, '2022-08-02 13:57:41', '2022-08-02 13:57:41'),
(793, 144, '61', NULL, 'Kuruṇægala', NULL, 1, '2022-08-02 13:57:41', '2022-08-02 13:57:41'),
(794, 144, '92', NULL, 'Kægalla', NULL, 1, '2022-08-02 13:57:41', '2022-08-02 13:57:41'),
(795, 144, '11', NULL, 'KÅḷamba', NULL, 1, '2022-08-02 13:57:41', '2022-08-02 13:57:41'),
(796, 144, '2', NULL, 'Madhyama paḷÄta', NULL, 1, '2022-08-02 13:57:41', '2022-08-02 13:57:41'),
(797, 144, '21', NULL, 'Mahanuvara', NULL, 1, '2022-08-02 13:57:41', '2022-08-02 13:57:41'),
(798, 144, '43', NULL, 'MannÄrama', NULL, 1, '2022-08-02 13:57:41', '2022-08-02 13:57:41'),
(799, 144, '51', NULL, 'Maá¸akalapuva', NULL, 1, '2022-08-02 13:57:41', '2022-08-02 13:57:41'),
(800, 144, '45', NULL, 'Mulativ', NULL, 1, '2022-08-02 13:57:41', '2022-08-02 13:57:41'),
(801, 144, '22', NULL, 'MÄtale', NULL, 1, '2022-08-02 13:57:41', '2022-08-02 13:57:41'),
(802, 144, '32', NULL, 'MÄtara', NULL, 1, '2022-08-02 13:57:41', '2022-08-02 13:57:41'),
(803, 144, '82', NULL, 'MÅṇarÄgala', NULL, 1, '2022-08-02 13:57:41', '2022-08-02 13:57:41'),
(804, 144, '23', NULL, 'Nuvara Ĕliya', NULL, 1, '2022-08-02 13:57:41', '2022-08-02 13:57:41'),
(805, 144, '5', NULL, 'Næ̆gĕnahira paḷÄta', NULL, 1, '2022-08-02 13:57:41', '2022-08-02 13:57:41'),
(806, 144, '62', NULL, 'Puttalama', NULL, 1, '2022-08-02 13:57:41', '2022-08-02 13:57:41'),
(807, 144, '72', NULL, 'PÅḷÅnnaruva', NULL, 1, '2022-08-02 13:57:41', '2022-08-02 13:57:41'),
(808, 144, '91', NULL, 'Ratnapura', NULL, 1, '2022-08-02 13:57:41', '2022-08-02 13:57:41'),
(809, 144, '9', NULL, 'Sabaragamuva paḷÄta', NULL, 1, '2022-08-02 13:57:41', '2022-08-02 13:57:41'),
(810, 144, '53', NULL, 'TrikuṇÄmalaya', NULL, 1, '2022-08-02 13:57:41', '2022-08-02 13:57:41'),
(811, 144, '4', NULL, 'Uturu paḷÄta', NULL, 1, '2022-08-02 13:57:41', '2022-08-02 13:57:41'),
(812, 144, '7', NULL, 'Uturumæ̆da paḷÄta', NULL, 1, '2022-08-02 13:57:41', '2022-08-02 13:57:41'),
(813, 144, '44', NULL, 'VavuniyÄva', NULL, 1, '2022-08-02 13:57:41', '2022-08-02 13:57:41'),
(814, 144, '6', NULL, 'Vayamba paḷÄta', NULL, 1, '2022-08-02 13:57:41', '2022-08-02 13:57:41'),
(815, 144, '41', NULL, 'YÄpanaya', NULL, 1, '2022-08-02 13:57:41', '2022-08-02 13:57:41'),
(816, 144, '8', NULL, 'Ūva paḷÄta', NULL, 1, '2022-08-02 13:57:41', '2022-08-02 13:57:41'),
(817, 484, 'AG', NULL, 'Aguascalientes', NULL, 1, '2022-08-02 13:57:41', '2022-08-02 13:57:41'),
(818, 484, 'BC', NULL, 'Baja California', NULL, 1, '2022-08-02 13:57:41', '2022-08-02 13:57:41'),
(819, 484, 'BS', NULL, 'Baja California Sur', NULL, 1, '2022-08-02 13:57:41', '2022-08-02 13:57:41'),
(820, 484, 'CM', NULL, 'Campeche', NULL, 1, '2022-08-02 13:57:41', '2022-08-02 13:57:41'),
(821, 484, 'CS', NULL, 'Chiapas', NULL, 1, '2022-08-02 13:57:41', '2022-08-02 13:57:41'),
(822, 484, 'CH', NULL, 'Chihuahua', NULL, 1, '2022-08-02 13:57:41', '2022-08-02 13:57:41'),
(823, 484, 'MX', NULL, 'Coahuila', NULL, 1, '2022-08-02 13:57:41', '2022-08-02 13:57:41'),
(824, 484, 'CL', NULL, 'Colima', NULL, 1, '2022-08-02 13:57:41', '2022-08-02 13:57:41'),
(825, 484, 'DG', NULL, 'Durango', NULL, 1, '2022-08-02 13:57:41', '2022-08-02 13:57:41'),
(826, 484, 'DF', NULL, 'Federal District', NULL, 1, '2022-08-02 13:57:41', '2022-08-02 13:57:41'),
(827, 484, 'GT', NULL, 'Guanajuato', NULL, 1, '2022-08-02 13:57:41', '2022-08-02 13:57:41'),
(828, 484, 'GR', NULL, 'Guerrero', NULL, 1, '2022-08-02 13:57:41', '2022-08-02 13:57:41'),
(829, 484, 'HG', NULL, 'Hidalgo', NULL, 1, '2022-08-02 13:57:41', '2022-08-02 13:57:41'),
(830, 484, 'JA', NULL, 'Jalisco', NULL, 1, '2022-08-02 13:57:41', '2022-08-02 13:57:41'),
(831, 484, 'ME', NULL, 'Mexico', NULL, 1, '2022-08-02 13:57:41', '2022-08-02 13:57:41'),
(832, 484, 'MI', NULL, 'Michoacán', NULL, 1, '2022-08-02 13:57:41', '2022-08-02 13:57:41'),
(833, 484, 'MO', NULL, 'Morelos', NULL, 1, '2022-08-02 13:57:41', '2022-08-02 13:57:41'),
(834, 484, 'NA', NULL, 'Nayarit', NULL, 1, '2022-08-02 13:57:41', '2022-08-02 13:57:41'),
(835, 484, 'NL', NULL, 'Nuevo León', NULL, 1, '2022-08-02 13:57:41', '2022-08-02 13:57:41'),
(836, 484, 'OA', NULL, 'Oaxaca', NULL, 1, '2022-08-02 13:57:41', '2022-08-02 13:57:41'),
(837, 484, 'PU', NULL, 'Puebla', NULL, 1, '2022-08-02 13:57:41', '2022-08-02 13:57:41'),
(838, 484, 'QE', NULL, 'Querétaro', NULL, 1, '2022-08-02 13:57:41', '2022-08-02 13:57:41'),
(839, 484, 'QR', NULL, 'Quintana Roo', NULL, 1, '2022-08-02 13:57:41', '2022-08-02 13:57:41'),
(840, 484, 'SL', NULL, 'San Luis Potosí', NULL, 1, '2022-08-02 13:57:41', '2022-08-02 13:57:41'),
(841, 484, 'SI', NULL, 'Sinaloa', NULL, 1, '2022-08-02 13:57:41', '2022-08-02 13:57:41'),
(842, 484, 'SO', NULL, 'Sonora', NULL, 1, '2022-08-02 13:57:41', '2022-08-02 13:57:41'),
(843, 484, 'TB', NULL, 'Tabasco', NULL, 1, '2022-08-02 13:57:41', '2022-08-02 13:57:41'),
(844, 484, 'TM', NULL, 'Tamaulipas', NULL, 1, '2022-08-02 13:57:41', '2022-08-02 13:57:41'),
(845, 484, 'TL', NULL, 'Tlaxcala', NULL, 1, '2022-08-02 13:57:41', '2022-08-02 13:57:41'),
(846, 484, 'VE', NULL, 'Veracruz', NULL, 1, '2022-08-02 13:57:41', '2022-08-02 13:57:41'),
(847, 484, 'YU', NULL, 'Yucatán', NULL, 1, '2022-08-02 13:57:41', '2022-08-02 13:57:41'),
(848, 484, 'ZA', NULL, 'Zacatecas', NULL, 1, '2022-08-02 13:57:41', '2022-08-02 13:57:41'),
(849, 458, '01', NULL, 'Johor', NULL, 1, '2022-08-02 13:57:41', '2022-08-02 13:57:41'),
(850, 458, '02', NULL, 'Kedah', NULL, 1, '2022-08-02 13:57:41', '2022-08-02 13:57:41'),
(851, 458, '03', NULL, 'Kelantan', NULL, 1, '2022-08-02 13:57:41', '2022-08-02 13:57:41'),
(852, 458, '04', NULL, 'Melaka', NULL, 1, '2022-08-02 13:57:41', '2022-08-02 13:57:41'),
(853, 458, '05', NULL, 'Negeri Sembilan', NULL, 1, '2022-08-02 13:57:41', '2022-08-02 13:57:41'),
(854, 458, '06', NULL, 'Pahang', NULL, 1, '2022-08-02 13:57:41', '2022-08-02 13:57:41'),
(855, 458, '08', NULL, 'Perak', NULL, 1, '2022-08-02 13:57:41', '2022-08-02 13:57:41'),
(856, 458, '09', NULL, 'Perlis', NULL, 1, '2022-08-02 13:57:41', '2022-08-02 13:57:41'),
(857, 458, '07', NULL, 'Pulau Pinang', NULL, 1, '2022-08-02 13:57:41', '2022-08-02 13:57:41'),
(858, 458, '12', NULL, 'Sabah', NULL, 1, '2022-08-02 13:57:41', '2022-08-02 13:57:41'),
(859, 458, '13', NULL, 'Sarawak', NULL, 1, '2022-08-02 13:57:41', '2022-08-02 13:57:41'),
(860, 458, '10', NULL, 'Selangor', NULL, 1, '2022-08-02 13:57:41', '2022-08-02 13:57:41'),
(861, 458, '11', NULL, 'Terengganu', NULL, 1, '2022-08-02 13:57:41', '2022-08-02 13:57:41'),
(862, 458, '14', NULL, 'Wilayah Persekutuan Kuala Lumpur', NULL, 1, '2022-08-02 13:57:41', '2022-08-02 13:57:41'),
(863, 458, '15', NULL, 'Wilayah Persekutuan Labuan', NULL, 1, '2022-08-02 13:57:41', '2022-08-02 13:57:41'),
(864, 458, '16', NULL, 'Wilayah Persekutuan Putrajaya', NULL, 1, '2022-08-02 13:57:41', '2022-08-02 13:57:41'),
(865, 562, '1', NULL, 'Agadez', NULL, 1, '2022-08-02 13:57:41', '2022-08-02 13:57:41'),
(866, 562, '2', NULL, 'Diffa', NULL, 1, '2022-08-02 13:57:41', '2022-08-02 13:57:41'),
(867, 562, '3', NULL, 'Dosso', NULL, 1, '2022-08-02 13:57:41', '2022-08-02 13:57:41'),
(868, 562, '4', NULL, 'Maradi', NULL, 1, '2022-08-02 13:57:41', '2022-08-02 13:57:41'),
(869, 562, '8', NULL, 'Niamey', NULL, 1, '2022-08-02 13:57:41', '2022-08-02 13:57:41'),
(870, 562, '5', NULL, 'Tahoua', NULL, 1, '2022-08-02 13:57:41', '2022-08-02 13:57:41'),
(871, 562, '6', NULL, 'Tillabéri', NULL, 1, '2022-08-02 13:57:41', '2022-08-02 13:57:41'),
(872, 562, '7', NULL, 'Zinder', NULL, 1, '2022-08-02 13:57:41', '2022-08-02 13:57:41'),
(873, 566, 'AB', NULL, 'Abia', NULL, 1, '2022-08-02 13:57:41', '2022-08-02 13:57:41'),
(874, 566, 'FC', NULL, 'Abuja Capital Territory', NULL, 1, '2022-08-02 13:57:41', '2022-08-02 13:57:41'),
(875, 566, 'AD', NULL, 'Adamawa', NULL, 1, '2022-08-02 13:57:41', '2022-08-02 13:57:41'),
(876, 566, 'AK', NULL, 'Akwa Ibom', NULL, 1, '2022-08-02 13:57:41', '2022-08-02 13:57:41'),
(877, 566, 'AN', NULL, 'Anambra', NULL, 1, '2022-08-02 13:57:41', '2022-08-02 13:57:41'),
(878, 566, 'BA', NULL, 'Bauchi', NULL, 1, '2022-08-02 13:57:41', '2022-08-02 13:57:41'),
(879, 566, 'BY', NULL, 'Bayelsa', NULL, 1, '2022-08-02 13:57:41', '2022-08-02 13:57:41'),
(880, 566, 'BE', NULL, 'Benue', NULL, 1, '2022-08-02 13:57:41', '2022-08-02 13:57:41'),
(881, 566, 'BO', NULL, 'Borno', NULL, 1, '2022-08-02 13:57:41', '2022-08-02 13:57:41'),
(882, 566, 'CR', NULL, 'Cross River', NULL, 1, '2022-08-02 13:57:41', '2022-08-02 13:57:41'),
(883, 566, 'DE', NULL, 'Delta', NULL, 1, '2022-08-02 13:57:41', '2022-08-02 13:57:41'),
(884, 566, 'EB', NULL, 'Ebonyi', NULL, 1, '2022-08-02 13:57:41', '2022-08-02 13:57:41'),
(885, 566, 'ED', NULL, 'Edo', NULL, 1, '2022-08-02 13:57:41', '2022-08-02 13:57:41'),
(886, 566, 'EK', NULL, 'Ekiti', NULL, 1, '2022-08-02 13:57:41', '2022-08-02 13:57:41'),
(887, 566, 'EN', NULL, 'Enugu', NULL, 1, '2022-08-02 13:57:41', '2022-08-02 13:57:41'),
(888, 566, 'GO', NULL, 'Gombe', NULL, 1, '2022-08-02 13:57:41', '2022-08-02 13:57:41'),
(889, 566, 'IM', NULL, 'Imo', NULL, 1, '2022-08-02 13:57:41', '2022-08-02 13:57:41'),
(890, 566, 'JI', NULL, 'Jigawa', NULL, 1, '2022-08-02 13:57:41', '2022-08-02 13:57:41'),
(891, 566, 'KD', NULL, 'Kaduna', NULL, 1, '2022-08-02 13:57:41', '2022-08-02 13:57:41'),
(892, 566, 'KN', NULL, 'Kano', NULL, 1, '2022-08-02 13:57:41', '2022-08-02 13:57:41'),
(893, 566, 'KT', NULL, 'Katsina', NULL, 1, '2022-08-02 13:57:41', '2022-08-02 13:57:41'),
(894, 566, 'KE', NULL, 'Kebbi', NULL, 1, '2022-08-02 13:57:41', '2022-08-02 13:57:41'),
(895, 566, 'KO', NULL, 'Kogi', NULL, 1, '2022-08-02 13:57:41', '2022-08-02 13:57:41'),
(896, 566, 'KW', NULL, 'Kwara', NULL, 1, '2022-08-02 13:57:41', '2022-08-02 13:57:41'),
(897, 566, 'LA', NULL, 'Lagos', NULL, 1, '2022-08-02 13:57:41', '2022-08-02 13:57:41'),
(898, 566, 'NA', NULL, 'Nassarawa', NULL, 1, '2022-08-02 13:57:41', '2022-08-02 13:57:41'),
(899, 566, 'NI', NULL, 'Niger', NULL, 1, '2022-08-02 13:57:41', '2022-08-02 13:57:41'),
(900, 566, 'OG', NULL, 'Ogun', NULL, 1, '2022-08-02 13:57:41', '2022-08-02 13:57:41'),
(901, 566, 'ON', NULL, 'Ondo', NULL, 1, '2022-08-02 13:57:41', '2022-08-02 13:57:41'),
(902, 566, 'OS', NULL, 'Osun', NULL, 1, '2022-08-02 13:57:41', '2022-08-02 13:57:41'),
(903, 566, 'OY', NULL, 'Oyo', NULL, 1, '2022-08-02 13:57:41', '2022-08-02 13:57:41'),
(904, 566, 'PL', NULL, 'Plateau', NULL, 1, '2022-08-02 13:57:41', '2022-08-02 13:57:41'),
(905, 566, 'RI', NULL, 'Rivers', NULL, 1, '2022-08-02 13:57:41', '2022-08-02 13:57:41'),
(906, 566, 'SO', NULL, 'Sokoto', NULL, 1, '2022-08-02 13:57:41', '2022-08-02 13:57:41'),
(907, 566, 'TA', NULL, 'Taraba', NULL, 1, '2022-08-02 13:57:41', '2022-08-02 13:57:41'),
(908, 566, 'YO', NULL, 'Yobe', NULL, 1, '2022-08-02 13:57:41', '2022-08-02 13:57:41'),
(909, 566, 'ZA', NULL, 'Zamfara', NULL, 1, '2022-08-02 13:57:41', '2022-08-02 13:57:41'),
(910, 528, 'AW', NULL, 'Aruba', NULL, 1, '2022-08-02 13:57:41', '2022-08-02 13:57:41'),
(911, 528, 'BQ', NULL, 'Bonaire', NULL, 1, '2022-08-02 13:57:41', '2022-08-02 13:57:41'),
(912, 528, 'CW', NULL, 'Curaçao', NULL, 1, '2022-08-02 13:57:41', '2022-08-02 13:57:41'),
(913, 528, 'DR', NULL, 'Drenthe', NULL, 1, '2022-08-02 13:57:41', '2022-08-02 13:57:41'),
(914, 528, 'FL', NULL, 'Flevoland', NULL, 1, '2022-08-02 13:57:41', '2022-08-02 13:57:41'),
(915, 528, 'FR', NULL, 'Friesland', NULL, 1, '2022-08-02 13:57:41', '2022-08-02 13:57:41'),
(916, 528, 'GD', NULL, 'Gelderland', NULL, 1, '2022-08-02 13:57:41', '2022-08-02 13:57:41'),
(917, 528, 'GR', NULL, 'Groningen', NULL, 1, '2022-08-02 13:57:41', '2022-08-02 13:57:41'),
(918, 528, 'LB', NULL, 'Limburg', NULL, 1, '2022-08-02 13:57:41', '2022-08-02 13:57:41'),
(919, 528, 'NB', NULL, 'Noord-Brabant', NULL, 1, '2022-08-02 13:57:41', '2022-08-02 13:57:41'),
(920, 528, 'NH', NULL, 'Noord-Holland', NULL, 1, '2022-08-02 13:57:41', '2022-08-02 13:57:41'),
(921, 528, 'OV', NULL, 'Overijssel', NULL, 1, '2022-08-02 13:57:41', '2022-08-02 13:57:41'),
(922, 528, 'SX', NULL, 'Sint Maarten', NULL, 1, '2022-08-02 13:57:41', '2022-08-02 13:57:41'),
(923, 528, 'UT', NULL, 'Utrecht', NULL, 1, '2022-08-02 13:57:41', '2022-08-02 13:57:41'),
(924, 528, 'ZL', NULL, 'Zeeland', NULL, 1, '2022-08-02 13:57:41', '2022-08-02 13:57:41'),
(925, 528, 'ZH', NULL, 'Zuid-Holland', NULL, 1, '2022-08-02 13:57:41', '2022-08-02 13:57:41'),
(926, 524, 'BA', NULL, 'Bagmati', NULL, 1, '2022-08-02 13:57:41', '2022-08-02 13:57:41'),
(927, 524, 'BH', NULL, 'Bheri', NULL, 1, '2022-08-02 13:57:41', '2022-08-02 13:57:41'),
(928, 524, 'DH', NULL, 'Dhawalagiri', NULL, 1, '2022-08-02 13:57:41', '2022-08-02 13:57:41'),
(929, 524, 'GA', NULL, 'Gandaki', NULL, 1, '2022-08-02 13:57:41', '2022-08-02 13:57:41'),
(930, 524, 'JA', NULL, 'Janakpur', NULL, 1, '2022-08-02 13:57:41', '2022-08-02 13:57:41'),
(931, 524, 'KA', NULL, 'Karnali', NULL, 1, '2022-08-02 13:57:41', '2022-08-02 13:57:41'),
(932, 524, 'KO', NULL, 'Kosi [Koshi]', NULL, 1, '2022-08-02 13:57:41', '2022-08-02 13:57:41'),
(933, 524, 'LU', NULL, 'Lumbini', NULL, 1, '2022-08-02 13:57:41', '2022-08-02 13:57:41'),
(934, 524, '2', NULL, 'Madhya Pashchimanchal', NULL, 1, '2022-08-02 13:57:41', '2022-08-02 13:57:41'),
(935, 524, '1', NULL, 'Madhyamanchal', NULL, 1, '2022-08-02 13:57:41', '2022-08-02 13:57:41'),
(936, 524, 'MA', NULL, 'Mahakali', NULL, 1, '2022-08-02 13:57:41', '2022-08-02 13:57:41'),
(937, 524, 'ME', NULL, 'Mechi', NULL, 1, '2022-08-02 13:57:41', '2022-08-02 13:57:41'),
(938, 524, 'NA', NULL, 'Narayani', NULL, 1, '2022-08-02 13:57:41', '2022-08-02 13:57:41'),
(939, 524, '3', NULL, 'Pashchimanchal', NULL, 1, '2022-08-02 13:57:41', '2022-08-02 13:57:41'),
(940, 524, '4', NULL, 'Purwanchal', NULL, 1, '2022-08-02 13:57:41', '2022-08-02 13:57:41'),
(941, 524, 'RA', NULL, 'Rapti', NULL, 1, '2022-08-02 13:57:41', '2022-08-02 13:57:41'),
(942, 524, 'SA', NULL, 'Sagarmatha', NULL, 1, '2022-08-02 13:57:41', '2022-08-02 13:57:41'),
(943, 524, 'SE', NULL, 'Seti', NULL, 1, '2022-08-02 13:57:41', '2022-08-02 13:57:41'),
(944, 524, '5', NULL, 'Sudur Pashchimanchal', NULL, 1, '2022-08-02 13:57:41', '2022-08-02 13:57:41'),
(945, 554, 'AUK', NULL, 'Auckland', NULL, 1, '2022-08-02 13:57:41', '2022-08-02 13:57:41'),
(946, 554, 'BOP', NULL, 'Bay of Plenty', NULL, 1, '2022-08-02 13:57:41', '2022-08-02 13:57:41'),
(947, 554, 'CAN', NULL, 'Canterbury', NULL, 1, '2022-08-02 13:57:41', '2022-08-02 13:57:41'),
(948, 554, 'CIT', NULL, 'Chatham Islands Territory', NULL, 1, '2022-08-02 13:57:41', '2022-08-02 13:57:41'),
(949, 554, 'GIS', NULL, 'Gisborne District', NULL, 1, '2022-08-02 13:57:41', '2022-08-02 13:57:41'),
(950, 554, 'HKB', NULL, 'Hawkes\'s Bay', NULL, 1, '2022-08-02 13:57:41', '2022-08-02 13:57:41'),
(951, 554, 'MWT', NULL, 'Manawatu-Wanganui', NULL, 1, '2022-08-02 13:57:41', '2022-08-02 13:57:41'),
(952, 554, 'MBH', NULL, 'Marlborough District', NULL, 1, '2022-08-02 13:57:41', '2022-08-02 13:57:41'),
(953, 554, 'NSN', NULL, 'Nelson City', NULL, 1, '2022-08-02 13:57:41', '2022-08-02 13:57:41'),
(954, 554, 'NTL', NULL, 'Northland', NULL, 1, '2022-08-02 13:57:41', '2022-08-02 13:57:41'),
(955, 554, 'OTA', NULL, 'Otago', NULL, 1, '2022-08-02 13:57:41', '2022-08-02 13:57:41'),
(956, 554, 'STL', NULL, 'Southland', NULL, 1, '2022-08-02 13:57:41', '2022-08-02 13:57:41'),
(957, 554, 'TKI', NULL, 'Taranaki', NULL, 1, '2022-08-02 13:57:41', '2022-08-02 13:57:41'),
(958, 554, 'TAS', NULL, 'Tasman District', NULL, 1, '2022-08-02 13:57:41', '2022-08-02 13:57:41'),
(959, 554, 'WKO', NULL, 'Waikato', NULL, 1, '2022-08-02 13:57:41', '2022-08-02 13:57:41'),
(960, 554, 'WGN', NULL, 'Wellington', NULL, 1, '2022-08-02 13:57:41', '2022-08-02 13:57:41'),
(961, 554, 'WTC', NULL, 'West Coast', NULL, 1, '2022-08-02 13:57:41', '2022-08-02 13:57:41'),
(962, 512, 'DA', NULL, 'Ad DÄkhilīyah', NULL, 1, '2022-08-02 13:57:41', '2022-08-02 13:57:41'),
(963, 512, 'BU', NULL, 'Al Buraymī', NULL, 1, '2022-08-02 13:57:41', '2022-08-02 13:57:41'),
(964, 512, 'BA', NULL, 'Al BÄţinah', NULL, 1, '2022-08-02 13:57:41', '2022-08-02 13:57:41'),
(965, 512, 'WU', NULL, 'Al Wusţá', NULL, 1, '2022-08-02 13:57:41', '2022-08-02 13:57:41'),
(966, 512, 'SH', NULL, 'Ash Sharqīyah', NULL, 1, '2022-08-02 13:57:41', '2022-08-02 13:57:41'),
(967, 512, 'ZA', NULL, 'Aȥ ȤÄhirah', NULL, 1, '2022-08-02 13:57:41', '2022-08-02 13:57:41'),
(968, 512, 'MA', NULL, 'Masqaţ', NULL, 1, '2022-08-02 13:57:41', '2022-08-02 13:57:41'),
(969, 512, 'MU', NULL, 'Musandam', NULL, 1, '2022-08-02 13:57:41', '2022-08-02 13:57:41'),
(970, 512, 'ZU', NULL, 'Z̧ufÄr', NULL, 1, '2022-08-02 13:57:41', '2022-08-02 13:57:41'),
(971, 604, 'AMA', NULL, 'Amazonas', NULL, 1, '2022-08-02 13:57:41', '2022-08-02 13:57:41'),
(972, 604, 'ANC', NULL, 'Ancash', NULL, 1, '2022-08-02 13:57:41', '2022-08-02 13:57:41'),
(973, 604, 'APU', NULL, 'Apurímac', NULL, 1, '2022-08-02 13:57:41', '2022-08-02 13:57:41'),
(974, 604, 'ARE', NULL, 'Arequipa', NULL, 1, '2022-08-02 13:57:41', '2022-08-02 13:57:41'),
(975, 604, 'AYA', NULL, 'Ayacucho', NULL, 1, '2022-08-02 13:57:41', '2022-08-02 13:57:41'),
(976, 604, 'CAJ', NULL, 'Cajamarca', NULL, 1, '2022-08-02 13:57:41', '2022-08-02 13:57:41'),
(977, 604, 'CUS', NULL, 'Cusco', NULL, 1, '2022-08-02 13:57:41', '2022-08-02 13:57:41'),
(978, 604, 'CAL', NULL, 'El Callao', NULL, 1, '2022-08-02 13:57:41', '2022-08-02 13:57:41'),
(979, 604, 'HUV', NULL, 'Huancavelica', NULL, 1, '2022-08-02 13:57:41', '2022-08-02 13:57:41'),
(980, 604, 'HUC', NULL, 'Huánuco', NULL, 1, '2022-08-02 13:57:41', '2022-08-02 13:57:41'),
(981, 604, 'ICA', NULL, 'Ica', NULL, 1, '2022-08-02 13:57:41', '2022-08-02 13:57:41'),
(982, 604, 'JUN', NULL, 'Junín', NULL, 1, '2022-08-02 13:57:41', '2022-08-02 13:57:41'),
(983, 604, 'LAL', NULL, 'La Libertad', NULL, 1, '2022-08-02 13:57:41', '2022-08-02 13:57:41'),
(984, 604, 'LAM', NULL, 'Lambayeque', NULL, 1, '2022-08-02 13:57:41', '2022-08-02 13:57:41'),
(985, 604, 'LIM', NULL, 'Lima', NULL, 1, '2022-08-02 13:57:41', '2022-08-02 13:57:41'),
(986, 604, 'LOR', NULL, 'Loreto', NULL, 1, '2022-08-02 13:57:41', '2022-08-02 13:57:41'),
(987, 604, 'MDD', NULL, 'Madre de Dios', NULL, 1, '2022-08-02 13:57:41', '2022-08-02 13:57:41'),
(988, 604, 'MOQ', NULL, 'Moquegua', NULL, 1, '2022-08-02 13:57:41', '2022-08-02 13:57:41'),
(989, 604, 'LMA', NULL, 'Municipalidad Metropolitana de Lima', NULL, 1, '2022-08-02 13:57:41', '2022-08-02 13:57:41'),
(990, 604, 'PAS', NULL, 'Pasco', NULL, 1, '2022-08-02 13:57:41', '2022-08-02 13:57:41'),
(991, 604, 'PIU', NULL, 'Piura', NULL, 1, '2022-08-02 13:57:41', '2022-08-02 13:57:41'),
(992, 604, 'PUN', NULL, 'Puno', NULL, 1, '2022-08-02 13:57:41', '2022-08-02 13:57:41'),
(993, 604, 'SAM', NULL, 'San Martín', NULL, 1, '2022-08-02 13:57:41', '2022-08-02 13:57:41'),
(994, 604, 'TAC', NULL, 'Tacna', NULL, 1, '2022-08-02 13:57:41', '2022-08-02 13:57:41'),
(995, 604, 'TUM', NULL, 'Tumbes', NULL, 1, '2022-08-02 13:57:41', '2022-08-02 13:57:41'),
(996, 604, 'UCA', NULL, 'Ucayali', NULL, 1, '2022-08-02 13:57:41', '2022-08-02 13:57:41'),
(997, 608, '14', NULL, 'Autonomous Region in Muslim Mindanao', NULL, 1, '2022-08-02 13:57:41', '2022-08-02 13:57:41'),
(998, 608, '05', NULL, 'Bicol', NULL, 1, '2022-08-02 13:57:41', '2022-08-02 13:57:41'),
(999, 608, '02', NULL, 'Cagayan Valley', NULL, 1, '2022-08-02 13:57:41', '2022-08-02 13:57:41'),
(1000, 608, '40', NULL, 'Calabarzon', NULL, 1, '2022-08-02 13:57:41', '2022-08-02 13:57:41'),
(1001, 608, '13', NULL, 'Caraga', NULL, 1, '2022-08-02 13:57:41', '2022-08-02 13:57:41'),
(1002, 608, '03', NULL, 'Central Luzon', NULL, 1, '2022-08-02 13:57:41', '2022-08-02 13:57:41'),
(1003, 608, '07', NULL, 'Central Visayas', NULL, 1, '2022-08-02 13:57:41', '2022-08-02 13:57:41'),
(1004, 608, '15', NULL, 'Cordillera Administrative Region', NULL, 1, '2022-08-02 13:57:41', '2022-08-02 13:57:41'),
(1005, 608, '11', NULL, 'Davao', NULL, 1, '2022-08-02 13:57:41', '2022-08-02 13:57:41'),
(1006, 608, '08', NULL, 'Eastern Visayas', NULL, 1, '2022-08-02 13:57:41', '2022-08-02 13:57:41'),
(1007, 608, '01', NULL, 'Ilocos', NULL, 1, '2022-08-02 13:57:41', '2022-08-02 13:57:41'),
(1008, 608, '41', NULL, 'Mimaropa', NULL, 1, '2022-08-02 13:57:41', '2022-08-02 13:57:41'),
(1009, 608, '00', NULL, 'National Capital', NULL, 1, '2022-08-02 13:57:41', '2022-08-02 13:57:41'),
(1010, 608, '10', NULL, 'Northern Mindanao', NULL, 1, '2022-08-02 13:57:41', '2022-08-02 13:57:41'),
(1011, 608, '12', NULL, 'Soccsksargen', NULL, 1, '2022-08-02 13:57:41', '2022-08-02 13:57:41'),
(1012, 608, '06', NULL, 'Western Visayas', NULL, 1, '2022-08-02 13:57:41', '2022-08-02 13:57:41'),
(1013, 608, '09', NULL, 'Zamboanga Peninsula', NULL, 1, '2022-08-02 13:57:41', '2022-08-02 13:57:41'),
(1014, 586, 'JK', NULL, 'Azad Kashmir', NULL, 1, '2022-08-02 13:57:41', '2022-08-02 13:57:41'),
(1015, 586, 'BA', NULL, 'Baluchistan', NULL, 1, '2022-08-02 13:57:41', '2022-08-02 13:57:41'),
(1016, 586, 'TA', NULL, 'Federally Administered Tribal Area', NULL, 1, '2022-08-02 13:57:41', '2022-08-02 13:57:41'),
(1017, 586, 'GB', NULL, 'Gilgit-Baltistan', NULL, 1, '2022-08-02 13:57:41', '2022-08-02 13:57:41'),
(1018, 586, 'IS', NULL, 'Islamabad', NULL, 1, '2022-08-02 13:57:41', '2022-08-02 13:57:41'),
(1019, 586, 'KP', NULL, 'Khyber Pakhtunkhwa', NULL, 1, '2022-08-02 13:57:41', '2022-08-02 13:57:41'),
(1020, 586, 'PB', NULL, 'Punjab', NULL, 1, '2022-08-02 13:57:41', '2022-08-02 13:57:41'),
(1021, 586, 'SD', NULL, 'Sind', NULL, 1, '2022-08-02 13:57:41', '2022-08-02 13:57:41'),
(1022, 634, 'DA', NULL, 'Ad Dawḩah', NULL, 1, '2022-08-02 13:57:41', '2022-08-02 13:57:41'),
(1023, 634, 'KH', NULL, 'Al Khawr wa adh Dhakhīrah', NULL, 1, '2022-08-02 13:57:41', '2022-08-02 13:57:41'),
(1024, 634, 'WA', NULL, 'Al Wakrah', NULL, 1, '2022-08-02 13:57:41', '2022-08-02 13:57:41'),
(1025, 634, 'RA', NULL, 'Ar RayyÄn', NULL, 1, '2022-08-02 13:57:41', '2022-08-02 13:57:41'),
(1026, 634, 'MS', NULL, 'Ash ShamÄl', NULL, 1, '2022-08-02 13:57:41', '2022-08-02 13:57:41'),
(1027, 634, 'ZA', NULL, 'Az̧ Z̧a‘Äyin', NULL, 1, '2022-08-02 13:57:41', '2022-08-02 13:57:41'),
(1028, 634, 'US', NULL, 'Umm ŞalÄl', NULL, 1, '2022-08-02 13:57:41', '2022-08-02 13:57:41'),
(1029, 643, 'ALT', NULL, 'Altayskiy kray', NULL, 1, '2022-08-02 13:57:41', '2022-08-02 13:57:41'),
(1030, 643, 'AMU', NULL, 'Amurskaya oblast\'', NULL, 1, '2022-08-02 13:57:41', '2022-08-02 13:57:41'),
(1031, 643, 'ARK', NULL, 'Arkhangel\'skaya oblast', NULL, 1, '2022-08-02 13:57:41', '2022-08-02 13:57:41'),
(1032, 643, 'AST', NULL, 'Astrakhanskaya oblast\'', NULL, 1, '2022-08-02 13:57:41', '2022-08-02 13:57:41'),
(1033, 643, 'BEL', NULL, 'Belgorodskaya oblast\'', NULL, 1, '2022-08-02 13:57:41', '2022-08-02 13:57:41'),
(1034, 643, 'BRY', NULL, 'Bryanskaya oblast\'', NULL, 1, '2022-08-02 13:57:41', '2022-08-02 13:57:41'),
(1035, 643, 'CHE', NULL, 'Chelyabinskaya oblast\'', NULL, 1, '2022-08-02 13:57:41', '2022-08-02 13:57:41'),
(1036, 643, 'CHU', NULL, 'Chukotskiy avtonomnyy okrug', NULL, 1, '2022-08-02 13:57:41', '2022-08-02 13:57:41'),
(1037, 643, 'IRK', NULL, 'Irkutskaya oblast\'', NULL, 1, '2022-08-02 13:57:41', '2022-08-02 13:57:41'),
(1038, 643, 'IVA', NULL, 'Ivanovskaya oblast\'', NULL, 1, '2022-08-02 13:57:41', '2022-08-02 13:57:41'),
(1039, 643, 'KGD', NULL, 'Kaliningradskaya oblast', NULL, 1, '2022-08-02 13:57:41', '2022-08-02 13:57:41'),
(1040, 643, 'KLU', NULL, 'Kaluzhskaya oblast\'', NULL, 1, '2022-08-02 13:57:41', '2022-08-02 13:57:41'),
(1041, 643, 'KAM', NULL, 'Kamchatskiy kray', NULL, 1, '2022-08-02 13:57:41', '2022-08-02 13:57:41'),
(1042, 643, 'KEM', NULL, 'Kemerovskaya oblast\'', NULL, 1, '2022-08-02 13:57:41', '2022-08-02 13:57:41'),
(1043, 643, 'KHA', NULL, 'Khabarovskiy kray', NULL, 1, '2022-08-02 13:57:41', '2022-08-02 13:57:41'),
(1044, 643, 'KHM', NULL, 'Khanty-Mansiyskiy avtonomnyy okrug-Yugra', NULL, 1, '2022-08-02 13:57:41', '2022-08-02 13:57:41'),
(1045, 643, 'KIR', NULL, 'Kirovskaya oblast\'', NULL, 1, '2022-08-02 13:57:41', '2022-08-02 13:57:41'),
(1046, 643, 'KOS', NULL, 'Kostromskaya oblast\'', NULL, 1, '2022-08-02 13:57:41', '2022-08-02 13:57:41'),
(1047, 643, 'KDA', NULL, 'Krasnodarskiy kray', NULL, 1, '2022-08-02 13:57:41', '2022-08-02 13:57:41'),
(1048, 643, 'KYA', NULL, 'Krasnoyarskiy kray', NULL, 1, '2022-08-02 13:57:41', '2022-08-02 13:57:41'),
(1049, 643, 'KGN', NULL, 'Kurganskaya oblast\'', NULL, 1, '2022-08-02 13:57:41', '2022-08-02 13:57:41'),
(1050, 643, 'KRS', NULL, 'Kurskaya oblast\'', NULL, 1, '2022-08-02 13:57:41', '2022-08-02 13:57:41'),
(1051, 643, 'LEN', NULL, 'Leningradskaya oblast\'', NULL, 1, '2022-08-02 13:57:41', '2022-08-02 13:57:41'),
(1052, 643, 'LIP', NULL, 'Lipetskaya oblast\'', NULL, 1, '2022-08-02 13:57:41', '2022-08-02 13:57:41'),
(1053, 643, 'MAG', NULL, 'Magadanskaya oblast\'', NULL, 1, '2022-08-02 13:57:41', '2022-08-02 13:57:41'),
(1054, 643, 'MOS', NULL, 'Moskovskaya oblast\'', NULL, 1, '2022-08-02 13:57:41', '2022-08-02 13:57:41'),
(1055, 643, 'MOW', NULL, 'Moskva', NULL, 1, '2022-08-02 13:57:41', '2022-08-02 13:57:41'),
(1056, 643, 'MUR', NULL, 'Murmanskaya oblast\'', NULL, 1, '2022-08-02 13:57:41', '2022-08-02 13:57:41'),
(1057, 643, 'NEN', NULL, 'Nenetskiy avtonomnyy okrug', NULL, 1, '2022-08-02 13:57:41', '2022-08-02 13:57:41'),
(1058, 643, 'NIZ', NULL, 'Nizbegorodskaya oblast', NULL, 1, '2022-08-02 13:57:41', '2022-08-02 13:57:41'),
(1059, 643, 'NGR', NULL, 'Novgorodskaya oblast\'', NULL, 1, '2022-08-02 13:57:41', '2022-08-02 13:57:41'),
(1060, 643, 'NVS', NULL, 'Novosibirskaya oblast\'', NULL, 1, '2022-08-02 13:57:41', '2022-08-02 13:57:41'),
(1061, 643, 'OMS', NULL, 'Omskaya oblast\'', NULL, 1, '2022-08-02 13:57:41', '2022-08-02 13:57:41'),
(1062, 643, 'ORE', NULL, 'Orenburgskaya oblast\'', NULL, 1, '2022-08-02 13:57:41', '2022-08-02 13:57:41'),
(1063, 643, 'ORL', NULL, 'Orlovskaya oblast\'', NULL, 1, '2022-08-02 13:57:41', '2022-08-02 13:57:41'),
(1064, 643, 'PNZ', NULL, 'Penzenskaya oblast\'', NULL, 1, '2022-08-02 13:57:41', '2022-08-02 13:57:41'),
(1065, 643, 'PER', NULL, 'Permskiy kray', NULL, 1, '2022-08-02 13:57:41', '2022-08-02 13:57:41'),
(1066, 643, 'PRI', NULL, 'Primorskiy kray', NULL, 1, '2022-08-02 13:57:41', '2022-08-02 13:57:41'),
(1067, 643, 'PSK', NULL, 'Pskovskaya oblast\'', NULL, 1, '2022-08-02 13:57:41', '2022-08-02 13:57:41'),
(1068, 643, 'ROS', NULL, 'Rostovskaya oblast\'', NULL, 1, '2022-08-02 13:57:41', '2022-08-02 13:57:41'),
(1069, 643, 'RYA', NULL, 'Ryazanskaya oblast\'', NULL, 1, '2022-08-02 13:57:41', '2022-08-02 13:57:41'),
(1070, 643, 'SAK', NULL, 'Sakhalinskaya oblast\'', NULL, 1, '2022-08-02 13:57:41', '2022-08-02 13:57:41'),
(1071, 643, 'SAM', NULL, 'Samarskaya oblast\'', NULL, 1, '2022-08-02 13:57:41', '2022-08-02 13:57:41'),
(1072, 643, 'SPE', NULL, 'Sankt-Peterburg', NULL, 1, '2022-08-02 13:57:41', '2022-08-02 13:57:41'),
(1073, 643, 'SAR', NULL, 'Saratovskaya oblast\'', NULL, 1, '2022-08-02 13:57:41', '2022-08-02 13:57:41'),
(1074, 643, 'SMO', NULL, 'Smolenskaya oblast\'', NULL, 1, '2022-08-02 13:57:41', '2022-08-02 13:57:41'),
(1075, 643, 'STA', NULL, 'Stavropol\'skiy kray', NULL, 1, '2022-08-02 13:57:41', '2022-08-02 13:57:41'),
(1076, 643, 'SVE', NULL, 'Sverdlovskaya oblast\'', NULL, 1, '2022-08-02 13:57:41', '2022-08-02 13:57:41'),
(1077, 643, 'TAM', NULL, 'Tambovskaya oblast\'', NULL, 1, '2022-08-02 13:57:41', '2022-08-02 13:57:41'),
(1078, 643, 'TOM', NULL, 'Tomskaya oblast\'', NULL, 1, '2022-08-02 13:57:41', '2022-08-02 13:57:41'),
(1079, 643, 'TUL', NULL, 'Tul\'skaya oblast\'', NULL, 1, '2022-08-02 13:57:41', '2022-08-02 13:57:41');
INSERT INTO `states` (`id`, `country_id`, `iso_code`, `iso_numeric`, `name`, `calling_code`, `active`, `created_at`, `updated_at`) VALUES
(1080, 643, 'TVE', NULL, 'Tverskaya oblast\'', NULL, 1, '2022-08-02 13:57:41', '2022-08-02 13:57:41'),
(1081, 643, 'TYU', NULL, 'Tyumenskaya oblast\'', NULL, 1, '2022-08-02 13:57:41', '2022-08-02 13:57:41'),
(1082, 643, 'ULY', NULL, 'Ul\'yanovskaya oblast\'', NULL, 1, '2022-08-02 13:57:41', '2022-08-02 13:57:41'),
(1083, 643, 'VLA', NULL, 'Vladimirskaya oblast\'', NULL, 1, '2022-08-02 13:57:41', '2022-08-02 13:57:41'),
(1084, 643, 'VGG', NULL, 'Volgogradskaya oblast\'', NULL, 1, '2022-08-02 13:57:41', '2022-08-02 13:57:41'),
(1085, 643, 'VLG', NULL, 'Vologodskaya oblast\'', NULL, 1, '2022-08-02 13:57:41', '2022-08-02 13:57:41'),
(1086, 643, 'VOR', NULL, 'Voronezhskaya oblast\'', NULL, 1, '2022-08-02 13:57:41', '2022-08-02 13:57:41'),
(1087, 643, 'YAN', NULL, 'Yamalo-Nenetskiy avtonomnyy okrug', NULL, 1, '2022-08-02 13:57:41', '2022-08-02 13:57:41'),
(1088, 643, 'YAR', NULL, 'Yaroslavskaya oblast\'', NULL, 1, '2022-08-02 13:57:41', '2022-08-02 13:57:41'),
(1089, 643, 'YEV', NULL, 'Yevreyskaya avtonomnaya oblast\'ug', NULL, 1, '2022-08-02 13:57:41', '2022-08-02 13:57:41'),
(1090, 643, 'ZAB', NULL, 'Zabaykal\'skiy kray', NULL, 1, '2022-08-02 13:57:41', '2022-08-02 13:57:41'),
(1091, 682, '12', NULL, 'AI Jawf', NULL, 1, '2022-08-02 13:57:41', '2022-08-02 13:57:41'),
(1092, 682, '11', NULL, 'Al BÄḩah', NULL, 1, '2022-08-02 13:57:41', '2022-08-02 13:57:41'),
(1093, 682, '3', NULL, 'Al Madīnah', NULL, 1, '2022-08-02 13:57:41', '2022-08-02 13:57:41'),
(1094, 682, '5', NULL, 'Al Qaşīm', NULL, 1, '2022-08-02 13:57:41', '2022-08-02 13:57:41'),
(1095, 682, '8', NULL, 'Al Ḩudūd ash ShamÄlīyah', NULL, 1, '2022-08-02 13:57:41', '2022-08-02 13:57:41'),
(1096, 682, '1', NULL, 'Ar RiyÄḑ', NULL, 1, '2022-08-02 13:57:41', '2022-08-02 13:57:41'),
(1097, 682, '4', NULL, 'Ash Sharqīyah', NULL, 1, '2022-08-02 13:57:41', '2022-08-02 13:57:41'),
(1098, 682, '14', NULL, 'Asīr', NULL, 1, '2022-08-02 13:57:41', '2022-08-02 13:57:41'),
(1099, 682, '9', NULL, 'JīzÄn', NULL, 1, '2022-08-02 13:57:41', '2022-08-02 13:57:41'),
(1100, 682, '2', NULL, 'Makkah', NULL, 1, '2022-08-02 13:57:41', '2022-08-02 13:57:41'),
(1101, 682, '10', NULL, 'NajrÄn', NULL, 1, '2022-08-02 13:57:41', '2022-08-02 13:57:41'),
(1102, 682, '7', NULL, 'Tabūk', NULL, 1, '2022-08-02 13:57:41', '2022-08-02 13:57:41'),
(1103, 682, '6', NULL, 'ḨÄ\'il', NULL, 1, '2022-08-02 13:57:41', '2022-08-02 13:57:41'),
(1104, 690, '02', NULL, 'Anse Boileau', NULL, 1, '2022-08-02 13:57:41', '2022-08-02 13:57:41'),
(1105, 690, '05', NULL, 'Anse Royale', NULL, 1, '2022-08-02 13:57:41', '2022-08-02 13:57:41'),
(1106, 690, '01', NULL, 'Anse aux Pins', NULL, 1, '2022-08-02 13:57:41', '2022-08-02 13:57:41'),
(1107, 690, '03', NULL, 'Anse Étoile', NULL, 1, '2022-08-02 13:57:41', '2022-08-02 13:57:41'),
(1108, 690, '04', NULL, 'Au Cap', NULL, 1, '2022-08-02 13:57:41', '2022-08-02 13:57:41'),
(1109, 690, '06', NULL, 'Baie Lazare', NULL, 1, '2022-08-02 13:57:41', '2022-08-02 13:57:41'),
(1110, 690, '07', NULL, 'Baie Sainte-Anne', NULL, 1, '2022-08-02 13:57:41', '2022-08-02 13:57:41'),
(1111, 690, '08', NULL, 'Beau Vallon', NULL, 1, '2022-08-02 13:57:41', '2022-08-02 13:57:41'),
(1112, 690, '09', NULL, 'Bel Air', NULL, 1, '2022-08-02 13:57:41', '2022-08-02 13:57:41'),
(1113, 690, '10', NULL, 'Bel Ombre', NULL, 1, '2022-08-02 13:57:41', '2022-08-02 13:57:41'),
(1114, 690, '11', NULL, 'Cascade', NULL, 1, '2022-08-02 13:57:41', '2022-08-02 13:57:41'),
(1115, 690, '12', NULL, 'Glacis', NULL, 1, '2022-08-02 13:57:41', '2022-08-02 13:57:41'),
(1116, 690, '13', NULL, 'Grand\' Anse Mahé', NULL, 1, '2022-08-02 13:57:41', '2022-08-02 13:57:41'),
(1117, 690, '14', NULL, 'Grand\' Anse Praslin', NULL, 1, '2022-08-02 13:57:41', '2022-08-02 13:57:41'),
(1118, 690, '15', NULL, 'La Digue', NULL, 1, '2022-08-02 13:57:41', '2022-08-02 13:57:41'),
(1119, 690, '16', NULL, 'La Rivière Anglaise', NULL, 1, '2022-08-02 13:57:41', '2022-08-02 13:57:41'),
(1120, 690, '24', NULL, 'Les Mamelles', NULL, 1, '2022-08-02 13:57:41', '2022-08-02 13:57:41'),
(1121, 690, '17', NULL, 'Mont Buxton', NULL, 1, '2022-08-02 13:57:41', '2022-08-02 13:57:41'),
(1122, 690, '18', NULL, 'Mont Fleuri', NULL, 1, '2022-08-02 13:57:41', '2022-08-02 13:57:41'),
(1123, 690, '19', NULL, 'Plaisance', NULL, 1, '2022-08-02 13:57:41', '2022-08-02 13:57:41'),
(1124, 690, '20', NULL, 'Pointe La Rue', NULL, 1, '2022-08-02 13:57:41', '2022-08-02 13:57:41'),
(1125, 690, '21', NULL, 'Port Glaud', NULL, 1, '2022-08-02 13:57:41', '2022-08-02 13:57:41'),
(1126, 690, '25', NULL, 'Roche Caïman', NULL, 1, '2022-08-02 13:57:41', '2022-08-02 13:57:41'),
(1127, 690, '22', NULL, 'Saint Louis', NULL, 1, '2022-08-02 13:57:41', '2022-08-02 13:57:41'),
(1128, 690, '23', NULL, 'Takamaka', NULL, 1, '2022-08-02 13:57:41', '2022-08-02 13:57:41'),
(1129, 702, '01', NULL, 'Central Singapore', NULL, 1, '2022-08-02 13:57:41', '2022-08-02 13:57:41'),
(1130, 702, '02', NULL, 'North East', NULL, 1, '2022-08-02 13:57:41', '2022-08-02 13:57:41'),
(1131, 702, '03', NULL, 'North West', NULL, 1, '2022-08-02 13:57:41', '2022-08-02 13:57:41'),
(1132, 702, '04', NULL, 'South East', NULL, 1, '2022-08-02 13:57:41', '2022-08-02 13:57:41'),
(1133, 702, '05', NULL, 'South West', NULL, 1, '2022-08-02 13:57:41', '2022-08-02 13:57:41'),
(1134, 764, '37', NULL, 'Amnat Charoen', NULL, 1, '2022-08-02 13:57:41', '2022-08-02 13:57:41'),
(1135, 764, '15', NULL, 'Ang Thong', NULL, 1, '2022-08-02 13:57:41', '2022-08-02 13:57:41'),
(1136, 764, '38', NULL, 'Bueng Kan', NULL, 1, '2022-08-02 13:57:41', '2022-08-02 13:57:41'),
(1137, 764, '31', NULL, 'Buri Ram', NULL, 1, '2022-08-02 13:57:41', '2022-08-02 13:57:41'),
(1138, 764, '24', NULL, 'Chachoengsao', NULL, 1, '2022-08-02 13:57:41', '2022-08-02 13:57:41'),
(1139, 764, '18', NULL, 'Chai Nat', NULL, 1, '2022-08-02 13:57:41', '2022-08-02 13:57:41'),
(1140, 764, '36', NULL, 'Chaiyaphum', NULL, 1, '2022-08-02 13:57:41', '2022-08-02 13:57:41'),
(1141, 764, '22', NULL, 'Chanthaburi', NULL, 1, '2022-08-02 13:57:41', '2022-08-02 13:57:41'),
(1142, 764, '50', NULL, 'Chiang Mai', NULL, 1, '2022-08-02 13:57:41', '2022-08-02 13:57:41'),
(1143, 764, '57', NULL, 'Chiang Rai', NULL, 1, '2022-08-02 13:57:41', '2022-08-02 13:57:41'),
(1144, 764, '20', NULL, 'Chon Buri', NULL, 1, '2022-08-02 13:57:41', '2022-08-02 13:57:41'),
(1145, 764, '86', NULL, 'Chumphon', NULL, 1, '2022-08-02 13:57:41', '2022-08-02 13:57:41'),
(1146, 764, '46', NULL, 'Kalasin', NULL, 1, '2022-08-02 13:57:41', '2022-08-02 13:57:41'),
(1147, 764, '62', NULL, 'Kamphaeng Phet', NULL, 1, '2022-08-02 13:57:41', '2022-08-02 13:57:41'),
(1148, 764, '71', NULL, 'Kanchanaburi', NULL, 1, '2022-08-02 13:57:41', '2022-08-02 13:57:41'),
(1149, 764, '40', NULL, 'Khon Kaen', NULL, 1, '2022-08-02 13:57:41', '2022-08-02 13:57:41'),
(1150, 764, '81', NULL, 'Krabi', NULL, 1, '2022-08-02 13:57:41', '2022-08-02 13:57:41'),
(1151, 764, '52', NULL, 'Lampang', NULL, 1, '2022-08-02 13:57:41', '2022-08-02 13:57:41'),
(1152, 764, '51', NULL, 'Lamphun', NULL, 1, '2022-08-02 13:57:41', '2022-08-02 13:57:41'),
(1153, 764, '42', NULL, 'Loei', NULL, 1, '2022-08-02 13:57:41', '2022-08-02 13:57:41'),
(1154, 764, '16', NULL, 'Lop Buri', NULL, 1, '2022-08-02 13:57:41', '2022-08-02 13:57:41'),
(1155, 764, '58', NULL, 'Mae Hong Son', NULL, 1, '2022-08-02 13:57:41', '2022-08-02 13:57:41'),
(1156, 764, '44', NULL, 'Maha Sarakham', NULL, 1, '2022-08-02 13:57:41', '2022-08-02 13:57:41'),
(1157, 764, '49', NULL, 'Mukdahan', NULL, 1, '2022-08-02 13:57:41', '2022-08-02 13:57:41'),
(1158, 764, '26', NULL, 'Nakhon Nayok', NULL, 1, '2022-08-02 13:57:41', '2022-08-02 13:57:41'),
(1159, 764, '73', NULL, 'Nakhon Pathom', NULL, 1, '2022-08-02 13:57:41', '2022-08-02 13:57:41'),
(1160, 764, '48', NULL, 'Nakhon Phanom', NULL, 1, '2022-08-02 13:57:41', '2022-08-02 13:57:41'),
(1161, 764, '30', NULL, 'Nakhon Ratchasima', NULL, 1, '2022-08-02 13:57:41', '2022-08-02 13:57:41'),
(1162, 764, '60', NULL, 'Nakhon Sawan', NULL, 1, '2022-08-02 13:57:41', '2022-08-02 13:57:41'),
(1163, 764, '80', NULL, 'Nakhon Si Thammarat', NULL, 1, '2022-08-02 13:57:41', '2022-08-02 13:57:41'),
(1164, 764, '55', NULL, 'Nan', NULL, 1, '2022-08-02 13:57:41', '2022-08-02 13:57:41'),
(1165, 764, '96', NULL, 'Narathiwat', NULL, 1, '2022-08-02 13:57:41', '2022-08-02 13:57:41'),
(1166, 764, '39', NULL, 'Nong Bua Lam Phu', NULL, 1, '2022-08-02 13:57:41', '2022-08-02 13:57:41'),
(1167, 764, '43', NULL, 'Nong Khai', NULL, 1, '2022-08-02 13:57:41', '2022-08-02 13:57:41'),
(1168, 764, '12', NULL, 'Nonthaburi', NULL, 1, '2022-08-02 13:57:41', '2022-08-02 13:57:41'),
(1169, 764, '13', NULL, 'Pathum Thani', NULL, 1, '2022-08-02 13:57:41', '2022-08-02 13:57:41'),
(1170, 764, '94', NULL, 'Pattani', NULL, 1, '2022-08-02 13:57:41', '2022-08-02 13:57:41'),
(1171, 764, '82', NULL, 'Phangnga', NULL, 1, '2022-08-02 13:57:41', '2022-08-02 13:57:41'),
(1172, 764, '93', NULL, 'Phatthalung', NULL, 1, '2022-08-02 13:57:41', '2022-08-02 13:57:41'),
(1173, 764, '56', NULL, 'Phayao', NULL, 1, '2022-08-02 13:57:41', '2022-08-02 13:57:41'),
(1174, 764, '67', NULL, 'Phetchabun', NULL, 1, '2022-08-02 13:57:41', '2022-08-02 13:57:41'),
(1175, 764, '76', NULL, 'Phetchaburi', NULL, 1, '2022-08-02 13:57:41', '2022-08-02 13:57:41'),
(1176, 764, '66', NULL, 'Phichit', NULL, 1, '2022-08-02 13:57:41', '2022-08-02 13:57:41'),
(1177, 764, '65', NULL, 'Phitsanulok', NULL, 1, '2022-08-02 13:57:41', '2022-08-02 13:57:41'),
(1178, 764, '14', NULL, 'Phra Nakhon Si Ayutthaya', NULL, 1, '2022-08-02 13:57:41', '2022-08-02 13:57:41'),
(1179, 764, '54', NULL, 'Phrae', NULL, 1, '2022-08-02 13:57:41', '2022-08-02 13:57:41'),
(1180, 764, '83', NULL, 'Phuket', NULL, 1, '2022-08-02 13:57:41', '2022-08-02 13:57:41'),
(1181, 764, '25', NULL, 'Prachin Buri', NULL, 1, '2022-08-02 13:57:41', '2022-08-02 13:57:41'),
(1182, 764, '77', NULL, 'Prachuap Khiri Khan', NULL, 1, '2022-08-02 13:57:41', '2022-08-02 13:57:41'),
(1183, 764, '85', NULL, 'Ranong', NULL, 1, '2022-08-02 13:57:41', '2022-08-02 13:57:41'),
(1184, 764, '70', NULL, 'Ratchaburi', NULL, 1, '2022-08-02 13:57:41', '2022-08-02 13:57:41'),
(1185, 764, '21', NULL, 'Rayong', NULL, 1, '2022-08-02 13:57:41', '2022-08-02 13:57:41'),
(1186, 764, '45', NULL, 'Roi Et', NULL, 1, '2022-08-02 13:57:41', '2022-08-02 13:57:41'),
(1187, 764, '27', NULL, 'Sa Kaeo', NULL, 1, '2022-08-02 13:57:41', '2022-08-02 13:57:41'),
(1188, 764, '47', NULL, 'Sakon Nakhon', NULL, 1, '2022-08-02 13:57:41', '2022-08-02 13:57:41'),
(1189, 764, '11', NULL, 'Samut Prakan', NULL, 1, '2022-08-02 13:57:41', '2022-08-02 13:57:41'),
(1190, 764, '74', NULL, 'Samut Sakhon', NULL, 1, '2022-08-02 13:57:41', '2022-08-02 13:57:41'),
(1191, 764, '75', NULL, 'Samut Songkhram', NULL, 1, '2022-08-02 13:57:41', '2022-08-02 13:57:41'),
(1192, 764, '19', NULL, 'Saraburi', NULL, 1, '2022-08-02 13:57:41', '2022-08-02 13:57:41'),
(1193, 764, '91', NULL, 'Satun', NULL, 1, '2022-08-02 13:57:41', '2022-08-02 13:57:41'),
(1194, 764, '33', NULL, 'Si Sa Ket', NULL, 1, '2022-08-02 13:57:41', '2022-08-02 13:57:41'),
(1195, 764, '17', NULL, 'Sing Buri', NULL, 1, '2022-08-02 13:57:41', '2022-08-02 13:57:41'),
(1196, 764, '90', NULL, 'Songkhla', NULL, 1, '2022-08-02 13:57:41', '2022-08-02 13:57:41'),
(1197, 764, '64', NULL, 'Sukhothai', NULL, 1, '2022-08-02 13:57:41', '2022-08-02 13:57:41'),
(1198, 764, '72', NULL, 'Suphan Buri', NULL, 1, '2022-08-02 13:57:41', '2022-08-02 13:57:41'),
(1199, 764, '84', NULL, 'Surat Thani', NULL, 1, '2022-08-02 13:57:41', '2022-08-02 13:57:41'),
(1200, 764, '32', NULL, 'Surin', NULL, 1, '2022-08-02 13:57:41', '2022-08-02 13:57:41'),
(1201, 764, '63', NULL, 'Tak', NULL, 1, '2022-08-02 13:57:41', '2022-08-02 13:57:41'),
(1202, 764, '92', NULL, 'Trang', NULL, 1, '2022-08-02 13:57:41', '2022-08-02 13:57:41'),
(1203, 764, '23', NULL, 'Trat', NULL, 1, '2022-08-02 13:57:41', '2022-08-02 13:57:41'),
(1204, 764, '34', NULL, 'Ubon Ratchathani', NULL, 1, '2022-08-02 13:57:41', '2022-08-02 13:57:41'),
(1205, 764, '41', NULL, 'Udon Thani', NULL, 1, '2022-08-02 13:57:41', '2022-08-02 13:57:41'),
(1206, 764, '61', NULL, 'Uthai Thani', NULL, 1, '2022-08-02 13:57:41', '2022-08-02 13:57:41'),
(1207, 764, '53', NULL, 'Uttaradit', NULL, 1, '2022-08-02 13:57:41', '2022-08-02 13:57:41'),
(1208, 764, '95', NULL, 'Yala', NULL, 1, '2022-08-02 13:57:41', '2022-08-02 13:57:41'),
(1209, 764, '35', NULL, 'Yasothon', NULL, 1, '2022-08-02 13:57:41', '2022-08-02 13:57:41'),
(1210, 792, '1', NULL, 'Adana', NULL, 1, '2022-08-02 13:57:41', '2022-08-02 13:57:41'),
(1211, 792, '2', NULL, 'Adiyaman', NULL, 1, '2022-08-02 13:57:41', '2022-08-02 13:57:41'),
(1212, 792, '3', NULL, 'Afyon', NULL, 1, '2022-08-02 13:57:41', '2022-08-02 13:57:41'),
(1213, 792, '68', NULL, 'Aksaray', NULL, 1, '2022-08-02 13:57:41', '2022-08-02 13:57:41'),
(1214, 792, '5', NULL, 'Amasya', NULL, 1, '2022-08-02 13:57:41', '2022-08-02 13:57:41'),
(1215, 792, '6', NULL, 'Ankara', NULL, 1, '2022-08-02 13:57:41', '2022-08-02 13:57:41'),
(1216, 792, '7', NULL, 'Antalya', NULL, 1, '2022-08-02 13:57:41', '2022-08-02 13:57:41'),
(1217, 792, '75', NULL, 'Ardahan', NULL, 1, '2022-08-02 13:57:41', '2022-08-02 13:57:41'),
(1218, 792, '8', NULL, 'Artvin', NULL, 1, '2022-08-02 13:57:41', '2022-08-02 13:57:41'),
(1219, 792, '9', NULL, 'Aydin', NULL, 1, '2022-08-02 13:57:41', '2022-08-02 13:57:41'),
(1220, 792, '4', NULL, 'Ağrı', NULL, 1, '2022-08-02 13:57:41', '2022-08-02 13:57:41'),
(1221, 792, '10', NULL, 'Balikesir', NULL, 1, '2022-08-02 13:57:41', '2022-08-02 13:57:41'),
(1222, 792, '74', NULL, 'Bartin', NULL, 1, '2022-08-02 13:57:41', '2022-08-02 13:57:41'),
(1223, 792, '72', NULL, 'Batman', NULL, 1, '2022-08-02 13:57:41', '2022-08-02 13:57:41'),
(1224, 792, '69', NULL, 'Bayburt', NULL, 1, '2022-08-02 13:57:41', '2022-08-02 13:57:41'),
(1225, 792, '11', NULL, 'Bilecik', NULL, 1, '2022-08-02 13:57:41', '2022-08-02 13:57:41'),
(1226, 792, '12', NULL, 'Bingöl', NULL, 1, '2022-08-02 13:57:41', '2022-08-02 13:57:41'),
(1227, 792, '13', NULL, 'Bitlis', NULL, 1, '2022-08-02 13:57:41', '2022-08-02 13:57:41'),
(1228, 792, '14', NULL, 'Bolu', NULL, 1, '2022-08-02 13:57:41', '2022-08-02 13:57:41'),
(1229, 792, '15', NULL, 'Burdur', NULL, 1, '2022-08-02 13:57:41', '2022-08-02 13:57:41'),
(1230, 792, '16', NULL, 'Bursa', NULL, 1, '2022-08-02 13:57:41', '2022-08-02 13:57:41'),
(1231, 792, '20', NULL, 'Denizli', NULL, 1, '2022-08-02 13:57:41', '2022-08-02 13:57:41'),
(1232, 792, '21', NULL, 'Diyarbakir', NULL, 1, '2022-08-02 13:57:41', '2022-08-02 13:57:41'),
(1233, 792, '81', NULL, 'Düzce', NULL, 1, '2022-08-02 13:57:41', '2022-08-02 13:57:41'),
(1234, 792, '22', NULL, 'Edirne', NULL, 1, '2022-08-02 13:57:41', '2022-08-02 13:57:41'),
(1235, 792, '23', NULL, 'Elazığ', NULL, 1, '2022-08-02 13:57:41', '2022-08-02 13:57:41'),
(1236, 792, '24', NULL, 'Erzincan', NULL, 1, '2022-08-02 13:57:41', '2022-08-02 13:57:41'),
(1237, 792, '25', NULL, 'Erzurum', NULL, 1, '2022-08-02 13:57:41', '2022-08-02 13:57:41'),
(1238, 792, '26', NULL, 'Eskişehir', NULL, 1, '2022-08-02 13:57:41', '2022-08-02 13:57:41'),
(1239, 792, '27', NULL, 'Gaziantep', NULL, 1, '2022-08-02 13:57:41', '2022-08-02 13:57:41'),
(1240, 792, '28', NULL, 'Giresun', NULL, 1, '2022-08-02 13:57:41', '2022-08-02 13:57:41'),
(1241, 792, '29', NULL, 'Gümüşhane', NULL, 1, '2022-08-02 13:57:41', '2022-08-02 13:57:41'),
(1242, 792, '30', NULL, 'Hakkâri', NULL, 1, '2022-08-02 13:57:41', '2022-08-02 13:57:41'),
(1243, 792, '31', NULL, 'Hatay', NULL, 1, '2022-08-02 13:57:41', '2022-08-02 13:57:41'),
(1244, 792, '33', NULL, 'Icel', NULL, 1, '2022-08-02 13:57:41', '2022-08-02 13:57:41'),
(1245, 792, '32', NULL, 'Isparta', NULL, 1, '2022-08-02 13:57:41', '2022-08-02 13:57:41'),
(1246, 792, '34', NULL, 'Istanbul', NULL, 1, '2022-08-02 13:57:41', '2022-08-02 13:57:41'),
(1247, 792, '35', NULL, 'Izmir', NULL, 1, '2022-08-02 13:57:41', '2022-08-02 13:57:41'),
(1248, 792, '76', NULL, 'Iğdır', NULL, 1, '2022-08-02 13:57:41', '2022-08-02 13:57:41'),
(1249, 792, '46', NULL, 'Kahramanmaraş', NULL, 1, '2022-08-02 13:57:41', '2022-08-02 13:57:41'),
(1250, 792, '78', NULL, 'Karabük', NULL, 1, '2022-08-02 13:57:41', '2022-08-02 13:57:41'),
(1251, 792, '70', NULL, 'Karaman', NULL, 1, '2022-08-02 13:57:41', '2022-08-02 13:57:41'),
(1252, 792, '36', NULL, 'Kars', NULL, 1, '2022-08-02 13:57:41', '2022-08-02 13:57:41'),
(1253, 792, '37', NULL, 'Kastamonu', NULL, 1, '2022-08-02 13:57:41', '2022-08-02 13:57:41'),
(1254, 792, '38', NULL, 'Kayseri', NULL, 1, '2022-08-02 13:57:41', '2022-08-02 13:57:41'),
(1255, 792, '79', NULL, 'Kilis', NULL, 1, '2022-08-02 13:57:41', '2022-08-02 13:57:41'),
(1256, 792, '71', NULL, 'Kirkkale', NULL, 1, '2022-08-02 13:57:41', '2022-08-02 13:57:41'),
(1257, 792, '39', NULL, 'Kirklareli', NULL, 1, '2022-08-02 13:57:41', '2022-08-02 13:57:41'),
(1258, 792, '41', NULL, 'Kocaeli', NULL, 1, '2022-08-02 13:57:41', '2022-08-02 13:57:41'),
(1259, 792, '42', NULL, 'Konya', NULL, 1, '2022-08-02 13:57:41', '2022-08-02 13:57:41'),
(1260, 792, '43', NULL, 'Kütahya', NULL, 1, '2022-08-02 13:57:41', '2022-08-02 13:57:41'),
(1261, 792, '40', NULL, 'Kırşehir', NULL, 1, '2022-08-02 13:57:41', '2022-08-02 13:57:41'),
(1262, 792, '44', NULL, 'Malatya', NULL, 1, '2022-08-02 13:57:41', '2022-08-02 13:57:41'),
(1263, 792, '45', NULL, 'Manisa', NULL, 1, '2022-08-02 13:57:41', '2022-08-02 13:57:41'),
(1264, 792, '47', NULL, 'Mardin', NULL, 1, '2022-08-02 13:57:41', '2022-08-02 13:57:41'),
(1265, 792, '48', NULL, 'Muğla', NULL, 1, '2022-08-02 13:57:41', '2022-08-02 13:57:41'),
(1266, 792, '49', NULL, 'Muş', NULL, 1, '2022-08-02 13:57:41', '2022-08-02 13:57:41'),
(1267, 792, '50', NULL, 'Nevşehir', NULL, 1, '2022-08-02 13:57:41', '2022-08-02 13:57:41'),
(1268, 792, '51', NULL, 'Niğde', NULL, 1, '2022-08-02 13:57:41', '2022-08-02 13:57:41'),
(1269, 792, '52', NULL, 'Ordu', NULL, 1, '2022-08-02 13:57:41', '2022-08-02 13:57:41'),
(1270, 792, '80', NULL, 'Osmaniye', NULL, 1, '2022-08-02 13:57:41', '2022-08-02 13:57:41'),
(1271, 792, '53', NULL, 'Rize', NULL, 1, '2022-08-02 13:57:41', '2022-08-02 13:57:41'),
(1272, 792, '54', NULL, 'Sakarya', NULL, 1, '2022-08-02 13:57:41', '2022-08-02 13:57:41'),
(1273, 792, '55', NULL, 'Samsun', NULL, 1, '2022-08-02 13:57:41', '2022-08-02 13:57:41'),
(1274, 792, '56', NULL, 'Siirt', NULL, 1, '2022-08-02 13:57:41', '2022-08-02 13:57:41'),
(1275, 792, '57', NULL, 'Sinop', NULL, 1, '2022-08-02 13:57:41', '2022-08-02 13:57:41'),
(1276, 792, '58', NULL, 'Sivas', NULL, 1, '2022-08-02 13:57:41', '2022-08-02 13:57:41'),
(1277, 792, '59', NULL, 'Tekirdağ', NULL, 1, '2022-08-02 13:57:41', '2022-08-02 13:57:41'),
(1278, 792, '60', NULL, 'Tokat', NULL, 1, '2022-08-02 13:57:41', '2022-08-02 13:57:41'),
(1279, 792, '61', NULL, 'Trabzon', NULL, 1, '2022-08-02 13:57:41', '2022-08-02 13:57:41'),
(1280, 792, '62', NULL, 'Tunceli', NULL, 1, '2022-08-02 13:57:41', '2022-08-02 13:57:41'),
(1281, 792, '64', NULL, 'Uşak', NULL, 1, '2022-08-02 13:57:41', '2022-08-02 13:57:41'),
(1282, 792, '65', NULL, 'Van', NULL, 1, '2022-08-02 13:57:41', '2022-08-02 13:57:41'),
(1283, 792, '77', NULL, 'Yalova', NULL, 1, '2022-08-02 13:57:41', '2022-08-02 13:57:41'),
(1284, 792, '66', NULL, 'Yozgat', NULL, 1, '2022-08-02 13:57:41', '2022-08-02 13:57:41'),
(1285, 792, '67', NULL, 'Zonguldak', NULL, 1, '2022-08-02 13:57:41', '2022-08-02 13:57:41'),
(1286, 792, '17', NULL, 'Çanakkale', NULL, 1, '2022-08-02 13:57:41', '2022-08-02 13:57:41'),
(1287, 792, '18', NULL, 'Çankırı', NULL, 1, '2022-08-02 13:57:41', '2022-08-02 13:57:41'),
(1288, 792, '19', NULL, 'Çorum', NULL, 1, '2022-08-02 13:57:41', '2022-08-02 13:57:41'),
(1289, 792, '63', NULL, 'Şanlıurfa', NULL, 1, '2022-08-02 13:57:41', '2022-08-02 13:57:41'),
(1290, 792, '73', NULL, 'Şırnak', NULL, 1, '2022-08-02 13:57:41', '2022-08-02 13:57:41'),
(1291, 834, '01', NULL, 'Arusha', NULL, 1, '2022-08-02 13:57:41', '2022-08-02 13:57:41'),
(1292, 834, '02', NULL, 'Dar es Salaam', NULL, 1, '2022-08-02 13:57:41', '2022-08-02 13:57:41'),
(1293, 834, '03', NULL, 'Dodoma', NULL, 1, '2022-08-02 13:57:41', '2022-08-02 13:57:41'),
(1294, 834, '27', NULL, 'Geita', NULL, 1, '2022-08-02 13:57:41', '2022-08-02 13:57:41'),
(1295, 834, '04', NULL, 'Iringa', NULL, 1, '2022-08-02 13:57:41', '2022-08-02 13:57:41'),
(1296, 834, '05', NULL, 'Kagera', NULL, 1, '2022-08-02 13:57:41', '2022-08-02 13:57:41'),
(1297, 834, '06', NULL, 'Kaskazini Pemba', NULL, 1, '2022-08-02 13:57:41', '2022-08-02 13:57:41'),
(1298, 834, '07', NULL, 'Kaskazini Unguja', NULL, 1, '2022-08-02 13:57:41', '2022-08-02 13:57:41'),
(1299, 834, '28', NULL, 'Katavi', NULL, 1, '2022-08-02 13:57:41', '2022-08-02 13:57:41'),
(1300, 834, '08', NULL, 'Kigoma', NULL, 1, '2022-08-02 13:57:41', '2022-08-02 13:57:41'),
(1301, 834, '09', NULL, 'Kilimanjaro', NULL, 1, '2022-08-02 13:57:41', '2022-08-02 13:57:41'),
(1302, 834, '10', NULL, 'Kusini Pemba', NULL, 1, '2022-08-02 13:57:41', '2022-08-02 13:57:41'),
(1303, 834, '11', NULL, 'Kusini Unguja', NULL, 1, '2022-08-02 13:57:41', '2022-08-02 13:57:41'),
(1304, 834, '12', NULL, 'Lindi', NULL, 1, '2022-08-02 13:57:41', '2022-08-02 13:57:41'),
(1305, 834, '26', NULL, 'Manyara', NULL, 1, '2022-08-02 13:57:41', '2022-08-02 13:57:41'),
(1306, 834, '13', NULL, 'Mara', NULL, 1, '2022-08-02 13:57:41', '2022-08-02 13:57:41'),
(1307, 834, '14', NULL, 'Mbeya', NULL, 1, '2022-08-02 13:57:41', '2022-08-02 13:57:41'),
(1308, 834, '15', NULL, 'Mjini Magharibi', NULL, 1, '2022-08-02 13:57:41', '2022-08-02 13:57:41'),
(1309, 834, '16', NULL, 'Morogoro', NULL, 1, '2022-08-02 13:57:41', '2022-08-02 13:57:41'),
(1310, 834, '17', NULL, 'Mtwara', NULL, 1, '2022-08-02 13:57:41', '2022-08-02 13:57:41'),
(1311, 834, '18', NULL, 'Mwanza', NULL, 1, '2022-08-02 13:57:41', '2022-08-02 13:57:41'),
(1312, 834, '29', NULL, 'Njombe', NULL, 1, '2022-08-02 13:57:41', '2022-08-02 13:57:41'),
(1313, 834, '19', NULL, 'Pwani Coast', NULL, 1, '2022-08-02 13:57:41', '2022-08-02 13:57:41'),
(1314, 834, '20', NULL, 'Rukwa', NULL, 1, '2022-08-02 13:57:41', '2022-08-02 13:57:41'),
(1315, 834, '21', NULL, 'Ruvuma', NULL, 1, '2022-08-02 13:57:41', '2022-08-02 13:57:41'),
(1316, 834, '22', NULL, 'Shinyanga', NULL, 1, '2022-08-02 13:57:41', '2022-08-02 13:57:41'),
(1317, 834, '30', NULL, 'Simiyu', NULL, 1, '2022-08-02 13:57:41', '2022-08-02 13:57:41'),
(1318, 834, '23', NULL, 'Singida', NULL, 1, '2022-08-02 13:57:41', '2022-08-02 13:57:41'),
(1319, 834, '31', NULL, 'Songwe', NULL, 1, '2022-08-02 13:57:41', '2022-08-02 13:57:41'),
(1320, 834, '24', NULL, 'Tabora', NULL, 1, '2022-08-02 13:57:41', '2022-08-02 13:57:41'),
(1321, 834, '25', NULL, 'Tanga', NULL, 1, '2022-08-02 13:57:41', '2022-08-02 13:57:41'),
(1322, 840, 'AL', NULL, 'Alabama', NULL, 1, '2022-08-02 13:57:41', '2022-08-02 13:57:41'),
(1323, 840, 'AK', NULL, 'Alaska', NULL, 1, '2022-08-02 13:57:41', '2022-08-02 13:57:41'),
(1324, 840, 'AS', NULL, 'American Samoa', NULL, 1, '2022-08-02 13:57:41', '2022-08-02 13:57:41'),
(1325, 840, 'AZ', NULL, 'Arizona', NULL, 1, '2022-08-02 13:57:41', '2022-08-02 13:57:41'),
(1326, 840, 'AR', NULL, 'Arkansas', NULL, 1, '2022-08-02 13:57:41', '2022-08-02 13:57:41'),
(1327, 840, 'CA', NULL, 'California', NULL, 1, '2022-08-02 13:57:41', '2022-08-02 13:57:41'),
(1328, 840, 'CO', NULL, 'Colorado', NULL, 1, '2022-08-02 13:57:41', '2022-08-02 13:57:41'),
(1329, 840, 'CT', NULL, 'Connecticut', NULL, 1, '2022-08-02 13:57:41', '2022-08-02 13:57:41'),
(1330, 840, 'DE', NULL, 'Delaware', NULL, 1, '2022-08-02 13:57:41', '2022-08-02 13:57:41'),
(1331, 840, 'DC', NULL, 'District Of Columbia', NULL, 1, '2022-08-02 13:57:41', '2022-08-02 13:57:41'),
(1332, 840, 'FM', NULL, 'Federated States Of Micronesia', NULL, 1, '2022-08-02 13:57:41', '2022-08-02 13:57:41'),
(1333, 840, 'FL', NULL, 'Florida', NULL, 1, '2022-08-02 13:57:41', '2022-08-02 13:57:41'),
(1334, 840, 'GA', NULL, 'Georgia', NULL, 1, '2022-08-02 13:57:41', '2022-08-02 13:57:41'),
(1335, 840, 'GU', NULL, 'Guam', NULL, 1, '2022-08-02 13:57:41', '2022-08-02 13:57:41'),
(1336, 840, 'HI', NULL, 'Hawaii', NULL, 1, '2022-08-02 13:57:41', '2022-08-02 13:57:41'),
(1337, 840, 'ID', NULL, 'Idaho', NULL, 1, '2022-08-02 13:57:41', '2022-08-02 13:57:41'),
(1338, 840, 'IL', NULL, 'Illinois', NULL, 1, '2022-08-02 13:57:41', '2022-08-02 13:57:41'),
(1339, 840, 'IN', NULL, 'Indiana', NULL, 1, '2022-08-02 13:57:41', '2022-08-02 13:57:41'),
(1340, 840, 'IA', NULL, 'Iowa', NULL, 1, '2022-08-02 13:57:41', '2022-08-02 13:57:41'),
(1341, 840, 'KS', NULL, 'Kansas', NULL, 1, '2022-08-02 13:57:41', '2022-08-02 13:57:41'),
(1342, 840, 'KY', NULL, 'Kentucky', NULL, 1, '2022-08-02 13:57:41', '2022-08-02 13:57:41'),
(1343, 840, 'LA', NULL, 'Louisiana', NULL, 1, '2022-08-02 13:57:41', '2022-08-02 13:57:41'),
(1344, 840, 'ME', NULL, 'Maine', NULL, 1, '2022-08-02 13:57:41', '2022-08-02 13:57:41'),
(1345, 840, 'MH', NULL, 'Marshall Islands', NULL, 1, '2022-08-02 13:57:41', '2022-08-02 13:57:41'),
(1346, 840, 'MD', NULL, 'Maryland', NULL, 1, '2022-08-02 13:57:41', '2022-08-02 13:57:41'),
(1347, 840, 'MA', NULL, 'Massachusetts', NULL, 1, '2022-08-02 13:57:41', '2022-08-02 13:57:41'),
(1348, 840, 'MI', NULL, 'Michigan', NULL, 1, '2022-08-02 13:57:41', '2022-08-02 13:57:41'),
(1349, 840, 'MN', NULL, 'Minnesota', NULL, 1, '2022-08-02 13:57:41', '2022-08-02 13:57:41'),
(1350, 840, 'MS', NULL, 'Mississippi', NULL, 1, '2022-08-02 13:57:41', '2022-08-02 13:57:41'),
(1351, 840, 'MO', NULL, 'Missouri', NULL, 1, '2022-08-02 13:57:41', '2022-08-02 13:57:41'),
(1352, 840, 'MT', NULL, 'Montana', NULL, 1, '2022-08-02 13:57:41', '2022-08-02 13:57:41'),
(1353, 840, 'NE', NULL, 'Nebraska', NULL, 1, '2022-08-02 13:57:41', '2022-08-02 13:57:41'),
(1354, 840, 'NV', NULL, 'Nevada', NULL, 1, '2022-08-02 13:57:41', '2022-08-02 13:57:41'),
(1355, 840, 'NH', NULL, 'New Hampshire', NULL, 1, '2022-08-02 13:57:41', '2022-08-02 13:57:41'),
(1356, 840, 'NJ', NULL, 'New Jersey', NULL, 1, '2022-08-02 13:57:41', '2022-08-02 13:57:41'),
(1357, 840, 'NM', NULL, 'New Mexico', NULL, 1, '2022-08-02 13:57:41', '2022-08-02 13:57:41'),
(1358, 840, 'NY', NULL, 'New York', NULL, 1, '2022-08-02 13:57:41', '2022-08-02 13:57:41'),
(1359, 840, 'NC', NULL, 'North Carolina', NULL, 1, '2022-08-02 13:57:41', '2022-08-02 13:57:41'),
(1360, 840, 'ND', NULL, 'North Dakota', NULL, 1, '2022-08-02 13:57:41', '2022-08-02 13:57:41'),
(1361, 840, 'MP', NULL, 'Northern Mariana Islands', NULL, 1, '2022-08-02 13:57:41', '2022-08-02 13:57:41'),
(1362, 840, 'OH', NULL, 'Ohio', NULL, 1, '2022-08-02 13:57:41', '2022-08-02 13:57:41'),
(1363, 840, 'OK', NULL, 'Oklahoma', NULL, 1, '2022-08-02 13:57:41', '2022-08-02 13:57:41'),
(1364, 840, 'OR', NULL, 'Oregon', NULL, 1, '2022-08-02 13:57:41', '2022-08-02 13:57:41'),
(1365, 840, 'PW', NULL, 'Palau', NULL, 1, '2022-08-02 13:57:41', '2022-08-02 13:57:41'),
(1366, 840, 'PA', NULL, 'Pennsylvania', NULL, 1, '2022-08-02 13:57:41', '2022-08-02 13:57:41'),
(1367, 840, 'PR', NULL, 'Puerto Rico', NULL, 1, '2022-08-02 13:57:41', '2022-08-02 13:57:41'),
(1368, 840, 'RI', NULL, 'Rhode Island', NULL, 1, '2022-08-02 13:57:41', '2022-08-02 13:57:41'),
(1369, 840, 'SC', NULL, 'South Carolina', NULL, 1, '2022-08-02 13:57:41', '2022-08-02 13:57:41'),
(1370, 840, 'SD', NULL, 'South Dakota', NULL, 1, '2022-08-02 13:57:41', '2022-08-02 13:57:41'),
(1371, 840, 'TN', NULL, 'Tennessee', NULL, 1, '2022-08-02 13:57:41', '2022-08-02 13:57:41'),
(1372, 840, 'TX', NULL, 'Texas', NULL, 1, '2022-08-02 13:57:41', '2022-08-02 13:57:41'),
(1373, 840, 'UT', NULL, 'Utah', NULL, 1, '2022-08-02 13:57:41', '2022-08-02 13:57:41'),
(1374, 840, 'VT', NULL, 'Vermont', NULL, 1, '2022-08-02 13:57:41', '2022-08-02 13:57:41'),
(1375, 840, 'VI', NULL, 'Virgin Islands', NULL, 1, '2022-08-02 13:57:41', '2022-08-02 13:57:41'),
(1376, 840, 'VA', NULL, 'Virginia', NULL, 1, '2022-08-02 13:57:41', '2022-08-02 13:57:41'),
(1377, 840, 'WA', NULL, 'Washington', NULL, 1, '2022-08-02 13:57:41', '2022-08-02 13:57:41'),
(1378, 840, 'WV', NULL, 'West Virginia', NULL, 1, '2022-08-02 13:57:41', '2022-08-02 13:57:41'),
(1379, 840, 'WI', NULL, 'Wisconsin', NULL, 1, '2022-08-02 13:57:41', '2022-08-02 13:57:41'),
(1380, 840, 'WY', NULL, 'Wyoming', NULL, 1, '2022-08-02 13:57:41', '2022-08-02 13:57:41'),
(1381, 704, '44', NULL, 'An Giang', NULL, 1, '2022-08-02 13:57:41', '2022-08-02 13:57:41'),
(1382, 704, '43', NULL, 'Ba Ria - Vung Tau', NULL, 1, '2022-08-02 13:57:41', '2022-08-02 13:57:41'),
(1383, 704, '53', NULL, 'Bac Can', NULL, 1, '2022-08-02 13:57:41', '2022-08-02 13:57:41'),
(1384, 704, '54', NULL, 'Bac Giang', NULL, 1, '2022-08-02 13:57:41', '2022-08-02 13:57:41'),
(1385, 704, '55', NULL, 'Bac Lieu', NULL, 1, '2022-08-02 13:57:41', '2022-08-02 13:57:41'),
(1386, 704, '56', NULL, 'Bac Ninh', NULL, 1, '2022-08-02 13:57:41', '2022-08-02 13:57:41'),
(1387, 704, '50', NULL, 'Ben Tre', NULL, 1, '2022-08-02 13:57:41', '2022-08-02 13:57:41'),
(1388, 704, '31', NULL, 'Binh Dinh', NULL, 1, '2022-08-02 13:57:41', '2022-08-02 13:57:41'),
(1389, 704, '57', NULL, 'Binh Duong', NULL, 1, '2022-08-02 13:57:41', '2022-08-02 13:57:41'),
(1390, 704, '58', NULL, 'Binh Phuoc', NULL, 1, '2022-08-02 13:57:41', '2022-08-02 13:57:41'),
(1391, 704, '40', NULL, 'Binh Thuan', NULL, 1, '2022-08-02 13:57:41', '2022-08-02 13:57:41'),
(1392, 704, '59', NULL, 'Ca Mau', NULL, 1, '2022-08-02 13:57:41', '2022-08-02 13:57:41'),
(1393, 704, 'CT', NULL, 'Can Tho', NULL, 1, '2022-08-02 13:57:41', '2022-08-02 13:57:41'),
(1394, 704, '4', NULL, 'Cao Bang', NULL, 1, '2022-08-02 13:57:41', '2022-08-02 13:57:41'),
(1395, 704, 'DN', NULL, 'Da Nang', NULL, 1, '2022-08-02 13:57:41', '2022-08-02 13:57:41'),
(1396, 704, '60', NULL, 'Da Nang, thanh pho', NULL, 1, '2022-08-02 13:57:41', '2022-08-02 13:57:41'),
(1397, 704, '33', NULL, 'Dac Lac', NULL, 1, '2022-08-02 13:57:41', '2022-08-02 13:57:41'),
(1398, 704, '72', NULL, 'Dak Nong', NULL, 1, '2022-08-02 13:57:41', '2022-08-02 13:57:41'),
(1399, 704, '71', NULL, 'Dien Bien', NULL, 1, '2022-08-02 13:57:41', '2022-08-02 13:57:41'),
(1400, 704, '39', NULL, 'Dong Nai', NULL, 1, '2022-08-02 13:57:41', '2022-08-02 13:57:41'),
(1401, 704, '45', NULL, 'Dong Thap', NULL, 1, '2022-08-02 13:57:41', '2022-08-02 13:57:41'),
(1402, 704, '30', NULL, 'Gia Lai', NULL, 1, '2022-08-02 13:57:41', '2022-08-02 13:57:41'),
(1403, 704, '3', NULL, 'Ha Giang', NULL, 1, '2022-08-02 13:57:41', '2022-08-02 13:57:41'),
(1404, 704, '63', NULL, 'Ha Nam', NULL, 1, '2022-08-02 13:57:41', '2022-08-02 13:57:41'),
(1405, 704, 'HN', NULL, 'Ha Noi', NULL, 1, '2022-08-02 13:57:41', '2022-08-02 13:57:41'),
(1406, 704, '15', NULL, 'Ha Tay', NULL, 1, '2022-08-02 13:57:41', '2022-08-02 13:57:41'),
(1407, 704, '23', NULL, 'Ha Tinh', NULL, 1, '2022-08-02 13:57:41', '2022-08-02 13:57:41'),
(1408, 704, '61', NULL, 'Hai Duong', NULL, 1, '2022-08-02 13:57:41', '2022-08-02 13:57:41'),
(1409, 704, 'HP', NULL, 'Hai Phong', NULL, 1, '2022-08-02 13:57:41', '2022-08-02 13:57:41'),
(1410, 704, '62', NULL, 'Hai Phong, thanh pho', NULL, 1, '2022-08-02 13:57:41', '2022-08-02 13:57:41'),
(1411, 704, '73', NULL, 'Hau Giang', NULL, 1, '2022-08-02 13:57:41', '2022-08-02 13:57:41'),
(1412, 704, 'SG', NULL, 'Ho Chi Minh', NULL, 1, '2022-08-02 13:57:41', '2022-08-02 13:57:41'),
(1413, 704, '14', NULL, 'Hoa Binh', NULL, 1, '2022-08-02 13:57:41', '2022-08-02 13:57:41'),
(1414, 704, '66', NULL, 'Hung Yen', NULL, 1, '2022-08-02 13:57:41', '2022-08-02 13:57:41'),
(1415, 704, '34', NULL, 'Khanh Hoa', NULL, 1, '2022-08-02 13:57:41', '2022-08-02 13:57:41'),
(1416, 704, '47', NULL, 'Kien Giang', NULL, 1, '2022-08-02 13:57:41', '2022-08-02 13:57:41'),
(1417, 704, '28', NULL, 'Kon Tum', NULL, 1, '2022-08-02 13:57:41', '2022-08-02 13:57:41'),
(1418, 704, '1', NULL, 'Lai Chau', NULL, 1, '2022-08-02 13:57:41', '2022-08-02 13:57:41'),
(1419, 704, '35', NULL, 'Lam Dong', NULL, 1, '2022-08-02 13:57:41', '2022-08-02 13:57:41'),
(1420, 704, '9', NULL, 'Lang Son', NULL, 1, '2022-08-02 13:57:41', '2022-08-02 13:57:41'),
(1421, 704, '2', NULL, 'Lao Cai', NULL, 1, '2022-08-02 13:57:41', '2022-08-02 13:57:41'),
(1422, 704, '41', NULL, 'Long An', NULL, 1, '2022-08-02 13:57:41', '2022-08-02 13:57:41'),
(1423, 704, '67', NULL, 'Nam Dinh', NULL, 1, '2022-08-02 13:57:41', '2022-08-02 13:57:41'),
(1424, 704, '22', NULL, 'Nghe An', NULL, 1, '2022-08-02 13:57:41', '2022-08-02 13:57:41'),
(1425, 704, '18', NULL, 'Ninh Binh', NULL, 1, '2022-08-02 13:57:41', '2022-08-02 13:57:41'),
(1426, 704, '36', NULL, 'Ninh Thuan', NULL, 1, '2022-08-02 13:57:41', '2022-08-02 13:57:41'),
(1427, 704, '68', NULL, 'Phu Tho', NULL, 1, '2022-08-02 13:57:41', '2022-08-02 13:57:41'),
(1428, 704, '32', NULL, 'Phu Yen', NULL, 1, '2022-08-02 13:57:41', '2022-08-02 13:57:41'),
(1429, 704, '24', NULL, 'Quang Binh', NULL, 1, '2022-08-02 13:57:41', '2022-08-02 13:57:41'),
(1430, 704, '27', NULL, 'Quang Nam', NULL, 1, '2022-08-02 13:57:41', '2022-08-02 13:57:41'),
(1431, 704, '29', NULL, 'Quang Ngai', NULL, 1, '2022-08-02 13:57:41', '2022-08-02 13:57:41'),
(1432, 704, '13', NULL, 'Quang Ninh', NULL, 1, '2022-08-02 13:57:41', '2022-08-02 13:57:41'),
(1433, 704, '25', NULL, 'Quang Tri', NULL, 1, '2022-08-02 13:57:41', '2022-08-02 13:57:41'),
(1434, 704, '52', NULL, 'Soc Trang', NULL, 1, '2022-08-02 13:57:41', '2022-08-02 13:57:41'),
(1435, 704, '5', NULL, 'Son La', NULL, 1, '2022-08-02 13:57:41', '2022-08-02 13:57:41'),
(1436, 704, '37', NULL, 'Tay Ninh', NULL, 1, '2022-08-02 13:57:41', '2022-08-02 13:57:41'),
(1437, 704, '20', NULL, 'Thai Binh', NULL, 1, '2022-08-02 13:57:41', '2022-08-02 13:57:41'),
(1438, 704, '69', NULL, 'Thai Nguyen', NULL, 1, '2022-08-02 13:57:41', '2022-08-02 13:57:41'),
(1439, 704, '21', NULL, 'Thanh Hoa', NULL, 1, '2022-08-02 13:57:41', '2022-08-02 13:57:41'),
(1440, 704, '26', NULL, 'Thua Thien-Hue', NULL, 1, '2022-08-02 13:57:41', '2022-08-02 13:57:41'),
(1441, 704, '46', NULL, 'Tien Giang', NULL, 1, '2022-08-02 13:57:41', '2022-08-02 13:57:41'),
(1442, 704, '51', NULL, 'Tra Vinh', NULL, 1, '2022-08-02 13:57:41', '2022-08-02 13:57:41'),
(1443, 704, '7', NULL, 'Tuyen Quang', NULL, 1, '2022-08-02 13:57:41', '2022-08-02 13:57:41'),
(1444, 704, '49', NULL, 'Vinh Long', NULL, 1, '2022-08-02 13:57:41', '2022-08-02 13:57:41'),
(1445, 704, '70', NULL, 'Vinh Yen', NULL, 1, '2022-08-02 13:57:41', '2022-08-02 13:57:41'),
(1446, 704, '6', NULL, 'Yen Bai', NULL, 1, '2022-08-02 13:57:41', '2022-08-02 13:57:41'),
(1447, 887, 'AD', NULL, '\'Adan', NULL, 1, '2022-08-02 13:57:41', '2022-08-02 13:57:41'),
(1448, 887, 'AM', NULL, '\'AmrÄn', NULL, 1, '2022-08-02 13:57:41', '2022-08-02 13:57:41'),
(1449, 887, 'AB', NULL, 'Abyan', NULL, 1, '2022-08-02 13:57:41', '2022-08-02 13:57:41'),
(1450, 887, 'BA', NULL, 'Al BayḑÄ\'', NULL, 1, '2022-08-02 13:57:41', '2022-08-02 13:57:41'),
(1451, 887, 'JA', NULL, 'Al Jawf', NULL, 1, '2022-08-02 13:57:41', '2022-08-02 13:57:41'),
(1452, 887, 'MR', NULL, 'Al Mahrah', NULL, 1, '2022-08-02 13:57:41', '2022-08-02 13:57:41'),
(1453, 887, 'MW', NULL, 'Al Maḩwīt', NULL, 1, '2022-08-02 13:57:41', '2022-08-02 13:57:41'),
(1454, 887, 'HU', NULL, 'Al Ḩudaydah', NULL, 1, '2022-08-02 13:57:41', '2022-08-02 13:57:41'),
(1455, 887, 'DA', NULL, 'Aḑ á¸Äli\'', NULL, 1, '2022-08-02 13:57:41', '2022-08-02 13:57:41'),
(1456, 887, 'DH', NULL, 'DhamÄr', NULL, 1, '2022-08-02 13:57:41', '2022-08-02 13:57:41'),
(1457, 887, 'IB', NULL, 'Ibb', NULL, 1, '2022-08-02 13:57:41', '2022-08-02 13:57:41'),
(1458, 887, 'LA', NULL, 'Laḩij', NULL, 1, '2022-08-02 13:57:41', '2022-08-02 13:57:41'),
(1459, 887, 'MA', NULL, 'Ma\'rib', NULL, 1, '2022-08-02 13:57:41', '2022-08-02 13:57:41'),
(1460, 887, 'RA', NULL, 'Raymah', NULL, 1, '2022-08-02 13:57:41', '2022-08-02 13:57:41'),
(1461, 887, 'SH', NULL, 'Shabwah', NULL, 1, '2022-08-02 13:57:41', '2022-08-02 13:57:41'),
(1462, 887, 'TA', NULL, 'TÄʻizz', NULL, 1, '2022-08-02 13:57:41', '2022-08-02 13:57:41'),
(1463, 887, 'SN', NULL, 'ŞanʻÄ\'', NULL, 1, '2022-08-02 13:57:41', '2022-08-02 13:57:41'),
(1464, 887, 'SA', NULL, 'ŞanʻÄ\'', NULL, 1, '2022-08-02 13:57:41', '2022-08-02 13:57:41'),
(1465, 887, 'SD', NULL, 'ŞÄʻdah', NULL, 1, '2022-08-02 13:57:41', '2022-08-02 13:57:41'),
(1466, 887, 'HJ', NULL, 'Ḩajjah', NULL, 1, '2022-08-02 13:57:41', '2022-08-02 13:57:41'),
(1467, 887, 'HD', NULL, 'Ḩaḑramawt', NULL, 1, '2022-08-02 13:57:41', '2022-08-02 13:57:41');

-- --------------------------------------------------------

--
-- Table structure for table `subscriptions`
--

CREATE TABLE `subscriptions` (
  `id` int UNSIGNED NOT NULL,
  `shop_id` int UNSIGNED NOT NULL,
  `name` varchar(255) CHARACTER SET utf8mb3 COLLATE utf8mb3_unicode_ci NOT NULL,
  `stripe_id` varchar(255) CHARACTER SET utf8mb3 COLLATE utf8mb3_unicode_ci DEFAULT NULL,
  `stripe_status` varchar(255) CHARACTER SET utf8mb3 COLLATE utf8mb3_unicode_ci DEFAULT NULL,
  `stripe_price` varchar(255) CHARACTER SET utf8mb3 COLLATE utf8mb3_unicode_ci DEFAULT NULL,
  `quantity` int DEFAULT '1',
  `trial_ends_at` timestamp NULL DEFAULT NULL,
  `ends_at` timestamp NULL DEFAULT NULL,
  `notification_sent_at` timestamp NULL DEFAULT NULL,
  `created_at` timestamp NULL DEFAULT NULL,
  `updated_at` timestamp NULL DEFAULT NULL
) ENGINE=InnoDB DEFAULT CHARSET=utf8mb3 COLLATE=utf8mb3_unicode_ci;

--
-- Dumping data for table `subscriptions`
--

INSERT INTO `subscriptions` (`id`, `shop_id`, `name`, `stripe_id`, `stripe_status`, `stripe_price`, `quantity`, `trial_ends_at`, `ends_at`, `notification_sent_at`, `created_at`, `updated_at`) VALUES
(12, 2, 'Business', NULL, NULL, NULL, 1, '2023-10-04 08:51:27', NULL, NULL, '2023-03-29 08:51:27', '2023-03-29 08:51:27'),
(13, 1, 'Professional', NULL, NULL, NULL, 1, '2023-11-12 08:55:06', NULL, NULL, '2023-03-29 08:55:06', '2023-03-29 08:55:06'),
(14, 3, 'Business', NULL, NULL, NULL, 1, '2023-12-10 08:55:31', NULL, NULL, '2023-03-29 08:55:31', '2023-03-29 08:55:31'),
(15, 5, 'Professional', NULL, NULL, NULL, 1, '2023-09-21 08:55:50', NULL, NULL, '2023-03-29 08:55:50', '2023-03-29 08:55:50'),
(16, 4, 'Individual', NULL, NULL, NULL, 1, '2023-08-20 08:56:02', NULL, NULL, '2023-03-29 08:56:02', '2023-03-29 08:56:02');

-- --------------------------------------------------------

--
-- Table structure for table `subscription_items`
--

CREATE TABLE `subscription_items` (
  `id` bigint UNSIGNED NOT NULL,
  `subscription_id` bigint UNSIGNED NOT NULL,
  `stripe_id` varchar(255) CHARACTER SET utf8mb3 COLLATE utf8mb3_unicode_ci NOT NULL,
  `stripe_product` varchar(255) CHARACTER SET utf8mb3 COLLATE utf8mb3_unicode_ci DEFAULT NULL,
  `stripe_price` varchar(255) CHARACTER SET utf8mb3 COLLATE utf8mb3_unicode_ci NOT NULL,
  `quantity` int DEFAULT NULL,
  `created_at` timestamp NULL DEFAULT NULL,
  `updated_at` timestamp NULL DEFAULT NULL
) ENGINE=InnoDB DEFAULT CHARSET=utf8mb3 COLLATE=utf8mb3_unicode_ci;

-- --------------------------------------------------------

--
-- Table structure for table `subscription_plans`
--

CREATE TABLE `subscription_plans` (
  `name` varchar(255) CHARACTER SET utf8mb3 COLLATE utf8mb3_unicode_ci NOT NULL,
  `plan_id` varchar(255) CHARACTER SET utf8mb3 COLLATE utf8mb3_unicode_ci NOT NULL,
  `best_for` varchar(255) CHARACTER SET utf8mb3 COLLATE utf8mb3_unicode_ci DEFAULT NULL,
  `cost` decimal(12,2) NOT NULL DEFAULT '0.00',
  `transaction_fee` decimal(8,2) NOT NULL DEFAULT '0.00',
  `marketplace_commission` decimal(8,2) NOT NULL DEFAULT '0.00',
  `order_per_month` int DEFAULT NULL,
  `revenue_per_month` int DEFAULT NULL,
  `team_size` int NOT NULL DEFAULT '1',
  `inventory_limit` int NOT NULL DEFAULT '0',
  `featured` tinyint(1) NOT NULL DEFAULT '0',
  `order` int DEFAULT NULL,
  `deleted_at` timestamp NULL DEFAULT NULL,
  `created_at` timestamp NULL DEFAULT NULL,
  `updated_at` timestamp NULL DEFAULT NULL
) ENGINE=InnoDB DEFAULT CHARSET=utf8mb3 COLLATE=utf8mb3_unicode_ci;

--
-- Dumping data for table `subscription_plans`
--

INSERT INTO `subscription_plans` (`name`, `plan_id`, `best_for`, `cost`, `transaction_fee`, `marketplace_commission`, `order_per_month`, `revenue_per_month`, `team_size`, `inventory_limit`, `featured`, `order`, `deleted_at`, `created_at`, `updated_at`) VALUES
('Professional', 'price_1KBAXaG09em6dIPhblIucipd', NULL, 49.00, 1.00, 1.50, NULL, NULL, 10, 500, 0, 3, NULL, '2022-08-02 13:57:43', '2023-03-29 01:36:16'),
('Business', 'price_1KBAXaG09em6dIPhf2VWWIXO', NULL, 29.00, 1.90, 2.50, NULL, NULL, 5, 200, 1, 2, NULL, '2022-08-02 13:57:43', '2023-03-29 01:55:46'),
('Individual', 'price_1KBAXaG09em6dIPhHvdGFbcD', NULL, 9.00, 2.50, 3.00, NULL, NULL, 1, 20, 0, 1, NULL, '2022-08-02 13:57:43', '2023-03-29 01:35:44');

-- --------------------------------------------------------

--
-- Table structure for table `suppliers`
--

CREATE TABLE `suppliers` (
  `id` int UNSIGNED NOT NULL,
  `shop_id` int UNSIGNED DEFAULT NULL,
  `name` varchar(255) CHARACTER SET utf8mb3 COLLATE utf8mb3_unicode_ci NOT NULL,
  `email` varchar(255) CHARACTER SET utf8mb3 COLLATE utf8mb3_unicode_ci DEFAULT NULL,
  `contact_person` varchar(255) CHARACTER SET utf8mb3 COLLATE utf8mb3_unicode_ci DEFAULT NULL,
  `url` text CHARACTER SET utf8mb3 COLLATE utf8mb3_unicode_ci,
  `description` longtext CHARACTER SET utf8mb3 COLLATE utf8mb3_unicode_ci,
  `active` tinyint(1) NOT NULL DEFAULT '1',
  `deleted_at` timestamp NULL DEFAULT NULL,
  `created_at` timestamp NULL DEFAULT NULL,
  `updated_at` timestamp NULL DEFAULT NULL
) ENGINE=InnoDB DEFAULT CHARSET=utf8mb3 COLLATE=utf8mb3_unicode_ci;

--
-- Dumping data for table `suppliers`
--

INSERT INTO `suppliers` (`id`, `shop_id`, `name`, `email`, `contact_person`, `url`, `description`, `active`, `deleted_at`, `created_at`, `updated_at`) VALUES
(1, 4, 'Leuschke Ltd', 'beverly09@russel.com', 'Kay Upton', 'http://www.mante.com/quo-amet-veniam-autem-voluptas.html', 'Praesentium placeat saepe fugit sequi. Voluptatibus odio quod est nostrum totam. Quae dolorem neque dolore aut repellat architecto optio. Laudantium omnis praesentium facere similique. Deserunt velit aut id aut. Dolor at culpa quaerat ab voluptatibus. Distinctio distinctio maiores eligendi nulla ipsam et quaerat. Dolorum voluptas labore cumque ea sint quos blanditiis. Dolorem quia itaque consequatur nihil ea.', 1, NULL, '2022-08-02 13:57:45', '2022-08-02 13:57:45'),
(2, 4, 'Towne-Jacobi', 'savanah24@yahoo.com', 'Ezra Crist', 'https://www.gottlieb.biz/neque-quo-praesentium-nesciunt-odit', 'Quo ea a repellat qui sunt maxime qui. Odio tempora qui aut earum. Tempore eum quam sit totam. Dignissimos qui perspiciatis repellat ab. Doloribus voluptate incidunt sed harum libero. Perferendis et iste laudantium quia libero iure temporibus. Voluptates consequuntur quam odit voluptas ut. Eum atque officiis est dolor exercitationem. Architecto sit quia accusantium ea magni sapiente. Sed debitis incidunt corporis et voluptatem ipsam in. Ipsum magnam vitae quia explicabo molestiae voluptate ut.', 1, NULL, '2022-08-02 13:57:45', '2022-08-02 13:57:45'),
(3, 2, 'Lesch-Schaden', 'kory05@gmail.com', 'Mr. Horace Torphy', 'https://www.rempel.com/non-debitis-sint-ducimus-qui-cum-consequatur-ab', 'Corporis excepturi ducimus nisi accusamus. Nam nam non placeat molestiae cum ratione. Illo numquam omnis facere consectetur. Magnam natus voluptas quaerat quia quod molestiae. Debitis quia recusandae exercitationem. Quo quia et est esse ullam aperiam earum nobis. Fuga quia ratione molestiae ipsum. Pariatur temporibus veritatis sunt. Ad quasi est velit laudantium. Temporibus id ex sunt laboriosam dolorem vero at.', 1, NULL, '2022-08-02 13:57:45', '2022-08-02 13:57:45'),
(4, 5, 'Goldner Ltd', 'ulabadie@gmail.com', 'Margaret Hermann DDS', 'http://www.larson.com/quas-quidem-deserunt-ipsum-et-sint-est', 'Sit officia nihil eum quis repellat perferendis velit. Non accusamus culpa perferendis architecto. Dicta quis fuga ut cupiditate nihil in. Vel rerum iste voluptatem et eligendi est magni. Nihil accusantium saepe sint a quia nesciunt vel. Incidunt cupiditate voluptas aut totam odio vel eaque. Est quia voluptas numquam dicta. Perferendis labore ea cumque facere placeat natus et. Voluptas neque quia quam quidem.', 1, NULL, '2022-08-02 13:57:45', '2022-08-02 13:57:45'),
(5, 3, 'Koss-Orn', 'rhudson@pagac.biz', 'Sim Cummings', 'http://quigley.org/sit-tenetur-voluptatibus-error-voluptas', 'Omnis dignissimos inventore expedita magni blanditiis est. Adipisci officia non ipsum sit ullam. Et veritatis necessitatibus quod voluptas. Et sit tempore cumque suscipit cum et quia. Quidem atque ut suscipit nobis excepturi. Accusamus expedita amet nihil aliquid quis commodi ad. Animi eum ut ad nostrum laboriosam. A recusandae laborum accusantium alias.', 1, NULL, '2022-08-02 13:57:45', '2022-08-02 13:57:45');

-- --------------------------------------------------------

--
-- Table structure for table `taggables`
--

CREATE TABLE `taggables` (
  `tag_id` int UNSIGNED NOT NULL,
  `taggable_id` int UNSIGNED NOT NULL,
  `taggable_type` varchar(255) CHARACTER SET utf8mb3 COLLATE utf8mb3_unicode_ci NOT NULL
) ENGINE=InnoDB DEFAULT CHARSET=utf8mb3 COLLATE=utf8mb3_unicode_ci;

--
-- Dumping data for table `taggables`
--

INSERT INTO `taggables` (`tag_id`, `taggable_id`, `taggable_type`) VALUES
(4, 2, 'App\\Models\\Blog'),
(18, 6, 'App\\Models\\Blog'),
(16, 6, 'App\\Models\\Blog'),
(23, 6, 'App\\Models\\Blog'),
(22, 6, 'App\\Models\\Blog'),
(20, 6, 'App\\Models\\Blog'),
(25, 4, 'App\\Models\\Blog'),
(9, 4, 'App\\Models\\Blog'),
(2, 4, 'App\\Models\\Blog'),
(22, 4, 'App\\Models\\Blog'),
(28, 4, 'App\\Models\\Blog'),
(30, 4, 'App\\Models\\Blog'),
(29, 4, 'App\\Models\\Blog'),
(2, 5, 'App\\Models\\Blog'),
(23, 5, 'App\\Models\\Blog'),
(25, 5, 'App\\Models\\Blog'),
(20, 5, 'App\\Models\\Blog'),
(27, 5, 'App\\Models\\Blog'),
(9, 5, 'App\\Models\\Blog'),
(24, 5, 'App\\Models\\Blog'),
(16, 3, 'App\\Models\\Blog'),
(26, 3, 'App\\Models\\Blog'),
(16, 3, 'App\\Models\\Blog'),
(23, 1, 'App\\Models\\Blog'),
(26, 1, 'App\\Models\\Blog'),
(18, 1, 'App\\Models\\Blog'),
(25, 52, 'App\\Models\\Product'),
(16, 52, 'App\\Models\\Product'),
(17, 52, 'App\\Models\\Product'),
(29, 108, 'App\\Models\\Inventory'),
(16, 108, 'App\\Models\\Inventory'),
(17, 108, 'App\\Models\\Inventory');

-- --------------------------------------------------------

--
-- Table structure for table `tags`
--

CREATE TABLE `tags` (
  `id` int UNSIGNED NOT NULL,
  `name` varchar(255) CHARACTER SET utf8mb3 COLLATE utf8mb3_unicode_ci NOT NULL,
  `created_at` timestamp NULL DEFAULT NULL,
  `updated_at` timestamp NULL DEFAULT NULL
) ENGINE=InnoDB DEFAULT CHARSET=utf8mb3 COLLATE=utf8mb3_unicode_ci;

--
-- Dumping data for table `tags`
--

INSERT INTO `tags` (`id`, `name`, `created_at`, `updated_at`) VALUES
(1, 'rerum', '2022-08-02 13:57:50', '2022-08-02 13:57:50'),
(2, 'id', '2022-08-02 13:57:50', '2022-08-02 13:57:50'),
(3, 'dolorum', '2022-08-02 13:57:50', '2022-08-02 13:57:50'),
(4, 'voluptatum', '2022-08-02 13:57:50', '2022-08-02 13:57:50'),
(5, 'excepturi', '2022-08-02 13:57:50', '2022-08-02 13:57:50'),
(6, 'laudantium', '2022-08-02 13:57:50', '2022-08-02 13:57:50'),
(7, 'non', '2022-08-02 13:57:50', '2022-08-02 13:57:50'),
(8, 'voluptatem', '2022-08-02 13:57:50', '2022-08-02 13:57:50'),
(9, 'tenetur', '2022-08-02 13:57:50', '2022-08-02 13:57:50'),
(10, 'voluptatum', '2022-08-02 13:57:50', '2022-08-02 13:57:50'),
(11, 'expedita', '2022-08-02 13:57:50', '2022-08-02 13:57:50'),
(12, 'odio', '2022-08-02 13:57:50', '2022-08-02 13:57:50'),
(13, 'sapiente', '2022-08-02 13:57:50', '2022-08-02 13:57:50'),
(14, 'tempore', '2022-08-02 13:57:50', '2022-08-02 13:57:50'),
(15, 'error', '2022-08-02 13:57:50', '2022-08-02 13:57:50'),
(16, 'dicta', '2022-08-02 13:57:50', '2022-08-02 13:57:50'),
(17, 'doloribus', '2022-08-02 13:57:50', '2022-08-02 13:57:50'),
(18, 'sit', '2022-08-02 13:57:50', '2022-08-02 13:57:50'),
(19, 'vel', '2022-08-02 13:57:50', '2022-08-02 13:57:50'),
(20, 'laborum', '2022-08-02 13:57:50', '2022-08-02 13:57:50'),
(21, 'est', '2022-08-02 13:57:50', '2022-08-02 13:57:50'),
(22, 'ad', '2022-08-02 13:57:50', '2022-08-02 13:57:50'),
(23, 'quo', '2022-08-02 13:57:50', '2022-08-02 13:57:50'),
(24, 'maxime', '2022-08-02 13:57:50', '2022-08-02 13:57:50'),
(25, 'aperiam', '2022-08-02 13:57:50', '2022-08-02 13:57:50'),
(26, 'optio', '2022-08-02 13:57:50', '2022-08-02 13:57:50'),
(27, 'fuga', '2022-08-02 13:57:50', '2022-08-02 13:57:50'),
(28, 'maxime', '2022-08-02 13:57:50', '2022-08-02 13:57:50'),
(29, 'consequatur', '2022-08-02 13:57:50', '2022-08-02 13:57:50'),
(30, 'quis', '2022-08-02 13:57:50', '2022-08-02 13:57:50');

-- --------------------------------------------------------

--
-- Table structure for table `taxes`
--

CREATE TABLE `taxes` (
  `id` int UNSIGNED NOT NULL,
  `shop_id` int UNSIGNED DEFAULT NULL,
  `name` varchar(255) CHARACTER SET utf8mb3 COLLATE utf8mb3_unicode_ci NOT NULL,
  `taxrate` decimal(20,6) NOT NULL DEFAULT '0.000000',
  `country_id` int UNSIGNED DEFAULT NULL,
  `state_id` int UNSIGNED DEFAULT NULL,
  `public` tinyint(1) DEFAULT NULL,
  `active` tinyint(1) NOT NULL DEFAULT '1',
  `deleted_at` timestamp NULL DEFAULT NULL,
  `created_at` timestamp NULL DEFAULT NULL,
  `updated_at` timestamp NULL DEFAULT NULL
) ENGINE=InnoDB DEFAULT CHARSET=utf8mb3 COLLATE=utf8mb3_unicode_ci;

--
-- Dumping data for table `taxes`
--

INSERT INTO `taxes` (`id`, `shop_id`, `name`, `taxrate`, `country_id`, `state_id`, `public`, `active`, `deleted_at`, `created_at`, `updated_at`) VALUES
(1, NULL, '- No tax -', 0.000000, NULL, NULL, 1, 1, NULL, '2022-08-02 13:57:43', '2022-08-02 13:57:43'),
(2, 3, 'minus 3.79%', 3.790146, 833, NULL, NULL, 1, NULL, '2022-08-02 13:57:47', '2022-08-02 13:57:47'),
(3, 3, 'et 4%', 4.000000, 124, 138, NULL, 1, NULL, '2022-08-02 13:57:47', '2022-08-02 13:57:47'),
(4, 2, 'assumenda 3.17%', 3.167859, 591, NULL, NULL, 1, NULL, '2022-08-02 13:57:47', '2022-08-02 13:57:47'),
(5, 3, 'qui 3%', 3.000000, 484, 824, NULL, 1, NULL, '2022-08-02 13:57:47', '2022-08-02 13:57:47'),
(6, 2, 'necessitatibus 5.9%', 5.902849, 578, NULL, NULL, 1, NULL, '2022-08-02 13:57:47', '2022-08-02 13:57:47');

-- --------------------------------------------------------

--
-- Table structure for table `tickets`
--

CREATE TABLE `tickets` (
  `id` bigint UNSIGNED NOT NULL,
  `shop_id` int UNSIGNED DEFAULT NULL,
  `user_id` bigint UNSIGNED DEFAULT NULL,
  `category_id` int UNSIGNED DEFAULT NULL,
  `subject` varchar(255) CHARACTER SET utf8mb3 COLLATE utf8mb3_unicode_ci DEFAULT NULL,
  `message` longtext CHARACTER SET utf8mb3 COLLATE utf8mb3_unicode_ci,
  `assigned_to` bigint UNSIGNED DEFAULT NULL,
  `status` int UNSIGNED NOT NULL DEFAULT '1',
  `priority` int UNSIGNED NOT NULL DEFAULT '1',
  `deleted_at` timestamp NULL DEFAULT NULL,
  `created_at` timestamp NULL DEFAULT NULL,
  `updated_at` timestamp NULL DEFAULT NULL
) ENGINE=InnoDB DEFAULT CHARSET=utf8mb3 COLLATE=utf8mb3_unicode_ci;

--
-- Dumping data for table `tickets`
--

INSERT INTO `tickets` (`id`, `shop_id`, `user_id`, `category_id`, `subject`, `message`, `assigned_to`, `status`, `priority`, `deleted_at`, `created_at`, `updated_at`) VALUES
(1, 1, 3, 1, 'Rerum delectus sint dicta labore.', 'In sunt error commodi vel. Qui velit quo rem qui omnis qui. Vitae non cumque laborum velit voluptas ducimus.', NULL, 6, 3, NULL, '2022-07-18 13:57:50', '2022-08-02 13:57:50'),
(2, 3, 3, 1, 'Autem optio pariatur sapiente vero illum consectetur distinctio.', 'Ipsum eum est et sint voluptas. Eveniet fugiat et necessitatibus nisi est iusto. Ex dolor temporibus vel itaque est voluptatem. Rem illo quibusdam alias nam aliquam.', NULL, 6, 1, NULL, '2022-07-26 13:57:50', '2022-08-02 13:57:50'),
(3, 5, 3, 1, 'Dolor dolorem nam totam sed dolor cumque.', 'Qui tempora omnis voluptas veniam totam et cum. Enim velit est cum magni earum.', NULL, 6, 1, NULL, '2022-07-22 13:57:50', '2022-07-21 13:57:50'),
(4, 4, 3, 3, 'Magnam eius sequi soluta sit ducimus.', 'Velit accusantium cupiditate sed accusantium. Eos rem quod eum et iure sed. Esse aut ut sed dolor.', NULL, 4, 4, NULL, '2022-07-28 13:57:50', '2022-08-02 13:57:50'),
(5, 5, 3, 3, 'Dolorem harum in eum totam soluta nesciunt impedit.', 'Eos rerum corporis voluptates. Quo ratione totam inventore quia. Dolorum placeat consequatur velit qui doloremque ullam.', NULL, 6, 1, NULL, '2022-07-29 13:57:50', '2022-08-02 13:57:50'),
(6, 1, 3, 2, 'How to payout', '<p>Please let me know, how to payout.</p>', NULL, 1, 3, NULL, '2022-12-13 06:52:25', '2022-12-13 06:52:25'),
(7, 1, 3, 3, 'Inventory varient', '<p>I want to know, how the product variant has to add.</p>', NULL, 1, 2, NULL, '2022-12-13 06:54:01', '2022-12-13 06:54:01'),
(8, 4, 6, 1, 'Product comparison.', '<p>How product comparison works.</p>', NULL, 1, 1, NULL, '2022-12-13 06:55:41', '2022-12-13 06:55:41'),
(9, 4, 6, 2, 'Delivery boy', '<p>How delivery man, can add to my shop?</p>', NULL, 1, 3, NULL, '2022-12-13 06:56:54', '2022-12-13 06:56:54'),
(10, 6, NULL, 1, 'Starter Support', '<p>Please let me know how do I can start selling on your market?</p>', NULL, 1, 3, NULL, '2022-12-14 05:42:15', '2022-12-14 05:42:15'),
(11, 6, NULL, 2, 'Query', 'Is there any mobile app available for manage my shop?', NULL, 1, 2, NULL, '2022-12-14 05:43:50', '2022-12-14 05:43:50'),
(12, 7, NULL, 1, 'Payment Method', '<p>How do I can add Stripe payment method?</p>', NULL, 1, 3, NULL, '2022-12-14 05:59:44', '2022-12-14 05:59:44'),
(13, 7, NULL, 1, 'Customer Info', '<p>Is there any option I can get all of my customer info?</p>', NULL, 1, 2, NULL, '2022-12-14 06:00:37', '2022-12-14 06:00:37'),
(14, 7, NULL, 1, 'Wish', '<p>I am very much glad and happy, this market is so functional to sell product.<br><br>Thanks</p>', NULL, 1, 1, NULL, '2022-12-14 06:01:53', '2022-12-14 06:01:53'),
(15, 1, 3, 1, 'Normal Query', 'How do I can find customer location?', NULL, 1, 1, NULL, '2022-12-14 06:11:55', '2022-12-14 06:11:55');

-- --------------------------------------------------------

--
-- Table structure for table `ticket_categories`
--

CREATE TABLE `ticket_categories` (
  `id` int UNSIGNED NOT NULL,
  `name` varchar(255) CHARACTER SET utf8mb3 COLLATE utf8mb3_unicode_ci NOT NULL
) ENGINE=InnoDB DEFAULT CHARSET=utf8mb3 COLLATE=utf8mb3_unicode_ci;

--
-- Dumping data for table `ticket_categories`
--

INSERT INTO `ticket_categories` (`id`, `name`) VALUES
(1, 'General query'),
(2, 'Merchant support'),
(3, 'Technical support'),
(4, 'Webmaster');

-- --------------------------------------------------------

--
-- Table structure for table `timezones`
--

CREATE TABLE `timezones` (
  `id` int UNSIGNED NOT NULL,
  `value` varchar(255) CHARACTER SET utf8mb3 COLLATE utf8mb3_unicode_ci DEFAULT NULL,
  `abbr` varchar(255) CHARACTER SET utf8mb3 COLLATE utf8mb3_unicode_ci DEFAULT NULL,
  `offset` int DEFAULT NULL,
  `text` varchar(255) CHARACTER SET utf8mb3 COLLATE utf8mb3_unicode_ci DEFAULT NULL,
  `utc` varchar(255) CHARACTER SET utf8mb3 COLLATE utf8mb3_unicode_ci DEFAULT NULL,
  `dst` tinyint(1) DEFAULT '0',
  `created_at` timestamp NULL DEFAULT NULL,
  `updated_at` timestamp NULL DEFAULT NULL
) ENGINE=InnoDB DEFAULT CHARSET=utf8mb3 COLLATE=utf8mb3_unicode_ci;

--
-- Dumping data for table `timezones`
--

INSERT INTO `timezones` (`id`, `value`, `abbr`, `offset`, `text`, `utc`, `dst`, `created_at`, `updated_at`) VALUES
(1, 'Dateline Standard Time', 'DST', -12, '(UTC-12:00) International Date Line West', 'Etc/GMT+12', 0, '2022-08-02 13:57:41', '2022-08-02 13:57:41'),
(2, 'UTC-11', 'U', -11, '(UTC-11:00) Coordinated Universal Time-11', 'Pacific/Midway', 0, '2022-08-02 13:57:41', '2022-08-02 13:57:41'),
(3, 'Hawaiian Standard Time', 'HST', -10, '(UTC-10:00) Hawaii', 'Pacific/Honolulu', 0, '2022-08-02 13:57:41', '2022-08-02 13:57:41'),
(4, 'Alaskan Standard Time', 'AKDT', -8, '(UTC-09:00) Alaska', 'America/Anchorage', 1, '2022-08-02 13:57:41', '2022-08-02 13:57:41'),
(5, 'Pacific Standard Time (Mexico)', 'PDT', -7, '(UTC-08:00) Baja California', 'America/Santa_Isabel', 1, '2022-08-02 13:57:41', '2022-08-02 13:57:41'),
(6, 'Pacific Standard Time', 'PDT', -7, '(UTC-08:00) Pacific Time (US & Canada)', 'America/Los_Angeles', 1, '2022-08-02 13:57:41', '2022-08-02 13:57:41'),
(7, 'US Mountain Standard Time', 'UMST', -7, '(UTC-07:00) Arizona', 'America/Phoenix', 0, '2022-08-02 13:57:41', '2022-08-02 13:57:41'),
(8, 'Mountain Standard Time (Mexico)', 'MDT', -6, '(UTC-07:00) Chihuahua, La Paz, Mazatlan', 'America/Chihuahua', 1, '2022-08-02 13:57:41', '2022-08-02 13:57:41'),
(9, 'Mountain Standard Time', 'MDT', -6, '(UTC-07:00) Mountain Time (US & Canada)', 'America/Denver', 1, '2022-08-02 13:57:41', '2022-08-02 13:57:41'),
(10, 'Central America Standard Time', 'CAST', -6, '(UTC-06:00) Central America', 'America/Guatemala', 0, '2022-08-02 13:57:41', '2022-08-02 13:57:41'),
(11, 'Central Standard Time', 'CDT', -5, '(UTC-06:00) Central Time (US & Canada)', 'America/Chicago', 1, '2022-08-02 13:57:41', '2022-08-02 13:57:41'),
(12, 'Central Standard Time (Mexico)', 'CDT', -5, '(UTC-06:00) Guadalajara, Mexico City, Monterrey', 'America/Mexico_City', 1, '2022-08-02 13:57:41', '2022-08-02 13:57:41'),
(13, 'Canada Central Standard Time', 'CCST', -6, '(UTC-06:00) Saskatchewan', 'America/Regina', 0, '2022-08-02 13:57:41', '2022-08-02 13:57:41'),
(14, 'SA Pacific Standard Time', 'SPST', -5, '(UTC-05:00) Bogota, Lima, Quito', 'America/Lima', 0, '2022-08-02 13:57:41', '2022-08-02 13:57:41'),
(15, 'Eastern Standard Time', 'EDT', -4, '(UTC-05:00) Eastern Time (US & Canada)', 'America/New_York', 1, '2022-08-02 13:57:41', '2022-08-02 13:57:41'),
(16, 'US Eastern Standard Time', 'UEDT', -4, '(UTC-05:00) Indiana (East)', 'America/Indianapolis', 1, '2022-08-02 13:57:41', '2022-08-02 13:57:41'),
(17, 'Venezuela Standard Time', 'VST', -5, '(UTC-04:30) Caracas', 'America/Caracas', 0, '2022-08-02 13:57:41', '2022-08-02 13:57:41'),
(18, 'Paraguay Standard Time', 'PST', -4, '(UTC-04:00) Asuncion', 'America/Asuncion', 0, '2022-08-02 13:57:41', '2022-08-02 13:57:41'),
(19, 'Atlantic Standard Time', 'ADT', -3, '(UTC-04:00) Atlantic Time (Canada)', 'Atlantic/Bermuda', 1, '2022-08-02 13:57:41', '2022-08-02 13:57:41'),
(20, 'Central Brazilian Standard Time', 'CBST', -4, '(UTC-04:00) Cuiaba', 'America/Cuiaba', 0, '2022-08-02 13:57:41', '2022-08-02 13:57:41'),
(21, 'SA Western Standard Time', 'SWST', -4, '(UTC-04:00) Georgetown, La Paz, Manaus, San Juan', 'America/Aruba', 0, '2022-08-02 13:57:41', '2022-08-02 13:57:41'),
(22, 'Pacific SA Standard Time', 'PSST', -4, '(UTC-04:00) Santiago', 'America/Santiago', 0, '2022-08-02 13:57:41', '2022-08-02 13:57:41'),
(23, 'Newfoundland Standard Time', 'NDT', -3, '(UTC-03:30) Newfoundland', 'America/St_Johns', 1, '2022-08-02 13:57:41', '2022-08-02 13:57:41'),
(24, 'E. South America Standard Time', 'ESAST', -3, '(UTC-03:00) Brasilia', 'America/Sao_Paulo', 0, '2022-08-02 13:57:41', '2022-08-02 13:57:41'),
(25, 'Argentina Standard Time', 'AST', -3, '(UTC-03:00) Buenos Aires', 'America/Buenos_Aires', 0, '2022-08-02 13:57:41', '2022-08-02 13:57:41'),
(26, 'SA Eastern Standard Time', 'SEST', -3, '(UTC-03:00) Cayenne, Fortaleza', 'America/Cayenne', 0, '2022-08-02 13:57:41', '2022-08-02 13:57:41'),
(27, 'Greenland Standard Time', 'GDT', -2, '(UTC-03:00) Greenland', 'America/Godthab', 1, '2022-08-02 13:57:41', '2022-08-02 13:57:41'),
(28, 'Montevideo Standard Time', 'MST', -3, '(UTC-03:00) Montevideo', 'America/Montevideo', 0, '2022-08-02 13:57:41', '2022-08-02 13:57:41'),
(29, 'Bahia Standard Time', 'BST', -3, '(UTC-03:00) Salvador', 'America/Bahia', 0, '2022-08-02 13:57:41', '2022-08-02 13:57:41'),
(30, 'UTC-02', 'U', -2, '(UTC-02:00) Coordinated Universal Time-02', 'America/Noronha', 0, '2022-08-02 13:57:41', '2022-08-02 13:57:41'),
(31, 'Azores Standard Time', 'ADT', 0, '(UTC-01:00) Azores', 'Atlantic/Azores', 1, '2022-08-02 13:57:41', '2022-08-02 13:57:41'),
(32, 'Cape Verde Standard Time', 'CVST', -1, '(UTC-01:00) Cape Verde Is.', 'Atlantic/Cape_Verde', 0, '2022-08-02 13:57:41', '2022-08-02 13:57:41'),
(33, 'Morocco Standard Time', 'MDT', 1, '(UTC) Casablanca', 'Africa/Casablanca', 1, '2022-08-02 13:57:41', '2022-08-02 13:57:41'),
(34, 'UTC', 'CUT', 0, '(UTC) Coordinated Universal Time', 'America/Danmarkshavn', 0, '2022-08-02 13:57:41', '2022-08-02 13:57:41'),
(35, 'GMT Standard Time', 'GDT', 1, '(UTC) Dublin, Edinburgh, Lisbon, London', 'Europe/London', 1, '2022-08-02 13:57:41', '2022-08-02 13:57:41'),
(36, 'Greenwich Standard Time', 'GST', 0, '(UTC) Monrovia, Reykjavik', 'Africa/Monrovia', 0, '2022-08-02 13:57:41', '2022-08-02 13:57:41'),
(37, 'W. Europe Standard Time', 'WEDT', 2, '(UTC+01:00) Amsterdam, Berlin, Bern, Rome, Stockholm, Vienna', 'Europe/Amsterdam', 1, '2022-08-02 13:57:41', '2022-08-02 13:57:41'),
(38, 'Central Europe Standard Time', 'CEDT', 2, '(UTC+01:00) Belgrade, Bratislava, Budapest, Ljubljana, Prague', 'Europe/Budapest', 1, '2022-08-02 13:57:41', '2022-08-02 13:57:41'),
(39, 'Romance Standard Time', 'RDT', 2, '(UTC+01:00) Brussels, Copenhagen, Madrid, Paris', 'Europe/Paris', 1, '2022-08-02 13:57:41', '2022-08-02 13:57:41'),
(40, 'Central European Standard Time', 'CEDT', 2, '(UTC+01:00) Sarajevo, Skopje, Warsaw, Zagreb', 'Europe/Warsaw', 1, '2022-08-02 13:57:41', '2022-08-02 13:57:41'),
(41, 'W. Central Africa Standard Time', 'WCAST', 1, '(UTC+01:00) West Central Africa', 'Africa/Lagos', 0, '2022-08-02 13:57:41', '2022-08-02 13:57:41'),
(42, 'Namibia Standard Time', 'NST', 1, '(UTC+01:00) Windhoek', 'Africa/Windhoek', 0, '2022-08-02 13:57:41', '2022-08-02 13:57:41'),
(43, 'GTB Standard Time', 'GDT', 3, '(UTC+02:00) Athens, Bucharest, Chisinau, Nicosia', 'Europe/Athens', 1, '2022-08-02 13:57:41', '2022-08-02 13:57:41'),
(44, 'Middle East Standard Time', 'MEDT', 3, '(UTC+02:00) Beirut', 'Asia/Beirut', 1, '2022-08-02 13:57:41', '2022-08-02 13:57:41'),
(45, 'Egypt Standard Time', 'EST', 2, '(UTC+02:00) Cairo', 'Africa/Cairo', 0, '2022-08-02 13:57:41', '2022-08-02 13:57:41'),
(46, 'Syria Standard Time', 'SDT', 3, '(UTC+02:00) Damascus', 'Asia/Damascus', 1, '2022-08-02 13:57:41', '2022-08-02 13:57:41'),
(47, 'South Africa Standard Time', 'SAST', 2, '(UTC+02:00) Harare, Pretoria, Johannesburg, Bujumbura', 'Africa/Harare', 0, '2022-08-02 13:57:41', '2022-08-02 13:57:41'),
(48, 'FLE Standard Time', 'FDT', 3, '(UTC+02:00) Helsinki, Kyiv, Riga, Sofia, Tallinn, Vilnius', 'Europe/Helsinki', 1, '2022-08-02 13:57:41', '2022-08-02 13:57:41'),
(49, 'Turkey Standard Time', 'TDT', 3, '(UTC+02:00) Istanbul', 'Europe/Istanbul', 1, '2022-08-02 13:57:41', '2022-08-02 13:57:41'),
(50, 'Israel Standard Time', 'JDT', 3, '(UTC+02:00) Jerusalem', 'Asia/Jerusalem', 1, '2022-08-02 13:57:41', '2022-08-02 13:57:41'),
(51, 'Libya Standard Time', 'LST', 2, '(UTC+02:00) Tripoli', 'Africa/Tripoli', 0, '2022-08-02 13:57:41', '2022-08-02 13:57:41'),
(52, 'Jordan Standard Time', 'JST', 3, '(UTC+03:00) Amman', 'Asia/Amman', 0, '2022-08-02 13:57:41', '2022-08-02 13:57:41'),
(53, 'Arabic Standard Time', 'AST', 3, '(UTC+03:00) Baghdad', 'Asia/Baghdad', 0, '2022-08-02 13:57:41', '2022-08-02 13:57:41'),
(54, 'Kaliningrad Standard Time', 'KST', 3, '(UTC+03:00) Kaliningrad, Minsk', 'Europe/Kaliningrad', 0, '2022-08-02 13:57:41', '2022-08-02 13:57:41'),
(55, 'Arab Standard Time', 'AST', 3, '(UTC+03:00) Aden, Bahrain, Kuwait, Riyadh, Qatar', 'Asia/Qatar', 0, '2022-08-02 13:57:41', '2022-08-02 13:57:41'),
(56, 'E. Africa Standard Time', 'EAST', 3, '(UTC+03:00) Nairobi, Comoro, Juba', 'Africa/Nairobi', 0, '2022-08-02 13:57:41', '2022-08-02 13:57:41'),
(57, 'Iran Standard Time', 'IDT', 5, '(UTC+03:30) Tehran', 'Asia/Tehran', 1, '2022-08-02 13:57:41', '2022-08-02 13:57:41'),
(58, 'Arabian Standard Time', 'AST', 4, '(UTC+04:00) Abu Dhabi, Muscat', 'Asia/Dubai', 0, '2022-08-02 13:57:41', '2022-08-02 13:57:41'),
(59, 'Azerbaijan Standard Time', 'ADT', 5, '(UTC+04:00) Baku', 'Asia/Baku', 1, '2022-08-02 13:57:41', '2022-08-02 13:57:41'),
(60, 'Russian Standard Time', 'RST', 4, '(UTC+04:00) Samara, Moscow, St. Petersburg, Simferopol, Volgograd', 'Europe/Moscow', 0, '2022-08-02 13:57:41', '2022-08-02 13:57:41'),
(61, 'Mauritius Standard Time', 'MST', 4, '(UTC+04:00) Port Louis, Mauritius, Reunion, Mahe', 'Indian/Mauritius', 0, '2022-08-02 13:57:41', '2022-08-02 13:57:41'),
(62, 'Georgian Standard Time', 'GST', 4, '(UTC+04:00) Tbilisi', 'Asia/Tbilisi', 0, '2022-08-02 13:57:41', '2022-08-02 13:57:41'),
(63, 'Caucasus Standard Time', 'CST', 4, '(UTC+04:00) Yerevan', 'Asia/Yerevan', 0, '2022-08-02 13:57:41', '2022-08-02 13:57:41'),
(64, 'Afghanistan Standard Time', 'AST', 5, '(UTC+04:30) Kabul', 'Asia/Kabul', 0, '2022-08-02 13:57:41', '2022-08-02 13:57:41'),
(65, 'West Asia Standard Time', 'WAST', 5, '(UTC+05:00) Ashgabat, Dushanbe, Tashkent, Maldives', 'Asia/Tashkent', 0, '2022-08-02 13:57:41', '2022-08-02 13:57:41'),
(66, 'Pakistan Standard Time', 'PST', 5, '(UTC+05:00) Islamabad, Karachi', 'Asia/Karachi', 0, '2022-08-02 13:57:41', '2022-08-02 13:57:41'),
(67, 'India Standard Time', 'IST', 6, '(UTC+05:30) Chennai, Kolkata, Mumbai, New Delhi', 'Asia/Calcutta', 0, '2022-08-02 13:57:41', '2022-08-02 13:57:41'),
(68, 'Sri Lanka Standard Time', 'SLST', 6, '(UTC+05:30) Sri Jayawardenepura', 'Asia/Colombo', 0, '2022-08-02 13:57:41', '2022-08-02 13:57:41'),
(69, 'Nepal Standard Time', 'NST', 6, '(UTC+05:45) Kathmandu', 'Asia/Katmandu', 0, '2022-08-02 13:57:41', '2022-08-02 13:57:41'),
(70, 'Central Asia Standard Time', 'CAST', 6, '(UTC+06:00) Astana, Dhaka, Thimphu', 'Asia/Dhaka', 0, '2022-08-02 13:57:41', '2022-08-02 13:57:41'),
(71, 'Ekaterinburg Standard Time', 'EST', 6, '(UTC+06:00) Ekaterinburg', 'Asia/Yekaterinburg', 0, '2022-08-02 13:57:41', '2022-08-02 13:57:41'),
(72, 'Myanmar Standard Time', 'MST', 7, '(UTC+06:30) Yangon (Rangoon), Cocos', 'Asia/Rangoon', 0, '2022-08-02 13:57:41', '2022-08-02 13:57:41'),
(73, 'SE Asia Standard Time', 'SAST', 7, '(UTC+07:00) Bangkok, Hanoi, Jakarta, Saigon', 'Asia/Bangkok', 0, '2022-08-02 13:57:41', '2022-08-02 13:57:41'),
(74, 'N. Central Asia Standard Time', 'NCAST', 7, '(UTC+07:00) Novosibirsk', 'Asia/Novosibirsk', 0, '2022-08-02 13:57:41', '2022-08-02 13:57:41'),
(75, 'China Standard Time', 'CST', 8, '(UTC+08:00) Beijing, Chongqing, Hong Kong, Macau, Shanghai, Urumqi', 'Asia/Shanghai', 0, '2022-08-02 13:57:41', '2022-08-02 13:57:41'),
(76, 'North Asia Standard Time', 'NAST', 8, '(UTC+08:00) Krasnoyarsk', 'Asia/Krasnoyarsk', 0, '2022-08-02 13:57:41', '2022-08-02 13:57:41'),
(77, 'Singapore Standard Time', 'MPST', 8, '(UTC+08:00) Kuala Lumpur, Singapore, Brunei, Makassar, Manila', 'Asia/Singapore', 0, '2022-08-02 13:57:41', '2022-08-02 13:57:41'),
(78, 'W. Australia Standard Time', 'WAST', 8, '(UTC+08:00) Perth', 'Australia/Perth', 0, '2022-08-02 13:57:41', '2022-08-02 13:57:41'),
(79, 'Taipei Standard Time', 'TST', 8, '(UTC+08:00) Taipei', 'Asia/Taipei', 0, '2022-08-02 13:57:41', '2022-08-02 13:57:41'),
(80, 'Ulaanbaatar Standard Time', 'UST', 8, '(UTC+08:00) Ulaanbaatar', 'Asia/Ulaanbaatar', 0, '2022-08-02 13:57:41', '2022-08-02 13:57:41'),
(81, 'North Asia East Standard Time', 'NAEST', 9, '(UTC+09:00) Irkutsk', 'Asia/Irkutsk', 0, '2022-08-02 13:57:41', '2022-08-02 13:57:41'),
(82, 'Tokyo Standard Time', 'TST', 9, '(UTC+09:00) Dili, Osaka, Palau, Sapporo, Tokyo', 'Asia/Tokyo', 0, '2022-08-02 13:57:41', '2022-08-02 13:57:41'),
(83, 'Korea Standard Time', 'KST', 9, '(UTC+09:00) Pyongyang, Seoul', 'Asia/Seoul', 0, '2022-08-02 13:57:41', '2022-08-02 13:57:41'),
(84, 'Cen. Australia Standard Time', 'CAST', 10, '(UTC+09:30) Adelaide', 'Australia/Adelaide', 0, '2022-08-02 13:57:41', '2022-08-02 13:57:41'),
(85, 'AUS Central Standard Time', 'ACST', 10, '(UTC+09:30) Darwin', 'Australia/Darwin', 0, '2022-08-02 13:57:41', '2022-08-02 13:57:41'),
(86, 'E. Australia Standard Time', 'EAST', 10, '(UTC+10:00) Brisbane', 'Australia/Brisbane', 0, '2022-08-02 13:57:41', '2022-08-02 13:57:41'),
(87, 'AUS Eastern Standard Time', 'AEST', 10, '(UTC+10:00) Canberra, Melbourne, Sydney', 'Australia/Sydney', 0, '2022-08-02 13:57:41', '2022-08-02 13:57:41'),
(88, 'West Pacific Standard Time', 'WPST', 10, '(UTC+10:00) Guam, Port Moresby', 'Pacific/Guam', 0, '2022-08-02 13:57:41', '2022-08-02 13:57:41'),
(89, 'Tasmania Standard Time', 'TST', 10, '(UTC+10:00) Hobart', 'Australia/Hobart', 0, '2022-08-02 13:57:41', '2022-08-02 13:57:41'),
(90, 'Yakutsk Standard Time', 'YST', 10, '(UTC+10:00) Yakutsk', 'Asia/Yakutsk', 0, '2022-08-02 13:57:41', '2022-08-02 13:57:41'),
(91, 'Central Pacific Standard Time', 'CPST', 11, '(UTC+11:00) Solomon Is., New Caledonia', 'Pacific/Guadalcanal', 0, '2022-08-02 13:57:41', '2022-08-02 13:57:41'),
(92, 'Vladivostok Standard Time', 'VST', 11, '(UTC+11:00) Vladivostok', 'Asia/Vladivostok', 0, '2022-08-02 13:57:41', '2022-08-02 13:57:41'),
(93, 'New Zealand Standard Time', 'NZST', 12, '(UTC+12:00) Auckland, Wellington', 'Antarctica/McMurdo', 0, '2022-08-02 13:57:41', '2022-08-02 13:57:41'),
(94, 'UTC+12', 'U', 12, '(UTC+12:00) Coordinated Universal Time+12', 'Pacific/Tarawa', 0, '2022-08-02 13:57:41', '2022-08-02 13:57:41'),
(95, 'Fiji Standard Time', 'FST', 12, '(UTC+12:00) Fiji', 'Pacific/Fiji', 0, '2022-08-02 13:57:41', '2022-08-02 13:57:41'),
(96, 'Magadan Standard Time', 'MST', 12, '(UTC+12:00) Magadan', 'Asia/Magadan', 0, '2022-08-02 13:57:41', '2022-08-02 13:57:41'),
(97, 'Samoa/Tonga/Kamchatka Standard Time', 'SST', 13, '(UTC+13:00) Samoa, Tongatapu, Fakaofo, Enderbury', 'Pacific/Apia', 0, '2022-08-02 13:57:41', '2022-08-02 13:57:41');

-- --------------------------------------------------------

--
-- Table structure for table `transactions`
--

CREATE TABLE `transactions` (
  `id` bigint UNSIGNED NOT NULL,
  `payable_type` varchar(255) CHARACTER SET utf8mb3 COLLATE utf8mb3_unicode_ci NOT NULL,
  `payable_id` bigint UNSIGNED NOT NULL,
  `wallet_id` bigint UNSIGNED DEFAULT NULL,
  `type` enum('deposit','withdraw') CHARACTER SET utf8mb3 COLLATE utf8mb3_unicode_ci NOT NULL,
  `amount` decimal(64,6) NOT NULL,
  `balance` decimal(64,6) NOT NULL,
  `confirmed` tinyint(1) NOT NULL,
  `approved` tinyint(1) DEFAULT NULL,
  `meta` longtext CHARACTER SET utf8mb3 COLLATE utf8mb3_bin,
  `uuid` char(36) CHARACTER SET utf8mb3 COLLATE utf8mb3_unicode_ci NOT NULL,
  `created_at` timestamp NULL DEFAULT NULL,
  `updated_at` timestamp NULL DEFAULT NULL
) ENGINE=InnoDB DEFAULT CHARSET=utf8mb3;

--
-- Dumping data for table `transactions`
--

INSERT INTO `transactions` (`id`, `payable_type`, `payable_id`, `wallet_id`, `type`, `amount`, `balance`, `confirmed`, `approved`, `meta`, `uuid`, `created_at`, `updated_at`) VALUES
(1, 'App\\Models\\Shop', 1, 2, 'deposit', 10000.000000, 10000.000000, 1, 1, '{\"type\":\"deposit\",\"description\":\"Deposit into the zCart digital wallet using stripe\"}', '62e91b8f-2488-43ea-ada2-f8b5796fd4c1', '2022-08-04 10:45:13', '2022-08-04 10:45:13'),
(2, 'App\\Models\\Shop', 2, 3, 'deposit', 19000.000000, 19000.000000, 1, 1, '{\"type\":\"deposit\",\"description\":\"Deposit into the zCart digital wallet using stripe\"}', 'f9526232-1df0-4477-938d-38ac3a8526f2', '2022-08-04 10:46:13', '2022-08-04 10:46:13'),
(3, 'App\\Models\\Shop', 3, 4, 'deposit', 59900.000000, 59900.000000, 1, 1, '{\"type\":\"deposit\",\"description\":\"Deposit into the zCart digital wallet using stripe\"}', 'aa075bd8-f195-4c8e-ab4f-5df2fce766e0', '2022-08-04 10:47:00', '2022-08-04 10:47:00'),
(4, 'App\\Models\\Shop', 4, 5, 'deposit', 30000.000000, 30000.000000, 1, 1, '{\"type\":\"deposit\",\"description\":\"Deposit into the zCart digital wallet using stripe\"}', 'fe1f8e01-5af4-4fc4-a3af-4f3d073f97e5', '2022-08-04 10:47:40', '2022-08-04 10:47:40'),
(5, 'App\\Models\\Shop', 3, 4, 'withdraw', -100.000000, 59800.000000, 1, 1, '{\"type\":\"Refund\",\"description\":\"Refund of #357635\"}', 'ae0d55f2-a3d8-4a9e-a2ce-eab53aa96ce1', '2022-12-12 04:50:25', '2022-12-12 04:50:25'),
(6, 'App\\Models\\Customer', 18, 7, 'deposit', 100.000000, 100.000000, 1, 1, '{\"type\":\"Refund\",\"description\":\"Refund of #357635\"}', 'a9ecd5e9-e8eb-4e6a-91a8-2f27fff72585', '2022-12-12 04:50:25', '2022-12-12 04:50:25'),
(7, 'App\\Models\\Shop', 5, 8, 'withdraw', -5.000000, -5.000000, 1, 1, '{\"type\":\"Refund\",\"description\":\"Refund of #895548\"}', '1e6bb6ec-1376-4048-b120-ea14cfcc77f8', '2022-12-12 04:54:02', '2022-12-12 04:54:02'),
(8, 'App\\Models\\Customer', 18, 7, 'deposit', 5.000000, 105.000000, 1, 1, '{\"type\":\"Refund\",\"description\":\"Refund of #895548\"}', '75109ffc-0ae5-4f0d-805b-38bfa0b962cb', '2022-12-12 04:54:02', '2022-12-12 04:54:02'),
(9, 'App\\Models\\Shop', 1, 2, 'withdraw', -4000.000000, 10000.000000, 1, 1, '{\"type\":\"payout\",\"description\":\"The payout has been approved\",\"fee\":\"2000\"}', '7a547187-a21b-4163-bea9-163246b42f6e', '2022-12-13 06:02:22', '2022-12-13 06:03:29'),
(10, 'App\\Models\\Shop', 1, 2, 'withdraw', -1000.000000, 9000.000000, 0, 0, '{\"type\":\"payout\",\"description\":\"Payout request has been created\"}', 'c42a1596-d81f-4893-b881-1b39bdf4ded5', '2022-12-13 06:02:42', '2022-12-13 06:02:42'),
(11, 'App\\Models\\Shop', 4, 5, 'withdraw', -200.000000, 30000.000000, 1, 1, '{\"type\":\"payout\",\"description\":\"The payout has been approved\",\"fee\":\"100\"}', '2aa5c705-ebdf-4b71-9965-31f7f4ab4122', '2022-12-13 06:04:36', '2022-12-13 06:06:11'),
(12, 'App\\Models\\Shop', 4, 5, 'withdraw', -500.000000, 30177.950000, 1, 1, '{\"type\":\"payout\",\"description\":\"The payout has been approved\"}', 'c621c40b-15e3-410e-863c-62f26dc0dc6f', '2022-12-13 06:04:45', '2022-12-14 06:28:22'),
(13, 'App\\Models\\Shop', 4, 5, 'withdraw', -1500.000000, 28500.000000, 0, 0, '{\"type\":\"payout\",\"description\":\"Payout request has been created\"}', 'e440a853-7f2e-462f-9251-98c30d1c18c7', '2022-12-13 06:04:54', '2022-12-13 06:04:54'),
(14, 'App\\Models\\Shop', 4, 5, 'deposit', 377.950000, 30177.945728, 1, 1, '{\"type\":\"Sale\",\"description\":\"For sale of #991788\",\"fee\":46.712393309999996,\"order_id\":29}', 'c8e8e51a-827c-4fa2-83f3-0d0e1462f577', '2022-12-14 03:45:02', '2022-12-14 03:45:02'),
(15, 'App\\Models\\Shop', 1, 2, 'withdraw', -525.000000, 5475.000000, 0, 0, '{\"type\":\"payout\",\"description\":\"Payout request has been created\"}', '581e5863-25ea-4438-8f3d-69108ebf7ae0', '2022-12-14 06:24:52', '2022-12-14 06:24:52'),
(16, 'App\\Models\\Shop', 1, 2, 'withdraw', -372.000000, 6000.000000, 1, 1, '{\"type\":\"payout\",\"description\":\"The payout has been approved\",\"fee\":\"10\"}', '397019b7-d11e-43b6-a402-174ec5ca8c35', '2022-12-14 06:25:04', '2022-12-14 06:28:09'),
(17, 'App\\Models\\Shop', 1, 2, 'withdraw', -1400.000000, 4600.000000, 0, 0, '{\"type\":\"payout\",\"description\":\"Payout request has been created\"}', '932409eb-1067-407e-ae80-0a07216b59e0', '2022-12-14 06:25:18', '2022-12-14 06:25:18'),
(18, 'App\\Models\\Shop', 5, 8, 'deposit', 159.310000, 154.310000, 1, 1, '{\"type\":\"Sale\",\"description\":\"For sale of #982212\",\"fee\":19.69,\"order_id\":39}', '9d5077ef-5f95-4e79-a8a5-ac4dbc239fca', '2022-12-14 06:33:58', '2022-12-14 06:33:58'),
(19, 'App\\Models\\Shop', 4, 5, 'withdraw', -500.000000, 29177.950000, 0, 0, '{\"type\":\"payout\",\"description\":\"Payout request has been created\"}', '517ab19e-aff2-4774-b37f-de11e42758d4', '2022-12-14 06:36:54', '2022-12-14 06:36:54'),
(20, 'App\\Models\\Shop', 4, 5, 'withdraw', -158.000000, 28501.950000, 1, 1, '{\"type\":\"payout\",\"description\":\"The payout has been approved\"}', '2b58b69c-c835-4a8a-835b-d45466f7418f', '2022-12-14 06:37:15', '2022-12-14 06:48:20'),
(21, 'App\\Models\\Shop', 4, 5, 'withdraw', -369.000000, 28870.950000, 1, 1, '{\"type\":\"payout\",\"description\":\"The payout has been approved\"}', '00dac870-2624-4623-9a89-bce968ef1582', '2022-12-14 06:37:24', '2022-12-14 06:48:14'),
(22, 'App\\Models\\Shop', 4, 5, 'withdraw', -252.000000, 29122.950000, 1, 1, '{\"type\":\"payout\",\"description\":\"The payout has been approved\"}', 'c3c71394-f581-4975-b804-ba4fe3ee42c7', '2022-12-14 06:38:56', '2022-12-14 06:48:00'),
(23, 'App\\Models\\Shop', 4, 5, 'withdraw', -555.000000, 29677.950000, 1, 1, '{\"type\":\"payout\",\"description\":\"The payout has been approved\"}', 'ad291132-f662-42cb-a874-41d8b0ee77df', '2022-12-14 06:39:08', '2022-12-14 06:47:54'),
(24, 'App\\Models\\Shop', 4, 5, 'withdraw', -857.000000, 28820.950000, 0, 0, '{\"type\":\"payout\",\"description\":\"Payout request has been created\"}', '6172faee-6962-4694-ad68-c2a21b2ac5c7', '2022-12-14 06:39:16', '2022-12-14 06:39:16'),
(25, 'App\\Models\\Shop', 1, 2, 'deposit', 1334.900000, 6962.898400, 1, 1, '{\"type\":\"Sale\",\"description\":\"For sale of #665498\",\"fee\":115.1216,\"order_id\":38}', 'c4d0da1f-f1e5-4da0-a7a9-ab2959e60f55', '2022-12-14 06:49:03', '2022-12-14 06:49:03'),
(26, 'App\\Models\\Shop', 1, 2, 'deposit', 578.900000, 7541.803094, 1, 1, '{\"type\":\"Sale\",\"description\":\"For sale of #237526\",\"fee\":49.38287776,\"order_id\":30}', '3620d966-9a34-4480-b748-593aff6d1bda', '2022-12-14 06:49:51', '2022-12-14 06:49:51'),
(27, 'App\\Models\\Shop', 1, 2, 'deposit', 3016.150000, 10557.954555, 1, 1, '{\"type\":\"Sale\",\"description\":\"For sale of #795595\",\"fee\":261.57865696,\"order_id\":11}', '2ca8f7eb-8b72-40be-96be-0ca3579910f9', '2022-12-14 06:51:11', '2022-12-14 06:51:11'),
(28, 'App\\Models\\Shop', 1, 2, 'withdraw', -200.000000, 10357.950000, 1, 1, '{\"type\":\"Refund\",\"description\":\"Refund of #795595\"}', '3add78cc-faff-47ca-9c90-7acd90e69ce8', '2022-12-14 06:51:23', '2022-12-14 06:51:23'),
(29, 'App\\Models\\Customer', 14, 14, 'deposit', 200.000000, 200.000000, 1, 1, '{\"type\":\"Refund\",\"description\":\"Refund of #795595\"}', '6737d054-50a7-44c1-b6ca-171d24f36d2c', '2022-12-14 06:51:23', '2022-12-14 06:51:23'),
(30, 'App\\Models\\Shop', 1, 2, 'withdraw', -1400.000000, 8957.950000, 1, 1, '{\"type\":\"Refund\",\"description\":\"Refund of #795595\"}', 'e02ac450-386c-4d73-9b30-ee12af5545e4', '2022-12-14 06:51:53', '2022-12-14 06:51:53'),
(31, 'App\\Models\\Customer', 14, 14, 'deposit', 1400.000000, 1600.000000, 1, 1, '{\"type\":\"Refund\",\"description\":\"Refund of #795595\"}', '1d04505a-39c9-4e72-b322-1e7d70c6f6c0', '2022-12-14 06:51:53', '2022-12-14 06:51:53'),
(32, 'App\\Models\\Shop', 1, 2, 'deposit', 1773.070000, 10731.024291, 1, 1, '{\"type\":\"Sale\",\"description\":\"For sale of #952515\",\"fee\":153.83254704,\"order_id\":15}', '73784809-b077-4b00-8da2-5c83affaaa03', '2022-12-14 06:52:11', '2022-12-14 06:52:11'),
(33, 'App\\Models\\Shop', 1, 2, 'withdraw', -250.000000, 10481.020000, 1, 1, '{\"type\":\"Refund\",\"description\":\"Refund of #952515\"}', '81571f81-0d1c-4c56-9c82-57f8abe05a9c', '2022-12-14 06:52:31', '2022-12-14 06:52:31'),
(34, 'App\\Models\\Customer', 5, 15, 'deposit', 250.000000, 250.000000, 1, 1, '{\"type\":\"Refund\",\"description\":\"Refund of #952515\"}', 'b59c8d8c-b6f9-4de5-9562-4360b075900a', '2022-12-14 06:52:31', '2022-12-14 06:52:31'),
(35, 'App\\Models\\Shop', 5, 8, 'deposit', 458.260000, 612.571000, 1, 1, '{\"type\":\"Sale\",\"description\":\"For sale of #089218\",\"fee\":56.638999999999996,\"order_id\":33}', 'e5fa90e6-3619-41f5-980b-d069f9e2ab93', '2022-12-14 06:53:22', '2022-12-14 06:53:22'),
(36, 'App\\Models\\Shop', 5, 8, 'withdraw', -218.000000, 394.570000, 1, 1, '{\"type\":\"Refund\",\"description\":\"Refund of #089218\"}', '6a618720-5feb-4ef5-ac87-024cab41812d', '2022-12-14 06:53:45', '2022-12-14 06:53:45'),
(37, 'App\\Models\\Customer', 21, 10, 'deposit', 218.000000, 218.000000, 1, 1, '{\"type\":\"Refund\",\"description\":\"Refund of #089218\"}', '85e0b6cb-b48a-4aee-a343-1c068995bb5e', '2022-12-14 06:53:45', '2022-12-14 06:53:45'),
(38, 'App\\Models\\Shop', 3, 4, 'deposit', 1972.340000, 61772.341015, 1, 1, '{\"type\":\"Sale\",\"description\":\"For sale of #809175\",\"fee\":242.66012551000003,\"order_id\":14}', '9c05f2fb-22d9-4763-847e-b07c0157f759', '2022-12-14 06:55:45', '2022-12-14 06:55:45'),
(39, 'App\\Models\\Shop', 4, 5, 'deposit', 966.960000, 29310.913860, 1, 1, '{\"type\":\"Sale\",\"description\":\"For sale of #051437\",\"fee\":118.40002768000001,\"order_id\":13}', '5feb36a9-4380-44a6-bc3d-d42be90d27ff', '2022-12-14 06:56:20', '2022-12-14 06:56:20');

-- --------------------------------------------------------

--
-- Table structure for table `transfers`
--

CREATE TABLE `transfers` (
  `id` bigint UNSIGNED NOT NULL,
  `from_type` varchar(255) CHARACTER SET utf8mb3 COLLATE utf8mb3_unicode_ci NOT NULL,
  `from_id` bigint UNSIGNED NOT NULL,
  `to_type` varchar(255) CHARACTER SET utf8mb3 COLLATE utf8mb3_unicode_ci NOT NULL,
  `to_id` bigint UNSIGNED NOT NULL,
  `status` enum('exchange','transfer','paid','refund','gift') CHARACTER SET utf8mb3 COLLATE utf8mb3_unicode_ci NOT NULL DEFAULT 'transfer',
  `status_last` enum('exchange','transfer','paid','refund','gift') CHARACTER SET utf8mb3 COLLATE utf8mb3_unicode_ci DEFAULT NULL,
  `deposit_id` bigint UNSIGNED NOT NULL,
  `withdraw_id` bigint UNSIGNED NOT NULL,
  `discount` decimal(64,6) NOT NULL DEFAULT '0.000000',
  `fee` decimal(64,6) NOT NULL DEFAULT '0.000000',
  `uuid` char(36) CHARACTER SET utf8mb3 COLLATE utf8mb3_unicode_ci NOT NULL,
  `created_at` timestamp NULL DEFAULT NULL,
  `updated_at` timestamp NULL DEFAULT NULL
) ENGINE=InnoDB DEFAULT CHARSET=utf8mb3 COLLATE=utf8mb3_unicode_ci;

--
-- Dumping data for table `transfers`
--

INSERT INTO `transfers` (`id`, `from_type`, `from_id`, `to_type`, `to_id`, `status`, `status_last`, `deposit_id`, `withdraw_id`, `discount`, `fee`, `uuid`, `created_at`, `updated_at`) VALUES
(1, 'Incevio\\Package\\Wallet\\Models\\Wallet', 4, 'App\\Models\\Customer', 18, 'transfer', NULL, 6, 5, 0.000000, 0.000000, '0856375a-4ce8-4bb2-bf57-1945e70c38b4', '2022-12-12 04:50:25', '2022-12-12 04:50:25'),
(2, 'Incevio\\Package\\Wallet\\Models\\Wallet', 8, 'App\\Models\\Customer', 18, 'transfer', NULL, 8, 7, 0.000000, 0.000000, '2ec3f945-b24a-4e6a-b6bc-f72d7a738730', '2022-12-12 04:54:02', '2022-12-12 04:54:02'),
(3, 'Incevio\\Package\\Wallet\\Models\\Wallet', 2, 'App\\Models\\Customer', 14, 'transfer', NULL, 29, 28, 0.000000, 0.000000, 'be7643ba-f73a-4a00-bb9a-baf007b7e81a', '2022-12-14 06:51:23', '2022-12-14 06:51:23'),
(4, 'Incevio\\Package\\Wallet\\Models\\Wallet', 2, 'App\\Models\\Customer', 14, 'transfer', NULL, 31, 30, 0.000000, 0.000000, 'f70eff39-d653-4e64-802e-c74c2f57dbf2', '2022-12-14 06:51:53', '2022-12-14 06:51:53'),
(5, 'Incevio\\Package\\Wallet\\Models\\Wallet', 2, 'App\\Models\\Customer', 5, 'transfer', NULL, 34, 33, 0.000000, 0.000000, 'd4c524f3-5c8f-4a61-a459-33afd912286e', '2022-12-14 06:52:31', '2022-12-14 06:52:31'),
(6, 'Incevio\\Package\\Wallet\\Models\\Wallet', 8, 'App\\Models\\Customer', 21, 'transfer', NULL, 37, 36, 0.000000, 0.000000, 'f3eebe9a-2019-41a0-a856-c90b1a7dcadc', '2022-12-14 06:53:45', '2022-12-14 06:53:45');

-- --------------------------------------------------------

--
-- Table structure for table `user_warehouse`
--

CREATE TABLE `user_warehouse` (
  `user_id` bigint UNSIGNED NOT NULL,
  `warehouse_id` int UNSIGNED NOT NULL,
  `created_at` timestamp NULL DEFAULT NULL,
  `updated_at` timestamp NULL DEFAULT NULL
) ENGINE=InnoDB DEFAULT CHARSET=utf8mb3 COLLATE=utf8mb3_unicode_ci;

-- --------------------------------------------------------

--
-- Table structure for table `visitors`
--

CREATE TABLE `visitors` (
  `ip` varchar(45) CHARACTER SET utf8mb3 COLLATE utf8mb3_unicode_ci NOT NULL,
  `mac` varchar(17) CHARACTER SET utf8mb3 COLLATE utf8mb3_unicode_ci DEFAULT NULL,
  `device` varchar(255) CHARACTER SET utf8mb3 COLLATE utf8mb3_unicode_ci DEFAULT NULL,
  `hits` mediumint NOT NULL DEFAULT '0',
  `page_views` bigint DEFAULT NULL,
  `country_code` varchar(2) CHARACTER SET utf8mb3 COLLATE utf8mb3_unicode_ci DEFAULT NULL,
  `info` text CHARACTER SET utf8mb3 COLLATE utf8mb3_unicode_ci,
  `deleted_at` timestamp NULL DEFAULT NULL,
  `created_at` timestamp NULL DEFAULT NULL,
  `updated_at` timestamp NULL DEFAULT NULL
) ENGINE=InnoDB DEFAULT CHARSET=utf8mb3 COLLATE=utf8mb3_unicode_ci;

--
-- Dumping data for table `visitors`
--

INSERT INTO `visitors` (`ip`, `mac`, `device`, `hits`, `page_views`, `country_code`, `info`, `deleted_at`, `created_at`, `updated_at`) VALUES
('101.114.19.19', 'F3:10:E5:47:BE:1A', NULL, 14, 564, 'ET', NULL, NULL, '2022-03-02 13:57:52', '2022-03-02 13:57:52'),
('106.230.212.235', '7F:87:86:AB:06:AF', NULL, 477, 617, 'IS', NULL, NULL, '2022-08-02 13:57:52', '2022-08-02 13:57:52'),
('114.205.29.101', '17:C8:48:09:96:F2', NULL, 902, 1060, 'PA', NULL, NULL, '2022-06-02 13:57:52', '2022-06-02 13:57:52'),
('127.0.0.1', NULL, NULL, 16, 943, NULL, NULL, NULL, '2022-08-03 14:00:56', '2023-08-25 06:05:00'),
('132.26.151.133', 'E3:A9:91:8C:B4:46', NULL, 761, 1214, 'DZ', NULL, NULL, '2022-02-02 13:57:52', '2022-02-02 13:57:52'),
('149.54.84.250', '7B:37:2B:2A:1B:BD', NULL, 372, 1045, 'FI', NULL, NULL, '2022-08-02 13:57:52', '2022-08-02 13:57:52'),
('153.154.182.164', 'D5:28:73:D4:AC:C2', NULL, 18, 727, 'MY', NULL, NULL, '2022-03-02 13:57:52', '2022-03-02 13:57:52'),
('155.207.130.94', 'A5:DC:61:B9:24:75', NULL, 403, 1111, 'SH', NULL, NULL, '2022-07-02 13:57:52', '2022-07-02 13:57:52'),
('168.185.194.226', '0C:FF:C7:C3:97:50', NULL, 822, 1080, 'BY', NULL, NULL, '2022-08-02 13:57:52', '2022-08-02 13:57:52'),
('185.87.193.134', '9E:32:C8:35:08:59', NULL, 214, 309, 'FJ', NULL, NULL, '2022-02-02 13:57:52', '2022-02-02 13:57:52'),
('187.197.198.213', '5E:B6:81:CE:2A:97', NULL, 20, 965, 'US', NULL, NULL, '2022-04-02 13:57:52', '2022-04-02 13:57:52'),
('20.15.180.127', 'D2:6D:7A:6A:D6:2C', NULL, 302, 1185, 'MQ', NULL, NULL, '2022-08-02 13:57:52', '2022-08-02 13:57:52'),
('202.77.127.173', '92:65:14:1E:15:2E', NULL, 337, 1255, 'MD', NULL, NULL, '2022-08-02 13:57:52', '2022-08-02 13:57:52'),
('221.231.131.146', '55:37:21:40:A0:46', NULL, 854, 1538, 'EG', NULL, NULL, '2022-04-02 13:57:52', '2022-04-02 13:57:52'),
('223.217.84.30', 'F8:D9:01:8D:47:E6', NULL, 5, 951, 'FK', NULL, NULL, '2022-02-02 13:57:52', '2022-02-02 13:57:52'),
('230.0.184.135', '29:53:4F:F2:CB:88', NULL, 496, 1225, 'ST', NULL, NULL, '2022-04-02 13:57:52', '2022-04-02 13:57:52'),
('243.87.220.112', '9B:68:50:14:86:AD', NULL, 528, 803, 'SJ', NULL, NULL, '2022-02-02 13:57:52', '2022-02-02 13:57:52'),
('244.142.189.221', 'BC:CF:4D:1D:76:25', NULL, 772, 1481, 'DM', NULL, NULL, '2022-03-02 13:57:52', '2022-03-02 13:57:52'),
('246.136.92.163', '78:D4:B9:33:DD:C2', NULL, 760, 1429, 'LY', NULL, NULL, '2022-08-02 13:57:52', '2022-08-02 13:57:52'),
('253.36.3.90', 'CB:76:2D:C7:EA:FE', NULL, 694, 1496, 'MU', NULL, NULL, '2022-05-02 13:57:52', '2022-05-02 13:57:52'),
('255.59.80.119', '8D:1A:4F:18:39:D2', NULL, 576, 1278, 'GN', NULL, NULL, '2022-04-02 13:57:52', '2022-04-02 13:57:52'),
('29.99.86.3', '18:18:62:23:42:AD', NULL, 864, 897, 'GT', NULL, NULL, '2022-07-02 13:57:52', '2022-07-02 13:57:52'),
('40.234.159.199', 'ED:45:93:3B:CC:8E', NULL, 750, 1458, 'KY', NULL, NULL, '2022-06-02 13:57:52', '2022-06-02 13:57:52'),
('46.53.52.103', 'BA:E0:D6:99:5B:A0', NULL, 896, 1079, 'ZA', NULL, NULL, '2022-05-02 13:57:52', '2022-05-02 13:57:52'),
('50.115.194.172', '09:AE:0E:B1:A3:8F', NULL, 366, 1025, 'PY', NULL, NULL, '2022-06-02 13:57:52', '2022-06-02 13:57:52'),
('57.80.73.192', 'A4:72:48:07:FD:61', NULL, 330, 351, 'AG', NULL, NULL, '2022-05-02 13:57:52', '2022-05-02 13:57:52'),
('63.181.231.76', 'B6:D8:00:8F:72:2C', NULL, 133, 1093, 'SS', NULL, NULL, '2022-05-02 13:57:52', '2022-05-02 13:57:52'),
('69.61.40.99', '2A:DD:DC:6C:F9:F7', NULL, 804, 1590, 'RE', NULL, NULL, '2022-04-02 13:57:52', '2022-04-02 13:57:52'),
('72.98.138.34', '51:32:B6:5A:59:5F', NULL, 578, 1321, 'SY', NULL, NULL, '2022-07-02 13:57:52', '2022-07-02 13:57:52'),
('79.3.122.228', '03:52:2E:9E:32:DD', NULL, 982, 1055, 'NF', NULL, NULL, '2022-08-02 13:57:52', '2022-08-02 13:57:52'),
('89.156.200.156', '9B:8B:7B:B3:01:C4', NULL, 101, 674, 'PG', NULL, NULL, '2022-03-02 13:57:52', '2022-03-02 13:57:52');

-- --------------------------------------------------------

--
-- Table structure for table `wallets`
--

CREATE TABLE `wallets` (
  `id` bigint UNSIGNED NOT NULL,
  `holder_type` varchar(255) CHARACTER SET utf8mb3 COLLATE utf8mb3_unicode_ci NOT NULL,
  `holder_id` bigint UNSIGNED NOT NULL,
  `name` varchar(255) CHARACTER SET utf8mb3 COLLATE utf8mb3_unicode_ci NOT NULL,
  `slug` varchar(255) CHARACTER SET utf8mb3 COLLATE utf8mb3_unicode_ci NOT NULL,
  `description` varchar(255) CHARACTER SET utf8mb3 COLLATE utf8mb3_unicode_ci DEFAULT NULL,
  `meta` longtext CHARACTER SET utf8mb3 COLLATE utf8mb3_bin,
  `balance` decimal(64,6) NOT NULL DEFAULT '0.000000',
  `blocked` tinyint(1) DEFAULT NULL,
  `created_at` timestamp NULL DEFAULT NULL,
  `updated_at` timestamp NULL DEFAULT NULL
) ENGINE=InnoDB DEFAULT CHARSET=utf8mb3 COLLATE=utf8mb3_unicode_ci;

--
-- Dumping data for table `wallets`
--

INSERT INTO `wallets` (`id`, `holder_type`, `holder_id`, `name`, `slug`, `description`, `meta`, `balance`, `blocked`, `created_at`, `updated_at`) VALUES
(1, 'App\\Models\\Customer', 1, 'Default Wallet', 'default', NULL, NULL, 5000.000000, NULL, '2022-08-03 14:10:03', '2022-08-03 14:10:03'),
(2, 'App\\Models\\Shop', 1, 'Default Wallet', 'default', NULL, NULL, 10000.000000, NULL, '2022-08-04 10:44:19', '2022-12-14 06:52:31'),
(3, 'App\\Models\\Shop', 2, 'Default Wallet', 'default', NULL, NULL, 10000.000000, NULL, '2022-08-04 10:45:45', '2022-08-04 10:46:13'),
(4, 'App\\Models\\Shop', 3, 'Default Wallet', 'default', NULL, NULL, 10000.000000, NULL, '2022-08-04 10:46:37', '2022-12-14 06:55:45'),
(5, 'App\\Models\\Shop', 4, 'Default Wallet', 'default', NULL, NULL, 10000.000000, NULL, '2022-08-04 10:47:12', '2022-12-14 06:56:20'),
(6, 'App\\Models\\Customer', 17, 'Default Wallet', 'default', NULL, NULL, 5000.000000, NULL, '2022-12-12 02:56:54', '2022-12-12 02:56:54'),
(7, 'App\\Models\\Customer', 18, 'Default Wallet', 'default', NULL, NULL, 5000.000000, NULL, '2022-12-12 03:10:54', '2022-12-12 04:54:02'),
(8, 'App\\Models\\Shop', 5, 'Default Wallet', 'default', NULL, NULL, 10000.000000, NULL, '2022-12-12 04:01:36', '2022-12-14 06:53:45'),
(9, 'App\\Models\\Customer', 20, 'Default Wallet', 'default', NULL, NULL, 5000.000000, NULL, '2022-12-13 06:13:11', '2022-12-13 06:13:11'),
(10, 'App\\Models\\Customer', 21, 'Default Wallet', 'default', NULL, NULL, 5000.000000, NULL, '2022-12-14 04:38:18', '2022-12-14 06:53:45'),
(11, 'App\\Models\\Customer', 22, 'Default Wallet', 'default', NULL, NULL, 5000.000000, NULL, '2022-12-14 05:24:19', '2022-12-14 05:24:19'),
(12, 'App\\Models\\Shop', 6, 'Default Wallet', 'default', NULL, NULL, 10000.000000, NULL, '2022-12-14 05:37:26', '2022-12-14 05:37:26'),
(13, 'App\\Models\\Shop', 7, 'Default Wallet', 'default', NULL, NULL, 10000.000000, NULL, '2022-12-14 05:51:41', '2022-12-14 05:51:41'),
(14, 'App\\Models\\Customer', 14, 'Default Wallet', 'default', NULL, NULL, 5000.000000, NULL, '2022-12-14 06:51:23', '2022-12-14 06:51:53'),
(15, 'App\\Models\\Customer', 5, 'Default Wallet', 'default', NULL, NULL, 5000.000000, NULL, '2022-12-14 06:52:31', '2022-12-14 06:52:31');

-- --------------------------------------------------------

--
-- Table structure for table `warehouses`
--

CREATE TABLE `warehouses` (
  `id` int UNSIGNED NOT NULL,
  `shop_id` int UNSIGNED DEFAULT NULL,
  `name` varchar(255) CHARACTER SET utf8mb3 COLLATE utf8mb3_unicode_ci NOT NULL,
  `email` varchar(255) CHARACTER SET utf8mb3 COLLATE utf8mb3_unicode_ci DEFAULT NULL,
  `incharge` bigint UNSIGNED DEFAULT NULL,
  `description` longtext CHARACTER SET utf8mb3 COLLATE utf8mb3_unicode_ci,
  `opening_time` varchar(20) CHARACTER SET utf8mb3 COLLATE utf8mb3_unicode_ci NOT NULL DEFAULT '0',
  `close_time` varchar(20) CHARACTER SET utf8mb3 COLLATE utf8mb3_unicode_ci NOT NULL DEFAULT '0',
  `business_days` varchar(200) CHARACTER SET utf8mb3 COLLATE utf8mb3_unicode_ci DEFAULT NULL,
  `active` tinyint(1) NOT NULL DEFAULT '1',
  `deleted_at` timestamp NULL DEFAULT NULL,
  `created_at` timestamp NULL DEFAULT NULL,
  `updated_at` timestamp NULL DEFAULT NULL
) ENGINE=InnoDB DEFAULT CHARSET=utf8mb3 COLLATE=utf8mb3_unicode_ci;

--
-- Dumping data for table `warehouses`
--

INSERT INTO `warehouses` (`id`, `shop_id`, `name`, `email`, `incharge`, `description`, `opening_time`, `close_time`, `business_days`, `active`, `deleted_at`, `created_at`, `updated_at`) VALUES
(1, 2, 'Labadie, Wilkinson and Robel', 'alfreda14@hahn.com', 4, 'Aliquid dignissimos perspiciatis deserunt rem explicabo sint. Velit suscipit et non ex maiores iure. Ex et eligendi aliquam quae odit numquam. Eveniet qui repellendus voluptas. Culpa quas quos ab tenetur qui. Ea et quidem fugiat numquam. Molestiae delectus accusantium voluptate dolorem nihil. Impedit eius consequuntur aut. Porro dolores ipsum quos eveniet. Delectus maxime amet amet assumenda ut inventore porro est. Ipsam mollitia mollitia recusandae rerum qui dolorem.', '0', '0', NULL, 1, NULL, '2022-08-02 13:57:47', '2022-08-02 13:57:47'),
(2, 5, 'Gucci Neywork', 'gucci@test.com', 7, '<p>test</p>', '03:02 PM', '03:02 PM', 'a:4:{i:0;s:3:\"Sun\";i:1;s:3:\"Mon\";i:2;s:4:\"Tues\";i:3;s:3:\"Wed\";}', 1, NULL, '2022-12-12 04:03:22', '2022-12-12 04:03:22'),
(3, 5, 'canbera', 'mazharulislam1998r@gmail.com', NULL, '<p>test</p>', '03:04 PM', '03:04 PM', 'a:2:{i:0;s:3:\"Sun\";i:1;s:4:\"Tues\";}', 1, NULL, '2022-12-12 04:04:39', '2022-12-12 04:04:39'),
(4, 1, 'London city WH', 'londondemo@gmail.com', 3, 'dummy', '03:22 PM', '03:22 PM', 'a:3:{i:0;s:3:\"Sun\";i:1;s:3:\"Mon\";i:2;s:4:\"Tues\";}', 1, NULL, '2022-12-12 04:23:14', '2022-12-12 04:23:14');

-- --------------------------------------------------------

--
-- Table structure for table `wishlists`
--

CREATE TABLE `wishlists` (
  `id` bigint UNSIGNED NOT NULL,
  `inventory_id` bigint UNSIGNED DEFAULT NULL,
  `product_id` bigint UNSIGNED DEFAULT NULL,
  `customer_id` bigint UNSIGNED NOT NULL,
  `created_at` timestamp NULL DEFAULT NULL,
  `updated_at` timestamp NULL DEFAULT NULL
) ENGINE=InnoDB DEFAULT CHARSET=utf8mb3 COLLATE=utf8mb3_unicode_ci;

--
-- Dumping data for table `wishlists`
--

INSERT INTO `wishlists` (`id`, `inventory_id`, `product_id`, `customer_id`, `created_at`, `updated_at`) VALUES
(1, 105, 50, 18, '2022-12-12 04:06:05', '2022-12-12 04:06:05'),
(2, 103, 34, 1, '2022-12-14 03:40:54', '2022-12-14 03:40:54'),
(3, 20, 31, 1, '2022-12-14 05:09:52', '2022-12-14 05:09:52'),
(4, 69, 4, 1, '2022-12-14 05:09:58', '2022-12-14 05:09:58'),
(5, 74, 10, 1, '2022-12-14 05:10:01', '2022-12-14 05:10:01'),
(6, 90, 3, 1, '2022-12-14 05:10:04', '2022-12-14 05:10:04'),
(7, 91, 22, 1, '2022-12-14 05:10:10', '2022-12-14 05:10:10');

-- --------------------------------------------------------

--
-- Table structure for table `zipcodes`
--

CREATE TABLE `zipcodes` (
  `id` bigint UNSIGNED NOT NULL,
  `country_id` int NOT NULL,
  `state_id` int NOT NULL,
  `city` varchar(200) CHARACTER SET utf8mb3 COLLATE utf8mb3_unicode_ci DEFAULT NULL,
  `zip` longtext CHARACTER SET utf8mb3 COLLATE utf8mb3_unicode_ci,
  `lat` decimal(10,6) DEFAULT NULL,
  `lng` decimal(10,6) DEFAULT NULL,
  `timezone` varchar(200) CHARACTER SET utf8mb3 COLLATE utf8mb3_unicode_ci DEFAULT NULL,
  `daylight_savings` tinyint DEFAULT NULL,
  `created_at` timestamp NULL DEFAULT NULL,
  `updated_at` timestamp NULL DEFAULT NULL
) ENGINE=InnoDB DEFAULT CHARSET=utf8mb3 COLLATE=utf8mb3_unicode_ci;

--
-- Indexes for dumped tables
--

--
-- Indexes for table `activity_log`
--
ALTER TABLE `activity_log`
  ADD PRIMARY KEY (`id`),
  ADD KEY `activity_log_log_name_index` (`log_name`);

--
-- Indexes for table `addresses`
--
ALTER TABLE `addresses`
  ADD PRIMARY KEY (`id`),
  ADD KEY `addresses_country_id_foreign` (`country_id`);

--
-- Indexes for table `address_types`
--
ALTER TABLE `address_types`
  ADD PRIMARY KEY (`id`),
  ADD UNIQUE KEY `address_types_type_unique` (`type`);

--
-- Indexes for table `announcements`
--
ALTER TABLE `announcements`
  ADD PRIMARY KEY (`id`);

--
-- Indexes for table `attachments`
--
ALTER TABLE `attachments`
  ADD PRIMARY KEY (`id`);

--
-- Indexes for table `attributes`
--
ALTER TABLE `attributes`
  ADD PRIMARY KEY (`id`),
  ADD KEY `attributes_attribute_type_id_foreign` (`attribute_type_id`);

--
-- Indexes for table `attribute_categories`
--
ALTER TABLE `attribute_categories`
  ADD PRIMARY KEY (`id`),
  ADD KEY `attribute_categories_attribute_id_foreign` (`attribute_id`),
  ADD KEY `attribute_categories_category_id_foreign` (`category_id`);

--
-- Indexes for table `attribute_inventory`
--
ALTER TABLE `attribute_inventory`
  ADD KEY `attribute_inventory_attribute_id_index` (`attribute_id`),
  ADD KEY `attribute_inventory_inventory_id_index` (`inventory_id`),
  ADD KEY `attribute_inventory_attribute_value_id_index` (`attribute_value_id`);

--
-- Indexes for table `attribute_types`
--
ALTER TABLE `attribute_types`
  ADD PRIMARY KEY (`id`),
  ADD UNIQUE KEY `attribute_types_type_unique` (`type`);

--
-- Indexes for table `attribute_values`
--
ALTER TABLE `attribute_values`
  ADD PRIMARY KEY (`id`),
  ADD KEY `attribute_values_attribute_id_foreign` (`attribute_id`);

--
-- Indexes for table `avg_feedback`
--
ALTER TABLE `avg_feedback`
  ADD PRIMARY KEY (`id`);

--
-- Indexes for table `banners`
--
ALTER TABLE `banners`
  ADD PRIMARY KEY (`id`);

--
-- Indexes for table `banner_groups`
--
ALTER TABLE `banner_groups`
  ADD UNIQUE KEY `banner_groups_id_unique` (`id`),
  ADD UNIQUE KEY `banner_groups_name_unique` (`name`);

--
-- Indexes for table `blogs`
--
ALTER TABLE `blogs`
  ADD PRIMARY KEY (`id`),
  ADD UNIQUE KEY `blogs_slug_unique` (`slug`),
  ADD KEY `blogs_user_id_foreign` (`user_id`);

--
-- Indexes for table `blog_comments`
--
ALTER TABLE `blog_comments`
  ADD PRIMARY KEY (`id`),
  ADD KEY `blog_comments_blog_id_foreign` (`blog_id`),
  ADD KEY `blog_comments_user_id_foreign` (`user_id`);

--
-- Indexes for table `cancellations`
--
ALTER TABLE `cancellations`
  ADD PRIMARY KEY (`id`),
  ADD KEY `cancellations_order_id_foreign` (`order_id`),
  ADD KEY `cancellations_customer_id_foreign` (`customer_id`),
  ADD KEY `cancellations_cancellation_reason_id_foreign` (`cancellation_reason_id`);

--
-- Indexes for table `cancellation_reasons`
--
ALTER TABLE `cancellation_reasons`
  ADD PRIMARY KEY (`id`),
  ADD UNIQUE KEY `cancellation_reasons_detail_unique` (`detail`);

--
-- Indexes for table `carriers`
--
ALTER TABLE `carriers`
  ADD PRIMARY KEY (`id`);

--
-- Indexes for table `carts`
--
ALTER TABLE `carts`
  ADD PRIMARY KEY (`id`),
  ADD KEY `carts_shop_id_foreign` (`shop_id`),
  ADD KEY `carts_customer_id_foreign` (`customer_id`);

--
-- Indexes for table `cart_items`
--
ALTER TABLE `cart_items`
  ADD KEY `cart_items_cart_id_index` (`cart_id`),
  ADD KEY `cart_items_inventory_id_index` (`inventory_id`);

--
-- Indexes for table `categories`
--
ALTER TABLE `categories`
  ADD PRIMARY KEY (`id`),
  ADD UNIQUE KEY `categories_slug_unique` (`slug`),
  ADD KEY `categories_category_sub_group_id_foreign` (`category_sub_group_id`);

--
-- Indexes for table `category_groups`
--
ALTER TABLE `category_groups`
  ADD PRIMARY KEY (`id`),
  ADD UNIQUE KEY `category_groups_slug_unique` (`slug`);

--
-- Indexes for table `category_product`
--
ALTER TABLE `category_product`
  ADD KEY `category_product_category_id_index` (`category_id`),
  ADD KEY `category_product_product_id_index` (`product_id`);

--
-- Indexes for table `category_sub_groups`
--
ALTER TABLE `category_sub_groups`
  ADD PRIMARY KEY (`id`),
  ADD UNIQUE KEY `category_sub_groups_slug_unique` (`slug`),
  ADD KEY `category_sub_groups_category_group_id_foreign` (`category_group_id`);

--
-- Indexes for table `chat_conversations`
--
ALTER TABLE `chat_conversations`
  ADD PRIMARY KEY (`id`),
  ADD KEY `chat_conversations_shop_id_foreign` (`shop_id`),
  ADD KEY `chat_conversations_customer_id_foreign` (`customer_id`);

--
-- Indexes for table `config_authorize_net`
--
ALTER TABLE `config_authorize_net`
  ADD PRIMARY KEY (`shop_id`),
  ADD KEY `config_authorize_net_shop_id_index` (`shop_id`);

--
-- Indexes for table `config_flutterwave`
--
ALTER TABLE `config_flutterwave`
  ADD PRIMARY KEY (`shop_id`),
  ADD KEY `config_flutterwave_shop_id_index` (`shop_id`);

--
-- Indexes for table `config_manual_payments`
--
ALTER TABLE `config_manual_payments`
  ADD KEY `config_manual_payments_shop_id_index` (`shop_id`),
  ADD KEY `config_manual_payments_payment_method_id_index` (`payment_method_id`);

--
-- Indexes for table `config_paypal_marketplace`
--
ALTER TABLE `config_paypal_marketplace`
  ADD PRIMARY KEY (`shop_id`),
  ADD KEY `config_paypal_marketplace_shop_id_index` (`shop_id`);

--
-- Indexes for table `contact_us`
--
ALTER TABLE `contact_us`
  ADD PRIMARY KEY (`id`);

--
-- Indexes for table `countries`
--
ALTER TABLE `countries`
  ADD PRIMARY KEY (`id`),
  ADD KEY `countries_timezone_id_foreign` (`timezone_id`),
  ADD KEY `countries_currency_id_foreign` (`currency_id`);

--
-- Indexes for table `coupons`
--
ALTER TABLE `coupons`
  ADD PRIMARY KEY (`id`);

--
-- Indexes for table `coupon_customer`
--
ALTER TABLE `coupon_customer`
  ADD KEY `coupon_customer_coupon_id_index` (`coupon_id`),
  ADD KEY `coupon_customer_customer_id_index` (`customer_id`);

--
-- Indexes for table `coupon_shipping_zone`
--
ALTER TABLE `coupon_shipping_zone`
  ADD KEY `coupon_shipping_zone_coupon_id_index` (`coupon_id`),
  ADD KEY `coupon_shipping_zone_shipping_zone_id_index` (`shipping_zone_id`);

--
-- Indexes for table `currencies`
--
ALTER TABLE `currencies`
  ADD PRIMARY KEY (`id`);

--
-- Indexes for table `customer_event`
--
ALTER TABLE `customer_event`
  ADD PRIMARY KEY (`id`);

--
-- Indexes for table `dashboard_configs`
--
ALTER TABLE `dashboard_configs`
  ADD PRIMARY KEY (`user_id`);

--
-- Indexes for table `disputes`
--
ALTER TABLE `disputes`
  ADD PRIMARY KEY (`id`),
  ADD KEY `disputes_order_id_foreign` (`order_id`),
  ADD KEY `disputes_customer_id_foreign` (`customer_id`),
  ADD KEY `disputes_dispute_type_id_foreign` (`dispute_type_id`);

--
-- Indexes for table `dispute_types`
--
ALTER TABLE `dispute_types`
  ADD PRIMARY KEY (`id`),
  ADD UNIQUE KEY `dispute_types_detail_unique` (`detail`);

--
-- Indexes for table `email_templates`
--
ALTER TABLE `email_templates`
  ADD PRIMARY KEY (`id`);

--
-- Indexes for table `events`
--
ALTER TABLE `events`
  ADD PRIMARY KEY (`id`),
  ADD UNIQUE KEY `events_slug_unique` (`slug`);

--
-- Indexes for table `failed_jobs`
--
ALTER TABLE `failed_jobs`
  ADD PRIMARY KEY (`id`),
  ADD UNIQUE KEY `failed_jobs_uuid_unique` (`uuid`);

--
-- Indexes for table `faqs`
--
ALTER TABLE `faqs`
  ADD PRIMARY KEY (`id`),
  ADD KEY `faqs_faq_topic_id_foreign` (`faq_topic_id`);

--
-- Indexes for table `faq_topics`
--
ALTER TABLE `faq_topics`
  ADD PRIMARY KEY (`id`);

--
-- Indexes for table `feedbacks`
--
ALTER TABLE `feedbacks`
  ADD PRIMARY KEY (`id`),
  ADD KEY `feedbacks_customer_id_foreign` (`customer_id`);

--
-- Indexes for table `gift_cards`
--
ALTER TABLE `gift_cards`
  ADD PRIMARY KEY (`id`);

--
-- Indexes for table `gtin_types`
--
ALTER TABLE `gtin_types`
  ADD PRIMARY KEY (`id`),
  ADD UNIQUE KEY `gtin_types_name_unique` (`name`);

--
-- Indexes for table `images`
--
ALTER TABLE `images`
  ADD PRIMARY KEY (`id`);

--
-- Indexes for table `inspections`
--
ALTER TABLE `inspections`
  ADD PRIMARY KEY (`id`),
  ADD KEY `inspections_inspectable_type_inspectable_id_index` (`inspectable_type`,`inspectable_id`);

--
-- Indexes for table `inventories`
--
ALTER TABLE `inventories`
  ADD PRIMARY KEY (`id`),
  ADD UNIQUE KEY `inventories_slug_unique` (`slug`),
  ADD KEY `inventories_product_id_foreign` (`product_id`);

--
-- Indexes for table `inventory_packaging`
--
ALTER TABLE `inventory_packaging`
  ADD KEY `inventory_packaging_packaging_id_index` (`packaging_id`),
  ADD KEY `inventory_packaging_inventory_id_index` (`inventory_id`);

--
-- Indexes for table `invoices`
--
ALTER TABLE `invoices`
  ADD PRIMARY KEY (`id`),
  ADD KEY `invoices_created_at_index` (`created_at`),
  ADD KEY `invoices_user_id_index` (`user_id`),
  ADD KEY `invoices_shop_id_index` (`shop_id`);

--
-- Indexes for table `jobs`
--
ALTER TABLE `jobs`
  ADD PRIMARY KEY (`id`),
  ADD KEY `jobs_queue_index` (`queue`);

--
-- Indexes for table `languages`
--
ALTER TABLE `languages`
  ADD PRIMARY KEY (`id`),
  ADD UNIQUE KEY `languages_code_unique` (`code`);

--
-- Indexes for table `manufacturers`
--
ALTER TABLE `manufacturers`
  ADD PRIMARY KEY (`id`),
  ADD UNIQUE KEY `manufacturers_slug_unique` (`slug`);

--
-- Indexes for table `messages`
--
ALTER TABLE `messages`
  ADD PRIMARY KEY (`id`);

--
-- Indexes for table `migrations`
--
ALTER TABLE `migrations`
  ADD PRIMARY KEY (`id`);

--
-- Indexes for table `modules`
--
ALTER TABLE `modules`
  ADD PRIMARY KEY (`id`);

--
-- Indexes for table `notifications`
--
ALTER TABLE `notifications`
  ADD PRIMARY KEY (`id`),
  ADD KEY `notifications_notifiable_type_notifiable_id_index` (`notifiable_type`,`notifiable_id`);

--
-- Indexes for table `oauth_auth_codes`
--
ALTER TABLE `oauth_auth_codes`
  ADD PRIMARY KEY (`id`),
  ADD KEY `oauth_auth_codes_user_id_index` (`user_id`);

--
-- Indexes for table `oauth_personal_access_clients`
--
ALTER TABLE `oauth_personal_access_clients`
  ADD PRIMARY KEY (`id`);

--
-- Indexes for table `options`
--
ALTER TABLE `options`
  ADD PRIMARY KEY (`id`);

--
-- Indexes for table `orders`
--
ALTER TABLE `orders`
  ADD PRIMARY KEY (`id`),
  ADD KEY `orders_customer_id_foreign` (`customer_id`);

--
-- Indexes for table `order_items`
--
ALTER TABLE `order_items`
  ADD KEY `order_items_order_id_index` (`order_id`),
  ADD KEY `order_items_inventory_id_index` (`inventory_id`);

--
-- Indexes for table `packages`
--
ALTER TABLE `packages`
  ADD PRIMARY KEY (`id`);

--
-- Indexes for table `packagings`
--
ALTER TABLE `packagings`
  ADD PRIMARY KEY (`id`);

--
-- Indexes for table `pages`
--
ALTER TABLE `pages`
  ADD PRIMARY KEY (`id`),
  ADD UNIQUE KEY `pages_slug_unique` (`slug`);

--
-- Indexes for table `payment_methods`
--
ALTER TABLE `payment_methods`
  ADD PRIMARY KEY (`id`);

--
-- Indexes for table `performance_indicators`
--
ALTER TABLE `performance_indicators`
  ADD PRIMARY KEY (`id`),
  ADD KEY `performance_indicators_created_at_index` (`created_at`);

--
-- Indexes for table `permissions`
--
ALTER TABLE `permissions`
  ADD PRIMARY KEY (`id`),
  ADD UNIQUE KEY `permissions_slug_unique` (`slug`),
  ADD KEY `permissions_module_id_index` (`module_id`);

--
-- Indexes for table `permission_role`
--
ALTER TABLE `permission_role`
  ADD PRIMARY KEY (`permission_id`,`role_id`),
  ADD KEY `permission_role_permission_id_index` (`permission_id`),
  ADD KEY `permission_role_role_id_index` (`role_id`);

--
-- Indexes for table `products`
--
ALTER TABLE `products`
  ADD PRIMARY KEY (`id`),
  ADD UNIQUE KEY `products_slug_unique` (`slug`);

--
-- Indexes for table `razorpay_wallet_transection`
--
ALTER TABLE `razorpay_wallet_transection`
  ADD PRIMARY KEY (`id`);

--
-- Indexes for table `refunds`
--
ALTER TABLE `refunds`
  ADD PRIMARY KEY (`id`),
  ADD KEY `refunds_order_id_foreign` (`order_id`);

--
-- Indexes for table `replies`
--
ALTER TABLE `replies`
  ADD PRIMARY KEY (`id`),
  ADD KEY `replies_user_id_foreign` (`user_id`);

--
-- Indexes for table `roles`
--
ALTER TABLE `roles`
  ADD PRIMARY KEY (`id`);

--
-- Indexes for table `shipping_rates`
--
ALTER TABLE `shipping_rates`
  ADD PRIMARY KEY (`id`),
  ADD KEY `shipping_rates_shipping_zone_id_index` (`shipping_zone_id`);

--
-- Indexes for table `shipping_zones`
--
ALTER TABLE `shipping_zones`
  ADD PRIMARY KEY (`id`);

--
-- Indexes for table `shops`
--
ALTER TABLE `shops`
  ADD PRIMARY KEY (`id`),
  ADD UNIQUE KEY `shops_slug_unique` (`slug`),
  ADD UNIQUE KEY `shops_email_unique` (`email`),
  ADD KEY `shops_owner_id_foreign` (`owner_id`);

--
-- Indexes for table `shop_payment_methods`
--
ALTER TABLE `shop_payment_methods`
  ADD KEY `shop_payment_methods_payment_method_id_index` (`payment_method_id`),
  ADD KEY `shop_payment_methods_shop_id_index` (`shop_id`);

--
-- Indexes for table `sliders`
--
ALTER TABLE `sliders`
  ADD PRIMARY KEY (`id`);

--
-- Indexes for table `ssl_orders`
--
ALTER TABLE `ssl_orders`
  ADD PRIMARY KEY (`id`);

--
-- Indexes for table `states`
--
ALTER TABLE `states`
  ADD PRIMARY KEY (`id`),
  ADD KEY `states_country_id_foreign` (`country_id`);

--
-- Indexes for table `subscriptions`
--
ALTER TABLE `subscriptions`
  ADD PRIMARY KEY (`id`),
  ADD KEY `subscriptions_shop_id_stripe_status_index` (`shop_id`,`stripe_status`);

--
-- Indexes for table `subscription_items`
--
ALTER TABLE `subscription_items`
  ADD PRIMARY KEY (`id`),
  ADD UNIQUE KEY `subscription_items_subscription_id_stripe_price_unique` (`subscription_id`,`stripe_price`),
  ADD KEY `subscription_items_stripe_id_index` (`stripe_id`);

--
-- Indexes for table `subscription_plans`
--
ALTER TABLE `subscription_plans`
  ADD PRIMARY KEY (`plan_id`),
  ADD UNIQUE KEY `subscription_plans_name_unique` (`name`);

--
-- Indexes for table `suppliers`
--
ALTER TABLE `suppliers`
  ADD PRIMARY KEY (`id`);

--
-- Indexes for table `taggables`
--
ALTER TABLE `taggables`
  ADD KEY `taggables_tag_id_foreign` (`tag_id`);

--
-- Indexes for table `tags`
--
ALTER TABLE `tags`
  ADD PRIMARY KEY (`id`);

--
-- Indexes for table `taxes`
--
ALTER TABLE `taxes`
  ADD PRIMARY KEY (`id`);

--
-- Indexes for table `tickets`
--
ALTER TABLE `tickets`
  ADD PRIMARY KEY (`id`),
  ADD KEY `tickets_user_id_foreign` (`user_id`),
  ADD KEY `tickets_category_id_foreign` (`category_id`);

--
-- Indexes for table `ticket_categories`
--
ALTER TABLE `ticket_categories`
  ADD PRIMARY KEY (`id`),
  ADD UNIQUE KEY `ticket_categories_name_unique` (`name`);

--
-- Indexes for table `timezones`
--
ALTER TABLE `timezones`
  ADD PRIMARY KEY (`id`);

--
-- Indexes for table `transactions`
--
ALTER TABLE `transactions`
  ADD PRIMARY KEY (`id`),
  ADD UNIQUE KEY `transactions_uuid_unique` (`uuid`),
  ADD KEY `transactions_payable_type_payable_id_index` (`payable_type`,`payable_id`),
  ADD KEY `transactions_wallet_id_foreign` (`wallet_id`),
  ADD KEY `payable_type_ind` (`payable_type`,`payable_id`,`type`),
  ADD KEY `payable_confirmed_ind` (`payable_type`,`payable_id`,`confirmed`),
  ADD KEY `payable_type_confirmed_ind` (`payable_type`,`payable_id`,`type`,`confirmed`),
  ADD KEY `transactions_type_index` (`type`);

--
-- Indexes for table `transfers`
--
ALTER TABLE `transfers`
  ADD PRIMARY KEY (`id`),
  ADD UNIQUE KEY `transfers_uuid_unique` (`uuid`),
  ADD KEY `transfers_from_type_from_id_index` (`from_type`,`from_id`),
  ADD KEY `transfers_to_type_to_id_index` (`to_type`,`to_id`),
  ADD KEY `transfers_deposit_id_foreign` (`deposit_id`),
  ADD KEY `transfers_withdraw_id_foreign` (`withdraw_id`);

--
-- Indexes for table `user_warehouse`
--
ALTER TABLE `user_warehouse`
  ADD KEY `user_warehouse_user_id_index` (`user_id`),
  ADD KEY `user_warehouse_warehouse_id_index` (`warehouse_id`);

--
-- Indexes for table `visitors`
--
ALTER TABLE `visitors`
  ADD PRIMARY KEY (`ip`);

--
-- Indexes for table `wallets`
--
ALTER TABLE `wallets`
  ADD PRIMARY KEY (`id`),
  ADD UNIQUE KEY `wallets_holder_type_holder_id_slug_unique` (`holder_type`,`holder_id`,`slug`),
  ADD KEY `wallets_holder_type_holder_id_index` (`holder_type`,`holder_id`),
  ADD KEY `wallets_slug_index` (`slug`);

--
-- Indexes for table `warehouses`
--
ALTER TABLE `warehouses`
  ADD PRIMARY KEY (`id`),
  ADD KEY `warehouses_shop_id_foreign` (`shop_id`);

--
-- Indexes for table `wishlists`
--
ALTER TABLE `wishlists`
  ADD PRIMARY KEY (`id`),
  ADD KEY `wishlists_product_id_foreign` (`product_id`),
  ADD KEY `wishlists_inventory_id_foreign` (`inventory_id`);

--
-- Indexes for table `zipcodes`
--
ALTER TABLE `zipcodes`
  ADD PRIMARY KEY (`id`);

--
-- AUTO_INCREMENT for dumped tables
--

--
-- AUTO_INCREMENT for table `activity_log`
--
ALTER TABLE `activity_log`
  MODIFY `id` bigint UNSIGNED NOT NULL AUTO_INCREMENT, AUTO_INCREMENT=211;

--
-- AUTO_INCREMENT for table `addresses`
--
ALTER TABLE `addresses`
  MODIFY `id` bigint UNSIGNED NOT NULL AUTO_INCREMENT, AUTO_INCREMENT=85;

--
-- AUTO_INCREMENT for table `address_types`
--
ALTER TABLE `address_types`
  MODIFY `id` int UNSIGNED NOT NULL AUTO_INCREMENT, AUTO_INCREMENT=4;

--
-- AUTO_INCREMENT for table `attachments`
--
ALTER TABLE `attachments`
  MODIFY `id` bigint UNSIGNED NOT NULL AUTO_INCREMENT, AUTO_INCREMENT=5;

--
-- AUTO_INCREMENT for table `attributes`
--
ALTER TABLE `attributes`
  MODIFY `id` int UNSIGNED NOT NULL AUTO_INCREMENT, AUTO_INCREMENT=7;

--
-- AUTO_INCREMENT for table `attribute_categories`
--
ALTER TABLE `attribute_categories`
  MODIFY `id` bigint UNSIGNED NOT NULL AUTO_INCREMENT, AUTO_INCREMENT=147;

--
-- AUTO_INCREMENT for table `attribute_types`
--
ALTER TABLE `attribute_types`
  MODIFY `id` int UNSIGNED NOT NULL AUTO_INCREMENT, AUTO_INCREMENT=4;

--
-- AUTO_INCREMENT for table `attribute_values`
--
ALTER TABLE `attribute_values`
  MODIFY `id` int UNSIGNED NOT NULL AUTO_INCREMENT, AUTO_INCREMENT=31;

--
-- AUTO_INCREMENT for table `avg_feedback`
--
ALTER TABLE `avg_feedback`
  MODIFY `id` bigint UNSIGNED NOT NULL AUTO_INCREMENT, AUTO_INCREMENT=60;

--
-- AUTO_INCREMENT for table `banners`
--
ALTER TABLE `banners`
  MODIFY `id` int UNSIGNED NOT NULL AUTO_INCREMENT, AUTO_INCREMENT=31;

--
-- AUTO_INCREMENT for table `blogs`
--
ALTER TABLE `blogs`
  MODIFY `id` int UNSIGNED NOT NULL AUTO_INCREMENT, AUTO_INCREMENT=7;

--
-- AUTO_INCREMENT for table `blog_comments`
--
ALTER TABLE `blog_comments`
  MODIFY `id` int UNSIGNED NOT NULL AUTO_INCREMENT, AUTO_INCREMENT=31;

--
-- AUTO_INCREMENT for table `cancellations`
--
ALTER TABLE `cancellations`
  MODIFY `id` bigint UNSIGNED NOT NULL AUTO_INCREMENT, AUTO_INCREMENT=13;

--
-- AUTO_INCREMENT for table `cancellation_reasons`
--
ALTER TABLE `cancellation_reasons`
  MODIFY `id` int UNSIGNED NOT NULL AUTO_INCREMENT, AUTO_INCREMENT=14;

--
-- AUTO_INCREMENT for table `carriers`
--
ALTER TABLE `carriers`
  MODIFY `id` int UNSIGNED NOT NULL AUTO_INCREMENT, AUTO_INCREMENT=11;

--
-- AUTO_INCREMENT for table `carts`
--
ALTER TABLE `carts`
  MODIFY `id` bigint UNSIGNED NOT NULL AUTO_INCREMENT, AUTO_INCREMENT=41;

--
-- AUTO_INCREMENT for table `categories`
--
ALTER TABLE `categories`
  MODIFY `id` int UNSIGNED NOT NULL AUTO_INCREMENT, AUTO_INCREMENT=41;

--
-- AUTO_INCREMENT for table `category_groups`
--
ALTER TABLE `category_groups`
  MODIFY `id` int UNSIGNED NOT NULL AUTO_INCREMENT, AUTO_INCREMENT=10;

--
-- AUTO_INCREMENT for table `category_sub_groups`
--
ALTER TABLE `category_sub_groups`
  MODIFY `id` int UNSIGNED NOT NULL AUTO_INCREMENT, AUTO_INCREMENT=26;

--
-- AUTO_INCREMENT for table `chat_conversations`
--
ALTER TABLE `chat_conversations`
  MODIFY `id` bigint UNSIGNED NOT NULL AUTO_INCREMENT, AUTO_INCREMENT=3;

--
-- AUTO_INCREMENT for table `contact_us`
--
ALTER TABLE `contact_us`
  MODIFY `id` bigint UNSIGNED NOT NULL AUTO_INCREMENT;

--
-- AUTO_INCREMENT for table `countries`
--
ALTER TABLE `countries`
  MODIFY `id` int UNSIGNED NOT NULL AUTO_INCREMENT, AUTO_INCREMENT=895;

--
-- AUTO_INCREMENT for table `coupons`
--
ALTER TABLE `coupons`
  MODIFY `id` bigint UNSIGNED NOT NULL AUTO_INCREMENT;

--
-- AUTO_INCREMENT for table `currencies`
--
ALTER TABLE `currencies`
  MODIFY `id` int UNSIGNED NOT NULL AUTO_INCREMENT, AUTO_INCREMENT=178;

--
-- AUTO_INCREMENT for table `customer_event`
--
ALTER TABLE `customer_event`
  MODIFY `id` bigint UNSIGNED NOT NULL AUTO_INCREMENT;

--
-- AUTO_INCREMENT for table `disputes`
--
ALTER TABLE `disputes`
  MODIFY `id` bigint UNSIGNED NOT NULL AUTO_INCREMENT, AUTO_INCREMENT=21;

--
-- AUTO_INCREMENT for table `dispute_types`
--
ALTER TABLE `dispute_types`
  MODIFY `id` int UNSIGNED NOT NULL AUTO_INCREMENT, AUTO_INCREMENT=11;

--
-- AUTO_INCREMENT for table `email_templates`
--
ALTER TABLE `email_templates`
  MODIFY `id` int UNSIGNED NOT NULL AUTO_INCREMENT, AUTO_INCREMENT=6;

--
-- AUTO_INCREMENT for table `events`
--
ALTER TABLE `events`
  MODIFY `id` bigint UNSIGNED NOT NULL AUTO_INCREMENT, AUTO_INCREMENT=4;

--
-- AUTO_INCREMENT for table `failed_jobs`
--
ALTER TABLE `failed_jobs`
  MODIFY `id` bigint UNSIGNED NOT NULL AUTO_INCREMENT;

--
-- AUTO_INCREMENT for table `faqs`
--
ALTER TABLE `faqs`
  MODIFY `id` int UNSIGNED NOT NULL AUTO_INCREMENT, AUTO_INCREMENT=10;

--
-- AUTO_INCREMENT for table `faq_topics`
--
ALTER TABLE `faq_topics`
  MODIFY `id` int UNSIGNED NOT NULL AUTO_INCREMENT, AUTO_INCREMENT=4;

--
-- AUTO_INCREMENT for table `feedbacks`
--
ALTER TABLE `feedbacks`
  MODIFY `id` bigint UNSIGNED NOT NULL AUTO_INCREMENT, AUTO_INCREMENT=153;

--
-- AUTO_INCREMENT for table `gift_cards`
--
ALTER TABLE `gift_cards`
  MODIFY `id` bigint UNSIGNED NOT NULL AUTO_INCREMENT;

--
-- AUTO_INCREMENT for table `gtin_types`
--
ALTER TABLE `gtin_types`
  MODIFY `id` int UNSIGNED NOT NULL AUTO_INCREMENT, AUTO_INCREMENT=6;

--
-- AUTO_INCREMENT for table `images`
--
ALTER TABLE `images`
  MODIFY `id` bigint UNSIGNED NOT NULL AUTO_INCREMENT, AUTO_INCREMENT=668;

--
-- AUTO_INCREMENT for table `inspections`
--
ALTER TABLE `inspections`
  MODIFY `id` bigint UNSIGNED NOT NULL AUTO_INCREMENT, AUTO_INCREMENT=5;

--
-- AUTO_INCREMENT for table `inventories`
--
ALTER TABLE `inventories`
  MODIFY `id` bigint UNSIGNED NOT NULL AUTO_INCREMENT, AUTO_INCREMENT=109;

--
-- AUTO_INCREMENT for table `invoices`
--
ALTER TABLE `invoices`
  MODIFY `id` int UNSIGNED NOT NULL AUTO_INCREMENT;

--
-- AUTO_INCREMENT for table `jobs`
--
ALTER TABLE `jobs`
  MODIFY `id` bigint UNSIGNED NOT NULL AUTO_INCREMENT;

--
-- AUTO_INCREMENT for table `languages`
--
ALTER TABLE `languages`
  MODIFY `id` int UNSIGNED NOT NULL AUTO_INCREMENT, AUTO_INCREMENT=24;

--
-- AUTO_INCREMENT for table `manufacturers`
--
ALTER TABLE `manufacturers`
  MODIFY `id` int UNSIGNED NOT NULL AUTO_INCREMENT, AUTO_INCREMENT=17;

--
-- AUTO_INCREMENT for table `messages`
--
ALTER TABLE `messages`
  MODIFY `id` bigint UNSIGNED NOT NULL AUTO_INCREMENT, AUTO_INCREMENT=24;

--
-- AUTO_INCREMENT for table `migrations`
--
ALTER TABLE `migrations`
  MODIFY `id` int UNSIGNED NOT NULL AUTO_INCREMENT, AUTO_INCREMENT=519;

--
-- AUTO_INCREMENT for table `modules`
--
ALTER TABLE `modules`
  MODIFY `id` int UNSIGNED NOT NULL AUTO_INCREMENT, AUTO_INCREMENT=38;

--
-- AUTO_INCREMENT for table `oauth_personal_access_clients`
--
ALTER TABLE `oauth_personal_access_clients`
  MODIFY `id` bigint UNSIGNED NOT NULL AUTO_INCREMENT;

--
-- AUTO_INCREMENT for table `options`
--
ALTER TABLE `options`
  MODIFY `id` int UNSIGNED NOT NULL AUTO_INCREMENT, AUTO_INCREMENT=43;

--
-- AUTO_INCREMENT for table `orders`
--
ALTER TABLE `orders`
  MODIFY `id` bigint UNSIGNED NOT NULL AUTO_INCREMENT, AUTO_INCREMENT=42;

--
-- AUTO_INCREMENT for table `packages`
--
ALTER TABLE `packages`
  MODIFY `id` int UNSIGNED NOT NULL AUTO_INCREMENT, AUTO_INCREMENT=38;

--
-- AUTO_INCREMENT for table `packagings`
--
ALTER TABLE `packagings`
  MODIFY `id` int UNSIGNED NOT NULL AUTO_INCREMENT, AUTO_INCREMENT=7;

--
-- AUTO_INCREMENT for table `pages`
--
ALTER TABLE `pages`
  MODIFY `id` int UNSIGNED NOT NULL AUTO_INCREMENT, AUTO_INCREMENT=9;

--
-- AUTO_INCREMENT for table `payment_methods`
--
ALTER TABLE `payment_methods`
  MODIFY `id` int UNSIGNED NOT NULL AUTO_INCREMENT, AUTO_INCREMENT=20;

--
-- AUTO_INCREMENT for table `performance_indicators`
--
ALTER TABLE `performance_indicators`
  MODIFY `id` int UNSIGNED NOT NULL AUTO_INCREMENT;

--
-- AUTO_INCREMENT for table `permissions`
--
ALTER TABLE `permissions`
  MODIFY `id` int UNSIGNED NOT NULL AUTO_INCREMENT, AUTO_INCREMENT=124;

--
-- AUTO_INCREMENT for table `products`
--
ALTER TABLE `products`
  MODIFY `id` bigint UNSIGNED NOT NULL AUTO_INCREMENT, AUTO_INCREMENT=53;

--
-- AUTO_INCREMENT for table `razorpay_wallet_transection`
--
ALTER TABLE `razorpay_wallet_transection`
  MODIFY `id` bigint UNSIGNED NOT NULL AUTO_INCREMENT;

--
-- AUTO_INCREMENT for table `refunds`
--
ALTER TABLE `refunds`
  MODIFY `id` bigint UNSIGNED NOT NULL AUTO_INCREMENT, AUTO_INCREMENT=16;

--
-- AUTO_INCREMENT for table `replies`
--
ALTER TABLE `replies`
  MODIFY `id` bigint UNSIGNED NOT NULL AUTO_INCREMENT, AUTO_INCREMENT=40;

--
-- AUTO_INCREMENT for table `roles`
--
ALTER TABLE `roles`
  MODIFY `id` int UNSIGNED NOT NULL AUTO_INCREMENT, AUTO_INCREMENT=6;

--
-- AUTO_INCREMENT for table `shipping_rates`
--
ALTER TABLE `shipping_rates`
  MODIFY `id` int UNSIGNED NOT NULL AUTO_INCREMENT, AUTO_INCREMENT=51;

--
-- AUTO_INCREMENT for table `shipping_zones`
--
ALTER TABLE `shipping_zones`
  MODIFY `id` int UNSIGNED NOT NULL AUTO_INCREMENT, AUTO_INCREMENT=13;

--
-- AUTO_INCREMENT for table `shops`
--
ALTER TABLE `shops`
  MODIFY `id` int UNSIGNED NOT NULL AUTO_INCREMENT, AUTO_INCREMENT=6;

--
-- AUTO_INCREMENT for table `sliders`
--
ALTER TABLE `sliders`
  MODIFY `id` int UNSIGNED NOT NULL AUTO_INCREMENT, AUTO_INCREMENT=20;

--
-- AUTO_INCREMENT for table `ssl_orders`
--
ALTER TABLE `ssl_orders`
  MODIFY `id` bigint UNSIGNED NOT NULL AUTO_INCREMENT;

--
-- AUTO_INCREMENT for table `states`
--
ALTER TABLE `states`
  MODIFY `id` int UNSIGNED NOT NULL AUTO_INCREMENT, AUTO_INCREMENT=1468;

--
-- AUTO_INCREMENT for table `subscriptions`
--
ALTER TABLE `subscriptions`
  MODIFY `id` int UNSIGNED NOT NULL AUTO_INCREMENT, AUTO_INCREMENT=17;

--
-- AUTO_INCREMENT for table `subscription_items`
--
ALTER TABLE `subscription_items`
  MODIFY `id` bigint UNSIGNED NOT NULL AUTO_INCREMENT;

--
-- AUTO_INCREMENT for table `suppliers`
--
ALTER TABLE `suppliers`
  MODIFY `id` int UNSIGNED NOT NULL AUTO_INCREMENT, AUTO_INCREMENT=6;

--
-- AUTO_INCREMENT for table `tags`
--
ALTER TABLE `tags`
  MODIFY `id` int UNSIGNED NOT NULL AUTO_INCREMENT, AUTO_INCREMENT=31;

--
-- AUTO_INCREMENT for table `taxes`
--
ALTER TABLE `taxes`
  MODIFY `id` int UNSIGNED NOT NULL AUTO_INCREMENT, AUTO_INCREMENT=7;

--
-- AUTO_INCREMENT for table `tickets`
--
ALTER TABLE `tickets`
  MODIFY `id` bigint UNSIGNED NOT NULL AUTO_INCREMENT, AUTO_INCREMENT=16;

--
-- AUTO_INCREMENT for table `ticket_categories`
--
ALTER TABLE `ticket_categories`
  MODIFY `id` int UNSIGNED NOT NULL AUTO_INCREMENT, AUTO_INCREMENT=5;

--
-- AUTO_INCREMENT for table `timezones`
--
ALTER TABLE `timezones`
  MODIFY `id` int UNSIGNED NOT NULL AUTO_INCREMENT, AUTO_INCREMENT=98;

--
-- AUTO_INCREMENT for table `transactions`
--
ALTER TABLE `transactions`
  MODIFY `id` bigint UNSIGNED NOT NULL AUTO_INCREMENT, AUTO_INCREMENT=40;

--
-- AUTO_INCREMENT for table `transfers`
--
ALTER TABLE `transfers`
  MODIFY `id` bigint UNSIGNED NOT NULL AUTO_INCREMENT, AUTO_INCREMENT=7;

--
-- AUTO_INCREMENT for table `wallets`
--
ALTER TABLE `wallets`
  MODIFY `id` bigint UNSIGNED NOT NULL AUTO_INCREMENT, AUTO_INCREMENT=16;

--
-- AUTO_INCREMENT for table `warehouses`
--
ALTER TABLE `warehouses`
  MODIFY `id` int UNSIGNED NOT NULL AUTO_INCREMENT, AUTO_INCREMENT=5;

--
-- AUTO_INCREMENT for table `wishlists`
--
ALTER TABLE `wishlists`
  MODIFY `id` bigint UNSIGNED NOT NULL AUTO_INCREMENT, AUTO_INCREMENT=8;

--
-- AUTO_INCREMENT for table `zipcodes`
--
ALTER TABLE `zipcodes`
  MODIFY `id` bigint UNSIGNED NOT NULL AUTO_INCREMENT;

--
-- Constraints for dumped tables
--

--
-- Constraints for table `addresses`
--
ALTER TABLE `addresses`
  ADD CONSTRAINT `addresses_country_id_foreign` FOREIGN KEY (`country_id`) REFERENCES `countries` (`id`);

--
-- Constraints for table `attributes`
--
ALTER TABLE `attributes`
  ADD CONSTRAINT `attributes_attribute_type_id_foreign` FOREIGN KEY (`attribute_type_id`) REFERENCES `attribute_types` (`id`) ON DELETE SET NULL;

--
-- Constraints for table `attribute_categories`
--
ALTER TABLE `attribute_categories`
  ADD CONSTRAINT `attribute_categories_attribute_id_foreign` FOREIGN KEY (`attribute_id`) REFERENCES `attributes` (`id`) ON DELETE CASCADE,
  ADD CONSTRAINT `attribute_categories_category_id_foreign` FOREIGN KEY (`category_id`) REFERENCES `categories` (`id`) ON DELETE CASCADE;

--
-- Constraints for table `attribute_inventory`
--
ALTER TABLE `attribute_inventory`
  ADD CONSTRAINT `attribute_inventory_attribute_id_foreign` FOREIGN KEY (`attribute_id`) REFERENCES `attributes` (`id`) ON DELETE CASCADE,
  ADD CONSTRAINT `attribute_inventory_attribute_value_id_foreign` FOREIGN KEY (`attribute_value_id`) REFERENCES `attribute_values` (`id`) ON DELETE CASCADE,
  ADD CONSTRAINT `attribute_inventory_inventory_id_foreign` FOREIGN KEY (`inventory_id`) REFERENCES `inventories` (`id`) ON DELETE CASCADE;

--
-- Constraints for table `attribute_values`
--
ALTER TABLE `attribute_values`
  ADD CONSTRAINT `attribute_values_attribute_id_foreign` FOREIGN KEY (`attribute_id`) REFERENCES `attributes` (`id`) ON DELETE CASCADE;

--
-- Constraints for table `blogs`
--
ALTER TABLE `blogs`
  ADD CONSTRAINT `blogs_user_id_foreign` FOREIGN KEY (`user_id`) REFERENCES `users` (`id`) ON DELETE CASCADE;

--
-- Constraints for table `blog_comments`
--
ALTER TABLE `blog_comments`
  ADD CONSTRAINT `blog_comments_blog_id_foreign` FOREIGN KEY (`blog_id`) REFERENCES `blogs` (`id`) ON DELETE CASCADE,
  ADD CONSTRAINT `blog_comments_user_id_foreign` FOREIGN KEY (`user_id`) REFERENCES `users` (`id`) ON DELETE CASCADE;

--
-- Constraints for table `cancellations`
--
ALTER TABLE `cancellations`
  ADD CONSTRAINT `cancellations_cancellation_reason_id_foreign` FOREIGN KEY (`cancellation_reason_id`) REFERENCES `cancellation_reasons` (`id`) ON DELETE SET NULL,
  ADD CONSTRAINT `cancellations_customer_id_foreign` FOREIGN KEY (`customer_id`) REFERENCES `customers` (`id`) ON DELETE CASCADE,
  ADD CONSTRAINT `cancellations_order_id_foreign` FOREIGN KEY (`order_id`) REFERENCES `orders` (`id`) ON DELETE CASCADE;

--
-- Constraints for table `carts`
--
ALTER TABLE `carts`
  ADD CONSTRAINT `carts_customer_id_foreign` FOREIGN KEY (`customer_id`) REFERENCES `customers` (`id`) ON DELETE SET NULL,
  ADD CONSTRAINT `carts_shop_id_foreign` FOREIGN KEY (`shop_id`) REFERENCES `shops` (`id`) ON DELETE SET NULL;

--
-- Constraints for table `cart_items`
--
ALTER TABLE `cart_items`
  ADD CONSTRAINT `cart_items_cart_id_foreign` FOREIGN KEY (`cart_id`) REFERENCES `carts` (`id`) ON DELETE CASCADE,
  ADD CONSTRAINT `cart_items_inventory_id_foreign` FOREIGN KEY (`inventory_id`) REFERENCES `inventories` (`id`) ON DELETE CASCADE;

--
-- Constraints for table `categories`
--
ALTER TABLE `categories`
  ADD CONSTRAINT `categories_category_sub_group_id_foreign` FOREIGN KEY (`category_sub_group_id`) REFERENCES `category_sub_groups` (`id`) ON DELETE CASCADE;

--
-- Constraints for table `category_product`
--
ALTER TABLE `category_product`
  ADD CONSTRAINT `category_product_category_id_foreign` FOREIGN KEY (`category_id`) REFERENCES `categories` (`id`) ON DELETE CASCADE,
  ADD CONSTRAINT `category_product_product_id_foreign` FOREIGN KEY (`product_id`) REFERENCES `products` (`id`) ON DELETE CASCADE;

--
-- Constraints for table `category_sub_groups`
--
ALTER TABLE `category_sub_groups`
  ADD CONSTRAINT `category_sub_groups_category_group_id_foreign` FOREIGN KEY (`category_group_id`) REFERENCES `category_groups` (`id`) ON DELETE CASCADE;

--
-- Constraints for table `chat_conversations`
--
ALTER TABLE `chat_conversations`
  ADD CONSTRAINT `chat_conversations_customer_id_foreign` FOREIGN KEY (`customer_id`) REFERENCES `customers` (`id`) ON DELETE SET NULL,
  ADD CONSTRAINT `chat_conversations_shop_id_foreign` FOREIGN KEY (`shop_id`) REFERENCES `shops` (`id`) ON DELETE SET NULL;

--
-- Constraints for table `config_authorize_net`
--
ALTER TABLE `config_authorize_net`
  ADD CONSTRAINT `config_authorize_net_shop_id_foreign` FOREIGN KEY (`shop_id`) REFERENCES `shops` (`id`) ON DELETE CASCADE;

--
-- Constraints for table `config_flutterwave`
--
ALTER TABLE `config_flutterwave`
  ADD CONSTRAINT `config_flutterwave_shop_id_foreign` FOREIGN KEY (`shop_id`) REFERENCES `shops` (`id`) ON DELETE CASCADE;

--
-- Constraints for table `config_manual_payments`
--
ALTER TABLE `config_manual_payments`
  ADD CONSTRAINT `config_manual_payments_payment_method_id_foreign` FOREIGN KEY (`payment_method_id`) REFERENCES `payment_methods` (`id`) ON DELETE CASCADE,
  ADD CONSTRAINT `config_manual_payments_shop_id_foreign` FOREIGN KEY (`shop_id`) REFERENCES `shops` (`id`) ON DELETE CASCADE;

--
-- Constraints for table `config_paypal_marketplace`
--
ALTER TABLE `config_paypal_marketplace`
  ADD CONSTRAINT `config_paypal_marketplace_shop_id_foreign` FOREIGN KEY (`shop_id`) REFERENCES `shops` (`id`) ON DELETE CASCADE;

--
-- Constraints for table `countries`
--
ALTER TABLE `countries`
  ADD CONSTRAINT `countries_currency_id_foreign` FOREIGN KEY (`currency_id`) REFERENCES `currencies` (`id`) ON DELETE SET NULL,
  ADD CONSTRAINT `countries_timezone_id_foreign` FOREIGN KEY (`timezone_id`) REFERENCES `timezones` (`id`) ON DELETE SET NULL;

--
-- Constraints for table `coupon_customer`
--
ALTER TABLE `coupon_customer`
  ADD CONSTRAINT `coupon_customer_coupon_id_foreign` FOREIGN KEY (`coupon_id`) REFERENCES `coupons` (`id`) ON DELETE CASCADE,
  ADD CONSTRAINT `coupon_customer_customer_id_foreign` FOREIGN KEY (`customer_id`) REFERENCES `customers` (`id`) ON DELETE CASCADE;

--
-- Constraints for table `coupon_shipping_zone`
--
ALTER TABLE `coupon_shipping_zone`
  ADD CONSTRAINT `coupon_shipping_zone_coupon_id_foreign` FOREIGN KEY (`coupon_id`) REFERENCES `coupons` (`id`) ON DELETE CASCADE,
  ADD CONSTRAINT `coupon_shipping_zone_shipping_zone_id_foreign` FOREIGN KEY (`shipping_zone_id`) REFERENCES `shipping_zones` (`id`) ON DELETE CASCADE;

--
-- Constraints for table `disputes`
--
ALTER TABLE `disputes`
  ADD CONSTRAINT `disputes_customer_id_foreign` FOREIGN KEY (`customer_id`) REFERENCES `customers` (`id`) ON DELETE CASCADE,
  ADD CONSTRAINT `disputes_dispute_type_id_foreign` FOREIGN KEY (`dispute_type_id`) REFERENCES `dispute_types` (`id`) ON DELETE SET NULL,
  ADD CONSTRAINT `disputes_order_id_foreign` FOREIGN KEY (`order_id`) REFERENCES `orders` (`id`) ON DELETE CASCADE;

--
-- Constraints for table `faqs`
--
ALTER TABLE `faqs`
  ADD CONSTRAINT `faqs_faq_topic_id_foreign` FOREIGN KEY (`faq_topic_id`) REFERENCES `faq_topics` (`id`) ON DELETE SET NULL;

--
-- Constraints for table `feedbacks`
--
ALTER TABLE `feedbacks`
  ADD CONSTRAINT `feedbacks_customer_id_foreign` FOREIGN KEY (`customer_id`) REFERENCES `customers` (`id`) ON DELETE CASCADE;

--
-- Constraints for table `inventories`
--
ALTER TABLE `inventories`
  ADD CONSTRAINT `inventories_product_id_foreign` FOREIGN KEY (`product_id`) REFERENCES `products` (`id`) ON DELETE CASCADE;

--
-- Constraints for table `inventory_packaging`
--
ALTER TABLE `inventory_packaging`
  ADD CONSTRAINT `inventory_packaging_inventory_id_foreign` FOREIGN KEY (`inventory_id`) REFERENCES `inventories` (`id`) ON DELETE CASCADE,
  ADD CONSTRAINT `inventory_packaging_packaging_id_foreign` FOREIGN KEY (`packaging_id`) REFERENCES `packagings` (`id`) ON DELETE CASCADE;

--
-- Constraints for table `orders`
--
ALTER TABLE `orders`
  ADD CONSTRAINT `orders_customer_id_foreign` FOREIGN KEY (`customer_id`) REFERENCES `customers` (`id`) ON DELETE SET NULL;

--
-- Constraints for table `order_items`
--
ALTER TABLE `order_items`
  ADD CONSTRAINT `order_items_inventory_id_foreign` FOREIGN KEY (`inventory_id`) REFERENCES `inventories` (`id`) ON DELETE SET NULL,
  ADD CONSTRAINT `order_items_order_id_foreign` FOREIGN KEY (`order_id`) REFERENCES `orders` (`id`) ON DELETE CASCADE;

--
-- Constraints for table `permissions`
--
ALTER TABLE `permissions`
  ADD CONSTRAINT `permissions_module_id_foreign` FOREIGN KEY (`module_id`) REFERENCES `modules` (`id`) ON DELETE CASCADE;

--
-- Constraints for table `permission_role`
--
ALTER TABLE `permission_role`
  ADD CONSTRAINT `permission_role_permission_id_foreign` FOREIGN KEY (`permission_id`) REFERENCES `permissions` (`id`) ON DELETE CASCADE,
  ADD CONSTRAINT `permission_role_role_id_foreign` FOREIGN KEY (`role_id`) REFERENCES `roles` (`id`) ON DELETE CASCADE;

--
-- Constraints for table `refunds`
--
ALTER TABLE `refunds`
  ADD CONSTRAINT `refunds_order_id_foreign` FOREIGN KEY (`order_id`) REFERENCES `orders` (`id`) ON DELETE CASCADE;

--
-- Constraints for table `replies`
--
ALTER TABLE `replies`
  ADD CONSTRAINT `replies_user_id_foreign` FOREIGN KEY (`user_id`) REFERENCES `users` (`id`) ON DELETE SET NULL;

--
-- Constraints for table `shipping_rates`
--
ALTER TABLE `shipping_rates`
  ADD CONSTRAINT `shipping_rates_shipping_zone_id_foreign` FOREIGN KEY (`shipping_zone_id`) REFERENCES `shipping_zones` (`id`) ON DELETE CASCADE;

--
-- Constraints for table `shops`
--
ALTER TABLE `shops`
  ADD CONSTRAINT `shops_owner_id_foreign` FOREIGN KEY (`owner_id`) REFERENCES `users` (`id`) ON DELETE CASCADE;

--
-- Constraints for table `shop_payment_methods`
--
ALTER TABLE `shop_payment_methods`
  ADD CONSTRAINT `shop_payment_methods_payment_method_id_foreign` FOREIGN KEY (`payment_method_id`) REFERENCES `payment_methods` (`id`) ON DELETE CASCADE,
  ADD CONSTRAINT `shop_payment_methods_shop_id_foreign` FOREIGN KEY (`shop_id`) REFERENCES `shops` (`id`) ON DELETE CASCADE;

--
-- Constraints for table `states`
--
ALTER TABLE `states`
  ADD CONSTRAINT `states_country_id_foreign` FOREIGN KEY (`country_id`) REFERENCES `countries` (`id`) ON DELETE CASCADE;

--
-- Constraints for table `taggables`
--
ALTER TABLE `taggables`
  ADD CONSTRAINT `taggables_tag_id_foreign` FOREIGN KEY (`tag_id`) REFERENCES `tags` (`id`) ON DELETE CASCADE;

--
-- Constraints for table `tickets`
--
ALTER TABLE `tickets`
  ADD CONSTRAINT `tickets_category_id_foreign` FOREIGN KEY (`category_id`) REFERENCES `ticket_categories` (`id`) ON DELETE SET NULL,
  ADD CONSTRAINT `tickets_user_id_foreign` FOREIGN KEY (`user_id`) REFERENCES `users` (`id`) ON DELETE SET NULL;

--
-- Constraints for table `transactions`
--
ALTER TABLE `transactions`
  ADD CONSTRAINT `transactions_wallet_id_foreign` FOREIGN KEY (`wallet_id`) REFERENCES `wallets` (`id`) ON DELETE CASCADE;

--
-- Constraints for table `transfers`
--
ALTER TABLE `transfers`
  ADD CONSTRAINT `transfers_deposit_id_foreign` FOREIGN KEY (`deposit_id`) REFERENCES `transactions` (`id`) ON DELETE CASCADE,
  ADD CONSTRAINT `transfers_withdraw_id_foreign` FOREIGN KEY (`withdraw_id`) REFERENCES `transactions` (`id`) ON DELETE CASCADE;

--
-- Constraints for table `user_warehouse`
--
ALTER TABLE `user_warehouse`
  ADD CONSTRAINT `user_warehouse_user_id_foreign` FOREIGN KEY (`user_id`) REFERENCES `users` (`id`) ON DELETE CASCADE,
  ADD CONSTRAINT `user_warehouse_warehouse_id_foreign` FOREIGN KEY (`warehouse_id`) REFERENCES `warehouses` (`id`) ON DELETE CASCADE;

--
-- Constraints for table `warehouses`
--
ALTER TABLE `warehouses`
  ADD CONSTRAINT `warehouses_shop_id_foreign` FOREIGN KEY (`shop_id`) REFERENCES `shops` (`id`) ON DELETE CASCADE;

--
-- Constraints for table `wishlists`
--
ALTER TABLE `wishlists`
  ADD CONSTRAINT `wishlists_inventory_id_foreign` FOREIGN KEY (`inventory_id`) REFERENCES `inventories` (`id`) ON DELETE SET NULL,
  ADD CONSTRAINT `wishlists_product_id_foreign` FOREIGN KEY (`product_id`) REFERENCES `products` (`id`) ON DELETE CASCADE;
COMMIT;

